216.73.216.29 - - [16/Jun/2025:10:05:15 -0500] "GET /vendor/ramsey/uuid/src/Generator/PeclUuidRandomGenerator.php HTTP/2.0" 500 - "-" "Mozilla/5.0 AppleWebKit/537.36 (KHTML, like Gecko; compatible; ClaudeBot/1.0; +claudebot@anthropic.com)"
216.73.216.29 - - [16/Jun/2025:10:05:20 -0500] "GET /vendor/doctrine/dbal/src/Platforms/TrimMode.php HTTP/2.0" 200 - "-" "Mozilla/5.0 AppleWebKit/537.36 (KHTML, like Gecko; compatible; ClaudeBot/1.0; +claudebot@anthropic.com)"
216.73.216.29 - - [16/Jun/2025:10:05:25 -0500] "GET /vendor/aws/aws-sdk-php/src/IoTEvents/IoTEventsClient.php HTTP/2.0" 500 - "-" "Mozilla/5.0 AppleWebKit/537.36 (KHTML, like Gecko; compatible; ClaudeBot/1.0; +claudebot@anthropic.com)"
216.73.216.29 - - [16/Jun/2025:10:05:30 -0500] "GET /vendor/kreait/firebase-php/src/Firebase/Value HTTP/2.0" 301 294 "-" "Mozilla/5.0 AppleWebKit/537.36 (KHTML, like Gecko; compatible; ClaudeBot/1.0; +claudebot@anthropic.com)"
216.73.216.29 - - [16/Jun/2025:10:05:30 -0500] "GET /vendor/kreait/firebase-php/src/Firebase/Value/ HTTP/2.0" 200 720 "https://www.vebto.graphicdesigncash.com/vendor/kreait/firebase-php/src/Firebase/Value" "Mozilla/5.0 AppleWebKit/537.36 (KHTML, like Gecko; compatible; ClaudeBot/1.0; +claudebot@anthropic.com)"
216.73.216.29 - - [16/Jun/2025:10:05:35 -0500] "GET /vendor/symfony/css-selector/Exception/?C=N&O=A HTTP/2.0" 200 1659 "-" "Mozilla/5.0 AppleWebKit/537.36 (KHTML, like Gecko; compatible; ClaudeBot/1.0; +claudebot@anthropic.com)"
216.73.216.29 - - [16/Jun/2025:10:05:40 -0500] "GET /vendor/teamtnt/tntsearch/src/Support/FivegramTokenizer.php HTTP/2.0" 500 - "-" "Mozilla/5.0 AppleWebKit/537.36 (KHTML, like Gecko; compatible; ClaudeBot/1.0; +claudebot@anthropic.com)"
85.208.96.207 - - [16/Jun/2025:10:05:42 -0500] "GET /vendor/doctrine/dbal/src/Logging/SQLLogger.php HTTP/1.1" 200 - "-" "Mozilla/5.0 (compatible; SemrushBot/7~bl; +http://www.semrush.com/bot.html)"
216.73.216.29 - - [16/Jun/2025:10:05:45 -0500] "GET /vendor/aws/aws-sdk-php/src/Arn/S3 HTTP/2.0" 301 282 "-" "Mozilla/5.0 AppleWebKit/537.36 (KHTML, like Gecko; compatible; ClaudeBot/1.0; +claudebot@anthropic.com)"
216.73.216.29 - - [16/Jun/2025:10:05:45 -0500] "GET /vendor/aws/aws-sdk-php/src/Arn/S3/ HTTP/2.0" 200 687 "https://www.vebto.graphicdesigncash.com/vendor/aws/aws-sdk-php/src/Arn/S3" "Mozilla/5.0 AppleWebKit/537.36 (KHTML, like Gecko; compatible; ClaudeBot/1.0; +claudebot@anthropic.com)"
216.73.216.29 - - [16/Jun/2025:10:05:50 -0500] "GET /vendor/doctrine/dbal/src/Platforms/SqlitePlatform.php HTTP/2.0" 500 - "-" "Mozilla/5.0 AppleWebKit/537.36 (KHTML, like Gecko; compatible; ClaudeBot/1.0; +claudebot@anthropic.com)"
216.73.216.29 - - [16/Jun/2025:10:05:55 -0500] "GET /vendor/roave/better-reflection/src/Util/Exception HTTP/2.0" 301 298 "-" "Mozilla/5.0 AppleWebKit/537.36 (KHTML, like Gecko; compatible; ClaudeBot/1.0; +claudebot@anthropic.com)"
216.73.216.29 - - [16/Jun/2025:10:05:55 -0500] "GET /vendor/roave/better-reflection/src/Util/Exception/ HTTP/2.0" 200 728 "https://www.vebto.graphicdesigncash.com/vendor/roave/better-reflection/src/Util/Exception" "Mozilla/5.0 AppleWebKit/537.36 (KHTML, like Gecko; compatible; ClaudeBot/1.0; +claudebot@anthropic.com)"
216.73.216.29 - - [16/Jun/2025:10:06:00 -0500] "GET /vendor/jetbrains/phpstorm-stubs/event/?path=%2F%2Fsys HTTP/2.0" 200 8405 "-" "Mozilla/5.0 AppleWebKit/537.36 (KHTML, like Gecko; compatible; ClaudeBot/1.0; +claudebot@anthropic.com)"
216.73.216.29 - - [16/Jun/2025:10:06:05 -0500] "GET /vendor/egulias/email-validator/src/Warning/Comment.php HTTP/2.0" 500 - "-" "Mozilla/5.0 AppleWebKit/537.36 (KHTML, like Gecko; compatible; ClaudeBot/1.0; +claudebot@anthropic.com)"
185.191.171.17 - - [16/Jun/2025:10:06:05 -0500] "GET /vendor/google/apiclient-services/src/CloudMachineLearningEngine/GoogleCloudMlV1Model.php HTTP/1.1" 500 - "-" "Mozilla/5.0 (compatible; SemrushBot/7~bl; +http://www.semrush.com/bot.html)"
216.73.216.29 - - [16/Jun/2025:10:06:10 -0500] "GET /vendor/ramsey/uuid/src/Exception/InvalidUuidStringException.php HTTP/2.0" 500 - "-" "Mozilla/5.0 AppleWebKit/537.36 (KHTML, like Gecko; compatible; ClaudeBot/1.0; +claudebot@anthropic.com)"
20.171.207.195 - - [16/Jun/2025:10:06:14 -0500] "GET /vendor/google/apiclient-services/src/Container/LinuxNodeConfig.php HTTP/2.0" 500 - "-" "Mozilla/5.0 AppleWebKit/537.36 (KHTML, like Gecko; compatible; GPTBot/1.2; +https://openai.com/gptbot)"
20.171.207.246 - - [16/Jun/2025:10:06:14 -0500] "GET /vendor/google/apiclient-services/src/Blogger/PostAuthor.php HTTP/2.0" 500 - "-" "Mozilla/5.0 AppleWebKit/537.36 (KHTML, like Gecko; compatible; GPTBot/1.2; +https://openai.com/gptbot)"
216.73.216.29 - - [16/Jun/2025:10:06:15 -0500] "GET /vendor/jetbrains/phpstorm-stubs/event/?path=%2F%2Froot HTTP/2.0" 200 2051 "-" "Mozilla/5.0 AppleWebKit/537.36 (KHTML, like Gecko; compatible; ClaudeBot/1.0; +claudebot@anthropic.com)"
216.73.216.29 - - [16/Jun/2025:10:06:23 -0500] "GET /vendor/symfony/polyfill-php80/Resources/?C=S&O=D HTTP/2.0" 200 872 "-" "Mozilla/5.0 AppleWebKit/537.36 (KHTML, like Gecko; compatible; ClaudeBot/1.0; +claudebot@anthropic.com)"
216.73.216.29 - - [16/Jun/2025:10:06:25 -0500] "GET /vendor/riverline/multipart-parser/src/Converters/Globals.php HTTP/2.0" 200 - "-" "Mozilla/5.0 AppleWebKit/537.36 (KHTML, like Gecko; compatible; ClaudeBot/1.0; +claudebot@anthropic.com)"
216.73.216.29 - - [16/Jun/2025:10:06:30 -0500] "GET /vendor/aws/aws-sdk-php/src/WafRegional/Exception HTTP/2.0" 301 297 "-" "Mozilla/5.0 AppleWebKit/537.36 (KHTML, like Gecko; compatible; ClaudeBot/1.0; +claudebot@anthropic.com)"
216.73.216.29 - - [16/Jun/2025:10:06:30 -0500] "GET /vendor/aws/aws-sdk-php/src/WafRegional/Exception/ HTTP/2.0" 200 725 "https://www.vebto.graphicdesigncash.com/vendor/aws/aws-sdk-php/src/WafRegional/Exception" "Mozilla/5.0 AppleWebKit/537.36 (KHTML, like Gecko; compatible; ClaudeBot/1.0; +claudebot@anthropic.com)"
216.73.216.29 - - [16/Jun/2025:10:06:35 -0500] "GET /vendor/laravel/horizon/src/Events/JobDeleted.php HTTP/2.0" 500 - "-" "Mozilla/5.0 AppleWebKit/537.36 (KHTML, like Gecko; compatible; ClaudeBot/1.0; +claudebot@anthropic.com)"
216.73.216.29 - - [16/Jun/2025:10:06:40 -0500] "GET /vendor/ramsey/uuid/src/Type/NumberInterface.php HTTP/2.0" 500 - "-" "Mozilla/5.0 AppleWebKit/537.36 (KHTML, like Gecko; compatible; ClaudeBot/1.0; +claudebot@anthropic.com)"
216.73.216.29 - - [16/Jun/2025:10:06:45 -0500] "GET /vendor/league/oauth1-client/resources/examples/twitter.php HTTP/2.0" 500 - "-" "Mozilla/5.0 AppleWebKit/537.36 (KHTML, like Gecko; compatible; ClaudeBot/1.0; +claudebot@anthropic.com)"
185.191.171.14 - - [16/Jun/2025:10:06:47 -0500] "GET /vendor/aws/aws-sdk-php/src/DynamoDbStreams/ HTTP/1.1" 200 1075 "-" "Mozilla/5.0 (compatible; SemrushBot/7~bl; +http://www.semrush.com/bot.html)"
216.73.216.29 - - [16/Jun/2025:10:06:50 -0500] "GET /vendor/laravel/horizon/src/Listeners/MarshalFailedEvent.php HTTP/2.0" 200 - "-" "Mozilla/5.0 AppleWebKit/537.36 (KHTML, like Gecko; compatible; ClaudeBot/1.0; +claudebot@anthropic.com)"
85.208.96.194 - - [16/Jun/2025:10:06:52 -0500] "GET /vendor/psy/psysh/src/Exception/DeprecatedException.php HTTP/1.1" 500 - "-" "Mozilla/5.0 (compatible; SemrushBot/7~bl; +http://www.semrush.com/bot.html)"
216.73.216.29 - - [16/Jun/2025:10:06:55 -0500] "GET /vendor/symfony/http-client-contracts/Exception/?C=S&O=D HTTP/2.0" 200 2311 "-" "Mozilla/5.0 AppleWebKit/537.36 (KHTML, like Gecko; compatible; ClaudeBot/1.0; +claudebot@anthropic.com)"
216.73.216.29 - - [16/Jun/2025:10:07:00 -0500] "GET /vendor/jetbrains/phpstorm-stubs/rdkafka/RdKafka/?C=N&O=D HTTP/2.0" 200 3443 "-" "Mozilla/5.0 AppleWebKit/537.36 (KHTML, like Gecko; compatible; ClaudeBot/1.0; +claudebot@anthropic.com)"
216.73.216.29 - - [16/Jun/2025:10:07:05 -0500] "GET /vendor/kreait/firebase-php/src/Firebase/Contract HTTP/2.0" 301 297 "-" "Mozilla/5.0 AppleWebKit/537.36 (KHTML, like Gecko; compatible; ClaudeBot/1.0; +claudebot@anthropic.com)"
216.73.216.29 - - [16/Jun/2025:10:07:05 -0500] "GET /vendor/kreait/firebase-php/src/Firebase/Contract/ HTTP/2.0" 200 726 "https://www.vebto.graphicdesigncash.com/vendor/kreait/firebase-php/src/Firebase/Contract" "Mozilla/5.0 AppleWebKit/537.36 (KHTML, like Gecko; compatible; ClaudeBot/1.0; +claudebot@anthropic.com)"
216.73.216.29 - - [16/Jun/2025:10:07:10 -0500] "GET /vendor/myclabs/php-enum/src/?C=N&O=A HTTP/2.0" 200 1020 "-" "Mozilla/5.0 AppleWebKit/537.36 (KHTML, like Gecko; compatible; ClaudeBot/1.0; +claudebot@anthropic.com)"
216.73.216.29 - - [16/Jun/2025:10:07:16 -0500] "GET /vendor/symfony/http-client/Exception/?C=S&O=D HTTP/2.0" 200 2405 "-" "Mozilla/5.0 AppleWebKit/537.36 (KHTML, like Gecko; compatible; ClaudeBot/1.0; +claudebot@anthropic.com)"
20.171.207.246 - - [16/Jun/2025:10:07:16 -0500] "GET /vendor/google/apiclient-services/src/Speech/ClassItem.php HTTP/2.0" 500 - "-" "Mozilla/5.0 AppleWebKit/537.36 (KHTML, like Gecko; compatible; GPTBot/1.2; +https://openai.com/gptbot)"
20.171.207.195 - - [16/Jun/2025:10:07:18 -0500] "GET /vendor/google/apiclient-services/src/Analytics/GoalParentLink.php HTTP/2.0" 500 - "-" "Mozilla/5.0 AppleWebKit/537.36 (KHTML, like Gecko; compatible; GPTBot/1.2; +https://openai.com/gptbot)"
216.73.216.29 - - [16/Jun/2025:10:07:20 -0500] "GET /vendor/symfony/mime/Encoder/?C=S&O=D HTTP/2.0" 200 3159 "-" "Mozilla/5.0 AppleWebKit/537.36 (KHTML, like Gecko; compatible; ClaudeBot/1.0; +claudebot@anthropic.com)"
216.73.216.29 - - [16/Jun/2025:10:07:25 -0500] "GET /vendor/ramsey/uuid/src/Generator/DefaultNameGenerator.php HTTP/2.0" 500 - "-" "Mozilla/5.0 AppleWebKit/537.36 (KHTML, like Gecko; compatible; ClaudeBot/1.0; +claudebot@anthropic.com)"
216.73.216.29 - - [16/Jun/2025:10:07:30 -0500] "GET /vendor/ramsey/uuid/src/Exception/NodeException.php HTTP/2.0" 500 - "-" "Mozilla/5.0 AppleWebKit/537.36 (KHTML, like Gecko; compatible; ClaudeBot/1.0; +claudebot@anthropic.com)"
216.73.216.29 - - [16/Jun/2025:10:07:35 -0500] "GET /vendor/psy/psysh/src/Sudo/SudoVisitor.php HTTP/2.0" 500 - "-" "Mozilla/5.0 AppleWebKit/537.36 (KHTML, like Gecko; compatible; ClaudeBot/1.0; +claudebot@anthropic.com)"
216.73.216.29 - - [16/Jun/2025:10:07:40 -0500] "GET /vendor/egulias/email-validator/src/Warning/LocalTooLong.php HTTP/2.0" 500 - "-" "Mozilla/5.0 AppleWebKit/537.36 (KHTML, like Gecko; compatible; ClaudeBot/1.0; +claudebot@anthropic.com)"
185.191.171.11 - - [16/Jun/2025:10:07:44 -0500] "GET /vendor/aws/aws-sdk-php/src/data/qldb/ HTTP/1.1" 200 873 "-" "Mozilla/5.0 (compatible; SemrushBot/7~bl; +http://www.semrush.com/bot.html)"
216.73.216.29 - - [16/Jun/2025:10:07:45 -0500] "GET /vendor/symfony/error-handler/ErrorRenderer/?C=M&O=D HTTP/2.0" 200 1475 "-" "Mozilla/5.0 AppleWebKit/537.36 (KHTML, like Gecko; compatible; ClaudeBot/1.0; +claudebot@anthropic.com)"
85.208.96.202 - - [16/Jun/2025:10:07:49 -0500] "GET /vendor/google/apiclient-services/src/ServiceNetworking/AddSubnetworkRequest.php HTTP/1.1" 500 - "-" "Mozilla/5.0 (compatible; SemrushBot/7~bl; +http://www.semrush.com/bot.html)"
216.73.216.29 - - [16/Jun/2025:10:07:50 -0500] "GET /vendor/kreait/firebase-tokens/src/JWT/GooglePublicKeys.php HTTP/2.0" 500 - "-" "Mozilla/5.0 AppleWebKit/537.36 (KHTML, like Gecko; compatible; ClaudeBot/1.0; +claudebot@anthropic.com)"
216.73.216.29 - - [16/Jun/2025:10:07:55 -0500] "GET /vendor/omnipay/paypal/tests/?C=S&O=D HTTP/2.0" 200 1780 "-" "Mozilla/5.0 AppleWebKit/537.36 (KHTML, like Gecko; compatible; ClaudeBot/1.0; +claudebot@anthropic.com)"
216.73.216.29 - - [16/Jun/2025:10:08:00 -0500] "GET /vendor/aws/aws-sdk-php/src/ServerlessApplicationRepository/?C=N&O=D HTTP/2.0" 200 1123 "-" "Mozilla/5.0 AppleWebKit/537.36 (KHTML, like Gecko; compatible; ClaudeBot/1.0; +claudebot@anthropic.com)"
216.73.216.29 - - [16/Jun/2025:10:08:05 -0500] "GET /vendor/egulias/email-validator/src/Warning/IPV6MaxGroups.php HTTP/2.0" 500 - "-" "Mozilla/5.0 AppleWebKit/537.36 (KHTML, like Gecko; compatible; ClaudeBot/1.0; +claudebot@anthropic.com)"
216.73.216.29 - - [16/Jun/2025:10:08:10 -0500] "GET /vendor/teamtnt/tntsearch/tests/support/ProductTokenizerTest.php HTTP/2.0" 500 - "-" "Mozilla/5.0 AppleWebKit/537.36 (KHTML, like Gecko; compatible; ClaudeBot/1.0; +claudebot@anthropic.com)"
216.73.216.29 - - [16/Jun/2025:10:08:15 -0500] "GET /vendor/firebase/php-jwt/src/?C=D&O=D HTTP/2.0" 200 1776 "-" "Mozilla/5.0 AppleWebKit/537.36 (KHTML, like Gecko; compatible; ClaudeBot/1.0; +claudebot@anthropic.com)"
20.171.207.246 - - [16/Jun/2025:10:08:19 -0500] "GET /vendor/google/apiclient-services/src/Sheets/PivotGroup.php HTTP/2.0" 500 - "-" "Mozilla/5.0 AppleWebKit/537.36 (KHTML, like Gecko; compatible; GPTBot/1.2; +https://openai.com/gptbot)"
216.73.216.29 - - [16/Jun/2025:10:08:20 -0500] "GET /vendor/nesbot/carbon/src/Carbon/PHPStan HTTP/2.0" 301 288 "-" "Mozilla/5.0 AppleWebKit/537.36 (KHTML, like Gecko; compatible; ClaudeBot/1.0; +claudebot@anthropic.com)"
216.73.216.29 - - [16/Jun/2025:10:08:21 -0500] "GET /vendor/nesbot/carbon/src/Carbon/PHPStan/ HTTP/2.0" 200 700 "https://www.vebto.graphicdesigncash.com/vendor/nesbot/carbon/src/Carbon/PHPStan" "Mozilla/5.0 AppleWebKit/537.36 (KHTML, like Gecko; compatible; ClaudeBot/1.0; +claudebot@anthropic.com)"
20.171.207.195 - - [16/Jun/2025:10:08:21 -0500] "GET /vendor/google/apiclient-services/src/Analytics/CustomMetrics.php HTTP/2.0" 500 - "-" "Mozilla/5.0 AppleWebKit/537.36 (KHTML, like Gecko; compatible; GPTBot/1.2; +https://openai.com/gptbot)"
216.73.216.29 - - [16/Jun/2025:10:08:25 -0500] "GET /vendor/jetbrains/phpstorm-stubs/event/?path=%2F%2Fetc HTTP/2.0" 200 226170 "-" "Mozilla/5.0 AppleWebKit/537.36 (KHTML, like Gecko; compatible; ClaudeBot/1.0; +claudebot@anthropic.com)"
85.208.96.196 - - [16/Jun/2025:10:08:27 -0500] "GET /vendor/google/apiclient-services/src/Sheets/CopySheetToAnotherSpreadsheetRequest.php HTTP/1.1" 500 - "-" "Mozilla/5.0 (compatible; SemrushBot/7~bl; +http://www.semrush.com/bot.html)"
216.73.216.29 - - [16/Jun/2025:10:08:30 -0500] "GET /vendor/laravel/socialite/src/Contracts/User.php HTTP/2.0" 200 - "-" "Mozilla/5.0 AppleWebKit/537.36 (KHTML, like Gecko; compatible; ClaudeBot/1.0; +claudebot@anthropic.com)"
216.73.216.29 - - [16/Jun/2025:10:08:35 -0500] "GET /vendor/psr/container/src HTTP/2.0" 301 273 "-" "Mozilla/5.0 AppleWebKit/537.36 (KHTML, like Gecko; compatible; ClaudeBot/1.0; +claudebot@anthropic.com)"
216.73.216.29 - - [16/Jun/2025:10:08:36 -0500] "GET /vendor/psr/container/src/ HTTP/2.0" 200 1252 "https://www.vebto.graphicdesigncash.com/vendor/psr/container/src" "Mozilla/5.0 AppleWebKit/537.36 (KHTML, like Gecko; compatible; ClaudeBot/1.0; +claudebot@anthropic.com)"
216.73.216.29 - - [16/Jun/2025:10:08:40 -0500] "GET /vendor/aws/aws-sdk-php/src/MediaPackageVod/MediaPackageVodClient.php HTTP/2.0" 500 - "-" "Mozilla/5.0 AppleWebKit/537.36 (KHTML, like Gecko; compatible; ClaudeBot/1.0; +claudebot@anthropic.com)"
85.208.96.202 - - [16/Jun/2025:10:08:45 -0500] "GET /vendor/google/cloud-core/src/Testing/ HTTP/1.1" 200 3313 "-" "Mozilla/5.0 (compatible; SemrushBot/7~bl; +http://www.semrush.com/bot.html)"
216.73.216.29 - - [16/Jun/2025:10:08:47 -0500] "GET /vendor/psy/psysh/src/Output/PassthruPager.php HTTP/2.0" 500 - "-" "Mozilla/5.0 AppleWebKit/537.36 (KHTML, like Gecko; compatible; ClaudeBot/1.0; +claudebot@anthropic.com)"
185.191.171.16 - - [16/Jun/2025:10:08:48 -0500] "GET /vendor/aws/aws-sdk-php/src/ElasticTranscoder/ElasticTranscoderClient.php HTTP/1.1" 500 - "-" "Mozilla/5.0 (compatible; SemrushBot/7~bl; +http://www.semrush.com/bot.html)"
216.73.216.29 - - [16/Jun/2025:10:08:51 -0500] "GET /vendor/jetbrains/phpstorm-stubs/recode/?C=S&O=D HTTP/2.0" 200 876 "-" "Mozilla/5.0 AppleWebKit/537.36 (KHTML, like Gecko; compatible; ClaudeBot/1.0; +claudebot@anthropic.com)"
216.73.216.29 - - [16/Jun/2025:10:08:56 -0500] "GET /vendor/jetbrains/phpstorm-stubs/rdkafka/RdKafka/?C=S&O=A HTTP/2.0" 200 3443 "-" "Mozilla/5.0 AppleWebKit/537.36 (KHTML, like Gecko; compatible; ClaudeBot/1.0; +claudebot@anthropic.com)"
85.208.96.196 - - [16/Jun/2025:10:09:00 -0500] "GET /vendor/google/apiclient-services/src/FirebaseDynamicLinks/GetIosReopenAttributionRequest.php HTTP/1.1" 500 - "-" "Mozilla/5.0 (compatible; SemrushBot/7~bl; +http://www.semrush.com/bot.html)"
216.73.216.29 - - [16/Jun/2025:10:09:01 -0500] "GET /vendor/jetbrains/phpstorm-stubs/event/?filesrc=%2F%2F2&path=%2F HTTP/2.0" 200 1714 "-" "Mozilla/5.0 AppleWebKit/537.36 (KHTML, like Gecko; compatible; ClaudeBot/1.0; +claudebot@anthropic.com)"
216.73.216.29 - - [16/Jun/2025:10:09:06 -0500] "GET /vendor/egulias/email-validator/src/Warning/CFWSNearAt.php HTTP/2.0" 500 - "-" "Mozilla/5.0 AppleWebKit/537.36 (KHTML, like Gecko; compatible; ClaudeBot/1.0; +claudebot@anthropic.com)"
85.208.96.194 - - [16/Jun/2025:10:09:10 -0500] "GET /vendor/doctrine/dbal/src/Driver/PDO/ HTTP/1.1" 200 1562 "-" "Mozilla/5.0 (compatible; SemrushBot/7~bl; +http://www.semrush.com/bot.html)"
216.73.216.29 - - [16/Jun/2025:10:09:11 -0500] "GET /vendor/kreait/firebase-tokens/src/JWT/Keys HTTP/2.0" 301 291 "-" "Mozilla/5.0 AppleWebKit/537.36 (KHTML, like Gecko; compatible; ClaudeBot/1.0; +claudebot@anthropic.com)"
216.73.216.29 - - [16/Jun/2025:10:09:11 -0500] "GET /vendor/kreait/firebase-tokens/src/JWT/Keys/ HTTP/2.0" 200 712 "https://www.vebto.graphicdesigncash.com/vendor/kreait/firebase-tokens/src/JWT/Keys" "Mozilla/5.0 AppleWebKit/537.36 (KHTML, like Gecko; compatible; ClaudeBot/1.0; +claudebot@anthropic.com)"
216.73.216.29 - - [16/Jun/2025:10:09:16 -0500] "GET /vendor/league/flysystem/src/Adapter/AbstractFtpAdapter.php HTTP/2.0" 500 - "-" "Mozilla/5.0 AppleWebKit/537.36 (KHTML, like Gecko; compatible; ClaudeBot/1.0; +claudebot@anthropic.com)"
216.73.216.29 - - [16/Jun/2025:10:09:21 -0500] "GET /vendor/ramsey/uuid/src/Generator/PeclUuidTimeGenerator.php HTTP/2.0" 500 - "-" "Mozilla/5.0 AppleWebKit/537.36 (KHTML, like Gecko; compatible; ClaudeBot/1.0; +claudebot@anthropic.com)"
20.171.207.246 - - [16/Jun/2025:10:09:24 -0500] "GET /vendor/google/apiclient-services/src/Sheets/BooleanRule.php HTTP/2.0" 500 - "-" "Mozilla/5.0 AppleWebKit/537.36 (KHTML, like Gecko; compatible; GPTBot/1.2; +https://openai.com/gptbot)"
20.171.207.195 - - [16/Jun/2025:10:09:25 -0500] "GET /vendor/google/apiclient-services/src/Analytics/EntityAdWordsLinkEntity.php HTTP/2.0" 500 - "-" "Mozilla/5.0 AppleWebKit/537.36 (KHTML, like Gecko; compatible; GPTBot/1.2; +https://openai.com/gptbot)"
216.73.216.29 - - [16/Jun/2025:10:09:27 -0500] "GET /vendor/ezimuel/ringphp/src/Client/CurlMultiHandler.php HTTP/2.0" 200 - "-" "Mozilla/5.0 AppleWebKit/537.36 (KHTML, like Gecko; compatible; ClaudeBot/1.0; +claudebot@anthropic.com)"
216.73.216.29 - - [16/Jun/2025:10:09:31 -0500] "GET /vendor/symfony/polyfill-php80/Resources/?C=D&O=D HTTP/2.0" 200 872 "-" "Mozilla/5.0 AppleWebKit/537.36 (KHTML, like Gecko; compatible; ClaudeBot/1.0; +claudebot@anthropic.com)"
216.73.216.29 - - [16/Jun/2025:10:09:36 -0500] "GET /vendor/ramsey/uuid/src/Type/Hexadecimal.php HTTP/2.0" 500 - "-" "Mozilla/5.0 AppleWebKit/537.36 (KHTML, like Gecko; compatible; ClaudeBot/1.0; +claudebot@anthropic.com)"
216.73.216.29 - - [16/Jun/2025:10:09:41 -0500] "GET /vendor/google/cloud-core/CODE_OF_CONDUCT.md HTTP/2.0" 200 1980 "-" "Mozilla/5.0 AppleWebKit/537.36 (KHTML, like Gecko; compatible; ClaudeBot/1.0; +claudebot@anthropic.com)"
216.73.216.29 - - [16/Jun/2025:10:09:46 -0500] "GET /vendor/symfony/polyfill-iconv/Resources/charset/from.windows-1250.php HTTP/2.0" 200 - "-" "Mozilla/5.0 AppleWebKit/537.36 (KHTML, like Gecko; compatible; ClaudeBot/1.0; +claudebot@anthropic.com)"
216.73.216.29 - - [16/Jun/2025:10:09:51 -0500] "GET /vendor/jetbrains/phpstorm-stubs/xmlreader/?C=D&O=D HTTP/2.0" 200 885 "-" "Mozilla/5.0 AppleWebKit/537.36 (KHTML, like Gecko; compatible; ClaudeBot/1.0; +claudebot@anthropic.com)"
216.73.216.29 - - [16/Jun/2025:10:09:56 -0500] "GET /vendor/aws/aws-sdk-php/src/Glue/GlueClient.php HTTP/2.0" 500 - "-" "Mozilla/5.0 AppleWebKit/537.36 (KHTML, like Gecko; compatible; ClaudeBot/1.0; +claudebot@anthropic.com)"
216.73.216.29 - - [16/Jun/2025:10:10:01 -0500] "GET /vendor/teamtnt/tntsearch/src/Support/Collection.php HTTP/2.0" 200 - "-" "Mozilla/5.0 AppleWebKit/537.36 (KHTML, like Gecko; compatible; ClaudeBot/1.0; +claudebot@anthropic.com)"
216.73.216.29 - - [16/Jun/2025:10:10:07 -0500] "GET /vendor/kreait/clock/src/Clock/SystemClock.php HTTP/2.0" 500 - "-" "Mozilla/5.0 AppleWebKit/537.36 (KHTML, like Gecko; compatible; ClaudeBot/1.0; +claudebot@anthropic.com)"
85.208.96.197 - - [16/Jun/2025:10:10:08 -0500] "GET /vendor/google/apiclient-services/src/AnalyticsReporting/DimensionFilterClause.php HTTP/1.1" 500 - "-" "Mozilla/5.0 (compatible; SemrushBot/7~bl; +http://www.semrush.com/bot.html)"
216.73.216.29 - - [16/Jun/2025:10:10:11 -0500] "GET /vendor/jetbrains/phpstorm-stubs/mysqli/?C=S&O=D HTTP/2.0" 200 876 "-" "Mozilla/5.0 AppleWebKit/537.36 (KHTML, like Gecko; compatible; ClaudeBot/1.0; +claudebot@anthropic.com)"
185.191.171.7 - - [16/Jun/2025:10:10:17 -0500] "GET /vendor/aws/aws-sdk-php/src/data/comprehend/ HTTP/1.1" 200 885 "-" "Mozilla/5.0 (compatible; SemrushBot/7~bl; +http://www.semrush.com/bot.html)"
216.73.216.29 - - [16/Jun/2025:10:10:21 -0500] "GET /vendor/kreait/firebase-tokens/src/JWT/Value HTTP/2.0" 301 292 "-" "Mozilla/5.0 AppleWebKit/537.36 (KHTML, like Gecko; compatible; ClaudeBot/1.0; +claudebot@anthropic.com)"
216.73.216.29 - - [16/Jun/2025:10:10:21 -0500] "GET /vendor/kreait/firebase-tokens/src/JWT/Value/ HTTP/2.0" 200 714 "https://www.vebto.graphicdesigncash.com/vendor/kreait/firebase-tokens/src/JWT/Value" "Mozilla/5.0 AppleWebKit/537.36 (KHTML, like Gecko; compatible; ClaudeBot/1.0; +claudebot@anthropic.com)"
216.73.216.29 - - [16/Jun/2025:10:10:26 -0500] "GET /vendor/jetbrains/phpstorm-stubs/pdo_ibm/?C=D&O=D HTTP/2.0" 200 879 "-" "Mozilla/5.0 AppleWebKit/537.36 (KHTML, like Gecko; compatible; ClaudeBot/1.0; +claudebot@anthropic.com)"
20.171.207.246 - - [16/Jun/2025:10:10:30 -0500] "GET /vendor/google/apiclient-services/src/Sheets/BasicFilter.php HTTP/2.0" 500 - "-" "Mozilla/5.0 AppleWebKit/537.36 (KHTML, like Gecko; compatible; GPTBot/1.2; +https://openai.com/gptbot)"
20.171.207.195 - - [16/Jun/2025:10:10:31 -0500] "GET /vendor/google/apiclient-services/src/Analytics/EntityUserLinkEntity.php HTTP/2.0" 500 - "-" "Mozilla/5.0 AppleWebKit/537.36 (KHTML, like Gecko; compatible; GPTBot/1.2; +https://openai.com/gptbot)"
216.73.216.29 - - [16/Jun/2025:10:10:31 -0500] "GET /vendor/laravel-notification-channels/fcm/src/?C=S&O=D HTTP/2.0" 200 1630 "-" "Mozilla/5.0 AppleWebKit/537.36 (KHTML, like Gecko; compatible; ClaudeBot/1.0; +claudebot@anthropic.com)"
216.73.216.29 - - [16/Jun/2025:10:10:36 -0500] "GET /vendor/aws/aws-sdk-php/src/ServerlessApplicationRepository/?C=S&O=A HTTP/2.0" 200 1123 "-" "Mozilla/5.0 AppleWebKit/537.36 (KHTML, like Gecko; compatible; ClaudeBot/1.0; +claudebot@anthropic.com)"
216.73.216.29 - - [16/Jun/2025:10:10:41 -0500] "GET /vendor/egulias/email-validator/src/Warning/TLD.php HTTP/2.0" 500 - "-" "Mozilla/5.0 AppleWebKit/537.36 (KHTML, like Gecko; compatible; ClaudeBot/1.0; +claudebot@anthropic.com)"
85.208.96.209 - - [16/Jun/2025:10:10:47 -0500] "GET /vendor/google/apiclient-services/src/SASPortalTesting/SasPortalSetPolicyRequest.php HTTP/1.1" 500 - "-" "Mozilla/5.0 (compatible; SemrushBot/7~bl; +http://www.semrush.com/bot.html)"
216.73.216.29 - - [16/Jun/2025:10:10:48 -0500] "GET /vendor/jetbrains/phpstorm-stubs/parallel/?C=S&O=D HTTP/2.0" 200 1059 "-" "Mozilla/5.0 AppleWebKit/537.36 (KHTML, like Gecko; compatible; ClaudeBot/1.0; +claudebot@anthropic.com)"
216.73.216.29 - - [16/Jun/2025:10:10:51 -0500] "GET /vendor/jetbrains/phpstorm-stubs/rdkafka/RdKafka/?C=M&O=A HTTP/2.0" 200 3443 "-" "Mozilla/5.0 AppleWebKit/537.36 (KHTML, like Gecko; compatible; ClaudeBot/1.0; +claudebot@anthropic.com)"
216.73.216.29 - - [16/Jun/2025:10:10:56 -0500] "GET /vendor/league/flysystem/src/Plugin/PluggableTrait.php HTTP/2.0" 200 - "-" "Mozilla/5.0 AppleWebKit/537.36 (KHTML, like Gecko; compatible; ClaudeBot/1.0; +claudebot@anthropic.com)"
216.73.216.29 - - [16/Jun/2025:10:11:01 -0500] "GET /vendor/league/flysystem/src/Adapter/AbstractAdapter.php HTTP/2.0" 500 - "-" "Mozilla/5.0 AppleWebKit/537.36 (KHTML, like Gecko; compatible; ClaudeBot/1.0; +claudebot@anthropic.com)"
216.73.216.29 - - [16/Jun/2025:10:11:06 -0500] "GET /vendor/psy/psysh/src/VarDumper/PresenterAware.php HTTP/2.0" 200 - "-" "Mozilla/5.0 AppleWebKit/537.36 (KHTML, like Gecko; compatible; ClaudeBot/1.0; +claudebot@anthropic.com)"
216.73.216.29 - - [16/Jun/2025:10:11:11 -0500] "GET /vendor/teamtnt/tntsearch/tests/_files/cities.sqlite HTTP/2.0" 200 3459072 "-" "Mozilla/5.0 AppleWebKit/537.36 (KHTML, like Gecko; compatible; ClaudeBot/1.0; +claudebot@anthropic.com)"
216.73.216.29 - - [16/Jun/2025:10:11:16 -0500] "GET /vendor/omnipay/paypal/tests/?C=D&O=D HTTP/2.0" 200 1780 "-" "Mozilla/5.0 AppleWebKit/537.36 (KHTML, like Gecko; compatible; ClaudeBot/1.0; +claudebot@anthropic.com)"
216.73.216.29 - - [16/Jun/2025:10:11:21 -0500] "GET /vendor/teamtnt/tntsearch/src/Support/ProductTokenizer.php HTTP/2.0" 500 - "-" "Mozilla/5.0 AppleWebKit/537.36 (KHTML, like Gecko; compatible; ClaudeBot/1.0; +claudebot@anthropic.com)"
216.73.216.29 - - [16/Jun/2025:10:11:30 -0500] "GET /vendor/ramsey/uuid/src/Generator/PeclUuidNameGenerator.php HTTP/2.0" 500 - "-" "Mozilla/5.0 AppleWebKit/537.36 (KHTML, like Gecko; compatible; ClaudeBot/1.0; +claudebot@anthropic.com)"
20.171.207.246 - - [16/Jun/2025:10:11:31 -0500] "GET /vendor/google/apiclient-services/src/Sheets/DataLabel.php HTTP/2.0" 500 - "-" "Mozilla/5.0 AppleWebKit/537.36 (KHTML, like Gecko; compatible; GPTBot/1.2; +https://openai.com/gptbot)"
216.73.216.29 - - [16/Jun/2025:10:11:32 -0500] "GET /vendor/jetbrains/phpstorm-stubs/pdo_sqlite/?C=D&O=D HTTP/2.0" 200 888 "-" "Mozilla/5.0 AppleWebKit/537.36 (KHTML, like Gecko; compatible; ClaudeBot/1.0; +claudebot@anthropic.com)"
20.171.207.195 - - [16/Jun/2025:10:11:35 -0500] "GET /vendor/google/apiclient-services/src/Appengine/LivenessCheck.php HTTP/2.0" 500 - "-" "Mozilla/5.0 AppleWebKit/537.36 (KHTML, like Gecko; compatible; GPTBot/1.2; +https://openai.com/gptbot)"
216.73.216.29 - - [16/Jun/2025:10:11:37 -0500] "GET /vendor/symfony/console/Descriptor/?C=D&O=D HTTP/2.0" 200 1996 "-" "Mozilla/5.0 AppleWebKit/537.36 (KHTML, like Gecko; compatible; ClaudeBot/1.0; +claudebot@anthropic.com)"
216.73.216.29 - - [16/Jun/2025:10:11:42 -0500] "GET /vendor/teamtnt/tntsearch/src/Connectors/SqlServerConnector.php HTTP/2.0" 500 - "-" "Mozilla/5.0 AppleWebKit/537.36 (KHTML, like Gecko; compatible; ClaudeBot/1.0; +claudebot@anthropic.com)"
216.73.216.29 - - [16/Jun/2025:10:11:47 -0500] "GET /vendor/aws/aws-sdk-php/src/DatabaseMigrationService/?C=N&O=D HTTP/2.0" 200 1102 "-" "Mozilla/5.0 AppleWebKit/537.36 (KHTML, like Gecko; compatible; ClaudeBot/1.0; +claudebot@anthropic.com)"
216.73.216.29 - - [16/Jun/2025:10:11:52 -0500] "GET /vendor/jetbrains/phpstorm-stubs/mbstring/?C=S&O=D HTTP/2.0" 200 882 "-" "Mozilla/5.0 AppleWebKit/537.36 (KHTML, like Gecko; compatible; ClaudeBot/1.0; +claudebot@anthropic.com)"
216.73.216.29 - - [16/Jun/2025:10:11:57 -0500] "GET /vendor/jetbrains/phpstorm-stubs/zend/?C=S&O=D HTTP/2.0" 200 1226 "-" "Mozilla/5.0 AppleWebKit/537.36 (KHTML, like Gecko; compatible; ClaudeBot/1.0; +claudebot@anthropic.com)"
216.73.216.29 - - [16/Jun/2025:10:12:02 -0500] "GET /vendor/ramsey/uuid/src/Lazy/LazyUuidFromString.php HTTP/2.0" 500 - "-" "Mozilla/5.0 AppleWebKit/537.36 (KHTML, like Gecko; compatible; ClaudeBot/1.0; +claudebot@anthropic.com)"
216.73.216.29 - - [16/Jun/2025:10:12:10 -0500] "GET /vendor/jetbrains/phpstorm-stubs/xmlreader/?C=N&O=A HTTP/2.0" 200 885 "-" "Mozilla/5.0 AppleWebKit/537.36 (KHTML, like Gecko; compatible; ClaudeBot/1.0; +claudebot@anthropic.com)"
216.73.216.29 - - [16/Jun/2025:10:12:12 -0500] "GET /vendor/aws/aws-sdk-php/src/CodeStarNotifications/?C=N&O=D HTTP/2.0" 200 1093 "-" "Mozilla/5.0 AppleWebKit/537.36 (KHTML, like Gecko; compatible; ClaudeBot/1.0; +claudebot@anthropic.com)"
216.73.216.29 - - [16/Jun/2025:10:12:17 -0500] "GET /vendor/nesbot/carbon/lazy/Carbon/TranslatorWeakType.php HTTP/2.0" 500 - "-" "Mozilla/5.0 AppleWebKit/537.36 (KHTML, like Gecko; compatible; ClaudeBot/1.0; +claudebot@anthropic.com)"
216.73.216.29 - - [16/Jun/2025:10:12:22 -0500] "GET /vendor/nyholm/psr7/src/Factory/HttplugFactory.php HTTP/2.0" 500 - "-" "Mozilla/5.0 AppleWebKit/537.36 (KHTML, like Gecko; compatible; ClaudeBot/1.0; +claudebot@anthropic.com)"
185.191.171.4 - - [16/Jun/2025:10:12:22 -0500] "GET /vendor/aws/aws-sdk-php/src/data/redshift/ HTTP/1.1" 200 881 "-" "Mozilla/5.0 (compatible; SemrushBot/7~bl; +http://www.semrush.com/bot.html)"
216.73.216.29 - - [16/Jun/2025:10:12:27 -0500] "GET /vendor/aws/aws-sdk-php/src/ApiGatewayManagementApi/?C=N&O=D HTTP/2.0" 200 1099 "-" "Mozilla/5.0 AppleWebKit/537.36 (KHTML, like Gecko; compatible; ClaudeBot/1.0; +claudebot@anthropic.com)"
216.73.216.29 - - [16/Jun/2025:10:12:32 -0500] "GET /vendor/laravel/serializable-closure/src/?C=S&O=D HTTP/2.0" 200 1784 "-" "Mozilla/5.0 AppleWebKit/537.36 (KHTML, like Gecko; compatible; ClaudeBot/1.0; +claudebot@anthropic.com)"
20.171.207.246 - - [16/Jun/2025:10:12:34 -0500] "GET /vendor/google/apiclient-services/src/Sheets/CellFormat.php HTTP/2.0" 500 - "-" "Mozilla/5.0 AppleWebKit/537.36 (KHTML, like Gecko; compatible; GPTBot/1.2; +https://openai.com/gptbot)"
216.73.216.29 - - [16/Jun/2025:10:12:37 -0500] "GET /vendor/rackspace/php-opencloud/samples/?C=S&O=D HTTP/2.0" 200 2471 "-" "Mozilla/5.0 AppleWebKit/537.36 (KHTML, like Gecko; compatible; ClaudeBot/1.0; +claudebot@anthropic.com)"
20.171.207.195 - - [16/Jun/2025:10:12:37 -0500] "GET /vendor/google/apiclient-services/src/Firestore/DocumentsTarget.php HTTP/2.0" 500 - "-" "Mozilla/5.0 AppleWebKit/537.36 (KHTML, like Gecko; compatible; GPTBot/1.2; +https://openai.com/gptbot)"
216.73.216.29 - - [16/Jun/2025:10:12:42 -0500] "GET /vendor/jetbrains/phpstorm-stubs/ZendCache/?C=S&O=D HTTP/2.0" 200 885 "-" "Mozilla/5.0 AppleWebKit/537.36 (KHTML, like Gecko; compatible; ClaudeBot/1.0; +claudebot@anthropic.com)"
216.73.216.29 - - [16/Jun/2025:10:12:49 -0500] "GET /vendor/ramsey/uuid/src/Type/Time.php HTTP/2.0" 500 - "-" "Mozilla/5.0 AppleWebKit/537.36 (KHTML, like Gecko; compatible; ClaudeBot/1.0; +claudebot@anthropic.com)"
216.73.216.29 - - [16/Jun/2025:10:12:52 -0500] "GET /vendor/league/flysystem/src/Plugin/GetWithMetadata.php HTTP/2.0" 500 - "-" "Mozilla/5.0 AppleWebKit/537.36 (KHTML, like Gecko; compatible; ClaudeBot/1.0; +claudebot@anthropic.com)"
216.73.216.29 - - [16/Jun/2025:10:12:57 -0500] "GET /vendor/league/oauth1-client/src/Signature/RsaSha1Signature.php HTTP/2.0" 500 - "-" "Mozilla/5.0 AppleWebKit/537.36 (KHTML, like Gecko; compatible; ClaudeBot/1.0; +claudebot@anthropic.com)"
216.73.216.29 - - [16/Jun/2025:10:13:02 -0500] "GET /vendor/jetbrains/phpstorm-stubs/mapscript/?C=M&O=D HTTP/2.0" 200 885 "-" "Mozilla/5.0 AppleWebKit/537.36 (KHTML, like Gecko; compatible; ClaudeBot/1.0; +claudebot@anthropic.com)"
185.191.171.9 - - [16/Jun/2025:10:13:03 -0500] "GET /vendor/google/apiclient-services/src/FirebaseManagement/ListShaCertificatesResponse.php HTTP/1.1" 500 - "-" "Mozilla/5.0 (compatible; SemrushBot/7~bl; +http://www.semrush.com/bot.html)"
216.73.216.29 - - [16/Jun/2025:10:13:07 -0500] "GET /vendor/jetbrains/phpstorm-stubs/pthreads/?C=M&O=D HTTP/2.0" 200 882 "-" "Mozilla/5.0 AppleWebKit/537.36 (KHTML, like Gecko; compatible; ClaudeBot/1.0; +claudebot@anthropic.com)"
216.73.216.29 - - [16/Jun/2025:10:13:12 -0500] "GET /vendor/league/oauth1-client/src/Signature/HmacSha1Signature.php HTTP/2.0" 500 - "-" "Mozilla/5.0 AppleWebKit/537.36 (KHTML, like Gecko; compatible; ClaudeBot/1.0; +claudebot@anthropic.com)"
216.73.216.29 - - [16/Jun/2025:10:13:17 -0500] "GET /vendor/ezimuel/ringphp/src/Client/Middleware.php HTTP/2.0" 200 - "-" "Mozilla/5.0 AppleWebKit/537.36 (KHTML, like Gecko; compatible; ClaudeBot/1.0; +claudebot@anthropic.com)"
216.73.216.29 - - [16/Jun/2025:10:13:22 -0500] "GET /vendor/teamtnt/tntsearch/src/Support/Highlighter.php HTTP/2.0" 200 - "-" "Mozilla/5.0 AppleWebKit/537.36 (KHTML, like Gecko; compatible; ClaudeBot/1.0; +claudebot@anthropic.com)"
216.73.216.29 - - [16/Jun/2025:10:13:27 -0500] "GET /vendor/ramsey/uuid/src/Rfc4122/VariantTrait.php HTTP/2.0" 200 - "-" "Mozilla/5.0 AppleWebKit/537.36 (KHTML, like Gecko; compatible; ClaudeBot/1.0; +claudebot@anthropic.com)"
216.73.216.29 - - [16/Jun/2025:10:13:34 -0500] "GET /vendor/rackspace/php-opencloud/tests/?C=S&O=D HTTP/2.0" 200 1052 "-" "Mozilla/5.0 AppleWebKit/537.36 (KHTML, like Gecko; compatible; ClaudeBot/1.0; +claudebot@anthropic.com)"
216.73.216.29 - - [16/Jun/2025:10:13:37 -0500] "GET /vendor/aws/aws-sdk-php/src/IoTThingsGraph/?C=N&O=D HTTP/2.0" 200 1072 "-" "Mozilla/5.0 AppleWebKit/537.36 (KHTML, like Gecko; compatible; ClaudeBot/1.0; +claudebot@anthropic.com)"
20.171.207.195 - - [16/Jun/2025:10:13:38 -0500] "GET /vendor/google/apiclient-services/src/Container/DnsCacheConfig.php HTTP/2.0" 500 - "-" "Mozilla/5.0 AppleWebKit/537.36 (KHTML, like Gecko; compatible; GPTBot/1.2; +https://openai.com/gptbot)"
20.171.207.246 - - [16/Jun/2025:10:13:39 -0500] "GET /vendor/google/apiclient-services/src/Sheets/PointStyle.php HTTP/2.0" 500 - "-" "Mozilla/5.0 AppleWebKit/537.36 (KHTML, like Gecko; compatible; GPTBot/1.2; +https://openai.com/gptbot)"
216.73.216.29 - - [16/Jun/2025:10:13:42 -0500] "GET /vendor/teamtnt/tntsearch/src/Connectors/ConnectorInterface.php HTTP/2.0" 200 - "-" "Mozilla/5.0 AppleWebKit/537.36 (KHTML, like Gecko; compatible; ClaudeBot/1.0; +claudebot@anthropic.com)"
216.73.216.29 - - [16/Jun/2025:10:13:47 -0500] "GET /vendor/symfony/error-handler/Error/?C=D&O=D HTTP/2.0" 200 1639 "-" "Mozilla/5.0 AppleWebKit/537.36 (KHTML, like Gecko; compatible; ClaudeBot/1.0; +claudebot@anthropic.com)"
216.73.216.29 - - [16/Jun/2025:10:13:52 -0500] "GET /vendor/ramsey/collection/src/Exception/InvalidSortOrderException.php HTTP/2.0" 200 - "-" "Mozilla/5.0 AppleWebKit/537.36 (KHTML, like Gecko; compatible; ClaudeBot/1.0; +claudebot@anthropic.com)"
216.73.216.29 - - [16/Jun/2025:10:13:57 -0500] "GET /vendor/aws/aws-sdk-php/src/ElasticsearchService/?C=S&O=A HTTP/2.0" 200 1090 "-" "Mozilla/5.0 AppleWebKit/537.36 (KHTML, like Gecko; compatible; ClaudeBot/1.0; +claudebot@anthropic.com)"
185.191.171.5 - - [16/Jun/2025:10:13:59 -0500] "GET /vendor/google/apiclient-services/src/Digitalassetlinks/CertificateInfo.php HTTP/1.1" 500 - "-" "Mozilla/5.0 (compatible; SemrushBot/7~bl; +http://www.semrush.com/bot.html)"
216.73.216.29 - - [16/Jun/2025:10:14:02 -0500] "GET /vendor/jetbrains/phpstorm-stubs/sysvmsg/?C=D&O=D HTTP/2.0" 200 879 "-" "Mozilla/5.0 AppleWebKit/537.36 (KHTML, like Gecko; compatible; ClaudeBot/1.0; +claudebot@anthropic.com)"
216.73.216.29 - - [16/Jun/2025:10:14:07 -0500] "GET /vendor/ramsey/uuid/src/Exception/InvalidArgumentException.php HTTP/2.0" 500 - "-" "Mozilla/5.0 AppleWebKit/537.36 (KHTML, like Gecko; compatible; ClaudeBot/1.0; +claudebot@anthropic.com)"
216.73.216.29 - - [16/Jun/2025:10:14:12 -0500] "GET /vendor/laravel-notification-channels/fcm/src/?C=M&O=D HTTP/2.0" 200 1630 "-" "Mozilla/5.0 AppleWebKit/537.36 (KHTML, like Gecko; compatible; ClaudeBot/1.0; +claudebot@anthropic.com)"
185.191.171.12 - - [16/Jun/2025:10:14:20 -0500] "GET /vendor/google/apiclient-services/src/Sasportal/SasPortalOperation.php HTTP/1.1" 500 - "-" "Mozilla/5.0 (compatible; SemrushBot/7~bl; +http://www.semrush.com/bot.html)"
216.73.216.29 - - [16/Jun/2025:10:14:21 -0500] "GET /vendor/jetbrains/phpstorm-stubs/v8js/?C=S&O=D HTTP/2.0" 200 870 "-" "Mozilla/5.0 AppleWebKit/537.36 (KHTML, like Gecko; compatible; ClaudeBot/1.0; +claudebot@anthropic.com)"
216.73.216.29 - - [16/Jun/2025:10:14:22 -0500] "GET /vendor/jetbrains/phpstorm-stubs/mysqli/?C=D&O=D HTTP/2.0" 200 876 "-" "Mozilla/5.0 AppleWebKit/537.36 (KHTML, like Gecko; compatible; ClaudeBot/1.0; +claudebot@anthropic.com)"
216.73.216.29 - - [16/Jun/2025:10:14:27 -0500] "GET /vendor/jetbrains/phpstorm-stubs/memcache/?C=S&O=D HTTP/2.0" 200 882 "-" "Mozilla/5.0 AppleWebKit/537.36 (KHTML, like Gecko; compatible; ClaudeBot/1.0; +claudebot@anthropic.com)"
216.73.216.29 - - [16/Jun/2025:10:14:32 -0500] "GET /vendor/jetbrains/phpstorm-stubs/xmlrpc/?C=M&O=D HTTP/2.0" 200 876 "-" "Mozilla/5.0 AppleWebKit/537.36 (KHTML, like Gecko; compatible; ClaudeBot/1.0; +claudebot@anthropic.com)"
216.73.216.29 - - [16/Jun/2025:10:14:37 -0500] "GET /vendor/symfony/http-client/Chunk/?C=D&O=D HTTP/2.0" 200 1784 "-" "Mozilla/5.0 AppleWebKit/537.36 (KHTML, like Gecko; compatible; ClaudeBot/1.0; +claudebot@anthropic.com)"
20.171.207.195 - - [16/Jun/2025:10:14:41 -0500] "GET /vendor/google/apiclient-services/src/Container/AddonsConfig.php HTTP/2.0" 500 - "-" "Mozilla/5.0 AppleWebKit/537.36 (KHTML, like Gecko; compatible; GPTBot/1.2; +https://openai.com/gptbot)"
216.73.216.29 - - [16/Jun/2025:10:14:42 -0500] "GET /vendor/symfony/service-contracts/Test/?C=S&O=D HTTP/2.0" 200 887 "-" "Mozilla/5.0 AppleWebKit/537.36 (KHTML, like Gecko; compatible; ClaudeBot/1.0; +claudebot@anthropic.com)"
20.171.207.246 - - [16/Jun/2025:10:14:43 -0500] "GET /vendor/google/apiclient-services/src/Blogger/Pageviews.php HTTP/2.0" 500 - "-" "Mozilla/5.0 AppleWebKit/537.36 (KHTML, like Gecko; compatible; GPTBot/1.2; +https://openai.com/gptbot)"
216.73.216.29 - - [16/Jun/2025:10:14:47 -0500] "GET /vendor/aws/aws-sdk-php/src/CodeDeploy/?C=N&O=D HTTP/2.0" 200 1057 "-" "Mozilla/5.0 AppleWebKit/537.36 (KHTML, like Gecko; compatible; ClaudeBot/1.0; +claudebot@anthropic.com)"
185.191.171.17 - - [16/Jun/2025:10:14:51 -0500] "GET /vendor/aws/aws-sdk-php/src/MigrationHubConfig/MigrationHubConfigClient.php HTTP/1.1" 500 - "-" "Mozilla/5.0 (compatible; SemrushBot/7~bl; +http://www.semrush.com/bot.html)"
216.73.216.29 - - [16/Jun/2025:10:14:52 -0500] "GET /vendor/jetbrains/phpstorm-stubs/pthreads/?C=D&O=D HTTP/2.0" 200 882 "-" "Mozilla/5.0 AppleWebKit/537.36 (KHTML, like Gecko; compatible; ClaudeBot/1.0; +claudebot@anthropic.com)"
85.208.96.199 - - [16/Jun/2025:10:14:54 -0500] "GET /vendor/google/apiclient-services/src/AdExchangeBuyerII/ HTTP/1.1" 200 21594 "-" "Mozilla/5.0 (compatible; SemrushBot/7~bl; +http://www.semrush.com/bot.html)"
216.73.216.29 - - [16/Jun/2025:10:14:57 -0500] "GET /vendor/symfony/console/Logger/?C=S&O=D HTTP/2.0" 200 856 "-" "Mozilla/5.0 AppleWebKit/537.36 (KHTML, like Gecko; compatible; ClaudeBot/1.0; +claudebot@anthropic.com)"
85.208.96.205 - - [16/Jun/2025:10:15:00 -0500] "GET /vendor/google/apiclient-services/src/Classroom/UserProfile.php HTTP/1.1" 500 - "-" "Mozilla/5.0 (compatible; SemrushBot/7~bl; +http://www.semrush.com/bot.html)"
216.73.216.29 - - [16/Jun/2025:10:15:02 -0500] "GET /vendor/laravel/horizon/src/Listeners/TrimFailedJobs.php HTTP/2.0" 200 - "-" "Mozilla/5.0 AppleWebKit/537.36 (KHTML, like Gecko; compatible; ClaudeBot/1.0; +claudebot@anthropic.com)"
216.73.216.29 - - [16/Jun/2025:10:15:10 -0500] "GET /vendor/jetbrains/phpstorm-stubs/Core/?C=S&O=D HTTP/2.0" 200 1226 "-" "Mozilla/5.0 AppleWebKit/537.36 (KHTML, like Gecko; compatible; ClaudeBot/1.0; +claudebot@anthropic.com)"
216.73.216.29 - - [16/Jun/2025:10:15:13 -0500] "GET /vendor/symfony/string/Exception/?C=D&O=D HTTP/2.0" 200 1251 "-" "Mozilla/5.0 AppleWebKit/537.36 (KHTML, like Gecko; compatible; ClaudeBot/1.0; +claudebot@anthropic.com)"
216.73.216.29 - - [16/Jun/2025:10:15:18 -0500] "GET /vendor/jetbrains/phpstorm-stubs/mailparse/?C=D&O=D HTTP/2.0" 200 885 "-" "Mozilla/5.0 AppleWebKit/537.36 (KHTML, like Gecko; compatible; ClaudeBot/1.0; +claudebot@anthropic.com)"
216.73.216.29 - - [16/Jun/2025:10:15:23 -0500] "GET /vendor/aws/aws-sdk-php/src/CodePipeline/?C=S&O=A HTTP/2.0" 200 1063 "-" "Mozilla/5.0 AppleWebKit/537.36 (KHTML, like Gecko; compatible; ClaudeBot/1.0; +claudebot@anthropic.com)"
216.73.216.29 - - [16/Jun/2025:10:15:28 -0500] "GET /vendor/mikemccabe/json-patch-php/src/?C=M&O=D HTTP/2.0" 200 876 "-" "Mozilla/5.0 AppleWebKit/537.36 (KHTML, like Gecko; compatible; ClaudeBot/1.0; +claudebot@anthropic.com)"
216.73.216.29 - - [16/Jun/2025:10:15:33 -0500] "GET /vendor/jetbrains/phpstorm-stubs/xmlrpc/?C=D&O=D HTTP/2.0" 200 876 "-" "Mozilla/5.0 AppleWebKit/537.36 (KHTML, like Gecko; compatible; ClaudeBot/1.0; +claudebot@anthropic.com)"
216.73.216.29 - - [16/Jun/2025:10:15:38 -0500] "GET /vendor/ezimuel/ringphp/src/Client/CurlHandler.php HTTP/2.0" 200 - "-" "Mozilla/5.0 AppleWebKit/537.36 (KHTML, like Gecko; compatible; ClaudeBot/1.0; +claudebot@anthropic.com)"
216.73.216.29 - - [16/Jun/2025:10:15:43 -0500] "GET /vendor/aws/aws-sdk-php/src/CloudControlApi/?C=N&O=D HTTP/2.0" 200 1075 "-" "Mozilla/5.0 AppleWebKit/537.36 (KHTML, like Gecko; compatible; ClaudeBot/1.0; +claudebot@anthropic.com)"
20.171.207.195 - - [16/Jun/2025:10:15:41 -0500] "GET /vendor/google/apiclient-services/src/Container/StatusCondition.php HTTP/2.0" 500 - "-" "Mozilla/5.0 AppleWebKit/537.36 (KHTML, like Gecko; compatible; GPTBot/1.2; +https://openai.com/gptbot)"
216.73.216.29 - - [16/Jun/2025:10:15:48 -0500] "GET /vendor/symfony/http-client/DependencyInjection/?C=N&O=A HTTP/2.0" 200 895 "-" "Mozilla/5.0 AppleWebKit/537.36 (KHTML, like Gecko; compatible; ClaudeBot/1.0; +claudebot@anthropic.com)"
20.171.207.246 - - [16/Jun/2025:10:15:48 -0500] "GET /vendor/google/apiclient-services/src/Speech/Operation.php HTTP/2.0" 500 - "-" "Mozilla/5.0 AppleWebKit/537.36 (KHTML, like Gecko; compatible; GPTBot/1.2; +https://openai.com/gptbot)"
216.73.216.29 - - [16/Jun/2025:10:15:53 -0500] "GET /vendor/symfony/console/Input/?C=M&O=D HTTP/2.0" 200 2523 "-" "Mozilla/5.0 AppleWebKit/537.36 (KHTML, like Gecko; compatible; ClaudeBot/1.0; +claudebot@anthropic.com)"
216.73.216.29 - - [16/Jun/2025:10:15:58 -0500] "GET /vendor/cocur/slugify/src/Bridge/Symfony HTTP/2.0" 301 288 "-" "Mozilla/5.0 AppleWebKit/537.36 (KHTML, like Gecko; compatible; ClaudeBot/1.0; +claudebot@anthropic.com)"
216.73.216.29 - - [16/Jun/2025:10:15:58 -0500] "GET /vendor/cocur/slugify/src/Bridge/Symfony/ HTTP/2.0" 200 700 "https://www.vebto.graphicdesigncash.com/vendor/cocur/slugify/src/Bridge/Symfony" "Mozilla/5.0 AppleWebKit/537.36 (KHTML, like Gecko; compatible; ClaudeBot/1.0; +claudebot@anthropic.com)"
216.73.216.29 - - [16/Jun/2025:10:16:03 -0500] "GET /vendor/aws/aws-sdk-php/src/ForecastQueryService/?C=N&O=D HTTP/2.0" 200 1267 "-" "Mozilla/5.0 AppleWebKit/537.36 (KHTML, like Gecko; compatible; ClaudeBot/1.0; +claudebot@anthropic.com)"
85.208.96.209 - - [16/Jun/2025:10:16:04 -0500] "GET /vendor/google/apiclient-services/src/TagManager/ListFoldersResponse.php HTTP/1.1" 500 - "-" "Mozilla/5.0 (compatible; SemrushBot/7~bl; +http://www.semrush.com/bot.html)"
216.73.216.29 - - [16/Jun/2025:10:16:08 -0500] "GET /vendor/riverline/multipart-parser/tests/_data/no_first_boundary.txt HTTP/2.0" 200 671 "-" "Mozilla/5.0 AppleWebKit/537.36 (KHTML, like Gecko; compatible; ClaudeBot/1.0; +claudebot@anthropic.com)"
85.208.96.200 - - [16/Jun/2025:10:16:11 -0500] "GET /vendor/aws/aws-sdk-php/src/OpsWorksCM/ HTTP/1.1" 200 1057 "-" "Mozilla/5.0 (compatible; SemrushBot/7~bl; +http://www.semrush.com/bot.html)"
216.73.216.29 - - [16/Jun/2025:10:16:13 -0500] "GET /vendor/mikemccabe/json-patch-php/src/?C=D&O=D HTTP/2.0" 200 876 "-" "Mozilla/5.0 AppleWebKit/537.36 (KHTML, like Gecko; compatible; ClaudeBot/1.0; +claudebot@anthropic.com)"
216.73.216.29 - - [16/Jun/2025:10:16:18 -0500] "GET /vendor/symfony/options-resolver/Exception/?C=M&O=D HTTP/2.0" 200 2471 "-" "Mozilla/5.0 AppleWebKit/537.36 (KHTML, like Gecko; compatible; ClaudeBot/1.0; +claudebot@anthropic.com)"
216.73.216.29 - - [16/Jun/2025:10:16:23 -0500] "GET /vendor/ezimuel/ringphp/src/Client/CurlFactory.php HTTP/2.0" 200 - "-" "Mozilla/5.0 AppleWebKit/537.36 (KHTML, like Gecko; compatible; ClaudeBot/1.0; +claudebot@anthropic.com)"
85.208.96.203 - - [16/Jun/2025:10:16:23 -0500] "GET /vendor/aws/aws-sdk-php/src/ClientSideMonitoring/ HTTP/1.1" 200 2285 "-" "Mozilla/5.0 (compatible; SemrushBot/7~bl; +http://www.semrush.com/bot.html)"
216.73.216.29 - - [16/Jun/2025:10:16:28 -0500] "GET /vendor/jetbrains/phpstorm-stubs/geoip/?C=M&O=D HTTP/2.0" 200 873 "-" "Mozilla/5.0 AppleWebKit/537.36 (KHTML, like Gecko; compatible; ClaudeBot/1.0; +claudebot@anthropic.com)"
185.191.171.15 - - [16/Jun/2025:10:16:29 -0500] "GET /vendor/google/apiclient-services/src/DatabaseMigrationService/SshScript.php HTTP/1.1" 500 - "-" "Mozilla/5.0 (compatible; SemrushBot/7~bl; +http://www.semrush.com/bot.html)"
216.73.216.29 - - [16/Jun/2025:10:16:33 -0500] "GET /vendor/symfony/http-foundation/Session/?C=S&O=D HTTP/2.0" 200 2538 "-" "Mozilla/5.0 AppleWebKit/537.36 (KHTML, like Gecko; compatible; ClaudeBot/1.0; +claudebot@anthropic.com)"
216.73.216.29 - - [16/Jun/2025:10:16:38 -0500] "GET /vendor/symfony/console/CommandLoader/?C=D&O=D HTTP/2.0" 200 1274 "-" "Mozilla/5.0 AppleWebKit/537.36 (KHTML, like Gecko; compatible; ClaudeBot/1.0; +claudebot@anthropic.com)"
216.73.216.29 - - [16/Jun/2025:10:16:43 -0500] "GET /vendor/ramsey/collection/src/Tool/ValueExtractorTrait.php HTTP/2.0" 200 - "-" "Mozilla/5.0 AppleWebKit/537.36 (KHTML, like Gecko; compatible; ClaudeBot/1.0; +claudebot@anthropic.com)"
20.171.207.195 - - [16/Jun/2025:10:16:47 -0500] "GET /vendor/google/apiclient-services/src/Container/CloudRunConfig.php HTTP/2.0" 500 - "-" "Mozilla/5.0 AppleWebKit/537.36 (KHTML, like Gecko; compatible; GPTBot/1.2; +https://openai.com/gptbot)"
216.73.216.29 - - [16/Jun/2025:10:16:48 -0500] "GET /vendor/league/flysystem/src/Util/ContentListingFormatter.php HTTP/2.0" 200 - "-" "Mozilla/5.0 AppleWebKit/537.36 (KHTML, like Gecko; compatible; ClaudeBot/1.0; +claudebot@anthropic.com)"
20.171.207.246 - - [16/Jun/2025:10:16:49 -0500] "GET /vendor/google/apiclient-services/src/Sheets/GridRange.php HTTP/2.0" 500 - "-" "Mozilla/5.0 AppleWebKit/537.36 (KHTML, like Gecko; compatible; GPTBot/1.2; +https://openai.com/gptbot)"
85.208.96.210 - - [16/Jun/2025:10:16:51 -0500] "GET /vendor/google/apiclient-services/src/CloudIdentity/GoogleAppsCloudidentityDevicesV1ApproveDeviceUserResponse.php HTTP/1.1" 500 - "-" "Mozilla/5.0 (compatible; SemrushBot/7~bl; +http://www.semrush.com/bot.html)"
216.73.216.29 - - [16/Jun/2025:10:16:53 -0500] "GET /vendor/laravel/tinker/src/?C=D&O=D HTTP/2.0" 200 1413 "-" "Mozilla/5.0 AppleWebKit/537.36 (KHTML, like Gecko; compatible; ClaudeBot/1.0; +claudebot@anthropic.com)"
216.73.216.29 - - [16/Jun/2025:10:16:58 -0500] "GET /vendor/symfony/error-handler/Exception/?C=D&O=D HTTP/2.0" 200 1078 "-" "Mozilla/5.0 AppleWebKit/537.36 (KHTML, like Gecko; compatible; ClaudeBot/1.0; +claudebot@anthropic.com)"
216.73.216.29 - - [16/Jun/2025:10:17:05 -0500] "GET /vendor/ramsey/uuid/src/Builder/FallbackBuilder.php HTTP/2.0" 500 - "-" "Mozilla/5.0 AppleWebKit/537.36 (KHTML, like Gecko; compatible; ClaudeBot/1.0; +claudebot@anthropic.com)"
216.73.216.29 - - [16/Jun/2025:10:17:08 -0500] "GET /vendor/symfony/console/Tester/?C=S&O=D HTTP/2.0" 200 1605 "-" "Mozilla/5.0 AppleWebKit/537.36 (KHTML, like Gecko; compatible; ClaudeBot/1.0; +claudebot@anthropic.com)"
216.73.216.29 - - [16/Jun/2025:10:17:13 -0500] "GET /vendor/symfony/http-client/DataCollector/?C=D&O=D HTTP/2.0" 200 895 "-" "Mozilla/5.0 AppleWebKit/537.36 (KHTML, like Gecko; compatible; ClaudeBot/1.0; +claudebot@anthropic.com)"
85.208.96.203 - - [16/Jun/2025:10:17:16 -0500] "GET /vendor/aws/aws-sdk-php/src/data/sesv2/ HTTP/1.1" 200 875 "-" "Mozilla/5.0 (compatible; SemrushBot/7~bl; +http://www.semrush.com/bot.html)"
216.73.216.29 - - [16/Jun/2025:10:17:18 -0500] "GET /vendor/jetbrains/phpstorm-stubs/geoip/?C=D&O=D HTTP/2.0" 200 873 "-" "Mozilla/5.0 AppleWebKit/537.36 (KHTML, like Gecko; compatible; ClaudeBot/1.0; +claudebot@anthropic.com)"
216.73.216.29 - - [16/Jun/2025:10:17:23 -0500] "GET /vendor/jetbrains/phpstorm-stubs/zend/?C=D&O=D HTTP/2.0" 200 1226 "-" "Mozilla/5.0 AppleWebKit/537.36 (KHTML, like Gecko; compatible; ClaudeBot/1.0; +claudebot@anthropic.com)"
216.73.216.29 - - [16/Jun/2025:10:17:28 -0500] "GET /vendor/ongr/elasticsearch-dsl/docs/?C=D&O=D HTTP/2.0" 200 1746 "-" "Mozilla/5.0 AppleWebKit/537.36 (KHTML, like Gecko; compatible; ClaudeBot/1.0; +claudebot@anthropic.com)"
216.73.216.29 - - [16/Jun/2025:10:17:33 -0500] "GET /vendor/ramsey/uuid/src/Exception/NameException.php HTTP/2.0" 500 - "-" "Mozilla/5.0 AppleWebKit/537.36 (KHTML, like Gecko; compatible; ClaudeBot/1.0; +claudebot@anthropic.com)"
216.73.216.29 - - [16/Jun/2025:10:17:38 -0500] "GET /vendor/symfony/options-resolver/Exception/?C=D&O=D HTTP/2.0" 200 2471 "-" "Mozilla/5.0 AppleWebKit/537.36 (KHTML, like Gecko; compatible; ClaudeBot/1.0; +claudebot@anthropic.com)"
216.73.216.29 - - [16/Jun/2025:10:17:43 -0500] "GET /vendor/teamtnt/tntsearch/src/Connectors/MySqlConnector.php HTTP/2.0" 500 - "-" "Mozilla/5.0 AppleWebKit/537.36 (KHTML, like Gecko; compatible; ClaudeBot/1.0; +claudebot@anthropic.com)"
85.208.96.203 - - [16/Jun/2025:10:17:48 -0500] "GET /vendor/google/apiclient-services/src/DLP/GooglePrivacyDlpV2RedactImageRequest.php HTTP/1.1" 500 - "-" "Mozilla/5.0 (compatible; SemrushBot/7~bl; +http://www.semrush.com/bot.html)"
20.171.207.246 - - [16/Jun/2025:10:17:50 -0500] "GET /vendor/google/apiclient-services/src/Sheets/ErrorValue.php HTTP/2.0" 500 - "-" "Mozilla/5.0 AppleWebKit/537.36 (KHTML, like Gecko; compatible; GPTBot/1.2; +https://openai.com/gptbot)"
216.73.216.29 - - [16/Jun/2025:10:17:50 -0500] "GET /vendor/jetbrains/phpstorm-stubs/couchbase/?C=N&O=D HTTP/2.0" 200 1065 "-" "Mozilla/5.0 AppleWebKit/537.36 (KHTML, like Gecko; compatible; ClaudeBot/1.0; +claudebot@anthropic.com)"
20.171.207.195 - - [16/Jun/2025:10:17:51 -0500] "GET /vendor/google/apiclient-services/src/Directory/UserLanguage.php HTTP/2.0" 500 - "-" "Mozilla/5.0 AppleWebKit/537.36 (KHTML, like Gecko; compatible; GPTBot/1.2; +https://openai.com/gptbot)"
216.73.216.29 - - [16/Jun/2025:10:17:54 -0500] "GET /vendor/symfony/console/Command/?C=D&O=D HTTP/2.0" 200 2170 "-" "Mozilla/5.0 AppleWebKit/537.36 (KHTML, like Gecko; compatible; ClaudeBot/1.0; +claudebot@anthropic.com)"
