216.73.216.225 - - [16/Jun/2025:12:15:27 -0500] "GET /vendor/aws/aws-sdk-php/src/Amplify/Exception/ HTTP/2.0" 200 713 "https://www.vebto.graphicdesigncash.com/vendor/aws/aws-sdk-php/src/Amplify/Exception" "Mozilla/5.0 AppleWebKit/537.36 (KHTML, like Gecko; compatible; ClaudeBot/1.0; +claudebot@anthropic.com)"
20.171.207.246 - - [16/Jun/2025:12:15:28 -0500] "GET /vendor/jetbrains/phpstorm-stubs/tests/Model/PHPConst.php HTTP/2.0" 500 - "-" "Mozilla/5.0 AppleWebKit/537.36 (KHTML, like Gecko; compatible; GPTBot/1.2; +https://openai.com/gptbot)"
216.73.216.225 - - [16/Jun/2025:12:15:32 -0500] "GET /vendor/doctrine/dbal/src/Driver/ServerInfoAwareConnection.php HTTP/2.0" 500 - "-" "Mozilla/5.0 AppleWebKit/537.36 (KHTML, like Gecko; compatible; ClaudeBot/1.0; +claudebot@anthropic.com)"
216.73.216.225 - - [16/Jun/2025:12:15:37 -0500] "GET /vendor/maennchen/zipstream-php/src/Option/File.php HTTP/2.0" 200 - "-" "Mozilla/5.0 AppleWebKit/537.36 (KHTML, like Gecko; compatible; ClaudeBot/1.0; +claudebot@anthropic.com)"
216.73.216.225 - - [16/Jun/2025:12:15:42 -0500] "GET /vendor/egulias/email-validator/src/Exception/ConsecutiveDot.php HTTP/2.0" 500 - "-" "Mozilla/5.0 AppleWebKit/537.36 (KHTML, like Gecko; compatible; ClaudeBot/1.0; +claudebot@anthropic.com)"
20.171.207.195 - - [16/Jun/2025:12:15:44 -0500] "GET /vendor/google/apiclient-services/src/Analytics/Column.php HTTP/2.0" 500 - "-" "Mozilla/5.0 AppleWebKit/537.36 (KHTML, like Gecko; compatible; GPTBot/1.2; +https://openai.com/gptbot)"
216.73.216.225 - - [16/Jun/2025:12:15:47 -0500] "GET /vendor/egulias/email-validator/src/Validation/DNSCheckValidation.php HTTP/2.0" 500 - "-" "Mozilla/5.0 AppleWebKit/537.36 (KHTML, like Gecko; compatible; ClaudeBot/1.0; +claudebot@anthropic.com)"
216.73.216.225 - - [16/Jun/2025:12:15:52 -0500] "GET /vendor/league/commonmark/src/Normalizer/SlugNormalizer.php HTTP/2.0" 500 - "-" "Mozilla/5.0 AppleWebKit/537.36 (KHTML, like Gecko; compatible; ClaudeBot/1.0; +claudebot@anthropic.com)"
216.73.216.225 - - [16/Jun/2025:12:15:59 -0500] "GET /vendor/symfony/translation/Dumper/YamlFileDumper.php HTTP/2.0" 500 - "-" "Mozilla/5.0 AppleWebKit/537.36 (KHTML, like Gecko; compatible; ClaudeBot/1.0; +claudebot@anthropic.com)"
216.73.216.225 - - [16/Jun/2025:12:16:02 -0500] "GET /vendor/maennchen/zipstream-php/src/Option/Method.php HTTP/2.0" 500 - "-" "Mozilla/5.0 AppleWebKit/537.36 (KHTML, like Gecko; compatible; ClaudeBot/1.0; +claudebot@anthropic.com)"
216.73.216.225 - - [16/Jun/2025:12:16:07 -0500] "GET /vendor/egulias/email-validator/src/Validation/MultipleErrors.php HTTP/2.0" 500 - "-" "Mozilla/5.0 AppleWebKit/537.36 (KHTML, like Gecko; compatible; ClaudeBot/1.0; +claudebot@anthropic.com)"
216.73.216.225 - - [16/Jun/2025:12:16:12 -0500] "GET /vendor/symfony/translation/Dumper/CsvFileDumper.php HTTP/2.0" 500 - "-" "Mozilla/5.0 AppleWebKit/537.36 (KHTML, like Gecko; compatible; ClaudeBot/1.0; +claudebot@anthropic.com)"
216.73.216.225 - - [16/Jun/2025:12:16:17 -0500] "GET /vendor/symfony/psr-http-message-bridge/Tests/Factory/?C=M&O=D HTTP/2.0" 200 1334 "-" "Mozilla/5.0 AppleWebKit/537.36 (KHTML, like Gecko; compatible; ClaudeBot/1.0; +claudebot@anthropic.com)"
216.73.216.225 - - [16/Jun/2025:12:16:22 -0500] "GET /vendor/aws/aws-sdk-php/src/Glacier/TreeHash.php HTTP/2.0" 500 - "-" "Mozilla/5.0 AppleWebKit/537.36 (KHTML, like Gecko; compatible; ClaudeBot/1.0; +claudebot@anthropic.com)"
185.191.171.5 - - [16/Jun/2025:12:16:24 -0500] "GET /vendor/google/apiclient-services/src/FirebaseDynamicLinks/GetIosPostInstallAttributionResponse.php HTTP/1.1" 500 - "-" "Mozilla/5.0 (compatible; SemrushBot/7~bl; +http://www.semrush.com/bot.html)"
216.73.216.225 - - [16/Jun/2025:12:16:27 -0500] "GET /vendor/symfony/css-selector/XPath/Extension/?C=D&O=D HTTP/2.0" 200 2239 "-" "Mozilla/5.0 AppleWebKit/537.36 (KHTML, like Gecko; compatible; ClaudeBot/1.0; +claudebot@anthropic.com)"
20.171.207.246 - - [16/Jun/2025:12:16:29 -0500] "GET /vendor/google/apiclient-services/src/Slides/WordArt.php HTTP/2.0" 500 - "-" "Mozilla/5.0 AppleWebKit/537.36 (KHTML, like Gecko; compatible; GPTBot/1.2; +https://openai.com/gptbot)"
216.73.216.225 - - [16/Jun/2025:12:16:32 -0500] "GET /vendor/aws/aws-sdk-php/src/AugmentedAIRuntime/Exception HTTP/2.0" 301 304 "-" "Mozilla/5.0 AppleWebKit/537.36 (KHTML, like Gecko; compatible; ClaudeBot/1.0; +claudebot@anthropic.com)"
216.73.216.225 - - [16/Jun/2025:12:16:32 -0500] "GET /vendor/aws/aws-sdk-php/src/AugmentedAIRuntime/Exception/ HTTP/2.0" 200 746 "https://www.vebto.graphicdesigncash.com/vendor/aws/aws-sdk-php/src/AugmentedAIRuntime/Exception" "Mozilla/5.0 AppleWebKit/537.36 (KHTML, like Gecko; compatible; ClaudeBot/1.0; +claudebot@anthropic.com)"
216.73.216.225 - - [16/Jun/2025:12:16:40 -0500] "GET /vendor/symfony/var-dumper/Caster/AmqpCaster.php HTTP/2.0" 200 - "-" "Mozilla/5.0 AppleWebKit/537.36 (KHTML, like Gecko; compatible; ClaudeBot/1.0; +claudebot@anthropic.com)"
216.73.216.225 - - [16/Jun/2025:12:16:42 -0500] "GET /vendor/rackspace/php-opencloud/samples/Orchestration/lamp-updated.yaml HTTP/2.0" 200 4774 "-" "Mozilla/5.0 AppleWebKit/537.36 (KHTML, like Gecko; compatible; ClaudeBot/1.0; +claudebot@anthropic.com)"
20.171.207.195 - - [16/Jun/2025:12:16:45 -0500] "GET /vendor/google/apiclient-services/src/Analytics/GaDataDataTable.php HTTP/2.0" 500 - "-" "Mozilla/5.0 AppleWebKit/537.36 (KHTML, like Gecko; compatible; GPTBot/1.2; +https://openai.com/gptbot)"
216.73.216.225 - - [16/Jun/2025:12:16:47 -0500] "GET /vendor/matchish/laravel-scout-elasticsearch/resources/lang HTTP/2.0" 301 307 "-" "Mozilla/5.0 AppleWebKit/537.36 (KHTML, like Gecko; compatible; ClaudeBot/1.0; +claudebot@anthropic.com)"
216.73.216.225 - - [16/Jun/2025:12:16:47 -0500] "GET /vendor/matchish/laravel-scout-elasticsearch/resources/lang/ HTTP/2.0" 200 931 "https://www.vebto.graphicdesigncash.com/vendor/matchish/laravel-scout-elasticsearch/resources/lang" "Mozilla/5.0 AppleWebKit/537.36 (KHTML, like Gecko; compatible; ClaudeBot/1.0; +claudebot@anthropic.com)"
216.73.216.225 - - [16/Jun/2025:12:16:52 -0500] "GET /vendor/symfony/psr-http-message-bridge/Tests/Functional/?C=N&O=A HTTP/2.0" 200 1113 "-" "Mozilla/5.0 AppleWebKit/537.36 (KHTML, like Gecko; compatible; ClaudeBot/1.0; +claudebot@anthropic.com)"
216.73.216.225 - - [16/Jun/2025:12:17:02 -0500] "GET /vendor/symfony/translation/Resources/schemas/xliff-core-2.0.xsd HTTP/2.0" 200 16748 "-" "Mozilla/5.0 AppleWebKit/537.36 (KHTML, like Gecko; compatible; ClaudeBot/1.0; +claudebot@anthropic.com)"
85.208.96.207 - - [16/Jun/2025:12:17:03 -0500] "GET /vendor/google/apiclient-services/src/ServiceControl/ HTTP/1.1" 200 4981 "-" "Mozilla/5.0 (compatible; SemrushBot/7~bl; +http://www.semrush.com/bot.html)"
216.73.216.225 - - [16/Jun/2025:12:17:07 -0500] "GET /vendor/rackspace/php-opencloud/lib/OpenCloud/Database/?C=N&O=D HTTP/2.0" 200 918 "-" "Mozilla/5.0 AppleWebKit/537.36 (KHTML, like Gecko; compatible; ClaudeBot/1.0; +claudebot@anthropic.com)"
216.73.216.225 - - [16/Jun/2025:12:17:12 -0500] "GET /vendor/rackspace/php-opencloud/docs/userguide/LoadBalancer/?C=M&O=A HTTP/2.0" 200 932 "-" "Mozilla/5.0 AppleWebKit/537.36 (KHTML, like Gecko; compatible; ClaudeBot/1.0; +claudebot@anthropic.com)"
185.191.171.8 - - [16/Jun/2025:12:17:13 -0500] "GET /vendor/google/apiclient-services/src/ShoppingContent/ProductShippingDimension.php HTTP/1.1" 500 - "-" "Mozilla/5.0 (compatible; SemrushBot/7~bl; +http://www.semrush.com/bot.html)"
185.191.171.4 - - [16/Jun/2025:12:17:15 -0500] "GET /vendor/google/apiclient-services/src/GKEHub/ConfigManagementConfigSyncState.php HTTP/1.1" 500 - "-" "Mozilla/5.0 (compatible; SemrushBot/7~bl; +http://www.semrush.com/bot.html)"
216.73.216.225 - - [16/Jun/2025:12:17:17 -0500] "GET /vendor/aws/aws-sdk-php/src/Kms/KmsClient.php HTTP/2.0" 500 - "-" "Mozilla/5.0 AppleWebKit/537.36 (KHTML, like Gecko; compatible; ClaudeBot/1.0; +claudebot@anthropic.com)"
216.73.216.225 - - [16/Jun/2025:12:17:24 -0500] "GET /vendor/nikic/php-parser/lib/PhpParser/NodeVisitor/?C=N&O=D HTTP/2.0" 200 726 "-" "Mozilla/5.0 AppleWebKit/537.36 (KHTML, like Gecko; compatible; ClaudeBot/1.0; +claudebot@anthropic.com)"
216.73.216.225 - - [16/Jun/2025:12:17:28 -0500] "GET /vendor/aws/aws-sdk-php/src/FIS/Exception HTTP/2.0" 301 289 "-" "Mozilla/5.0 AppleWebKit/537.36 (KHTML, like Gecko; compatible; ClaudeBot/1.0; +claudebot@anthropic.com)"
216.73.216.225 - - [16/Jun/2025:12:17:28 -0500] "GET /vendor/aws/aws-sdk-php/src/FIS/Exception/ HTTP/2.0" 200 701 "https://www.vebto.graphicdesigncash.com/vendor/aws/aws-sdk-php/src/FIS/Exception" "Mozilla/5.0 AppleWebKit/537.36 (KHTML, like Gecko; compatible; ClaudeBot/1.0; +claudebot@anthropic.com)"
216.73.216.225 - - [16/Jun/2025:12:17:33 -0500] "GET /vendor/aws/aws-sdk-php/src/data HTTP/2.0" 301 280 "-" "Mozilla/5.0 AppleWebKit/537.36 (KHTML, like Gecko; compatible; ClaudeBot/1.0; +claudebot@anthropic.com)"
20.171.207.246 - - [16/Jun/2025:12:17:33 -0500] "GET /vendor/google/apiclient-services/src/Slides/Autofit.php HTTP/2.0" 500 - "-" "Mozilla/5.0 AppleWebKit/537.36 (KHTML, like Gecko; compatible; GPTBot/1.2; +https://openai.com/gptbot)"
216.73.216.225 - - [16/Jun/2025:12:17:33 -0500] "GET /vendor/aws/aws-sdk-php/src/data/ HTTP/2.0" 200 55339 "https://www.vebto.graphicdesigncash.com/vendor/aws/aws-sdk-php/src/data" "Mozilla/5.0 AppleWebKit/537.36 (KHTML, like Gecko; compatible; ClaudeBot/1.0; +claudebot@anthropic.com)"
216.73.216.225 - - [16/Jun/2025:12:17:38 -0500] "GET /vendor/rackspace/php-opencloud/docs/userguide/LoadBalancer/?C=D&O=A HTTP/2.0" 200 932 "-" "Mozilla/5.0 AppleWebKit/537.36 (KHTML, like Gecko; compatible; ClaudeBot/1.0; +claudebot@anthropic.com)"
216.73.216.225 - - [16/Jun/2025:12:17:43 -0500] "GET /vendor/gliterd/backblaze-b2/tests/ClientTest.php HTTP/2.0" 500 - "-" "Mozilla/5.0 AppleWebKit/537.36 (KHTML, like Gecko; compatible; ClaudeBot/1.0; +claudebot@anthropic.com)"
216.73.216.225 - - [16/Jun/2025:12:17:48 -0500] "GET /vendor/league/oauth1-client/tests/TwitterServerTest.php HTTP/2.0" 500 - "-" "Mozilla/5.0 AppleWebKit/537.36 (KHTML, like Gecko; compatible; ClaudeBot/1.0; +claudebot@anthropic.com)"
20.171.207.195 - - [16/Jun/2025:12:17:50 -0500] "GET /vendor/google/apiclient-services/src/Firestore/GoogleFirestoreAdminV1Index.php HTTP/2.0" 500 - "-" "Mozilla/5.0 AppleWebKit/537.36 (KHTML, like Gecko; compatible; GPTBot/1.2; +https://openai.com/gptbot)"
216.73.216.225 - - [16/Jun/2025:12:17:53 -0500] "GET /vendor/symfony/psr-http-message-bridge/Tests/Factory/?C=D&O=D HTTP/2.0" 200 1334 "-" "Mozilla/5.0 AppleWebKit/537.36 (KHTML, like Gecko; compatible; ClaudeBot/1.0; +claudebot@anthropic.com)"
216.73.216.225 - - [16/Jun/2025:12:17:58 -0500] "GET /vendor/myclabs/php-enum/src/?C=S&O=D HTTP/2.0" 200 1020 "-" "Mozilla/5.0 AppleWebKit/537.36 (KHTML, like Gecko; compatible; ClaudeBot/1.0; +claudebot@anthropic.com)"
216.73.216.225 - - [16/Jun/2025:12:18:03 -0500] "GET /vendor/omnipay/common/src/Common/?C=N&O=D HTTP/2.0" 200 3218 "-" "Mozilla/5.0 AppleWebKit/537.36 (KHTML, like Gecko; compatible; ClaudeBot/1.0; +claudebot@anthropic.com)"
216.73.216.225 - - [16/Jun/2025:12:18:08 -0500] "GET /vendor/guzzlehttp/promises/src/CancellationException.php HTTP/2.0" 500 - "-" "Mozilla/5.0 AppleWebKit/537.36 (KHTML, like Gecko; compatible; ClaudeBot/1.0; +claudebot@anthropic.com)"
216.73.216.225 - - [16/Jun/2025:12:18:13 -0500] "GET /vendor/egulias/email-validator/src/Validation/EmailValidation.php HTTP/2.0" 200 - "-" "Mozilla/5.0 AppleWebKit/537.36 (KHTML, like Gecko; compatible; ClaudeBot/1.0; +claudebot@anthropic.com)"
216.73.216.225 - - [16/Jun/2025:12:18:18 -0500] "GET /vendor/jean85/pretty-package-versions/src/Exception/ReplacedPackageException.php HTTP/2.0" 500 - "-" "Mozilla/5.0 AppleWebKit/537.36 (KHTML, like Gecko; compatible; ClaudeBot/1.0; +claudebot@anthropic.com)"
216.73.216.225 - - [16/Jun/2025:12:18:23 -0500] "GET /vendor/rackspace/php-opencloud/lib/OpenCloud/ObjectStore/?C=S&O=A HTTP/2.0" 200 1628 "-" "Mozilla/5.0 AppleWebKit/537.36 (KHTML, like Gecko; compatible; ClaudeBot/1.0; +claudebot@anthropic.com)"
185.191.171.14 - - [16/Jun/2025:12:18:26 -0500] "GET /vendor/aws/aws-sdk-php/src/data/rum/ HTTP/1.1" 200 871 "-" "Mozilla/5.0 (compatible; SemrushBot/7~bl; +http://www.semrush.com/bot.html)"
216.73.216.225 - - [16/Jun/2025:12:18:28 -0500] "GET /vendor/egulias/email-validator/src/Exception/UnclosedQuotedString.php HTTP/2.0" 500 - "-" "Mozilla/5.0 AppleWebKit/537.36 (KHTML, like Gecko; compatible; ClaudeBot/1.0; +claudebot@anthropic.com)"
216.73.216.225 - - [16/Jun/2025:12:18:33 -0500] "GET /vendor/nikic/php-parser/lib/PhpParser/Node/?C=N&O=D HTTP/2.0" 200 1406 "-" "Mozilla/5.0 AppleWebKit/537.36 (KHTML, like Gecko; compatible; ClaudeBot/1.0; +claudebot@anthropic.com)"
216.73.216.225 - - [16/Jun/2025:12:18:38 -0500] "GET /vendor/doctrine/dbal/src/Driver/Middleware.php HTTP/2.0" 200 - "-" "Mozilla/5.0 AppleWebKit/537.36 (KHTML, like Gecko; compatible; ClaudeBot/1.0; +claudebot@anthropic.com)"
20.171.207.246 - - [16/Jun/2025:12:18:39 -0500] "GET /vendor/google/apiclient-services/src/Slides/AutoText.php HTTP/2.0" 500 - "-" "Mozilla/5.0 AppleWebKit/537.36 (KHTML, like Gecko; compatible; GPTBot/1.2; +https://openai.com/gptbot)"
216.73.216.225 - - [16/Jun/2025:12:18:43 -0500] "GET /vendor/aws/aws-sdk-php/src/Appstream HTTP/2.0" 301 285 "-" "Mozilla/5.0 AppleWebKit/537.36 (KHTML, like Gecko; compatible; ClaudeBot/1.0; +claudebot@anthropic.com)"
216.73.216.225 - - [16/Jun/2025:12:18:43 -0500] "GET /vendor/aws/aws-sdk-php/src/Appstream/ HTTP/2.0" 200 1054 "https://www.vebto.graphicdesigncash.com/vendor/aws/aws-sdk-php/src/Appstream" "Mozilla/5.0 AppleWebKit/537.36 (KHTML, like Gecko; compatible; ClaudeBot/1.0; +claudebot@anthropic.com)"
216.73.216.225 - - [16/Jun/2025:12:18:48 -0500] "GET /vendor/rackspace/php-opencloud/lib/OpenCloud/Image/?C=N&O=D HTTP/2.0" 200 1085 "-" "Mozilla/5.0 AppleWebKit/537.36 (KHTML, like Gecko; compatible; ClaudeBot/1.0; +claudebot@anthropic.com)"
216.73.216.225 - - [16/Jun/2025:12:18:53 -0500] "GET /vendor/php-http/httplug/src/Exception/?C=S&O=D HTTP/2.0" 200 1631 "-" "Mozilla/5.0 AppleWebKit/537.36 (KHTML, like Gecko; compatible; ClaudeBot/1.0; +claudebot@anthropic.com)"
20.171.207.195 - - [16/Jun/2025:12:18:54 -0500] "GET /vendor/google/apiclient-services/src/Container/NodeTaint.php HTTP/2.0" 500 - "-" "Mozilla/5.0 AppleWebKit/537.36 (KHTML, like Gecko; compatible; GPTBot/1.2; +https://openai.com/gptbot)"
216.73.216.225 - - [16/Jun/2025:12:18:58 -0500] "GET /vendor/egulias/email-validator/src/Exception/ExpectingATEXT.php HTTP/2.0" 500 - "-" "Mozilla/5.0 AppleWebKit/537.36 (KHTML, like Gecko; compatible; ClaudeBot/1.0; +claudebot@anthropic.com)"
85.208.96.209 - - [16/Jun/2025:12:19:01 -0500] "GET /vendor/teamtnt/laravel-scout-tntsearch-driver/src/Events/SearchPerformed.php HTTP/1.1" 200 - "-" "Mozilla/5.0 (compatible; SemrushBot/7~bl; +http://www.semrush.com/bot.html)"
185.191.171.16 - - [16/Jun/2025:12:19:02 -0500] "GET /vendor/google/apiclient-services/src/YouTubeAnalytics/Errors.php HTTP/1.1" 500 - "-" "Mozilla/5.0 (compatible; SemrushBot/7~bl; +http://www.semrush.com/bot.html)"
216.73.216.225 - - [16/Jun/2025:12:19:03 -0500] "GET /vendor/egulias/email-validator/src/Exception/ExpectingQPair.php HTTP/2.0" 500 - "-" "Mozilla/5.0 AppleWebKit/537.36 (KHTML, like Gecko; compatible; ClaudeBot/1.0; +claudebot@anthropic.com)"
216.73.216.225 - - [16/Jun/2025:12:19:08 -0500] "GET /vendor/php-http/message/src/RequestMatcher/?C=N&O=D HTTP/2.0" 200 1276 "-" "Mozilla/5.0 AppleWebKit/537.36 (KHTML, like Gecko; compatible; ClaudeBot/1.0; +claudebot@anthropic.com)"
185.191.171.5 - - [16/Jun/2025:12:19:09 -0500] "GET /vendor/google/apiclient-services/src/Books/ HTTP/1.1" 200 22727 "-" "Mozilla/5.0 (compatible; SemrushBot/7~bl; +http://www.semrush.com/bot.html)"
216.73.216.225 - - [16/Jun/2025:12:19:13 -0500] "GET /vendor/symfony/css-selector/Parser/Tokenizer/?C=N&O=D HTTP/2.0" 200 1272 "-" "Mozilla/5.0 AppleWebKit/537.36 (KHTML, like Gecko; compatible; ClaudeBot/1.0; +claudebot@anthropic.com)"
216.73.216.225 - - [16/Jun/2025:12:19:18 -0500] "GET /vendor/php-http/message-factory/src/?C=S&O=A HTTP/2.0" 200 1618 "-" "Mozilla/5.0 AppleWebKit/537.36 (KHTML, like Gecko; compatible; ClaudeBot/1.0; +claudebot@anthropic.com)"
216.73.216.225 - - [16/Jun/2025:12:19:24 -0500] "GET /vendor/symfony/css-selector/Parser/Shortcut/?C=N&O=D HTTP/2.0" 200 1450 "-" "Mozilla/5.0 AppleWebKit/537.36 (KHTML, like Gecko; compatible; ClaudeBot/1.0; +claudebot@anthropic.com)"
216.73.216.225 - - [16/Jun/2025:12:19:28 -0500] "GET /vendor/rackspace/php-opencloud/lib/OpenCloud/Database/?C=S&O=A HTTP/2.0" 200 918 "-" "Mozilla/5.0 AppleWebKit/537.36 (KHTML, like Gecko; compatible; ClaudeBot/1.0; +claudebot@anthropic.com)"
216.73.216.225 - - [16/Jun/2025:12:19:33 -0500] "GET /vendor/egulias/email-validator/src/Validation/RFCValidation.php HTTP/2.0" 500 - "-" "Mozilla/5.0 AppleWebKit/537.36 (KHTML, like Gecko; compatible; ClaudeBot/1.0; +claudebot@anthropic.com)"
216.73.216.225 - - [16/Jun/2025:12:19:38 -0500] "GET /vendor/nikic/php-parser/lib/PhpParser/PrettyPrinter/?C=N&O=D HTTP/2.0" 200 730 "-" "Mozilla/5.0 AppleWebKit/537.36 (KHTML, like Gecko; compatible; ClaudeBot/1.0; +claudebot@anthropic.com)"
20.171.207.246 - - [16/Jun/2025:12:19:42 -0500] "GET /vendor/google/apiclient-services/src/YouTube/SuperChatEvent.php HTTP/2.0" 500 - "-" "Mozilla/5.0 AppleWebKit/537.36 (KHTML, like Gecko; compatible; GPTBot/1.2; +https://openai.com/gptbot)"
216.73.216.225 - - [16/Jun/2025:12:19:43 -0500] "GET /vendor/egulias/email-validator/src/Exception/LocalOrReservedDomain.php HTTP/2.0" 500 - "-" "Mozilla/5.0 AppleWebKit/537.36 (KHTML, like Gecko; compatible; ClaudeBot/1.0; +claudebot@anthropic.com)"
85.208.96.206 - - [16/Jun/2025:12:19:44 -0500] "GET /vendor/doctrine/dbal/src/Exception/NotNullConstraintViolationException.php HTTP/1.1" 500 - "-" "Mozilla/5.0 (compatible; SemrushBot/7~bl; +http://www.semrush.com/bot.html)"
216.73.216.225 - - [16/Jun/2025:12:19:48 -0500] "GET /vendor/symfony/css-selector/XPath/Extension/?C=N&O=A HTTP/2.0" 200 2239 "-" "Mozilla/5.0 AppleWebKit/537.36 (KHTML, like Gecko; compatible; ClaudeBot/1.0; +claudebot@anthropic.com)"
216.73.216.225 - - [16/Jun/2025:12:19:53 -0500] "GET /vendor/fruitcake/laravel-cors/config/cors.php HTTP/2.0" 200 - "-" "Mozilla/5.0 AppleWebKit/537.36 (KHTML, like Gecko; compatible; ClaudeBot/1.0; +claudebot@anthropic.com)"
20.171.207.195 - - [16/Jun/2025:12:19:55 -0500] "GET /vendor/google/apiclient-services/src/Container/DNSConfig.php HTTP/2.0" 500 - "-" "Mozilla/5.0 AppleWebKit/537.36 (KHTML, like Gecko; compatible; GPTBot/1.2; +https://openai.com/gptbot)"
216.73.216.225 - - [16/Jun/2025:12:19:59 -0500] "GET /vendor/omnipay/stripe/tests/Mock/Transfers/ListTransferReversalsSuccess.txt HTTP/2.0" 200 953 "-" "Mozilla/5.0 AppleWebKit/537.36 (KHTML, like Gecko; compatible; ClaudeBot/1.0; +claudebot@anthropic.com)"
216.73.216.225 - - [16/Jun/2025:12:20:04 -0500] "GET /vendor/rackspace/php-opencloud/lib/OpenCloud/ObjectStore/?C=M&O=A HTTP/2.0" 200 1628 "-" "Mozilla/5.0 AppleWebKit/537.36 (KHTML, like Gecko; compatible; ClaudeBot/1.0; +claudebot@anthropic.com)"
216.73.216.225 - - [16/Jun/2025:12:20:09 -0500] "GET /vendor/egulias/email-validator/src/Exception/ExpectingAT.php HTTP/2.0" 500 - "-" "Mozilla/5.0 AppleWebKit/537.36 (KHTML, like Gecko; compatible; ClaudeBot/1.0; +claudebot@anthropic.com)"
216.73.216.225 - - [16/Jun/2025:12:20:14 -0500] "GET /vendor/nikic/php-parser/lib/PhpParser/Parser/?C=N&O=D HTTP/2.0" 200 716 "-" "Mozilla/5.0 AppleWebKit/537.36 (KHTML, like Gecko; compatible; ClaudeBot/1.0; +claudebot@anthropic.com)"
216.73.216.225 - - [16/Jun/2025:12:20:19 -0500] "GET /vendor/omnipay/stripe/tests/Mock/Transfers/ListTransferReversalsFailure.txt HTTP/2.0" 200 303 "-" "Mozilla/5.0 AppleWebKit/537.36 (KHTML, like Gecko; compatible; ClaudeBot/1.0; +claudebot@anthropic.com)"
216.73.216.225 - - [16/Jun/2025:12:20:24 -0500] "GET /vendor/symfony/css-selector/Parser/Handler/?C=N&O=D HTTP/2.0" 200 2014 "-" "Mozilla/5.0 AppleWebKit/537.36 (KHTML, like Gecko; compatible; ClaudeBot/1.0; +claudebot@anthropic.com)"
216.73.216.225 - - [16/Jun/2025:12:20:29 -0500] "GET /vendor/symfony/translation/Resources/schemas/xliff-core-1.2-strict.xsd HTTP/2.0" 200 103425 "-" "Mozilla/5.0 AppleWebKit/537.36 (KHTML, like Gecko; compatible; ClaudeBot/1.0; +claudebot@anthropic.com)"
216.73.216.225 - - [16/Jun/2025:12:20:34 -0500] "GET /vendor/php-http/message/src/Authentication/?C=N&O=D HTTP/2.0" 200 2507 "-" "Mozilla/5.0 AppleWebKit/537.36 (KHTML, like Gecko; compatible; ClaudeBot/1.0; +claudebot@anthropic.com)"
216.73.216.225 - - [16/Jun/2025:12:20:41 -0500] "GET /vendor/rackspace/php-opencloud/lib/OpenCloud/ObjectStore/?C=D&O=A HTTP/2.0" 200 1628 "-" "Mozilla/5.0 AppleWebKit/537.36 (KHTML, like Gecko; compatible; ClaudeBot/1.0; +claudebot@anthropic.com)"
20.171.207.246 - - [16/Jun/2025:12:20:43 -0500] "GET /vendor/google/apiclient-services/src/Sheets/ExtendedValue.php HTTP/2.0" 500 - "-" "Mozilla/5.0 AppleWebKit/537.36 (KHTML, like Gecko; compatible; GPTBot/1.2; +https://openai.com/gptbot)"
216.73.216.225 - - [16/Jun/2025:12:20:44 -0500] "GET /vendor/league/commonmark/src/Reference/ReferenceInterface.php HTTP/2.0" 200 - "-" "Mozilla/5.0 AppleWebKit/537.36 (KHTML, like Gecko; compatible; ClaudeBot/1.0; +claudebot@anthropic.com)"
216.73.216.225 - - [16/Jun/2025:12:20:49 -0500] "GET /vendor/nikic/php-parser/lib/PhpParser/Node/?C=S&O=A HTTP/2.0" 200 1406 "-" "Mozilla/5.0 AppleWebKit/537.36 (KHTML, like Gecko; compatible; ClaudeBot/1.0; +claudebot@anthropic.com)"
216.73.216.225 - - [16/Jun/2025:12:20:54 -0500] "GET /vendor/rackspace/php-opencloud/docs/userguide/?C=S&O=A HTTP/2.0" 200 4998 "-" "Mozilla/5.0 AppleWebKit/537.36 (KHTML, like Gecko; compatible; ClaudeBot/1.0; +claudebot@anthropic.com)"
20.171.207.195 - - [16/Jun/2025:12:20:57 -0500] "GET /vendor/google/apiclient-services/src/Appengine/Resources.php HTTP/2.0" 500 - "-" "Mozilla/5.0 AppleWebKit/537.36 (KHTML, like Gecko; compatible; GPTBot/1.2; +https://openai.com/gptbot)"
216.73.216.225 - - [16/Jun/2025:12:20:59 -0500] "GET /vendor/kreait/laravel-firebase/src/Facades/FirebaseMessaging.php HTTP/2.0" 500 - "-" "Mozilla/5.0 AppleWebKit/537.36 (KHTML, like Gecko; compatible; ClaudeBot/1.0; +claudebot@anthropic.com)"
216.73.216.225 - - [16/Jun/2025:12:21:04 -0500] "GET /vendor/nikic/php-parser/lib/PhpParser/NodeVisitor/?C=S&O=A HTTP/2.0" 200 726 "-" "Mozilla/5.0 AppleWebKit/537.36 (KHTML, like Gecko; compatible; ClaudeBot/1.0; +claudebot@anthropic.com)"
216.73.216.225 - - [16/Jun/2025:12:21:09 -0500] "GET /vendor/aws/aws-sdk-php/src/SSMContacts HTTP/2.0" 301 287 "-" "Mozilla/5.0 AppleWebKit/537.36 (KHTML, like Gecko; compatible; ClaudeBot/1.0; +claudebot@anthropic.com)"
216.73.216.225 - - [16/Jun/2025:12:21:09 -0500] "GET /vendor/aws/aws-sdk-php/src/SSMContacts/ HTTP/2.0" 200 1060 "https://www.vebto.graphicdesigncash.com/vendor/aws/aws-sdk-php/src/SSMContacts" "Mozilla/5.0 AppleWebKit/537.36 (KHTML, like Gecko; compatible; ClaudeBot/1.0; +claudebot@anthropic.com)"
85.208.96.203 - - [16/Jun/2025:12:21:10 -0500] "GET /vendor/google/apiclient-services/src/Spanner/ HTTP/1.1" 200 20095 "-" "Mozilla/5.0 (compatible; SemrushBot/7~bl; +http://www.semrush.com/bot.html)"
185.191.171.5 - - [16/Jun/2025:12:21:12 -0500] "GET /vendor/aws/aws-sdk-php/src/Signature/ HTTP/1.1" 200 1812 "-" "Mozilla/5.0 (compatible; SemrushBot/7~bl; +http://www.semrush.com/bot.html)"
216.73.216.225 - - [16/Jun/2025:12:21:15 -0500] "GET /vendor/symfony/css-selector/Parser/Tokenizer/?C=S&O=A HTTP/2.0" 200 1272 "-" "Mozilla/5.0 AppleWebKit/537.36 (KHTML, like Gecko; compatible; ClaudeBot/1.0; +claudebot@anthropic.com)"
216.73.216.225 - - [16/Jun/2025:12:21:19 -0500] "GET /vendor/doctrine/dbal/src/Driver/Exception.php HTTP/2.0" 200 - "-" "Mozilla/5.0 AppleWebKit/537.36 (KHTML, like Gecko; compatible; ClaudeBot/1.0; +claudebot@anthropic.com)"
216.73.216.225 - - [16/Jun/2025:12:21:24 -0500] "GET /vendor/rackspace/php-opencloud/lib/OpenCloud/CloudMonitoring/?C=N&O=D HTTP/2.0" 200 1289 "-" "Mozilla/5.0 AppleWebKit/537.36 (KHTML, like Gecko; compatible; ClaudeBot/1.0; +claudebot@anthropic.com)"
216.73.216.225 - - [16/Jun/2025:12:21:29 -0500] "GET /vendor/rackspace/php-opencloud/lib/OpenCloud/LoadBalancer/?C=N&O=D HTTP/2.0" 200 1278 "-" "Mozilla/5.0 AppleWebKit/537.36 (KHTML, like Gecko; compatible; ClaudeBot/1.0; +claudebot@anthropic.com)"
216.73.216.225 - - [16/Jun/2025:12:21:34 -0500] "GET /vendor/php-http/guzzle7-adapter/src/?C=N&O=D HTTP/2.0" 200 1227 "-" "Mozilla/5.0 AppleWebKit/537.36 (KHTML, like Gecko; compatible; ClaudeBot/1.0; +claudebot@anthropic.com)"
216.73.216.225 - - [16/Jun/2025:12:21:39 -0500] "GET /vendor/paragonie/constant_time_encoding/src/Base64DotSlashOrdered.php HTTP/2.0" 500 - "-" "Mozilla/5.0 AppleWebKit/537.36 (KHTML, like Gecko; compatible; ClaudeBot/1.0; +claudebot@anthropic.com)"
216.73.216.225 - - [16/Jun/2025:12:21:44 -0500] "GET /vendor/symfony/psr-http-message-bridge/Tests/Fixtures/?C=M&O=D HTTP/2.0" 200 1994 "-" "Mozilla/5.0 AppleWebKit/537.36 (KHTML, like Gecko; compatible; ClaudeBot/1.0; +claudebot@anthropic.com)"
20.171.207.246 - - [16/Jun/2025:12:21:47 -0500] "GET /vendor/google/apiclient-services/src/Speech/SpeechEmpty.php HTTP/2.0" 500 - "-" "Mozilla/5.0 AppleWebKit/537.36 (KHTML, like Gecko; compatible; GPTBot/1.2; +https://openai.com/gptbot)"
216.73.216.225 - - [16/Jun/2025:12:21:49 -0500] "GET /vendor/league/commonmark/src/Reference/ReferenceMap.php HTTP/2.0" 500 - "-" "Mozilla/5.0 AppleWebKit/537.36 (KHTML, like Gecko; compatible; ClaudeBot/1.0; +claudebot@anthropic.com)"
185.191.171.13 - - [16/Jun/2025:12:21:54 -0500] "GET /vendor/google/apiclient-services/src/CloudRetail/GoogleCloudRetailV2AddFulfillmentPlacesRequest.php HTTP/1.1" 500 - "-" "Mozilla/5.0 (compatible; SemrushBot/7~bl; +http://www.semrush.com/bot.html)"
216.73.216.225 - - [16/Jun/2025:12:21:54 -0500] "GET /vendor/maennchen/zipstream-php/src/Option/Version.php HTTP/2.0" 500 - "-" "Mozilla/5.0 AppleWebKit/537.36 (KHTML, like Gecko; compatible; ClaudeBot/1.0; +claudebot@anthropic.com)"
20.171.207.195 - - [16/Jun/2025:12:21:57 -0500] "GET /vendor/google/apiclient-services/src/Datastore/GoogleDatastoreAdminV1Index.php HTTP/2.0" 500 - "-" "Mozilla/5.0 AppleWebKit/537.36 (KHTML, like Gecko; compatible; GPTBot/1.2; +https://openai.com/gptbot)"
216.73.216.225 - - [16/Jun/2025:12:22:02 -0500] "GET /vendor/ramsey/collection/src/Map/AbstractTypedMap.php HTTP/2.0" 500 - "-" "Mozilla/5.0 AppleWebKit/537.36 (KHTML, like Gecko; compatible; ClaudeBot/1.0; +claudebot@anthropic.com)"
216.73.216.225 - - [16/Jun/2025:12:22:07 -0500] "GET /vendor/rackspace/php-opencloud/lib/OpenCloud/Image/?C=S&O=A HTTP/2.0" 200 1085 "-" "Mozilla/5.0 AppleWebKit/537.36 (KHTML, like Gecko; compatible; ClaudeBot/1.0; +claudebot@anthropic.com)"
216.73.216.225 - - [16/Jun/2025:12:22:12 -0500] "GET /vendor/php-http/message/src/RequestMatcher/?C=S&O=A HTTP/2.0" 200 1276 "-" "Mozilla/5.0 AppleWebKit/537.36 (KHTML, like Gecko; compatible; ClaudeBot/1.0; +claudebot@anthropic.com)"
216.73.216.225 - - [16/Jun/2025:12:22:17 -0500] "GET /vendor/symfony/psr-http-message-bridge/Tests/Fixtures/?C=D&O=D HTTP/2.0" 200 1994 "-" "Mozilla/5.0 AppleWebKit/537.36 (KHTML, like Gecko; compatible; ClaudeBot/1.0; +claudebot@anthropic.com)"
216.73.216.225 - - [16/Jun/2025:12:22:27 -0500] "GET /vendor/php-http/httplug/src/Exception/?C=M&O=D HTTP/2.0" 200 1631 "-" "Mozilla/5.0 AppleWebKit/537.36 (KHTML, like Gecko; compatible; ClaudeBot/1.0; +claudebot@anthropic.com)"
216.73.216.225 - - [16/Jun/2025:12:22:32 -0500] "GET /vendor/php-http/httplug/src/Promise/?C=S&O=D HTTP/2.0" 200 1074 "-" "Mozilla/5.0 AppleWebKit/537.36 (KHTML, like Gecko; compatible; ClaudeBot/1.0; +claudebot@anthropic.com)"
185.191.171.16 - - [16/Jun/2025:12:22:33 -0500] "GET /vendor/aws/aws-sdk-php/src/data/iotevents/ HTTP/1.1" 200 883 "-" "Mozilla/5.0 (compatible; SemrushBot/7~bl; +http://www.semrush.com/bot.html)"
216.73.216.225 - - [16/Jun/2025:12:22:37 -0500] "GET /vendor/rackspace/php-opencloud/doc/services/volume/snapshots.rst HTTP/2.0" 200 1507 "-" "Mozilla/5.0 AppleWebKit/537.36 (KHTML, like Gecko; compatible; ClaudeBot/1.0; +claudebot@anthropic.com)"
185.191.171.8 - - [16/Jun/2025:12:22:41 -0500] "GET /vendor/google/apiclient-services/src/ChromeManagement/ HTTP/1.1" 200 8620 "-" "Mozilla/5.0 (compatible; SemrushBot/7~bl; +http://www.semrush.com/bot.html)"
216.73.216.225 - - [16/Jun/2025:12:22:42 -0500] "GET /vendor/egulias/email-validator/src/Exception/UnclosedComment.php HTTP/2.0" 500 - "-" "Mozilla/5.0 AppleWebKit/537.36 (KHTML, like Gecko; compatible; ClaudeBot/1.0; +claudebot@anthropic.com)"
20.171.207.246 - - [16/Jun/2025:12:22:48 -0500] "GET /vendor/google/apiclient-services/src/Apigee/GoogleCloudApigeeV1RuntimeConfig.php HTTP/2.0" 500 - "-" "Mozilla/5.0 AppleWebKit/537.36 (KHTML, like Gecko; compatible; GPTBot/1.2; +https://openai.com/gptbot)"
216.73.216.225 - - [16/Jun/2025:12:22:49 -0500] "GET /vendor/doctrine/dbal/src/Driver/Connection.php HTTP/2.0" 200 - "-" "Mozilla/5.0 AppleWebKit/537.36 (KHTML, like Gecko; compatible; ClaudeBot/1.0; +claudebot@anthropic.com)"
216.73.216.225 - - [16/Jun/2025:12:22:54 -0500] "GET /vendor/rackspace/php-opencloud/lib/OpenCloud/Database/?C=M&O=A HTTP/2.0" 200 918 "-" "Mozilla/5.0 AppleWebKit/537.36 (KHTML, like Gecko; compatible; ClaudeBot/1.0; +claudebot@anthropic.com)"
20.171.207.195 - - [16/Jun/2025:12:22:58 -0500] "GET /vendor/google/apiclient-services/src/Container/PubSub.php HTTP/2.0" 500 - "-" "Mozilla/5.0 AppleWebKit/537.36 (KHTML, like Gecko; compatible; GPTBot/1.2; +https://openai.com/gptbot)"
216.73.216.225 - - [16/Jun/2025:12:22:59 -0500] "GET /vendor/php-http/httplug/src/Exception/?C=D&O=D HTTP/2.0" 200 1631 "-" "Mozilla/5.0 AppleWebKit/537.36 (KHTML, like Gecko; compatible; ClaudeBot/1.0; +claudebot@anthropic.com)"
216.73.216.225 - - [16/Jun/2025:12:23:04 -0500] "GET /vendor/guzzlehttp/psr7/src/DroppingStream.php HTTP/2.0" 500 - "-" "Mozilla/5.0 AppleWebKit/537.36 (KHTML, like Gecko; compatible; ClaudeBot/1.0; +claudebot@anthropic.com)"
216.73.216.225 - - [16/Jun/2025:12:23:09 -0500] "GET /vendor/aws/aws-sdk-php/src/ApplicationInsights HTTP/2.0" 301 295 "-" "Mozilla/5.0 AppleWebKit/537.36 (KHTML, like Gecko; compatible; ClaudeBot/1.0; +claudebot@anthropic.com)"
216.73.216.225 - - [16/Jun/2025:12:23:09 -0500] "GET /vendor/aws/aws-sdk-php/src/ApplicationInsights/ HTTP/2.0" 200 1087 "https://www.vebto.graphicdesigncash.com/vendor/aws/aws-sdk-php/src/ApplicationInsights" "Mozilla/5.0 AppleWebKit/537.36 (KHTML, like Gecko; compatible; ClaudeBot/1.0; +claudebot@anthropic.com)"
85.208.96.208 - - [16/Jun/2025:12:23:09 -0500] "GET /vendor/google/apiclient-services/src/Contactcenterinsights/GoogleCloudContactcenterinsightsV1ExportInsightsDataRequestBigQueryDestination.php HTTP/1.1" 500 - "-" "Mozilla/5.0 (compatible; SemrushBot/7~bl; +http://www.semrush.com/bot.html)"
216.73.216.225 - - [16/Jun/2025:12:23:14 -0500] "GET /vendor/egulias/email-validator/src/Exception/NoLocalPart.php HTTP/2.0" 500 - "-" "Mozilla/5.0 AppleWebKit/537.36 (KHTML, like Gecko; compatible; ClaudeBot/1.0; +claudebot@anthropic.com)"
85.208.96.202 - - [16/Jun/2025:12:23:16 -0500] "GET /vendor/google/apiclient-services/src/CloudIdentity/LookupGroupNameResponse.php HTTP/1.1" 500 - "-" "Mozilla/5.0 (compatible; SemrushBot/7~bl; +http://www.semrush.com/bot.html)"
85.208.96.198 - - [16/Jun/2025:12:23:19 -0500] "GET /vendor/google/apiclient-services/src/OnDemandScanning/ HTTP/1.1" 200 12837 "-" "Mozilla/5.0 (compatible; SemrushBot/7~bl; +http://www.semrush.com/bot.html)"
216.73.216.225 - - [16/Jun/2025:12:23:19 -0500] "GET /vendor/php-http/client-common/src/Plugin/?C=S&O=A HTTP/2.0" 200 5049 "-" "Mozilla/5.0 AppleWebKit/537.36 (KHTML, like Gecko; compatible; ClaudeBot/1.0; +claudebot@anthropic.com)"
216.73.216.225 - - [16/Jun/2025:12:23:24 -0500] "GET /vendor/rackspace/php-opencloud/doc/services/database/?C=N&O=D HTTP/2.0" 200 1822 "-" "Mozilla/5.0 AppleWebKit/537.36 (KHTML, like Gecko; compatible; ClaudeBot/1.0; +claudebot@anthropic.com)"
216.73.216.225 - - [16/Jun/2025:12:23:29 -0500] "GET /vendor/kreait/laravel-firebase/src/Facades/Firebase.php HTTP/2.0" 500 - "-" "Mozilla/5.0 AppleWebKit/537.36 (KHTML, like Gecko; compatible; ClaudeBot/1.0; +claudebot@anthropic.com)"
216.73.216.225 - - [16/Jun/2025:12:23:35 -0500] "GET /vendor/rackspace/php-opencloud/doc/services/volume/volumes.rst HTTP/2.0" 200 2403 "-" "Mozilla/5.0 AppleWebKit/537.36 (KHTML, like Gecko; compatible; ClaudeBot/1.0; +claudebot@anthropic.com)"
216.73.216.225 - - [16/Jun/2025:12:23:39 -0500] "GET /vendor/rackspace/php-opencloud/lib/OpenCloud/Database/?C=D&O=A HTTP/2.0" 200 918 "-" "Mozilla/5.0 AppleWebKit/537.36 (KHTML, like Gecko; compatible; ClaudeBot/1.0; +claudebot@anthropic.com)"
216.73.216.225 - - [16/Jun/2025:12:23:44 -0500] "GET /vendor/symfony/psr-http-message-bridge/Tests/Fixtures/App/?C=N&O=D HTTP/2.0" 200 937 "-" "Mozilla/5.0 AppleWebKit/537.36 (KHTML, like Gecko; compatible; ClaudeBot/1.0; +claudebot@anthropic.com)"
20.171.207.246 - - [16/Jun/2025:12:23:48 -0500] "GET /vendor/google/apiclient-services/src/Apigee/GoogleCloudApigeeV1StatsHostStats.php HTTP/2.0" 500 - "-" "Mozilla/5.0 AppleWebKit/537.36 (KHTML, like Gecko; compatible; GPTBot/1.2; +https://openai.com/gptbot)"
216.73.216.225 - - [16/Jun/2025:12:23:49 -0500] "GET /vendor/aws/aws-sdk-php/src/Kms/Exception HTTP/2.0" 301 289 "-" "Mozilla/5.0 AppleWebKit/537.36 (KHTML, like Gecko; compatible; ClaudeBot/1.0; +claudebot@anthropic.com)"
216.73.216.225 - - [16/Jun/2025:12:23:49 -0500] "GET /vendor/aws/aws-sdk-php/src/Kms/Exception/ HTTP/2.0" 200 701 "https://www.vebto.graphicdesigncash.com/vendor/aws/aws-sdk-php/src/Kms/Exception" "Mozilla/5.0 AppleWebKit/537.36 (KHTML, like Gecko; compatible; ClaudeBot/1.0; +claudebot@anthropic.com)"
216.73.216.225 - - [16/Jun/2025:12:23:54 -0500] "GET /vendor/maennchen/zipstream-php/src/Option/Archive.php HTTP/2.0" 200 - "-" "Mozilla/5.0 AppleWebKit/537.36 (KHTML, like Gecko; compatible; ClaudeBot/1.0; +claudebot@anthropic.com)"
216.73.216.225 - - [16/Jun/2025:12:23:59 -0500] "GET /vendor/league/commonmark/src/Reference/ReferenceParser.php HTTP/2.0" 200 - "-" "Mozilla/5.0 AppleWebKit/537.36 (KHTML, like Gecko; compatible; ClaudeBot/1.0; +claudebot@anthropic.com)"
20.171.207.195 - - [16/Jun/2025:12:24:02 -0500] "GET /vendor/google/apiclient-services/src/Sasportal/SasPortalListCustomersResponse.php HTTP/2.0" 500 - "-" "Mozilla/5.0 AppleWebKit/537.36 (KHTML, like Gecko; compatible; GPTBot/1.2; +https://openai.com/gptbot)"
216.73.216.225 - - [16/Jun/2025:12:24:04 -0500] "GET /vendor/nikic/php-parser/lib/PhpParser/PrettyPrinter/?C=S&O=A HTTP/2.0" 200 730 "-" "Mozilla/5.0 AppleWebKit/537.36 (KHTML, like Gecko; compatible; ClaudeBot/1.0; +claudebot@anthropic.com)"
185.191.171.19 - - [16/Jun/2025:12:24:06 -0500] "GET /vendor/google/cloud-core/src/LongRunning/LongRunningConnectionInterface.php HTTP/1.1" 200 - "-" "Mozilla/5.0 (compatible; SemrushBot/7~bl; +http://www.semrush.com/bot.html)"
216.73.216.225 - - [16/Jun/2025:12:24:09 -0500] "GET /vendor/league/commonmark/src/Extension/CommonMarkCoreExtension.php HTTP/2.0" 500 - "-" "Mozilla/5.0 AppleWebKit/537.36 (KHTML, like Gecko; compatible; ClaudeBot/1.0; +claudebot@anthropic.com)"
216.73.216.225 - - [16/Jun/2025:12:24:14 -0500] "GET /vendor/omnipay/stripe/tests/Mock/Transfers/ListTransfersSuccess.txt HTTP/2.0" 200 2631 "-" "Mozilla/5.0 AppleWebKit/537.36 (KHTML, like Gecko; compatible; ClaudeBot/1.0; +claudebot@anthropic.com)"
216.73.216.225 - - [16/Jun/2025:12:24:19 -0500] "GET /vendor/nikic/php-parser/lib/PhpParser/?C=M&O=D HTTP/2.0" 200 6352 "-" "Mozilla/5.0 AppleWebKit/537.36 (KHTML, like Gecko; compatible; ClaudeBot/1.0; +claudebot@anthropic.com)"
216.73.216.225 - - [16/Jun/2025:12:24:24 -0500] "GET /vendor/egulias/email-validator/src/Exception/CRLFAtTheEnd.php HTTP/2.0" 500 - "-" "Mozilla/5.0 AppleWebKit/537.36 (KHTML, like Gecko; compatible; ClaudeBot/1.0; +claudebot@anthropic.com)"
216.73.216.225 - - [16/Jun/2025:12:24:29 -0500] "GET /vendor/rackspace/php-opencloud/lib/OpenCloud/Orchestration/?C=N&O=D HTTP/2.0" 200 928 "-" "Mozilla/5.0 AppleWebKit/537.36 (KHTML, like Gecko; compatible; ClaudeBot/1.0; +claudebot@anthropic.com)"
216.73.216.225 - - [16/Jun/2025:12:24:34 -0500] "GET /vendor/aws/aws-sdk-php/src/Proton HTTP/2.0" 301 282 "-" "Mozilla/5.0 AppleWebKit/537.36 (KHTML, like Gecko; compatible; ClaudeBot/1.0; +claudebot@anthropic.com)"
216.73.216.225 - - [16/Jun/2025:12:24:34 -0500] "GET /vendor/aws/aws-sdk-php/src/Proton/ HTTP/2.0" 200 1045 "https://www.vebto.graphicdesigncash.com/vendor/aws/aws-sdk-php/src/Proton" "Mozilla/5.0 AppleWebKit/537.36 (KHTML, like Gecko; compatible; ClaudeBot/1.0; +claudebot@anthropic.com)"
216.73.216.225 - - [16/Jun/2025:12:24:39 -0500] "GET /vendor/guzzlehttp/psr7/src/Stream.php HTTP/2.0" 500 - "-" "Mozilla/5.0 AppleWebKit/537.36 (KHTML, like Gecko; compatible; ClaudeBot/1.0; +claudebot@anthropic.com)"
216.73.216.225 - - [16/Jun/2025:12:24:44 -0500] "GET /vendor/symfony/css-selector/Parser/Shortcut/?C=S&O=A HTTP/2.0" 200 1450 "-" "Mozilla/5.0 AppleWebKit/537.36 (KHTML, like Gecko; compatible; ClaudeBot/1.0; +claudebot@anthropic.com)"
216.73.216.225 - - [16/Jun/2025:12:24:49 -0500] "GET /vendor/nikic/php-parser/lib/PhpParser/Lexer/?C=N&O=D HTTP/2.0" 200 896 "-" "Mozilla/5.0 AppleWebKit/537.36 (KHTML, like Gecko; compatible; ClaudeBot/1.0; +claudebot@anthropic.com)"
20.171.207.246 - - [16/Jun/2025:12:24:51 -0500] "GET /vendor/google/apiclient-services/src/Apigee/GoogleCloudApigeeV1KeystoreConfig.php HTTP/2.0" 500 - "-" "Mozilla/5.0 AppleWebKit/537.36 (KHTML, like Gecko; compatible; GPTBot/1.2; +https://openai.com/gptbot)"
216.73.216.225 - - [16/Jun/2025:12:24:56 -0500] "GET /vendor/nikic/php-parser/lib/PhpParser/Parser/?C=S&O=A HTTP/2.0" 200 716 "-" "Mozilla/5.0 AppleWebKit/537.36 (KHTML, like Gecko; compatible; ClaudeBot/1.0; +claudebot@anthropic.com)"
216.73.216.225 - - [16/Jun/2025:12:24:59 -0500] "GET /vendor/doctrine/dbal/src/Id/TableGenerator.php HTTP/2.0" 200 - "-" "Mozilla/5.0 AppleWebKit/537.36 (KHTML, like Gecko; compatible; ClaudeBot/1.0; +claudebot@anthropic.com)"
216.73.216.225 - - [16/Jun/2025:12:25:04 -0500] "GET /vendor/nikic/php-parser/lib/PhpParser/?C=D&O=D HTTP/2.0" 200 6352 "-" "Mozilla/5.0 AppleWebKit/537.36 (KHTML, like Gecko; compatible; ClaudeBot/1.0; +claudebot@anthropic.com)"
20.171.207.195 - - [16/Jun/2025:12:25:07 -0500] "GET /vendor/google/apiclient-services/src/Firestore/FirestoreEmpty.php HTTP/2.0" 500 - "-" "Mozilla/5.0 AppleWebKit/537.36 (KHTML, like Gecko; compatible; GPTBot/1.2; +https://openai.com/gptbot)"
216.73.216.225 - - [16/Jun/2025:12:25:09 -0500] "GET /vendor/nikic/php-parser/lib/PhpParser/NodeVisitor/?C=M&O=A HTTP/2.0" 200 726 "-" "Mozilla/5.0 AppleWebKit/537.36 (KHTML, like Gecko; compatible; ClaudeBot/1.0; +claudebot@anthropic.com)"
216.73.216.225 - - [16/Jun/2025:12:25:14 -0500] "GET /vendor/rackspace/php-opencloud/doc/services/compute/?C=N&O=D HTTP/2.0" 200 1629 "-" "Mozilla/5.0 AppleWebKit/537.36 (KHTML, like Gecko; compatible; ClaudeBot/1.0; +claudebot@anthropic.com)"
216.73.216.225 - - [16/Jun/2025:12:25:19 -0500] "GET /vendor/symfony/css-selector/Parser/Handler/?C=S&O=A HTTP/2.0" 200 2014 "-" "Mozilla/5.0 AppleWebKit/537.36 (KHTML, like Gecko; compatible; ClaudeBot/1.0; +claudebot@anthropic.com)"
185.191.171.17 - - [16/Jun/2025:12:25:21 -0500] "GET /vendor/aws/aws-sdk-php/src/data/rbin/ HTTP/1.1" 200 873 "-" "Mozilla/5.0 (compatible; SemrushBot/7~bl; +http://www.semrush.com/bot.html)"
216.73.216.225 - - [16/Jun/2025:12:25:24 -0500] "GET /vendor/nikic/php-parser/lib/PhpParser/Internal/?C=N&O=D HTTP/2.0" 200 720 "-" "Mozilla/5.0 AppleWebKit/537.36 (KHTML, like Gecko; compatible; ClaudeBot/1.0; +claudebot@anthropic.com)"
185.191.171.13 - - [16/Jun/2025:12:25:25 -0500] "GET /vendor/google/apiclient-services/src/Datastream/GcsDestinationConfig.php HTTP/1.1" 500 - "-" "Mozilla/5.0 (compatible; SemrushBot/7~bl; +http://www.semrush.com/bot.html)"
216.73.216.225 - - [16/Jun/2025:12:25:29 -0500] "GET /vendor/rackspace/php-opencloud/lib/OpenCloud/Volume/?C=N&O=D HTTP/2.0" 200 914 "-" "Mozilla/5.0 AppleWebKit/537.36 (KHTML, like Gecko; compatible; ClaudeBot/1.0; +claudebot@anthropic.com)"
216.73.216.225 - - [16/Jun/2025:12:25:34 -0500] "GET /vendor/egulias/email-validator/src/Validation/NoRFCWarningsValidation.php HTTP/2.0" 500 - "-" "Mozilla/5.0 AppleWebKit/537.36 (KHTML, like Gecko; compatible; ClaudeBot/1.0; +claudebot@anthropic.com)"
216.73.216.225 - - [16/Jun/2025:12:25:42 -0500] "GET /vendor/rackspace/php-opencloud/lib/OpenCloud/Common/?C=S&O=A HTTP/2.0" 200 1971 "-" "Mozilla/5.0 AppleWebKit/537.36 (KHTML, like Gecko; compatible; ClaudeBot/1.0; +claudebot@anthropic.com)"
216.73.216.225 - - [16/Jun/2025:12:25:44 -0500] "GET /vendor/egulias/email-validator/src/Exception/DotAtStart.php HTTP/2.0" 500 - "-" "Mozilla/5.0 AppleWebKit/537.36 (KHTML, like Gecko; compatible; ClaudeBot/1.0; +claudebot@anthropic.com)"
216.73.216.225 - - [16/Jun/2025:12:25:49 -0500] "GET /vendor/nikic/php-parser/lib/PhpParser/Node/?C=M&O=A HTTP/2.0" 200 1406 "-" "Mozilla/5.0 AppleWebKit/537.36 (KHTML, like Gecko; compatible; ClaudeBot/1.0; +claudebot@anthropic.com)"
20.171.207.246 - - [16/Jun/2025:12:25:54 -0500] "GET /vendor/google/apiclient-services/src/Apigee/GoogleCloudApigeeV1OperationGroup.php HTTP/2.0" 500 - "-" "Mozilla/5.0 AppleWebKit/537.36 (KHTML, like Gecko; compatible; GPTBot/1.2; +https://openai.com/gptbot)"
216.73.216.225 - - [16/Jun/2025:12:25:54 -0500] "GET /vendor/egulias/email-validator/src/Exception/ExpectingDomainLiteralClose.php HTTP/2.0" 500 - "-" "Mozilla/5.0 AppleWebKit/537.36 (KHTML, like Gecko; compatible; ClaudeBot/1.0; +claudebot@anthropic.com)"
216.73.216.225 - - [16/Jun/2025:12:25:59 -0500] "GET /vendor/doctrine/dbal/src/Driver/Statement.php HTTP/2.0" 200 - "-" "Mozilla/5.0 AppleWebKit/537.36 (KHTML, like Gecko; compatible; ClaudeBot/1.0; +claudebot@anthropic.com)"
216.73.216.225 - - [16/Jun/2025:12:26:04 -0500] "GET /vendor/nikic/php-parser/lib/PhpParser/NodeVisitor/?C=D&O=A HTTP/2.0" 200 726 "-" "Mozilla/5.0 AppleWebKit/537.36 (KHTML, like Gecko; compatible; ClaudeBot/1.0; +claudebot@anthropic.com)"
216.73.216.225 - - [16/Jun/2025:12:26:09 -0500] "GET /vendor/rackspace/php-opencloud/lib/OpenCloud/?C=S&O=D HTTP/2.0" 200 3911 "-" "Mozilla/5.0 AppleWebKit/537.36 (KHTML, like Gecko; compatible; ClaudeBot/1.0; +claudebot@anthropic.com)"
20.171.207.195 - - [16/Jun/2025:12:26:10 -0500] "GET /vendor/google/apiclient-services/src/Translate/TranslateEmpty.php HTTP/2.0" 500 - "-" "Mozilla/5.0 AppleWebKit/537.36 (KHTML, like Gecko; compatible; GPTBot/1.2; +https://openai.com/gptbot)"
216.73.216.225 - - [16/Jun/2025:12:26:14 -0500] "GET /vendor/egulias/email-validator/src/Exception/ExpectingCTEXT.php HTTP/2.0" 500 - "-" "Mozilla/5.0 AppleWebKit/537.36 (KHTML, like Gecko; compatible; ClaudeBot/1.0; +claudebot@anthropic.com)"
216.73.216.225 - - [16/Jun/2025:12:26:19 -0500] "GET /vendor/jean85/pretty-package-versions/src/Exception/ProvidedPackageException.php HTTP/2.0" 500 - "-" "Mozilla/5.0 AppleWebKit/537.36 (KHTML, like Gecko; compatible; ClaudeBot/1.0; +claudebot@anthropic.com)"
216.73.216.225 - - [16/Jun/2025:12:26:28 -0500] "GET /vendor/symfony/psr-http-message-bridge/Tests/Fixtures/?C=N&O=A HTTP/2.0" 200 1994 "-" "Mozilla/5.0 AppleWebKit/537.36 (KHTML, like Gecko; compatible; ClaudeBot/1.0; +claudebot@anthropic.com)"
216.73.216.225 - - [16/Jun/2025:12:26:29 -0500] "GET /vendor/doctrine/dbal/src/Driver/Exception HTTP/2.0" 301 290 "-" "Mozilla/5.0 AppleWebKit/537.36 (KHTML, like Gecko; compatible; ClaudeBot/1.0; +claudebot@anthropic.com)"
216.73.216.225 - - [16/Jun/2025:12:26:29 -0500] "GET /vendor/doctrine/dbal/src/Driver/Exception/ HTTP/2.0" 200 704 "https://www.vebto.graphicdesigncash.com/vendor/doctrine/dbal/src/Driver/Exception" "Mozilla/5.0 AppleWebKit/537.36 (KHTML, like Gecko; compatible; ClaudeBot/1.0; +claudebot@anthropic.com)"
216.73.216.225 - - [16/Jun/2025:12:26:34 -0500] "GET /vendor/rackspace/php-opencloud/lib/OpenCloud/LoadBalancer/?C=S&O=A HTTP/2.0" 200 1278 "-" "Mozilla/5.0 AppleWebKit/537.36 (KHTML, like Gecko; compatible; ClaudeBot/1.0; +claudebot@anthropic.com)"
85.208.96.205 - - [16/Jun/2025:12:26:39 -0500] "GET /vendor/google/apiclient-services/src/Spanner/CommitStats.php HTTP/1.1" 500 - "-" "Mozilla/5.0 (compatible; SemrushBot/7~bl; +http://www.semrush.com/bot.html)"
216.73.216.225 - - [16/Jun/2025:12:26:39 -0500] "GET /vendor/symfony/css-selector/Parser/Tokenizer/?C=M&O=A HTTP/2.0" 200 1272 "-" "Mozilla/5.0 AppleWebKit/537.36 (KHTML, like Gecko; compatible; ClaudeBot/1.0; +claudebot@anthropic.com)"
216.73.216.225 - - [16/Jun/2025:12:26:44 -0500] "GET /vendor/egulias/email-validator/src/Exception/DotAtEnd.php HTTP/2.0" 500 - "-" "Mozilla/5.0 AppleWebKit/537.36 (KHTML, like Gecko; compatible; ClaudeBot/1.0; +claudebot@anthropic.com)"
85.208.96.204 - - [16/Jun/2025:12:26:49 -0500] "GET /vendor/google/apiclient-services/src/Dataflow/Step.php HTTP/1.1" 500 - "-" "Mozilla/5.0 (compatible; SemrushBot/7~bl; +http://www.semrush.com/bot.html)"
216.73.216.225 - - [16/Jun/2025:12:26:49 -0500] "GET /vendor/rackspace/php-opencloud/doc/services/orchestration/?C=N&O=D HTTP/2.0" 200 2011 "-" "Mozilla/5.0 AppleWebKit/537.36 (KHTML, like Gecko; compatible; ClaudeBot/1.0; +claudebot@anthropic.com)"
216.73.216.225 - - [16/Jun/2025:12:26:54 -0500] "GET /vendor/omnipay/stripe/tests/Mock/Transfers/ListTransfersFailure.txt HTTP/2.0" 200 309 "-" "Mozilla/5.0 AppleWebKit/537.36 (KHTML, like Gecko; compatible; ClaudeBot/1.0; +claudebot@anthropic.com)"
20.171.207.246 - - [16/Jun/2025:12:26:57 -0500] "GET /vendor/google/apiclient-services/src/Apigee/GoogleCloudApigeeV1ReportProperty.php HTTP/2.0" 500 - "-" "Mozilla/5.0 AppleWebKit/537.36 (KHTML, like Gecko; compatible; GPTBot/1.2; +https://openai.com/gptbot)"
216.73.216.225 - - [16/Jun/2025:12:27:01 -0500] "GET /vendor/teamtnt/tntsearch/src/Classifier/TNTClassifier.php HTTP/2.0" 200 - "-" "Mozilla/5.0 AppleWebKit/537.36 (KHTML, like Gecko; compatible; ClaudeBot/1.0; +claudebot@anthropic.com)"
216.73.216.225 - - [16/Jun/2025:12:27:05 -0500] "GET /vendor/rackspace/php-opencloud/lib/OpenCloud/Image/?C=M&O=A HTTP/2.0" 200 1085 "-" "Mozilla/5.0 AppleWebKit/537.36 (KHTML, like Gecko; compatible; ClaudeBot/1.0; +claudebot@anthropic.com)"
216.73.216.225 - - [16/Jun/2025:12:27:10 -0500] "GET /vendor/symfony/css-selector/Parser/Tokenizer/?C=D&O=A HTTP/2.0" 200 1272 "-" "Mozilla/5.0 AppleWebKit/537.36 (KHTML, like Gecko; compatible; ClaudeBot/1.0; +claudebot@anthropic.com)"
216.73.216.225 - - [16/Jun/2025:12:27:15 -0500] "GET /vendor/php-http/message/src/RequestMatcher/?C=M&O=A HTTP/2.0" 200 1276 "-" "Mozilla/5.0 AppleWebKit/537.36 (KHTML, like Gecko; compatible; ClaudeBot/1.0; +claudebot@anthropic.com)"
20.171.207.195 - - [16/Jun/2025:12:27:15 -0500] "GET /vendor/google/apiclient-services/src/Appengine/AppengineEmpty.php HTTP/2.0" 500 - "-" "Mozilla/5.0 AppleWebKit/537.36 (KHTML, like Gecko; compatible; GPTBot/1.2; +https://openai.com/gptbot)"
216.73.216.225 - - [16/Jun/2025:12:27:20 -0500] "GET /vendor/rackspace/php-opencloud/lib/OpenCloud/DNS/?C=N&O=D HTTP/2.0" 200 1087 "-" "Mozilla/5.0 AppleWebKit/537.36 (KHTML, like Gecko; compatible; ClaudeBot/1.0; +claudebot@anthropic.com)"
216.73.216.225 - - [16/Jun/2025:12:27:30 -0500] "GET /vendor/php-http/httplug/src/Promise/?C=M&O=D HTTP/2.0" 200 1074 "-" "Mozilla/5.0 AppleWebKit/537.36 (KHTML, like Gecko; compatible; ClaudeBot/1.0; +claudebot@anthropic.com)"
185.191.171.3 - - [16/Jun/2025:12:27:31 -0500] "GET /vendor/google/apiclient-services/src/ShoppingContent/DatafeedstatusesListResponse.php HTTP/1.1" 500 - "-" "Mozilla/5.0 (compatible; SemrushBot/7~bl; +http://www.semrush.com/bot.html)"
216.73.216.225 - - [16/Jun/2025:12:27:35 -0500] "GET /vendor/php-http/message/src/Builder/?C=N&O=D HTTP/2.0" 200 875 "-" "Mozilla/5.0 AppleWebKit/537.36 (KHTML, like Gecko; compatible; ClaudeBot/1.0; +claudebot@anthropic.com)"
216.73.216.225 - - [16/Jun/2025:12:27:41 -0500] "GET /vendor/php-http/httplug/src/Promise/?C=D&O=D HTTP/2.0" 200 1074 "-" "Mozilla/5.0 AppleWebKit/537.36 (KHTML, like Gecko; compatible; ClaudeBot/1.0; +claudebot@anthropic.com)"
216.73.216.225 - - [16/Jun/2025:12:27:45 -0500] "GET /vendor/rackspace/php-opencloud/lib/OpenCloud/Image/?C=D&O=A HTTP/2.0" 200 1085 "-" "Mozilla/5.0 AppleWebKit/537.36 (KHTML, like Gecko; compatible; ClaudeBot/1.0; +claudebot@anthropic.com)"
216.73.216.225 - - [16/Jun/2025:12:27:50 -0500] "GET /vendor/rackspace/php-opencloud/doc/services/load-balancer/?C=N&O=D HTTP/2.0" 200 3263 "-" "Mozilla/5.0 AppleWebKit/537.36 (KHTML, like Gecko; compatible; ClaudeBot/1.0; +claudebot@anthropic.com)"
185.191.171.8 - - [16/Jun/2025:12:27:52 -0500] "GET /vendor/google/apiclient-services/src/Document/GoogleCloudDocumentaiV1beta3CommonOperationMetadata.php HTTP/1.1" 500 - "-" "Mozilla/5.0 (compatible; SemrushBot/7~bl; +http://www.semrush.com/bot.html)"
216.73.216.225 - - [16/Jun/2025:12:27:55 -0500] "GET /vendor/ramsey/collection/src/Map/TypedMapInterface.php HTTP/2.0" 500 - "-" "Mozilla/5.0 AppleWebKit/537.36 (KHTML, like Gecko; compatible; ClaudeBot/1.0; +claudebot@anthropic.com)"
185.191.171.5 - - [16/Jun/2025:12:27:58 -0500] "GET /vendor/google/apiclient-services/src/Docs/ HTTP/1.1" 200 29750 "-" "Mozilla/5.0 (compatible; SemrushBot/7~bl; +http://www.semrush.com/bot.html)"
20.171.207.246 - - [16/Jun/2025:12:27:59 -0500] "GET /vendor/google/apiclient-services/src/Apigee/GoogleCloudApigeeV1IngressConfig.php HTTP/2.0" 500 - "-" "Mozilla/5.0 AppleWebKit/537.36 (KHTML, like Gecko; compatible; GPTBot/1.2; +https://openai.com/gptbot)"
216.73.216.225 - - [16/Jun/2025:12:28:00 -0500] "GET /vendor/nikic/php-parser/lib/PhpParser/Comment/?C=M&O=A HTTP/2.0" 200 718 "-" "Mozilla/5.0 AppleWebKit/537.36 (KHTML, like Gecko; compatible; ClaudeBot/1.0; +claudebot@anthropic.com)"
