216.73.216.29 - - [16/Jun/2025:09:22:50 -0500] "GET /vendor/aws/aws-sdk-php/src/AmplifyUIBuilder/AmplifyUIBuilderClient.php HTTP/2.0" 500 - "-" "Mozilla/5.0 AppleWebKit/537.36 (KHTML, like Gecko; compatible; ClaudeBot/1.0; +claudebot@anthropic.com)"
216.73.216.29 - - [16/Jun/2025:09:22:54 -0500] "GET /vendor/aws/aws-sdk-php/src/ElasticBeanstalk/ElasticBeanstalkClient.php HTTP/2.0" 500 - "-" "Mozilla/5.0 AppleWebKit/537.36 (KHTML, like Gecko; compatible; ClaudeBot/1.0; +claudebot@anthropic.com)"
216.73.216.29 - - [16/Jun/2025:09:22:59 -0500] "GET /vendor/laravel/scout/src/Jobs/RemoveableScoutCollection.php HTTP/2.0" 500 - "-" "Mozilla/5.0 AppleWebKit/537.36 (KHTML, like Gecko; compatible; ClaudeBot/1.0; +claudebot@anthropic.com)"
216.73.216.29 - - [16/Jun/2025:09:23:04 -0500] "GET /vendor/phpdocumentor/reflection-docblock/src/DocBlock/ExampleFinder.php HTTP/2.0" 200 - "-" "Mozilla/5.0 AppleWebKit/537.36 (KHTML, like Gecko; compatible; ClaudeBot/1.0; +claudebot@anthropic.com)"
185.191.171.14 - - [16/Jun/2025:09:23:09 -0500] "GET /vendor/google/apiclient-services/src/Document/GoogleCloudDocumentaiUiv1beta3UndeployProcessorVersionResponse.php HTTP/1.1" 500 - "-" "Mozilla/5.0 (compatible; SemrushBot/7~bl; +http://www.semrush.com/bot.html)"
216.73.216.29 - - [16/Jun/2025:09:23:09 -0500] "GET /vendor/roave/signature/src/Encoder/EncoderInterface.php HTTP/2.0" 200 - "-" "Mozilla/5.0 AppleWebKit/537.36 (KHTML, like Gecko; compatible; ClaudeBot/1.0; +claudebot@anthropic.com)"
216.73.216.29 - - [16/Jun/2025:09:23:14 -0500] "GET /vendor/aws/aws-sdk-php/src/ConfigService/ConfigServiceClient.php HTTP/2.0" 500 - "-" "Mozilla/5.0 AppleWebKit/537.36 (KHTML, like Gecko; compatible; ClaudeBot/1.0; +claudebot@anthropic.com)"
20.171.207.246 - - [16/Jun/2025:09:23:15 -0500] "GET /vendor/google/apiclient-services/src/YouTube/LiveStream.php HTTP/2.0" 500 - "-" "Mozilla/5.0 AppleWebKit/537.36 (KHTML, like Gecko; compatible; GPTBot/1.2; +https://openai.com/gptbot)"
216.73.216.29 - - [16/Jun/2025:09:23:19 -0500] "GET /vendor/ezyang/htmlpurifier/library/HTMLPurifier/StringHash.php HTTP/2.0" 200 - "-" "Mozilla/5.0 AppleWebKit/537.36 (KHTML, like Gecko; compatible; ClaudeBot/1.0; +claudebot@anthropic.com)"
216.73.216.29 - - [16/Jun/2025:09:23:24 -0500] "GET /vendor/aws/aws-sdk-php/src/Multipart/AbstractUploadManager.php HTTP/2.0" 500 - "-" "Mozilla/5.0 AppleWebKit/537.36 (KHTML, like Gecko; compatible; ClaudeBot/1.0; +claudebot@anthropic.com)"
20.171.207.195 - - [16/Jun/2025:09:23:25 -0500] "GET /vendor/google/apiclient-services/src/Container/NetworkPolicy.php HTTP/2.0" 500 - "-" "Mozilla/5.0 AppleWebKit/537.36 (KHTML, like Gecko; compatible; GPTBot/1.2; +https://openai.com/gptbot)"
216.73.216.29 - - [16/Jun/2025:09:23:29 -0500] "GET /vendor/psy/psysh/src/CodeCleaner/FunctionReturnInWriteContextPass.php HTTP/2.0" 500 - "-" "Mozilla/5.0 AppleWebKit/537.36 (KHTML, like Gecko; compatible; ClaudeBot/1.0; +claudebot@anthropic.com)"
216.73.216.29 - - [16/Jun/2025:09:23:36 -0500] "GET /vendor/laravel/sanctum/src/Http/Controllers HTTP/2.0" 301 292 "-" "Mozilla/5.0 AppleWebKit/537.36 (KHTML, like Gecko; compatible; ClaudeBot/1.0; +claudebot@anthropic.com)"
216.73.216.29 - - [16/Jun/2025:09:23:36 -0500] "GET /vendor/laravel/sanctum/src/Http/Controllers/ HTTP/2.0" 200 708 "https://www.vebto.graphicdesigncash.com/vendor/laravel/sanctum/src/Http/Controllers" "Mozilla/5.0 AppleWebKit/537.36 (KHTML, like Gecko; compatible; ClaudeBot/1.0; +claudebot@anthropic.com)"
216.73.216.29 - - [16/Jun/2025:09:23:39 -0500] "GET /vendor/ezyang/htmlpurifier/library/HTMLPurifier/LanguageFactory.php HTTP/2.0" 200 - "-" "Mozilla/5.0 AppleWebKit/537.36 (KHTML, like Gecko; compatible; ClaudeBot/1.0; +claudebot@anthropic.com)"
216.73.216.29 - - [16/Jun/2025:09:23:44 -0500] "GET /vendor/aws/aws-sdk-php/src/Api/StructureShape.php HTTP/2.0" 500 - "-" "Mozilla/5.0 AppleWebKit/537.36 (KHTML, like Gecko; compatible; ClaudeBot/1.0; +claudebot@anthropic.com)"
216.73.216.29 - - [16/Jun/2025:09:23:49 -0500] "GET /vendor/aws/aws-sdk-php/src/Kafka/KafkaClient.php HTTP/2.0" 500 - "-" "Mozilla/5.0 AppleWebKit/537.36 (KHTML, like Gecko; compatible; ClaudeBot/1.0; +claudebot@anthropic.com)"
216.73.216.29 - - [16/Jun/2025:09:23:54 -0500] "GET /vendor/laravel-notification-channels/fcm/src/Resources/AndroidNotification.php HTTP/2.0" 500 - "-" "Mozilla/5.0 AppleWebKit/537.36 (KHTML, like Gecko; compatible; ClaudeBot/1.0; +claudebot@anthropic.com)"
185.191.171.17 - - [16/Jun/2025:09:23:57 -0500] "GET /vendor/google/apiclient-services/src/Sasportal/Resource/ HTTP/1.1" 200 747 "-" "Mozilla/5.0 (compatible; SemrushBot/7~bl; +http://www.semrush.com/bot.html)"
216.73.216.29 - - [16/Jun/2025:09:23:59 -0500] "GET /vendor/ezyang/htmlpurifier/library/HTMLPurifier/DefinitionCacheFactory.php HTTP/2.0" 200 - "-" "Mozilla/5.0 AppleWebKit/537.36 (KHTML, like Gecko; compatible; ClaudeBot/1.0; +claudebot@anthropic.com)"
216.73.216.29 - - [16/Jun/2025:09:24:04 -0500] "GET /vendor/aws/aws-sdk-php/src/SagemakerEdgeManager/SagemakerEdgeManagerClient.php HTTP/2.0" 500 - "-" "Mozilla/5.0 AppleWebKit/537.36 (KHTML, like Gecko; compatible; ClaudeBot/1.0; +claudebot@anthropic.com)"
216.73.216.29 - - [16/Jun/2025:09:24:09 -0500] "GET /vendor/algolia/algoliasearch-client-php/src/Cache/FileCacheDriver.php HTTP/2.0" 500 - "-" "Mozilla/5.0 AppleWebKit/537.36 (KHTML, like Gecko; compatible; ClaudeBot/1.0; +claudebot@anthropic.com)"
216.73.216.29 - - [16/Jun/2025:09:24:14 -0500] "GET /vendor/laravel-notification-channels/fcm/src/Resources/AndroidMessagePriority.php HTTP/2.0" 500 - "-" "Mozilla/5.0 AppleWebKit/537.36 (KHTML, like Gecko; compatible; ClaudeBot/1.0; +claudebot@anthropic.com)"
185.191.171.3 - - [16/Jun/2025:09:24:18 -0500] "GET /vendor/aws/aws-sdk-php/src/data/iotevents-data/ HTTP/1.1" 200 893 "-" "Mozilla/5.0 (compatible; SemrushBot/7~bl; +http://www.semrush.com/bot.html)"
20.171.207.246 - - [16/Jun/2025:09:24:18 -0500] "GET /vendor/google/apiclient-services/src/YouTube/Activity.php HTTP/2.0" 500 - "-" "Mozilla/5.0 AppleWebKit/537.36 (KHTML, like Gecko; compatible; GPTBot/1.2; +https://openai.com/gptbot)"
216.73.216.29 - - [16/Jun/2025:09:24:20 -0500] "GET /vendor/aws/aws-sdk-php/src/ComprehendMedical/ComprehendMedicalClient.php HTTP/2.0" 500 - "-" "Mozilla/5.0 AppleWebKit/537.36 (KHTML, like Gecko; compatible; ClaudeBot/1.0; +claudebot@anthropic.com)"
185.191.171.13 - - [16/Jun/2025:09:24:23 -0500] "GET /vendor/roave/signature/test/unit/src/ HTTP/1.1" 200 871 "-" "Mozilla/5.0 (compatible; SemrushBot/7~bl; +http://www.semrush.com/bot.html)"
216.73.216.29 - - [16/Jun/2025:09:24:24 -0500] "GET /vendor/symfony/polyfill-iconv/Resources/charset/from.us-ascii.php HTTP/2.0" 200 - "-" "Mozilla/5.0 AppleWebKit/537.36 (KHTML, like Gecko; compatible; ClaudeBot/1.0; +claudebot@anthropic.com)"
20.171.207.195 - - [16/Jun/2025:09:24:26 -0500] "GET /vendor/google/apiclient-services/src/Firestore/StructuredQuery.php HTTP/2.0" 500 - "-" "Mozilla/5.0 AppleWebKit/537.36 (KHTML, like Gecko; compatible; GPTBot/1.2; +https://openai.com/gptbot)"
216.73.216.29 - - [16/Jun/2025:09:24:29 -0500] "GET /vendor/algolia/algoliasearch-client-php/src/Iterators/ObjectIterator.php HTTP/2.0" 500 - "-" "Mozilla/5.0 AppleWebKit/537.36 (KHTML, like Gecko; compatible; ClaudeBot/1.0; +claudebot@anthropic.com)"
216.73.216.29 - - [16/Jun/2025:09:24:34 -0500] "GET /vendor/ezyang/htmlpurifier/library/HTMLPurifier/VarParserException.php HTTP/2.0" 500 - "-" "Mozilla/5.0 AppleWebKit/537.36 (KHTML, like Gecko; compatible; ClaudeBot/1.0; +claudebot@anthropic.com)"
216.73.216.29 - - [16/Jun/2025:09:24:39 -0500] "GET /vendor/ezyang/htmlpurifier/library/HTMLPurifier/ElementDef.php HTTP/2.0" 200 - "-" "Mozilla/5.0 AppleWebKit/537.36 (KHTML, like Gecko; compatible; ClaudeBot/1.0; +claudebot@anthropic.com)"
216.73.216.29 - - [16/Jun/2025:09:24:44 -0500] "GET /vendor/meilisearch/meilisearch-php/tests/Endpoints/ClientTest.php HTTP/2.0" 500 - "-" "Mozilla/5.0 AppleWebKit/537.36 (KHTML, like Gecko; compatible; ClaudeBot/1.0; +claudebot@anthropic.com)"
85.208.96.206 - - [16/Jun/2025:09:24:49 -0500] "GET /vendor/doctrine/dbal/src/Exception/NoKeyValue.php HTTP/1.1" 500 - "-" "Mozilla/5.0 (compatible; SemrushBot/7~bl; +http://www.semrush.com/bot.html)"
216.73.216.29 - - [16/Jun/2025:09:24:49 -0500] "GET /vendor/aws/aws-sdk-php/src/Exception/EventStreamDataException.php HTTP/2.0" 200 - "-" "Mozilla/5.0 AppleWebKit/537.36 (KHTML, like Gecko; compatible; ClaudeBot/1.0; +claudebot@anthropic.com)"
216.73.216.29 - - [16/Jun/2025:09:24:54 -0500] "GET /vendor/ezyang/htmlpurifier/library/HTMLPurifier/EntityParser.php HTTP/2.0" 200 - "-" "Mozilla/5.0 AppleWebKit/537.36 (KHTML, like Gecko; compatible; ClaudeBot/1.0; +claudebot@anthropic.com)"
216.73.216.29 - - [16/Jun/2025:09:24:59 -0500] "GET /vendor/jetbrains/phpstorm-stubs/rdkafka/RdKafka/Producer.php HTTP/2.0" 500 - "-" "Mozilla/5.0 AppleWebKit/537.36 (KHTML, like Gecko; compatible; ClaudeBot/1.0; +claudebot@anthropic.com)"
216.73.216.29 - - [16/Jun/2025:09:25:04 -0500] "GET /vendor/aws/aws-sdk-php/src/ImportExport/ImportExportClient.php HTTP/2.0" 500 - "-" "Mozilla/5.0 AppleWebKit/537.36 (KHTML, like Gecko; compatible; ClaudeBot/1.0; +claudebot@anthropic.com)"
216.73.216.29 - - [16/Jun/2025:09:25:11 -0500] "GET /vendor/aws/aws-sdk-php/src/RedshiftDataAPIService/Exception HTTP/2.0" 301 308 "-" "Mozilla/5.0 AppleWebKit/537.36 (KHTML, like Gecko; compatible; ClaudeBot/1.0; +claudebot@anthropic.com)"
216.73.216.29 - - [16/Jun/2025:09:25:11 -0500] "GET /vendor/aws/aws-sdk-php/src/RedshiftDataAPIService/Exception/ HTTP/2.0" 200 758 "https://www.vebto.graphicdesigncash.com/vendor/aws/aws-sdk-php/src/RedshiftDataAPIService/Exception" "Mozilla/5.0 AppleWebKit/537.36 (KHTML, like Gecko; compatible; ClaudeBot/1.0; +claudebot@anthropic.com)"
216.73.216.29 - - [16/Jun/2025:09:25:15 -0500] "GET /vendor/ezyang/htmlpurifier/library/HTMLPurifier/Queue.php HTTP/2.0" 200 - "-" "Mozilla/5.0 AppleWebKit/537.36 (KHTML, like Gecko; compatible; ClaudeBot/1.0; +claudebot@anthropic.com)"
20.171.207.246 - - [16/Jun/2025:09:25:20 -0500] "GET /vendor/google/apiclient-services/src/YouTube/PageInfo.php HTTP/2.0" 500 - "-" "Mozilla/5.0 AppleWebKit/537.36 (KHTML, like Gecko; compatible; GPTBot/1.2; +https://openai.com/gptbot)"
216.73.216.29 - - [16/Jun/2025:09:25:20 -0500] "GET /vendor/aws/aws-sdk-php/src/Route53RecoveryCluster/Route53RecoveryClusterClient.php HTTP/2.0" 500 - "-" "Mozilla/5.0 AppleWebKit/537.36 (KHTML, like Gecko; compatible; ClaudeBot/1.0; +claudebot@anthropic.com)"
216.73.216.29 - - [16/Jun/2025:09:25:25 -0500] "GET /vendor/laravel-notification-channels/fcm/src/Resources/AndroidConfig.php HTTP/2.0" 500 - "-" "Mozilla/5.0 AppleWebKit/537.36 (KHTML, like Gecko; compatible; ClaudeBot/1.0; +claudebot@anthropic.com)"
20.171.207.195 - - [16/Jun/2025:09:25:27 -0500] "GET /vendor/google/apiclient-services/src/Firestore/WriteResult.php HTTP/2.0" 500 - "-" "Mozilla/5.0 AppleWebKit/537.36 (KHTML, like Gecko; compatible; GPTBot/1.2; +https://openai.com/gptbot)"
185.191.171.12 - - [16/Jun/2025:09:25:29 -0500] "GET /vendor/google/apiclient-services/src/ShoppingContent/AccountsAuthInfoResponse.php HTTP/1.1" 500 - "-" "Mozilla/5.0 (compatible; SemrushBot/7~bl; +http://www.semrush.com/bot.html)"
216.73.216.29 - - [16/Jun/2025:09:25:30 -0500] "GET /vendor/jetbrains/phpstorm-stubs/rdkafka/RdKafka/Metadata HTTP/2.0" 301 305 "-" "Mozilla/5.0 AppleWebKit/537.36 (KHTML, like Gecko; compatible; ClaudeBot/1.0; +claudebot@anthropic.com)"
216.73.216.29 - - [16/Jun/2025:09:25:30 -0500] "GET /vendor/jetbrains/phpstorm-stubs/rdkafka/RdKafka/Metadata/ HTTP/2.0" 200 750 "https://www.vebto.graphicdesigncash.com/vendor/jetbrains/phpstorm-stubs/rdkafka/RdKafka/Metadata" "Mozilla/5.0 AppleWebKit/537.36 (KHTML, like Gecko; compatible; ClaudeBot/1.0; +claudebot@anthropic.com)"
216.73.216.29 - - [16/Jun/2025:09:25:35 -0500] "GET /vendor/doctrine/dbal/src/SQL/Parser HTTP/2.0" 301 284 "-" "Mozilla/5.0 AppleWebKit/537.36 (KHTML, like Gecko; compatible; ClaudeBot/1.0; +claudebot@anthropic.com)"
216.73.216.29 - - [16/Jun/2025:09:25:35 -0500] "GET /vendor/doctrine/dbal/src/SQL/Parser/ HTTP/2.0" 200 867 "https://www.vebto.graphicdesigncash.com/vendor/doctrine/dbal/src/SQL/Parser" "Mozilla/5.0 AppleWebKit/537.36 (KHTML, like Gecko; compatible; ClaudeBot/1.0; +claudebot@anthropic.com)"
216.73.216.29 - - [16/Jun/2025:09:25:40 -0500] "GET /vendor/aws/aws-sdk-php/src/Credentials/InstanceProfileProvider.php HTTP/2.0" 200 - "-" "Mozilla/5.0 AppleWebKit/537.36 (KHTML, like Gecko; compatible; ClaudeBot/1.0; +claudebot@anthropic.com)"
216.73.216.29 - - [16/Jun/2025:09:25:45 -0500] "GET /vendor/laravel/horizon/src/Contracts/ProcessRepository.php HTTP/2.0" 200 - "-" "Mozilla/5.0 AppleWebKit/537.36 (KHTML, like Gecko; compatible; ClaudeBot/1.0; +claudebot@anthropic.com)"
216.73.216.29 - - [16/Jun/2025:09:25:50 -0500] "GET /vendor/aws/aws-sdk-php/src/AppConfig/AppConfigClient.php HTTP/2.0" 500 - "-" "Mozilla/5.0 AppleWebKit/537.36 (KHTML, like Gecko; compatible; ClaudeBot/1.0; +claudebot@anthropic.com)"
216.73.216.29 - - [16/Jun/2025:09:25:55 -0500] "GET /vendor/psy/psysh/src/VersionUpdater/GitHubChecker.php HTTP/2.0" 500 - "-" "Mozilla/5.0 AppleWebKit/537.36 (KHTML, like Gecko; compatible; ClaudeBot/1.0; +claudebot@anthropic.com)"
216.73.216.29 - - [16/Jun/2025:09:26:00 -0500] "GET /vendor/aws/aws-sdk-php/src/WorkSpaces/Exception HTTP/2.0" 301 296 "-" "Mozilla/5.0 AppleWebKit/537.36 (KHTML, like Gecko; compatible; ClaudeBot/1.0; +claudebot@anthropic.com)"
216.73.216.29 - - [16/Jun/2025:09:26:00 -0500] "GET /vendor/aws/aws-sdk-php/src/WorkSpaces/Exception/ HTTP/2.0" 200 722 "https://www.vebto.graphicdesigncash.com/vendor/aws/aws-sdk-php/src/WorkSpaces/Exception" "Mozilla/5.0 AppleWebKit/537.36 (KHTML, like Gecko; compatible; ClaudeBot/1.0; +claudebot@anthropic.com)"
216.73.216.29 - - [16/Jun/2025:09:26:06 -0500] "GET /vendor/algolia/algoliasearch-client-php/src/Cache/NullCacheDriver.php HTTP/2.0" 500 - "-" "Mozilla/5.0 AppleWebKit/537.36 (KHTML, like Gecko; compatible; ClaudeBot/1.0; +claudebot@anthropic.com)"
216.73.216.29 - - [16/Jun/2025:09:26:10 -0500] "GET /vendor/pda/pheanstalk/src/Command/AbstractCommand.php HTTP/2.0" 500 - "-" "Mozilla/5.0 AppleWebKit/537.36 (KHTML, like Gecko; compatible; ClaudeBot/1.0; +claudebot@anthropic.com)"
216.73.216.29 - - [16/Jun/2025:09:26:15 -0500] "GET /vendor/aws/aws-sdk-php/src/PersonalizeRuntime/PersonalizeRuntimeClient.php HTTP/2.0" 500 - "-" "Mozilla/5.0 AppleWebKit/537.36 (KHTML, like Gecko; compatible; ClaudeBot/1.0; +claudebot@anthropic.com)"
216.73.216.29 - - [16/Jun/2025:09:26:20 -0500] "GET /vendor/aws/aws-sdk-php/src/SageMakerFeatureStoreRuntime/Exception HTTP/2.0" 301 314 "-" "Mozilla/5.0 AppleWebKit/537.36 (KHTML, like Gecko; compatible; ClaudeBot/1.0; +claudebot@anthropic.com)"
216.73.216.29 - - [16/Jun/2025:09:26:20 -0500] "GET /vendor/aws/aws-sdk-php/src/SageMakerFeatureStoreRuntime/Exception/ HTTP/2.0" 200 776 "https://www.vebto.graphicdesigncash.com/vendor/aws/aws-sdk-php/src/SageMakerFeatureStoreRuntime/Exception" "Mozilla/5.0 AppleWebKit/537.36 (KHTML, like Gecko; compatible; ClaudeBot/1.0; +claudebot@anthropic.com)"
20.171.207.246 - - [16/Jun/2025:09:26:23 -0500] "GET /vendor/google/apiclient-services/src/YouTube/GeoPoint.php HTTP/2.0" 500 - "-" "Mozilla/5.0 AppleWebKit/537.36 (KHTML, like Gecko; compatible; GPTBot/1.2; +https://openai.com/gptbot)"
216.73.216.29 - - [16/Jun/2025:09:26:25 -0500] "GET /vendor/psy/psysh/src/CodeCleaner/CodeCleanerPass.php HTTP/2.0" 500 - "-" "Mozilla/5.0 AppleWebKit/537.36 (KHTML, like Gecko; compatible; ClaudeBot/1.0; +claudebot@anthropic.com)"
216.73.216.29 - - [16/Jun/2025:09:26:30 -0500] "GET /vendor/aws/aws-sdk-php/src/Api/Service.php HTTP/2.0" 500 - "-" "Mozilla/5.0 AppleWebKit/537.36 (KHTML, like Gecko; compatible; ClaudeBot/1.0; +claudebot@anthropic.com)"
20.171.207.195 - - [16/Jun/2025:09:26:32 -0500] "GET /vendor/google/apiclient-services/src/Directory/BuildingAddress.php HTTP/2.0" 500 - "-" "Mozilla/5.0 AppleWebKit/537.36 (KHTML, like Gecko; compatible; GPTBot/1.2; +https://openai.com/gptbot)"
216.73.216.29 - - [16/Jun/2025:09:26:35 -0500] "GET /vendor/aws/aws-sdk-php/src/Api/ApiProvider.php HTTP/2.0" 200 - "-" "Mozilla/5.0 AppleWebKit/537.36 (KHTML, like Gecko; compatible; ClaudeBot/1.0; +claudebot@anthropic.com)"
216.73.216.29 - - [16/Jun/2025:09:26:40 -0500] "GET /vendor/aws/aws-sdk-php/src/Credentials/EcsCredentialProvider.php HTTP/2.0" 200 - "-" "Mozilla/5.0 AppleWebKit/537.36 (KHTML, like Gecko; compatible; ClaudeBot/1.0; +claudebot@anthropic.com)"
216.73.216.29 - - [16/Jun/2025:09:26:45 -0500] "GET /vendor/riverline/multipart-parser/tests/Converters/HttpFoundationTest.php HTTP/2.0" 500 - "-" "Mozilla/5.0 AppleWebKit/537.36 (KHTML, like Gecko; compatible; ClaudeBot/1.0; +claudebot@anthropic.com)"
216.73.216.29 - - [16/Jun/2025:09:26:50 -0500] "GET /vendor/meilisearch/meilisearch-php/src/Http/Client.php HTTP/2.0" 500 - "-" "Mozilla/5.0 AppleWebKit/537.36 (KHTML, like Gecko; compatible; ClaudeBot/1.0; +claudebot@anthropic.com)"
216.73.216.29 - - [16/Jun/2025:09:26:57 -0500] "GET /vendor/aws/aws-sdk-php/src/StorageGateway/StorageGatewayClient.php HTTP/2.0" 500 - "-" "Mozilla/5.0 AppleWebKit/537.36 (KHTML, like Gecko; compatible; ClaudeBot/1.0; +claudebot@anthropic.com)"
216.73.216.29 - - [16/Jun/2025:09:27:00 -0500] "GET /vendor/teamtnt/laravel-scout-tntsearch-driver/src/Console/StatusCommand.php HTTP/2.0" 500 - "-" "Mozilla/5.0 AppleWebKit/537.36 (KHTML, like Gecko; compatible; ClaudeBot/1.0; +claudebot@anthropic.com)"
216.73.216.29 - - [16/Jun/2025:09:27:05 -0500] "GET /vendor/aws/aws-sdk-php/src/ElasticsearchService/Exception HTTP/2.0" 301 306 "-" "Mozilla/5.0 AppleWebKit/537.36 (KHTML, like Gecko; compatible; ClaudeBot/1.0; +claudebot@anthropic.com)"
216.73.216.29 - - [16/Jun/2025:09:27:05 -0500] "GET /vendor/aws/aws-sdk-php/src/ElasticsearchService/Exception/ HTTP/2.0" 200 752 "https://www.vebto.graphicdesigncash.com/vendor/aws/aws-sdk-php/src/ElasticsearchService/Exception" "Mozilla/5.0 AppleWebKit/537.36 (KHTML, like Gecko; compatible; ClaudeBot/1.0; +claudebot@anthropic.com)"
216.73.216.29 - - [16/Jun/2025:09:27:10 -0500] "GET /vendor/aws/aws-sdk-php/src/Multipart/UploadState.php HTTP/2.0" 200 - "-" "Mozilla/5.0 AppleWebKit/537.36 (KHTML, like Gecko; compatible; ClaudeBot/1.0; +claudebot@anthropic.com)"
216.73.216.29 - - [16/Jun/2025:09:27:15 -0500] "GET /vendor/ezyang/htmlpurifier/library/HTMLPurifier/Bootstrap.php HTTP/2.0" 200 - "-" "Mozilla/5.0 AppleWebKit/537.36 (KHTML, like Gecko; compatible; ClaudeBot/1.0; +claudebot@anthropic.com)"
216.73.216.29 - - [16/Jun/2025:09:27:20 -0500] "GET /vendor/aws/aws-sdk-php/src/S3/RetryableMalformedResponseParser.php HTTP/2.0" 500 - "-" "Mozilla/5.0 AppleWebKit/537.36 (KHTML, like Gecko; compatible; ClaudeBot/1.0; +claudebot@anthropic.com)"
185.191.171.4 - - [16/Jun/2025:09:27:24 -0500] "GET /vendor/google/apiclient-services/src/YouTube/ChannelTopicDetails.php HTTP/1.1" 500 - "-" "Mozilla/5.0 (compatible; SemrushBot/7~bl; +http://www.semrush.com/bot.html)"
216.73.216.29 - - [16/Jun/2025:09:27:25 -0500] "GET /vendor/laravel/ui/src/Presets/Vue.php HTTP/2.0" 500 - "-" "Mozilla/5.0 AppleWebKit/537.36 (KHTML, like Gecko; compatible; ClaudeBot/1.0; +claudebot@anthropic.com)"
20.171.207.246 - - [16/Jun/2025:09:27:25 -0500] "GET /vendor/ongr/elasticsearch-dsl/src/Serializer/OrderedSerializer.php HTTP/2.0" 500 - "-" "Mozilla/5.0 AppleWebKit/537.36 (KHTML, like Gecko; compatible; GPTBot/1.2; +https://openai.com/gptbot)"
216.73.216.29 - - [16/Jun/2025:09:27:30 -0500] "GET /vendor/aws/aws-sdk-php/src/S3/S3MultiRegionClient.php HTTP/2.0" 500 - "-" "Mozilla/5.0 AppleWebKit/537.36 (KHTML, like Gecko; compatible; ClaudeBot/1.0; +claudebot@anthropic.com)"
20.171.207.195 - - [16/Jun/2025:09:27:33 -0500] "GET /vendor/google/apiclient-services/src/Container/UpgradeSettings.php HTTP/2.0" 500 - "-" "Mozilla/5.0 AppleWebKit/537.36 (KHTML, like Gecko; compatible; GPTBot/1.2; +https://openai.com/gptbot)"
216.73.216.29 - - [16/Jun/2025:09:27:35 -0500] "GET /vendor/psy/psysh/src/CodeCleaner/ValidFunctionNamePass.php HTTP/2.0" 500 - "-" "Mozilla/5.0 AppleWebKit/537.36 (KHTML, like Gecko; compatible; ClaudeBot/1.0; +claudebot@anthropic.com)"
185.191.171.6 - - [16/Jun/2025:09:27:40 -0500] "GET /vendor/gliterd/backblaze-b2/tests/responses/delete_bucket_non_existent.json HTTP/1.1" 200 88 "-" "Mozilla/5.0 (compatible; SemrushBot/7~bl; +http://www.semrush.com/bot.html)"
216.73.216.29 - - [16/Jun/2025:09:27:42 -0500] "GET /vendor/aws/aws-sdk-php/src/S3/SSECMiddleware.php HTTP/2.0" 200 - "-" "Mozilla/5.0 AppleWebKit/537.36 (KHTML, like Gecko; compatible; ClaudeBot/1.0; +claudebot@anthropic.com)"
216.73.216.29 - - [16/Jun/2025:09:27:45 -0500] "GET /vendor/ezyang/htmlpurifier/library/HTMLPurifier/Lexer.php HTTP/2.0" 200 - "-" "Mozilla/5.0 AppleWebKit/537.36 (KHTML, like Gecko; compatible; ClaudeBot/1.0; +claudebot@anthropic.com)"
216.73.216.29 - - [16/Jun/2025:09:27:50 -0500] "GET /vendor/aws/aws-sdk-php/src/KinesisAnalytics/KinesisAnalyticsClient.php HTTP/2.0" 500 - "-" "Mozilla/5.0 AppleWebKit/537.36 (KHTML, like Gecko; compatible; ClaudeBot/1.0; +claudebot@anthropic.com)"
216.73.216.29 - - [16/Jun/2025:09:27:55 -0500] "GET /vendor/aws/aws-sdk-php/src/S3/PostObject.php HTTP/2.0" 200 - "-" "Mozilla/5.0 AppleWebKit/537.36 (KHTML, like Gecko; compatible; ClaudeBot/1.0; +claudebot@anthropic.com)"
216.73.216.29 - - [16/Jun/2025:09:28:00 -0500] "GET /vendor/aws/aws-sdk-php/src/Api/DateTimeResult.php HTTP/2.0" 200 - "-" "Mozilla/5.0 AppleWebKit/537.36 (KHTML, like Gecko; compatible; ClaudeBot/1.0; +claudebot@anthropic.com)"
85.208.96.194 - - [16/Jun/2025:09:28:01 -0500] "GET /vendor/aws/aws-sdk-php/src/ClientSideMonitoring/ApiCallMonitoringMiddleware.php HTTP/1.1" 500 - "-" "Mozilla/5.0 (compatible; SemrushBot/7~bl; +http://www.semrush.com/bot.html)"
216.73.216.29 - - [16/Jun/2025:09:28:05 -0500] "GET /vendor/aws/aws-sdk-php/src/ChimeSDKMessaging/Exception HTTP/2.0" 301 303 "-" "Mozilla/5.0 AppleWebKit/537.36 (KHTML, like Gecko; compatible; ClaudeBot/1.0; +claudebot@anthropic.com)"
216.73.216.29 - - [16/Jun/2025:09:28:05 -0500] "GET /vendor/aws/aws-sdk-php/src/ChimeSDKMessaging/Exception/ HTTP/2.0" 200 743 "https://www.vebto.graphicdesigncash.com/vendor/aws/aws-sdk-php/src/ChimeSDKMessaging/Exception" "Mozilla/5.0 AppleWebKit/537.36 (KHTML, like Gecko; compatible; ClaudeBot/1.0; +claudebot@anthropic.com)"
216.73.216.29 - - [16/Jun/2025:09:28:10 -0500] "GET /vendor/matchish/laravel-scout-elasticsearch/src/Searchable/DefaultImportSourceFactory.php HTTP/2.0" 500 - "-" "Mozilla/5.0 AppleWebKit/537.36 (KHTML, like Gecko; compatible; ClaudeBot/1.0; +claudebot@anthropic.com)"
216.73.216.29 - - [16/Jun/2025:09:28:15 -0500] "GET /vendor/matchish/laravel-scout-elasticsearch/src/Engines/ElasticSearchEngine.php HTTP/2.0" 500 - "-" "Mozilla/5.0 AppleWebKit/537.36 (KHTML, like Gecko; compatible; ClaudeBot/1.0; +claudebot@anthropic.com)"
216.73.216.29 - - [16/Jun/2025:09:28:20 -0500] "GET /vendor/aws/aws-sdk-php/src/MediaStoreData/MediaStoreDataClient.php HTTP/2.0" 500 - "-" "Mozilla/5.0 AppleWebKit/537.36 (KHTML, like Gecko; compatible; ClaudeBot/1.0; +claudebot@anthropic.com)"
185.191.171.19 - - [16/Jun/2025:09:28:25 -0500] "GET /vendor/aws/aws-sdk-php/src/data/kafkaconnect/ HTTP/1.1" 200 889 "-" "Mozilla/5.0 (compatible; SemrushBot/7~bl; +http://www.semrush.com/bot.html)"
216.73.216.29 - - [16/Jun/2025:09:28:25 -0500] "GET /vendor/ezyang/htmlpurifier/library/HTMLPurifier/ConfigSchema HTTP/2.0" 301 309 "-" "Mozilla/5.0 AppleWebKit/537.36 (KHTML, like Gecko; compatible; ClaudeBot/1.0; +claudebot@anthropic.com)"
216.73.216.29 - - [16/Jun/2025:09:28:25 -0500] "GET /vendor/ezyang/htmlpurifier/library/HTMLPurifier/ConfigSchema/ HTTP/2.0" 200 1467 "https://www.vebto.graphicdesigncash.com/vendor/ezyang/htmlpurifier/library/HTMLPurifier/ConfigSchema" "Mozilla/5.0 AppleWebKit/537.36 (KHTML, like Gecko; compatible; ClaudeBot/1.0; +claudebot@anthropic.com)"
20.171.207.246 - - [16/Jun/2025:09:28:29 -0500] "GET /vendor/google/apiclient-services/src/YouTube/ActivityContentDetailsPlaylistItem.php HTTP/2.0" 500 - "-" "Mozilla/5.0 AppleWebKit/537.36 (KHTML, like Gecko; compatible; GPTBot/1.2; +https://openai.com/gptbot)"
216.73.216.29 - - [16/Jun/2025:09:28:30 -0500] "GET /vendor/algolia/algoliasearch-client-php/src/Response/AddApiKeyResponse.php HTTP/2.0" 500 - "-" "Mozilla/5.0 AppleWebKit/537.36 (KHTML, like Gecko; compatible; ClaudeBot/1.0; +claudebot@anthropic.com)"
216.73.216.29 - - [16/Jun/2025:09:28:36 -0500] "GET /vendor/psy/psysh/src/Reflection/ReflectionClassConstant.php HTTP/2.0" 200 - "-" "Mozilla/5.0 AppleWebKit/537.36 (KHTML, like Gecko; compatible; ClaudeBot/1.0; +claudebot@anthropic.com)"
20.171.207.195 - - [16/Jun/2025:09:28:38 -0500] "GET /vendor/google/apiclient-services/src/Datastore/EntityResult.php HTTP/2.0" 500 - "-" "Mozilla/5.0 AppleWebKit/537.36 (KHTML, like Gecko; compatible; GPTBot/1.2; +https://openai.com/gptbot)"
216.73.216.29 - - [16/Jun/2025:09:28:40 -0500] "GET /vendor/aws/aws-sdk-php/src/Crypto/DecryptionTrait.php HTTP/2.0" 200 - "-" "Mozilla/5.0 AppleWebKit/537.36 (KHTML, like Gecko; compatible; ClaudeBot/1.0; +claudebot@anthropic.com)"
216.73.216.29 - - [16/Jun/2025:09:28:45 -0500] "GET /vendor/aws/aws-sdk-php/src/IoTThingsGraph/Exception HTTP/2.0" 301 300 "-" "Mozilla/5.0 AppleWebKit/537.36 (KHTML, like Gecko; compatible; ClaudeBot/1.0; +claudebot@anthropic.com)"
216.73.216.29 - - [16/Jun/2025:09:28:45 -0500] "GET /vendor/aws/aws-sdk-php/src/IoTThingsGraph/Exception/ HTTP/2.0" 200 734 "https://www.vebto.graphicdesigncash.com/vendor/aws/aws-sdk-php/src/IoTThingsGraph/Exception" "Mozilla/5.0 AppleWebKit/537.36 (KHTML, like Gecko; compatible; ClaudeBot/1.0; +claudebot@anthropic.com)"
216.73.216.29 - - [16/Jun/2025:09:28:50 -0500] "GET /vendor/meilisearch/meilisearch-php/tests/Endpoints/IndexTest.php HTTP/2.0" 500 - "-" "Mozilla/5.0 AppleWebKit/537.36 (KHTML, like Gecko; compatible; ClaudeBot/1.0; +claudebot@anthropic.com)"
216.73.216.29 - - [16/Jun/2025:09:28:55 -0500] "GET /vendor/algolia/algoliasearch-client-php/src/Iterators/AbstractAlgoliaIterator.php HTTP/2.0" 200 - "-" "Mozilla/5.0 AppleWebKit/537.36 (KHTML, like Gecko; compatible; ClaudeBot/1.0; +claudebot@anthropic.com)"
216.73.216.29 - - [16/Jun/2025:09:29:00 -0500] "GET /vendor/pda/pheanstalk/src/Command/StatsJobCommand.php HTTP/2.0" 500 - "-" "Mozilla/5.0 AppleWebKit/537.36 (KHTML, like Gecko; compatible; ClaudeBot/1.0; +claudebot@anthropic.com)"
216.73.216.29 - - [16/Jun/2025:09:29:05 -0500] "GET /vendor/spatie/enum/docs/usage/enum-setup.md HTTP/2.0" 200 5667 "-" "Mozilla/5.0 AppleWebKit/537.36 (KHTML, like Gecko; compatible; ClaudeBot/1.0; +claudebot@anthropic.com)"
216.73.216.29 - - [16/Jun/2025:09:29:10 -0500] "GET /vendor/pda/pheanstalk/src/Exception/ServerUnknownCommandException.php HTTP/2.0" 500 - "-" "Mozilla/5.0 AppleWebKit/537.36 (KHTML, like Gecko; compatible; ClaudeBot/1.0; +claudebot@anthropic.com)"
216.73.216.29 - - [16/Jun/2025:09:29:17 -0500] "GET /vendor/aws/aws-sdk-php/src/Retry/ConfigurationProvider.php HTTP/2.0" 500 - "-" "Mozilla/5.0 AppleWebKit/537.36 (KHTML, like Gecko; compatible; ClaudeBot/1.0; +claudebot@anthropic.com)"
216.73.216.29 - - [16/Jun/2025:09:29:20 -0500] "GET /vendor/aws/aws-sdk-php/src/RecycleBin/RecycleBinClient.php HTTP/2.0" 500 - "-" "Mozilla/5.0 AppleWebKit/537.36 (KHTML, like Gecko; compatible; ClaudeBot/1.0; +claudebot@anthropic.com)"
216.73.216.29 - - [16/Jun/2025:09:29:25 -0500] "GET /vendor/laravel/horizon/resources/sass/syntaxhighlight.scss HTTP/2.0" 200 618 "-" "Mozilla/5.0 AppleWebKit/537.36 (KHTML, like Gecko; compatible; ClaudeBot/1.0; +claudebot@anthropic.com)"
20.171.207.246 - - [16/Jun/2025:09:29:30 -0500] "GET /vendor/google/apiclient-services/src/Sheets/BatchUpdateValuesByDataFilterRequest.php HTTP/2.0" 500 - "-" "Mozilla/5.0 AppleWebKit/537.36 (KHTML, like Gecko; compatible; GPTBot/1.2; +https://openai.com/gptbot)"
216.73.216.29 - - [16/Jun/2025:09:29:30 -0500] "GET /vendor/aws/aws-sdk-php/src/CodeGuruProfiler/Exception HTTP/2.0" 301 302 "-" "Mozilla/5.0 AppleWebKit/537.36 (KHTML, like Gecko; compatible; ClaudeBot/1.0; +claudebot@anthropic.com)"
216.73.216.29 - - [16/Jun/2025:09:29:31 -0500] "GET /vendor/aws/aws-sdk-php/src/CodeGuruProfiler/Exception/ HTTP/2.0" 200 740 "https://www.vebto.graphicdesigncash.com/vendor/aws/aws-sdk-php/src/CodeGuruProfiler/Exception" "Mozilla/5.0 AppleWebKit/537.36 (KHTML, like Gecko; compatible; ClaudeBot/1.0; +claudebot@anthropic.com)"
216.73.216.29 - - [16/Jun/2025:09:29:35 -0500] "GET /vendor/aws/aws-sdk-php/src/S3/MultipartUploadingTrait.php HTTP/2.0" 200 - "-" "Mozilla/5.0 AppleWebKit/537.36 (KHTML, like Gecko; compatible; ClaudeBot/1.0; +claudebot@anthropic.com)"
20.171.207.195 - - [16/Jun/2025:09:29:40 -0500] "GET /vendor/google/apiclient-services/src/Translate/GcsDestination.php HTTP/2.0" 500 - "-" "Mozilla/5.0 AppleWebKit/537.36 (KHTML, like Gecko; compatible; GPTBot/1.2; +https://openai.com/gptbot)"
216.73.216.29 - - [16/Jun/2025:09:29:40 -0500] "GET /vendor/laravel/serializable-closure/src/Contracts/Serializable.php HTTP/2.0" 200 - "-" "Mozilla/5.0 AppleWebKit/537.36 (KHTML, like Gecko; compatible; ClaudeBot/1.0; +claudebot@anthropic.com)"
216.73.216.29 - - [16/Jun/2025:09:29:45 -0500] "GET /vendor/doctrine/dbal/src/Types/SimpleArrayType.php HTTP/2.0" 500 - "-" "Mozilla/5.0 AppleWebKit/537.36 (KHTML, like Gecko; compatible; ClaudeBot/1.0; +claudebot@anthropic.com)"
216.73.216.29 - - [16/Jun/2025:09:29:50 -0500] "GET /vendor/aws/aws-sdk-php/src/Crypto/MetadataStrategyInterface.php HTTP/2.0" 200 - "-" "Mozilla/5.0 AppleWebKit/537.36 (KHTML, like Gecko; compatible; ClaudeBot/1.0; +claudebot@anthropic.com)"
185.191.171.14 - - [16/Jun/2025:09:29:57 -0500] "GET /vendor/google/apiclient-services/src/Dfareporting/AdsListResponse.php HTTP/1.1" 500 - "-" "Mozilla/5.0 (compatible; SemrushBot/7~bl; +http://www.semrush.com/bot.html)"
216.73.216.29 - - [16/Jun/2025:09:29:58 -0500] "GET /vendor/aws/aws-sdk-php/src/ElasticBeanstalk/Exception HTTP/2.0" 301 302 "-" "Mozilla/5.0 AppleWebKit/537.36 (KHTML, like Gecko; compatible; ClaudeBot/1.0; +claudebot@anthropic.com)"
216.73.216.29 - - [16/Jun/2025:09:29:58 -0500] "GET /vendor/aws/aws-sdk-php/src/ElasticBeanstalk/Exception/ HTTP/2.0" 200 740 "https://www.vebto.graphicdesigncash.com/vendor/aws/aws-sdk-php/src/ElasticBeanstalk/Exception" "Mozilla/5.0 AppleWebKit/537.36 (KHTML, like Gecko; compatible; ClaudeBot/1.0; +claudebot@anthropic.com)"
216.73.216.29 - - [16/Jun/2025:09:30:01 -0500] "GET /vendor/laravel/horizon/src/Listeners/UpdateJobMetrics.php HTTP/2.0" 200 - "-" "Mozilla/5.0 AppleWebKit/537.36 (KHTML, like Gecko; compatible; ClaudeBot/1.0; +claudebot@anthropic.com)"
216.73.216.29 - - [16/Jun/2025:09:30:06 -0500] "GET /vendor/pda/pheanstalk/src/Exception/ClientBadFormatException.php HTTP/2.0" 500 - "-" "Mozilla/5.0 AppleWebKit/537.36 (KHTML, like Gecko; compatible; ClaudeBot/1.0; +claudebot@anthropic.com)"
216.73.216.29 - - [16/Jun/2025:09:30:11 -0500] "GET /vendor/tijsverkoyen/css-to-inline-styles/src/Css/Processor.php HTTP/2.0" 200 - "-" "Mozilla/5.0 AppleWebKit/537.36 (KHTML, like Gecko; compatible; ClaudeBot/1.0; +claudebot@anthropic.com)"
216.73.216.29 - - [16/Jun/2025:09:30:16 -0500] "GET /vendor/aws/aws-sdk-php/src/PI/PIClient.php HTTP/2.0" 500 - "-" "Mozilla/5.0 AppleWebKit/537.36 (KHTML, like Gecko; compatible; ClaudeBot/1.0; +claudebot@anthropic.com)"
216.73.216.29 - - [16/Jun/2025:09:30:21 -0500] "GET /vendor/roave/better-reflection/src/Util/CalculateReflectionColum.php HTTP/2.0" 200 - "-" "Mozilla/5.0 AppleWebKit/537.36 (KHTML, like Gecko; compatible; ClaudeBot/1.0; +claudebot@anthropic.com)"
216.73.216.29 - - [16/Jun/2025:09:30:26 -0500] "GET /vendor/aws/aws-sdk-php/src/S3/MultipartUploader.php HTTP/2.0" 500 - "-" "Mozilla/5.0 AppleWebKit/537.36 (KHTML, like Gecko; compatible; ClaudeBot/1.0; +claudebot@anthropic.com)"
185.191.171.18 - - [16/Jun/2025:09:30:28 -0500] "GET /vendor/google/apiclient-services/src/CloudIdentity/GoogleAppsCloudidentityDevicesV1WipeDeviceUserRequest.php HTTP/1.1" 500 - "-" "Mozilla/5.0 (compatible; SemrushBot/7~bl; +http://www.semrush.com/bot.html)"
216.73.216.29 - - [16/Jun/2025:09:30:31 -0500] "GET /vendor/aws/aws-sdk-php/src/ComputeOptimizer/Exception HTTP/2.0" 301 302 "-" "Mozilla/5.0 AppleWebKit/537.36 (KHTML, like Gecko; compatible; ClaudeBot/1.0; +claudebot@anthropic.com)"
216.73.216.29 - - [16/Jun/2025:09:30:31 -0500] "GET /vendor/aws/aws-sdk-php/src/ComputeOptimizer/Exception/ HTTP/2.0" 200 740 "https://www.vebto.graphicdesigncash.com/vendor/aws/aws-sdk-php/src/ComputeOptimizer/Exception" "Mozilla/5.0 AppleWebKit/537.36 (KHTML, like Gecko; compatible; ClaudeBot/1.0; +claudebot@anthropic.com)"
20.171.207.246 - - [16/Jun/2025:09:30:34 -0500] "GET /vendor/google/apiclient-services/src/YouTube/ActivityContentDetailsPromotedItem.php HTTP/2.0" 500 - "-" "Mozilla/5.0 AppleWebKit/537.36 (KHTML, like Gecko; compatible; GPTBot/1.2; +https://openai.com/gptbot)"
216.73.216.29 - - [16/Jun/2025:09:30:36 -0500] "GET /vendor/matchish/laravel-scout-elasticsearch/src/Searchable/ImportSource.php HTTP/2.0" 200 - "-" "Mozilla/5.0 AppleWebKit/537.36 (KHTML, like Gecko; compatible; ClaudeBot/1.0; +claudebot@anthropic.com)"
216.73.216.29 - - [16/Jun/2025:09:30:41 -0500] "GET /vendor/aws/aws-sdk-php/src/GlobalAccelerator/GlobalAcceleratorClient.php HTTP/2.0" 500 - "-" "Mozilla/5.0 AppleWebKit/537.36 (KHTML, like Gecko; compatible; ClaudeBot/1.0; +claudebot@anthropic.com)"
20.171.207.195 - - [16/Jun/2025:09:30:44 -0500] "GET /vendor/google/apiclient-services/src/Appengine/CpuUtilization.php HTTP/2.0" 500 - "-" "Mozilla/5.0 AppleWebKit/537.36 (KHTML, like Gecko; compatible; GPTBot/1.2; +https://openai.com/gptbot)"
216.73.216.29 - - [16/Jun/2025:09:30:46 -0500] "GET /vendor/ezyang/htmlpurifier/library/HTMLPurifier/PropertyListIterator.php HTTP/2.0" 200 - "-" "Mozilla/5.0 AppleWebKit/537.36 (KHTML, like Gecko; compatible; ClaudeBot/1.0; +claudebot@anthropic.com)"
216.73.216.29 - - [16/Jun/2025:09:30:51 -0500] "GET /vendor/ezyang/htmlpurifier/library/HTMLPurifier/IDAccumulator.php HTTP/2.0" 200 - "-" "Mozilla/5.0 AppleWebKit/537.36 (KHTML, like Gecko; compatible; ClaudeBot/1.0; +claudebot@anthropic.com)"
216.73.216.29 - - [16/Jun/2025:09:30:56 -0500] "GET /vendor/aws/aws-sdk-php/src/DefaultsMode/Exception HTTP/2.0" 301 298 "-" "Mozilla/5.0 AppleWebKit/537.36 (KHTML, like Gecko; compatible; ClaudeBot/1.0; +claudebot@anthropic.com)"
216.73.216.29 - - [16/Jun/2025:09:30:56 -0500] "GET /vendor/aws/aws-sdk-php/src/DefaultsMode/Exception/ HTTP/2.0" 200 728 "https://www.vebto.graphicdesigncash.com/vendor/aws/aws-sdk-php/src/DefaultsMode/Exception" "Mozilla/5.0 AppleWebKit/537.36 (KHTML, like Gecko; compatible; ClaudeBot/1.0; +claudebot@anthropic.com)"
216.73.216.29 - - [16/Jun/2025:09:31:01 -0500] "GET /vendor/aws/aws-sdk-php/src/CodeStar/Exception HTTP/2.0" 301 294 "-" "Mozilla/5.0 AppleWebKit/537.36 (KHTML, like Gecko; compatible; ClaudeBot/1.0; +claudebot@anthropic.com)"
216.73.216.29 - - [16/Jun/2025:09:31:01 -0500] "GET /vendor/aws/aws-sdk-php/src/CodeStar/Exception/ HTTP/2.0" 200 716 "https://www.vebto.graphicdesigncash.com/vendor/aws/aws-sdk-php/src/CodeStar/Exception" "Mozilla/5.0 AppleWebKit/537.36 (KHTML, like Gecko; compatible; ClaudeBot/1.0; +claudebot@anthropic.com)"
216.73.216.29 - - [16/Jun/2025:09:31:06 -0500] "GET /vendor/aws/aws-sdk-php/src/ChimeSDKMeetings/ChimeSDKMeetingsClient.php HTTP/2.0" 500 - "-" "Mozilla/5.0 AppleWebKit/537.36 (KHTML, like Gecko; compatible; ClaudeBot/1.0; +claudebot@anthropic.com)"
216.73.216.29 - - [16/Jun/2025:09:31:11 -0500] "GET /vendor/aws/aws-sdk-php/src/EndpointDiscovery/ConfigurationInterface.php HTTP/2.0" 200 - "-" "Mozilla/5.0 AppleWebKit/537.36 (KHTML, like Gecko; compatible; ClaudeBot/1.0; +claudebot@anthropic.com)"
216.73.216.29 - - [16/Jun/2025:09:31:16 -0500] "GET /vendor/aws/aws-sdk-php/src/Comprehend/Exception HTTP/2.0" 301 296 "-" "Mozilla/5.0 AppleWebKit/537.36 (KHTML, like Gecko; compatible; ClaudeBot/1.0; +claudebot@anthropic.com)"
216.73.216.29 - - [16/Jun/2025:09:31:16 -0500] "GET /vendor/aws/aws-sdk-php/src/Comprehend/Exception/ HTTP/2.0" 200 722 "https://www.vebto.graphicdesigncash.com/vendor/aws/aws-sdk-php/src/Comprehend/Exception" "Mozilla/5.0 AppleWebKit/537.36 (KHTML, like Gecko; compatible; ClaudeBot/1.0; +claudebot@anthropic.com)"
216.73.216.29 - - [16/Jun/2025:09:31:22 -0500] "GET /vendor/aws/aws-sdk-php/src/S3/GetBucketLocationParser.php HTTP/2.0" 500 - "-" "Mozilla/5.0 AppleWebKit/537.36 (KHTML, like Gecko; compatible; ClaudeBot/1.0; +claudebot@anthropic.com)"
85.208.96.198 - - [16/Jun/2025:09:31:24 -0500] "GET /vendor/google/apiclient-services/src/Ideahub/ HTTP/1.1" 200 4300 "-" "Mozilla/5.0 (compatible; SemrushBot/7~bl; +http://www.semrush.com/bot.html)"
216.73.216.29 - - [16/Jun/2025:09:31:26 -0500] "GET /vendor/pda/pheanstalk/src/Command/ReleaseCommand.php HTTP/2.0" 500 - "-" "Mozilla/5.0 AppleWebKit/537.36 (KHTML, like Gecko; compatible; ClaudeBot/1.0; +claudebot@anthropic.com)"
216.73.216.29 - - [16/Jun/2025:09:31:31 -0500] "GET /vendor/aws/aws-sdk-php/src/S3/StreamWrapper.php HTTP/2.0" 200 - "-" "Mozilla/5.0 AppleWebKit/537.36 (KHTML, like Gecko; compatible; ClaudeBot/1.0; +claudebot@anthropic.com)"
216.73.216.29 - - [16/Jun/2025:09:31:36 -0500] "GET /vendor/laravel-notification-channels/fcm/src/Resources/NotificationPriority.php HTTP/2.0" 500 - "-" "Mozilla/5.0 AppleWebKit/537.36 (KHTML, like Gecko; compatible; ClaudeBot/1.0; +claudebot@anthropic.com)"
20.171.207.246 - - [16/Jun/2025:09:31:39 -0500] "GET /vendor/google/apiclient-services/src/Fcmdata/GoogleTypeDate.php HTTP/2.0" 500 - "-" "Mozilla/5.0 AppleWebKit/537.36 (KHTML, like Gecko; compatible; GPTBot/1.2; +https://openai.com/gptbot)"
216.73.216.29 - - [16/Jun/2025:09:31:41 -0500] "GET /vendor/aws/aws-sdk-php/src/SnowDeviceManagement/SnowDeviceManagementClient.php HTTP/2.0" 500 - "-" "Mozilla/5.0 AppleWebKit/537.36 (KHTML, like Gecko; compatible; ClaudeBot/1.0; +claudebot@anthropic.com)"
216.73.216.29 - - [16/Jun/2025:09:31:46 -0500] "GET /vendor/aws/aws-sdk-php/src/ManagedBlockchain/Exception HTTP/2.0" 301 303 "-" "Mozilla/5.0 AppleWebKit/537.36 (KHTML, like Gecko; compatible; ClaudeBot/1.0; +claudebot@anthropic.com)"
216.73.216.29 - - [16/Jun/2025:09:31:46 -0500] "GET /vendor/aws/aws-sdk-php/src/ManagedBlockchain/Exception/ HTTP/2.0" 200 743 "https://www.vebto.graphicdesigncash.com/vendor/aws/aws-sdk-php/src/ManagedBlockchain/Exception" "Mozilla/5.0 AppleWebKit/537.36 (KHTML, like Gecko; compatible; ClaudeBot/1.0; +claudebot@anthropic.com)"
20.171.207.195 - - [16/Jun/2025:09:31:47 -0500] "GET /vendor/google/apiclient-services/src/Appengine/BasicScaling.php HTTP/2.0" 500 - "-" "Mozilla/5.0 AppleWebKit/537.36 (KHTML, like Gecko; compatible; GPTBot/1.2; +https://openai.com/gptbot)"
216.73.216.29 - - [16/Jun/2025:09:31:51 -0500] "GET /vendor/algolia/algoliasearch-client-php/src/Response/MultipleIndexBatchIndexingResponse.php HTTP/2.0" 500 - "-" "Mozilla/5.0 AppleWebKit/537.36 (KHTML, like Gecko; compatible; ClaudeBot/1.0; +claudebot@anthropic.com)"
216.73.216.29 - - [16/Jun/2025:09:31:56 -0500] "GET /vendor/aws/aws-sdk-php/src/Api/Shape.php HTTP/2.0" 500 - "-" "Mozilla/5.0 AppleWebKit/537.36 (KHTML, like Gecko; compatible; ClaudeBot/1.0; +claudebot@anthropic.com)"
216.73.216.29 - - [16/Jun/2025:09:32:01 -0500] "GET /vendor/ezyang/htmlpurifier/library/HTMLPurifier/Injector.php HTTP/2.0" 200 - "-" "Mozilla/5.0 AppleWebKit/537.36 (KHTML, like Gecko; compatible; ClaudeBot/1.0; +claudebot@anthropic.com)"
216.73.216.29 - - [16/Jun/2025:09:32:07 -0500] "GET /vendor/aws/aws-sdk-php/src/CloudFront/CloudFrontClient.php HTTP/2.0" 500 - "-" "Mozilla/5.0 AppleWebKit/537.36 (KHTML, like Gecko; compatible; ClaudeBot/1.0; +claudebot@anthropic.com)"
216.73.216.29 - - [16/Jun/2025:09:32:11 -0500] "GET /vendor/aws/aws-sdk-php/src/LexRuntimeService/Exception HTTP/2.0" 301 303 "-" "Mozilla/5.0 AppleWebKit/537.36 (KHTML, like Gecko; compatible; ClaudeBot/1.0; +claudebot@anthropic.com)"
216.73.216.29 - - [16/Jun/2025:09:32:12 -0500] "GET /vendor/aws/aws-sdk-php/src/LexRuntimeService/Exception/ HTTP/2.0" 200 743 "https://www.vebto.graphicdesigncash.com/vendor/aws/aws-sdk-php/src/LexRuntimeService/Exception" "Mozilla/5.0 AppleWebKit/537.36 (KHTML, like Gecko; compatible; ClaudeBot/1.0; +claudebot@anthropic.com)"
216.73.216.29 - - [16/Jun/2025:09:32:16 -0500] "GET /vendor/pda/pheanstalk/src/Command/TouchCommand.php HTTP/2.0" 500 - "-" "Mozilla/5.0 AppleWebKit/537.36 (KHTML, like Gecko; compatible; ClaudeBot/1.0; +claudebot@anthropic.com)"
216.73.216.29 - - [16/Jun/2025:09:32:21 -0500] "GET /vendor/ezyang/htmlpurifier/library/HTMLPurifier/AttrValidator.php HTTP/2.0" 200 - "-" "Mozilla/5.0 AppleWebKit/537.36 (KHTML, like Gecko; compatible; ClaudeBot/1.0; +claudebot@anthropic.com)"
216.73.216.29 - - [16/Jun/2025:09:32:26 -0500] "GET /vendor/pda/pheanstalk/src/Command/ReserveWithTimeoutCommand.php HTTP/2.0" 500 - "-" "Mozilla/5.0 AppleWebKit/537.36 (KHTML, like Gecko; compatible; ClaudeBot/1.0; +claudebot@anthropic.com)"
216.73.216.29 - - [16/Jun/2025:09:32:31 -0500] "GET /vendor/aws/aws-sdk-php/src/AppSync/AppSyncClient.php HTTP/2.0" 500 - "-" "Mozilla/5.0 AppleWebKit/537.36 (KHTML, like Gecko; compatible; ClaudeBot/1.0; +claudebot@anthropic.com)"
216.73.216.29 - - [16/Jun/2025:09:32:36 -0500] "GET /vendor/ezyang/htmlpurifier/library/HTMLPurifier/Token.php HTTP/2.0" 200 - "-" "Mozilla/5.0 AppleWebKit/537.36 (KHTML, like Gecko; compatible; ClaudeBot/1.0; +claudebot@anthropic.com)"
216.73.216.29 - - [16/Jun/2025:09:32:41 -0500] "GET /vendor/ezyang/htmlpurifier/library/HTMLPurifier/AttrTransform.php HTTP/2.0" 200 - "-" "Mozilla/5.0 AppleWebKit/537.36 (KHTML, like Gecko; compatible; ClaudeBot/1.0; +claudebot@anthropic.com)"
20.171.207.246 - - [16/Jun/2025:09:32:42 -0500] "GET /vendor/google/apiclient-services/src/Slides/Presentation.php HTTP/2.0" 500 - "-" "Mozilla/5.0 AppleWebKit/537.36 (KHTML, like Gecko; compatible; GPTBot/1.2; +https://openai.com/gptbot)"
216.73.216.29 - - [16/Jun/2025:09:32:47 -0500] "GET /vendor/aws/aws-sdk-php/src/Exception/InvalidJsonException.php HTTP/2.0" 500 - "-" "Mozilla/5.0 AppleWebKit/537.36 (KHTML, like Gecko; compatible; ClaudeBot/1.0; +claudebot@anthropic.com)"
20.171.207.195 - - [16/Jun/2025:09:32:47 -0500] "GET /vendor/google/apiclient-services/src/Appengine/HealthCheck.php HTTP/2.0" 500 - "-" "Mozilla/5.0 AppleWebKit/537.36 (KHTML, like Gecko; compatible; GPTBot/1.2; +https://openai.com/gptbot)"
216.73.216.29 - - [16/Jun/2025:09:32:52 -0500] "GET /vendor/ezyang/htmlpurifier/library/HTMLPurifier/Length.php HTTP/2.0" 200 - "-" "Mozilla/5.0 AppleWebKit/537.36 (KHTML, like Gecko; compatible; ClaudeBot/1.0; +claudebot@anthropic.com)"
216.73.216.29 - - [16/Jun/2025:09:32:57 -0500] "GET /vendor/pda/pheanstalk/src/Command/KickCommand.php HTTP/2.0" 500 - "-" "Mozilla/5.0 AppleWebKit/537.36 (KHTML, like Gecko; compatible; ClaudeBot/1.0; +claudebot@anthropic.com)"
216.73.216.29 - - [16/Jun/2025:09:33:02 -0500] "GET /vendor/aws/aws-sdk-php/src/S3/EndpointRegionHelperTrait.php HTTP/2.0" 200 - "-" "Mozilla/5.0 AppleWebKit/537.36 (KHTML, like Gecko; compatible; ClaudeBot/1.0; +claudebot@anthropic.com)"
216.73.216.29 - - [16/Jun/2025:09:33:07 -0500] "GET /vendor/algolia/algoliasearch-client-php/src/Response/RestoreApiKeyResponse.php HTTP/2.0" 500 - "-" "Mozilla/5.0 AppleWebKit/537.36 (KHTML, like Gecko; compatible; ClaudeBot/1.0; +claudebot@anthropic.com)"
216.73.216.29 - - [16/Jun/2025:09:33:12 -0500] "GET /vendor/aws/aws-sdk-php/src/Endpoint/UseDualstackEndpoint HTTP/2.0" 301 305 "-" "Mozilla/5.0 AppleWebKit/537.36 (KHTML, like Gecko; compatible; ClaudeBot/1.0; +claudebot@anthropic.com)"
216.73.216.29 - - [16/Jun/2025:09:33:12 -0500] "GET /vendor/aws/aws-sdk-php/src/Endpoint/UseDualstackEndpoint/ HTTP/2.0" 200 916 "https://www.vebto.graphicdesigncash.com/vendor/aws/aws-sdk-php/src/Endpoint/UseDualstackEndpoint" "Mozilla/5.0 AppleWebKit/537.36 (KHTML, like Gecko; compatible; ClaudeBot/1.0; +claudebot@anthropic.com)"
216.73.216.29 - - [16/Jun/2025:09:33:17 -0500] "GET /vendor/psy/psysh/src/Output/ShellOutput.php HTTP/2.0" 500 - "-" "Mozilla/5.0 AppleWebKit/537.36 (KHTML, like Gecko; compatible; ClaudeBot/1.0; +claudebot@anthropic.com)"
216.73.216.29 - - [16/Jun/2025:09:33:22 -0500] "GET /vendor/pda/pheanstalk/src/Command/IgnoreCommand.php HTTP/2.0" 500 - "-" "Mozilla/5.0 AppleWebKit/537.36 (KHTML, like Gecko; compatible; ClaudeBot/1.0; +claudebot@anthropic.com)"
216.73.216.29 - - [16/Jun/2025:09:33:27 -0500] "GET /vendor/aws/aws-sdk-php/src/Crypto/AesStreamInterface.php HTTP/2.0" 500 - "-" "Mozilla/5.0 AppleWebKit/537.36 (KHTML, like Gecko; compatible; ClaudeBot/1.0; +claudebot@anthropic.com)"
216.73.216.29 - - [16/Jun/2025:09:33:32 -0500] "GET /vendor/aws/aws-sdk-php/src/Efs/EfsClient.php HTTP/2.0" 500 - "-" "Mozilla/5.0 AppleWebKit/537.36 (KHTML, like Gecko; compatible; ClaudeBot/1.0; +claudebot@anthropic.com)"
216.73.216.29 - - [16/Jun/2025:09:33:37 -0500] "GET /vendor/pda/pheanstalk/src/Command/ListTubesCommand.php HTTP/2.0" 500 - "-" "Mozilla/5.0 AppleWebKit/537.36 (KHTML, like Gecko; compatible; ClaudeBot/1.0; +claudebot@anthropic.com)"
185.191.171.19 - - [16/Jun/2025:09:33:37 -0500] "GET /vendor/google/apiclient-services/src/AndroidProvisioningPartner/DeviceReference.php HTTP/1.1" 500 - "-" "Mozilla/5.0 (compatible; SemrushBot/7~bl; +http://www.semrush.com/bot.html)"
185.191.171.16 - - [16/Jun/2025:09:33:39 -0500] "GET /vendor/google/apiclient-services/src/Datastore/ReserveIdsRequest.php HTTP/1.1" 500 - "-" "Mozilla/5.0 (compatible; SemrushBot/7~bl; +http://www.semrush.com/bot.html)"
20.171.207.246 - - [16/Jun/2025:09:33:43 -0500] "GET /vendor/google/apiclient-services/src/Slides/WriteControl.php HTTP/2.0" 500 - "-" "Mozilla/5.0 AppleWebKit/537.36 (KHTML, like Gecko; compatible; GPTBot/1.2; +https://openai.com/gptbot)"
216.73.216.29 - - [16/Jun/2025:09:33:44 -0500] "GET /vendor/kreait/firebase-php/src/Firebase/Database.php HTTP/2.0" 500 - "-" "Mozilla/5.0 AppleWebKit/537.36 (KHTML, like Gecko; compatible; ClaudeBot/1.0; +claudebot@anthropic.com)"
216.73.216.29 - - [16/Jun/2025:09:33:47 -0500] "GET /vendor/aws/aws-sdk-php/src/Crypto/AesGcmDecryptingStream.php HTTP/2.0" 500 - "-" "Mozilla/5.0 AppleWebKit/537.36 (KHTML, like Gecko; compatible; ClaudeBot/1.0; +claudebot@anthropic.com)"
216.73.216.29 - - [16/Jun/2025:09:33:52 -0500] "GET /vendor/psy/psysh/src/CodeCleaner/ValidConstantPass.php HTTP/2.0" 500 - "-" "Mozilla/5.0 AppleWebKit/537.36 (KHTML, like Gecko; compatible; ClaudeBot/1.0; +claudebot@anthropic.com)"
20.171.207.195 - - [16/Jun/2025:09:33:52 -0500] "GET /vendor/google/apiclient-services/src/Firestore/CompositeFilter.php HTTP/2.0" 500 - "-" "Mozilla/5.0 AppleWebKit/537.36 (KHTML, like Gecko; compatible; GPTBot/1.2; +https://openai.com/gptbot)"
216.73.216.29 - - [16/Jun/2025:09:33:57 -0500] "GET /vendor/aws/aws-sdk-php/src/AppIntegrationsService/Exception HTTP/2.0" 301 308 "-" "Mozilla/5.0 AppleWebKit/537.36 (KHTML, like Gecko; compatible; ClaudeBot/1.0; +claudebot@anthropic.com)"
216.73.216.29 - - [16/Jun/2025:09:33:57 -0500] "GET /vendor/aws/aws-sdk-php/src/AppIntegrationsService/Exception/ HTTP/2.0" 200 758 "https://www.vebto.graphicdesigncash.com/vendor/aws/aws-sdk-php/src/AppIntegrationsService/Exception" "Mozilla/5.0 AppleWebKit/537.36 (KHTML, like Gecko; compatible; ClaudeBot/1.0; +claudebot@anthropic.com)"
216.73.216.29 - - [16/Jun/2025:09:34:02 -0500] "GET /vendor/psy/psysh/src/Exception/TypeErrorException.php HTTP/2.0" 500 - "-" "Mozilla/5.0 AppleWebKit/537.36 (KHTML, like Gecko; compatible; ClaudeBot/1.0; +claudebot@anthropic.com)"
216.73.216.29 - - [16/Jun/2025:09:34:07 -0500] "GET /vendor/rackspace/php-opencloud/tests/OpenCloud/Tests HTTP/2.0" 301 301 "-" "Mozilla/5.0 AppleWebKit/537.36 (KHTML, like Gecko; compatible; ClaudeBot/1.0; +claudebot@anthropic.com)"
216.73.216.29 - - [16/Jun/2025:09:34:07 -0500] "GET /vendor/rackspace/php-opencloud/tests/OpenCloud/Tests/ HTTP/2.0" 200 3576 "https://www.vebto.graphicdesigncash.com/vendor/rackspace/php-opencloud/tests/OpenCloud/Tests" "Mozilla/5.0 AppleWebKit/537.36 (KHTML, like Gecko; compatible; ClaudeBot/1.0; +claudebot@anthropic.com)"
85.208.96.199 - - [16/Jun/2025:09:34:10 -0500] "GET /vendor/google/apiclient-services/src/ChromePolicy/Proto2FieldDescriptorProto.php HTTP/1.1" 500 - "-" "Mozilla/5.0 (compatible; SemrushBot/7~bl; +http://www.semrush.com/bot.html)"
216.73.216.29 - - [16/Jun/2025:09:34:12 -0500] "GET /vendor/pda/pheanstalk/src/Contract/CommandInterface.php HTTP/2.0" 200 - "-" "Mozilla/5.0 AppleWebKit/537.36 (KHTML, like Gecko; compatible; ClaudeBot/1.0; +claudebot@anthropic.com)"
216.73.216.29 - - [16/Jun/2025:09:34:17 -0500] "GET /vendor/ezyang/htmlpurifier/library/HTMLPurifier/Doctype.php HTTP/2.0" 200 - "-" "Mozilla/5.0 AppleWebKit/537.36 (KHTML, like Gecko; compatible; ClaudeBot/1.0; +claudebot@anthropic.com)"
216.73.216.29 - - [16/Jun/2025:09:34:22 -0500] "GET /vendor/aws/aws-sdk-php/src/Swf/SwfClient.php HTTP/2.0" 500 - "-" "Mozilla/5.0 AppleWebKit/537.36 (KHTML, like Gecko; compatible; ClaudeBot/1.0; +claudebot@anthropic.com)"
216.73.216.29 - - [16/Jun/2025:09:34:27 -0500] "GET /vendor/google/cloud-core/perf-bootstrap.php HTTP/2.0" 500 - "-" "Mozilla/5.0 AppleWebKit/537.36 (KHTML, like Gecko; compatible; ClaudeBot/1.0; +claudebot@anthropic.com)"
216.73.216.29 - - [16/Jun/2025:09:34:32 -0500] "GET /vendor/pda/pheanstalk/src/Command/PeekJobCommand.php HTTP/2.0" 500 - "-" "Mozilla/5.0 AppleWebKit/537.36 (KHTML, like Gecko; compatible; ClaudeBot/1.0; +claudebot@anthropic.com)"
216.73.216.29 - - [16/Jun/2025:09:34:37 -0500] "GET /vendor/roave/better-reflection/src/Reflector/FunctionReflector.php HTTP/2.0" 500 - "-" "Mozilla/5.0 AppleWebKit/537.36 (KHTML, like Gecko; compatible; ClaudeBot/1.0; +claudebot@anthropic.com)"
