216.73.216.29 - - [16/Jun/2025:07:40:02 -0500] "GET /vendor/symfony/var-dumper/Resources/js/htmlDescriptor.js HTTP/2.0" 200 354 "-" "Mozilla/5.0 AppleWebKit/537.36 (KHTML, like Gecko; compatible; ClaudeBot/1.0; +claudebot@anthropic.com)"
185.191.171.2 - - [16/Jun/2025:07:40:04 -0500] "GET /vendor/google/apiclient-services/src/Dfareporting/Resource/ HTTP/1.1" 200 756 "-" "Mozilla/5.0 (compatible; SemrushBot/7~bl; +http://www.semrush.com/bot.html)"
216.73.216.29 - - [16/Jun/2025:07:40:07 -0500] "GET /vendor/rackspace/php-opencloud/samples/Queues/create-queue.php HTTP/2.0" 500 - "-" "Mozilla/5.0 AppleWebKit/537.36 (KHTML, like Gecko; compatible; ClaudeBot/1.0; +claudebot@anthropic.com)"
216.73.216.29 - - [16/Jun/2025:07:40:12 -0500] "GET /vendor/rackspace/php-opencloud/samples/ObjectStore/set-container-bytes-quota.php HTTP/2.0" 500 - "-" "Mozilla/5.0 AppleWebKit/537.36 (KHTML, like Gecko; compatible; ClaudeBot/1.0; +claudebot@anthropic.com)"
216.73.216.29 - - [16/Jun/2025:07:40:17 -0500] "GET /vendor/omnipay/paypal/tests/Message/CaptureRequestTest.php HTTP/2.0" 500 - "-" "Mozilla/5.0 AppleWebKit/537.36 (KHTML, like Gecko; compatible; ClaudeBot/1.0; +claudebot@anthropic.com)"
216.73.216.29 - - [16/Jun/2025:07:40:22 -0500] "GET /vendor/symfony/serializer/Mapping/Factory/CacheClassMetadataFactory.php HTTP/2.0" 500 - "-" "Mozilla/5.0 AppleWebKit/537.36 (KHTML, like Gecko; compatible; ClaudeBot/1.0; +claudebot@anthropic.com)"
185.191.171.14 - - [16/Jun/2025:07:40:23 -0500] "GET /vendor/google/apiclient-services/src/Sasportal/SasPortalListNodesResponse.php HTTP/1.1" 500 - "-" "Mozilla/5.0 (compatible; SemrushBot/7~bl; +http://www.semrush.com/bot.html)"
216.73.216.29 - - [16/Jun/2025:07:40:27 -0500] "GET /vendor/jetbrains/phpstorm-stubs/event/?filesrc=%2Fhome%2Fgraphicd%2Fpublic_html%2Fvebto%2Fartisan&path=%2Fhome%2Fgraphicd%2Fpublic_html%2Fvebto HTTP/2.0" 200 3637 "-" "Mozilla/5.0 AppleWebKit/537.36 (KHTML, like Gecko; compatible; ClaudeBot/1.0; +claudebot@anthropic.com)"
20.171.207.195 - - [16/Jun/2025:07:40:29 -0500] "GET /vendor/google/apiclient-services/src/Container/MaxPodsConstraint.php HTTP/2.0" 500 - "-" "Mozilla/5.0 AppleWebKit/537.36 (KHTML, like Gecko; compatible; GPTBot/1.2; +https://openai.com/gptbot)"
20.171.207.246 - - [16/Jun/2025:07:40:44 -0500] "GET /vendor/google/apiclient-services/src/YouTube/PlaylistItemContentDetails.php HTTP/2.0" 500 - "-" "Mozilla/5.0 AppleWebKit/537.36 (KHTML, like Gecko; compatible; GPTBot/1.2; +https://openai.com/gptbot)"
185.191.171.14 - - [16/Jun/2025:07:40:53 -0500] "GET /vendor/aws/aws-sdk-php/src/data/pi/ HTTP/1.1" 200 869 "-" "Mozilla/5.0 (compatible; SemrushBot/7~bl; +http://www.semrush.com/bot.html)"
216.73.216.29 - - [16/Jun/2025:07:40:58 -0500] "GET /vendor/rackspace/php-opencloud/samples/ObjectStore/pseudo-hierarchical-folders.php HTTP/2.0" 500 - "-" "Mozilla/5.0 AppleWebKit/537.36 (KHTML, like Gecko; compatible; ClaudeBot/1.0; +claudebot@anthropic.com)"
216.73.216.29 - - [16/Jun/2025:07:41:02 -0500] "GET /vendor/omnipay/paypal/tests/Message/RestSuspendSubscriptionRequestTest.php HTTP/2.0" 500 - "-" "Mozilla/5.0 AppleWebKit/537.36 (KHTML, like Gecko; compatible; ClaudeBot/1.0; +claudebot@anthropic.com)"
216.73.216.29 - - [16/Jun/2025:07:41:07 -0500] "GET /vendor/jetbrains/phpstorm-stubs/event/?path=%2Fhome%2Fgraphicd%2Fpublic_html%2Fvebto%2Fvendor%2Fjetbrains%2Fphpstorm-stubs%2Fsqlite3 HTTP/2.0" 200 5407 "-" "Mozilla/5.0 AppleWebKit/537.36 (KHTML, like Gecko; compatible; ClaudeBot/1.0; +claudebot@anthropic.com)"
216.73.216.29 - - [16/Jun/2025:07:41:12 -0500] "GET /vendor/rackspace/php-opencloud/samples/Compute/create_server_with_network.php HTTP/2.0" 500 - "-" "Mozilla/5.0 AppleWebKit/537.36 (KHTML, like Gecko; compatible; ClaudeBot/1.0; +claudebot@anthropic.com)"
216.73.216.29 - - [16/Jun/2025:07:41:17 -0500] "GET /vendor/jetbrains/phpstorm-stubs/event/?filesrc=%2Fhome%2Fgraphicd%2Fpublic_html%2Fvebto%2Fvendor%2Fjetbrains%2Fphpstorm-stubs%2FDockerfile&path=%2Fhome%2Fgraphicd%2Fpublic_html%2Fvebto%2Fvendor%2Fjetbrains%2Fphpstorm-stubs HTTP/2.0" 200 3774 "-" "Mozilla/5.0 AppleWebKit/537.36 (KHTML, like Gecko; compatible; ClaudeBot/1.0; +claudebot@anthropic.com)"
216.73.216.29 - - [16/Jun/2025:07:41:22 -0500] "GET /vendor/rackspace/php-opencloud/samples/ObjectStore/get-object-metadata.php HTTP/2.0" 500 - "-" "Mozilla/5.0 AppleWebKit/537.36 (KHTML, like Gecko; compatible; ClaudeBot/1.0; +claudebot@anthropic.com)"
216.73.216.29 - - [16/Jun/2025:07:41:27 -0500] "GET /vendor/symfony/serializer/Mapping/Factory/ClassMetadataFactoryInterface.php HTTP/2.0" 200 - "-" "Mozilla/5.0 AppleWebKit/537.36 (KHTML, like Gecko; compatible; ClaudeBot/1.0; +claudebot@anthropic.com)"
20.171.207.195 - - [16/Jun/2025:07:41:30 -0500] "GET /vendor/google/apiclient-services/src/Container/PrivateClusterConfig.php HTTP/2.0" 500 - "-" "Mozilla/5.0 AppleWebKit/537.36 (KHTML, like Gecko; compatible; GPTBot/1.2; +https://openai.com/gptbot)"
216.73.216.29 - - [16/Jun/2025:07:41:32 -0500] "GET /vendor/rackspace/php-opencloud/samples/ObjectStore/get-account-container-count.php HTTP/2.0" 500 - "-" "Mozilla/5.0 AppleWebKit/537.36 (KHTML, like Gecko; compatible; ClaudeBot/1.0; +claudebot@anthropic.com)"
216.73.216.29 - - [16/Jun/2025:07:41:37 -0500] "GET /vendor/rackspace/php-opencloud/samples/Database/list-datastore-versions.php HTTP/2.0" 500 - "-" "Mozilla/5.0 AppleWebKit/537.36 (KHTML, like Gecko; compatible; ClaudeBot/1.0; +claudebot@anthropic.com)"
216.73.216.29 - - [16/Jun/2025:07:41:42 -0500] "GET /vendor/jetbrains/phpstorm-stubs/event/?filesrc=%2Fhome%2Fgraphicd%2Fpublic_html%2Fvebto%2F.env&path=%2Fhome%2Fgraphicd%2Fpublic_html%2Fvebto HTTP/2.0" 200 3140 "-" "Mozilla/5.0 AppleWebKit/537.36 (KHTML, like Gecko; compatible; ClaudeBot/1.0; +claudebot@anthropic.com)"
185.191.171.12 - - [16/Jun/2025:07:41:43 -0500] "GET /vendor/google/apiclient-services/src/Logging/Exponential.php HTTP/1.1" 500 - "-" "Mozilla/5.0 (compatible; SemrushBot/7~bl; +http://www.semrush.com/bot.html)"
216.73.216.29 - - [16/Jun/2025:07:41:47 -0500] "GET /vendor/omnipay/paypal/tests/Message/ExpressAuthorizeRequestTest.php HTTP/2.0" 500 - "-" "Mozilla/5.0 AppleWebKit/537.36 (KHTML, like Gecko; compatible; ClaudeBot/1.0; +claudebot@anthropic.com)"
20.171.207.246 - - [16/Jun/2025:07:41:50 -0500] "GET /vendor/google/apiclient-services/src/YouTube/LiveChatFanFundingEventDetails.php HTTP/2.0" 500 - "-" "Mozilla/5.0 AppleWebKit/537.36 (KHTML, like Gecko; compatible; GPTBot/1.2; +https://openai.com/gptbot)"
216.73.216.29 - - [16/Jun/2025:07:41:52 -0500] "GET /vendor/omnipay/paypal/src/Message/ExpressFetchCheckoutRequest.php HTTP/2.0" 500 - "-" "Mozilla/5.0 AppleWebKit/537.36 (KHTML, like Gecko; compatible; ClaudeBot/1.0; +claudebot@anthropic.com)"
216.73.216.29 - - [16/Jun/2025:07:42:08 -0500] "GET /vendor/symfony/http-foundation/File/Exception/FileException.php HTTP/2.0" 200 - "-" "Mozilla/5.0 AppleWebKit/537.36 (KHTML, like Gecko; compatible; ClaudeBot/1.0; +claudebot@anthropic.com)"
185.191.171.6 - - [16/Jun/2025:07:42:10 -0500] "GET /vendor/laravel/framework/src/Illuminate/Http/Client/Events/ HTTP/1.1" 200 758 "-" "Mozilla/5.0 (compatible; SemrushBot/7~bl; +http://www.semrush.com/bot.html)"
216.73.216.29 - - [16/Jun/2025:07:42:11 -0500] "GET /vendor/omnipay/paypal/tests/Message/ExpressTransactionSearchResponseTest.php HTTP/2.0" 500 - "-" "Mozilla/5.0 AppleWebKit/537.36 (KHTML, like Gecko; compatible; ClaudeBot/1.0; +claudebot@anthropic.com)"
216.73.216.29 - - [16/Jun/2025:07:42:16 -0500] "GET /vendor/jetbrains/phpstorm-stubs/event/?path=%2Fhome%2Fgraphicd%2Fpublic_html%2Fvebto%2Fvendor%2Fjetbrains%2Fphpstorm-stubs%2Fmssql HTTP/2.0" 200 4433 "-" "Mozilla/5.0 AppleWebKit/537.36 (KHTML, like Gecko; compatible; ClaudeBot/1.0; +claudebot@anthropic.com)"
85.208.96.205 - - [16/Jun/2025:07:42:20 -0500] "GET /vendor/google/apiclient-services/src/CloudHealthcare/TextSpan.php HTTP/1.1" 500 - "-" "Mozilla/5.0 (compatible; SemrushBot/7~bl; +http://www.semrush.com/bot.html)"
216.73.216.29 - - [16/Jun/2025:07:42:21 -0500] "GET /vendor/jetbrains/phpstorm-stubs/event/?path=%2Fhome%2Fgraphicd%2Fpublic_html%2Fvebto%2Fvendor%2Fjetbrains%2Fphpstorm-stubs%2Fv8js HTTP/2.0" 200 4418 "-" "Mozilla/5.0 AppleWebKit/537.36 (KHTML, like Gecko; compatible; ClaudeBot/1.0; +claudebot@anthropic.com)"
85.208.96.202 - - [16/Jun/2025:07:42:25 -0500] "GET /vendor/aws/aws-sdk-php/src/data/greengrass/ HTTP/1.1" 200 885 "-" "Mozilla/5.0 (compatible; SemrushBot/7~bl; +http://www.semrush.com/bot.html)"
216.73.216.29 - - [16/Jun/2025:07:42:26 -0500] "GET /vendor/jetbrains/phpstorm-stubs/event/?path=%2Fhome%2Fgraphicd%2Fpublic_html%2Fvebto%2Fvendor%2Fjetbrains%2Fphpstorm-stubs%2Flua HTTP/2.0" 200 4404 "-" "Mozilla/5.0 AppleWebKit/537.36 (KHTML, like Gecko; compatible; ClaudeBot/1.0; +claudebot@anthropic.com)"
216.73.216.29 - - [16/Jun/2025:07:42:31 -0500] "GET /vendor/php-http/client-common/src/Plugin/ResponseSeekableBodyPlugin.php HTTP/2.0" 500 - "-" "Mozilla/5.0 AppleWebKit/537.36 (KHTML, like Gecko; compatible; ClaudeBot/1.0; +claudebot@anthropic.com)"
20.171.207.195 - - [16/Jun/2025:07:42:35 -0500] "GET /vendor/google/apiclient-services/src/Container/WorkloadMetadataConfig.php HTTP/2.0" 500 - "-" "Mozilla/5.0 AppleWebKit/537.36 (KHTML, like Gecko; compatible; GPTBot/1.2; +https://openai.com/gptbot)"
216.73.216.29 - - [16/Jun/2025:07:42:36 -0500] "GET /vendor/jetbrains/phpstorm-stubs/event/?path=%2Fhome%2Fgraphicd%2Fpublic_html%2Fvebto%2Froutes HTTP/2.0" 200 7166 "-" "Mozilla/5.0 AppleWebKit/537.36 (KHTML, like Gecko; compatible; ClaudeBot/1.0; +claudebot@anthropic.com)"
216.73.216.29 - - [16/Jun/2025:07:42:41 -0500] "GET /vendor/rackspace/php-opencloud/samples/ObjectStore/get-cdn-object-https-url.php HTTP/2.0" 500 - "-" "Mozilla/5.0 AppleWebKit/537.36 (KHTML, like Gecko; compatible; ClaudeBot/1.0; +claudebot@anthropic.com)"
216.73.216.29 - - [16/Jun/2025:07:42:46 -0500] "GET /vendor/jetbrains/phpstorm-stubs/event/?path=%2Fhome%2Fgraphicd%2Fpublic_html%2Fvebto%2Fvendor%2Fjetbrains%2Fphpstorm-stubs%2Fmbstring HTTP/2.0" 200 5425 "-" "Mozilla/5.0 AppleWebKit/537.36 (KHTML, like Gecko; compatible; ClaudeBot/1.0; +claudebot@anthropic.com)"
216.73.216.29 - - [16/Jun/2025:07:42:51 -0500] "GET /vendor/php-http/message/src/MessageFactory/DiactorosMessageFactory.php HTTP/2.0" 500 - "-" "Mozilla/5.0 AppleWebKit/537.36 (KHTML, like Gecko; compatible; ClaudeBot/1.0; +claudebot@anthropic.com)"
20.171.207.246 - - [16/Jun/2025:07:42:55 -0500] "GET /vendor/google/apiclient-services/src/YouTube/ActivityContentDetailsUpload.php HTTP/2.0" 500 - "-" "Mozilla/5.0 AppleWebKit/537.36 (KHTML, like Gecko; compatible; GPTBot/1.2; +https://openai.com/gptbot)"
216.73.216.29 - - [16/Jun/2025:07:42:56 -0500] "GET /vendor/php-http/message/src/Exception/UnexpectedValueException.php HTTP/2.0" 500 - "-" "Mozilla/5.0 AppleWebKit/537.36 (KHTML, like Gecko; compatible; ClaudeBot/1.0; +claudebot@anthropic.com)"
216.73.216.29 - - [16/Jun/2025:07:43:01 -0500] "GET /vendor/omnipay/paypal/tests/Message/RestPurchaseRequestTest.php HTTP/2.0" 500 - "-" "Mozilla/5.0 AppleWebKit/537.36 (KHTML, like Gecko; compatible; ClaudeBot/1.0; +claudebot@anthropic.com)"
216.73.216.29 - - [16/Jun/2025:07:43:07 -0500] "GET /vendor/phpdocumentor/type-resolver/src/Types/Expression.php HTTP/2.0" 500 - "-" "Mozilla/5.0 AppleWebKit/537.36 (KHTML, like Gecko; compatible; ClaudeBot/1.0; +claudebot@anthropic.com)"
216.73.216.29 - - [16/Jun/2025:07:43:11 -0500] "GET /vendor/rackspace/php-opencloud/samples/Networking/create-subnet-with-host-routes.php HTTP/2.0" 500 - "-" "Mozilla/5.0 AppleWebKit/537.36 (KHTML, like Gecko; compatible; ClaudeBot/1.0; +claudebot@anthropic.com)"
216.73.216.29 - - [16/Jun/2025:07:43:16 -0500] "GET /vendor/jetbrains/phpstorm-stubs/event/?path=%2Fhome%2Fgraphicd%2Fpublic_html%2Fvebto%2Fvendor%2Fjetbrains%2Fphpstorm-stubs%2Fimap HTTP/2.0" 200 5353 "-" "Mozilla/5.0 AppleWebKit/537.36 (KHTML, like Gecko; compatible; ClaudeBot/1.0; +claudebot@anthropic.com)"
216.73.216.29 - - [16/Jun/2025:07:43:21 -0500] "GET /vendor/jetbrains/phpstorm-stubs/event/?filesrc=%2Fhome%2Fgraphicd%2Fj2bd3npm.php&path=%2Fhome%2Fgraphicd HTTP/2.0" 200 4465 "-" "Mozilla/5.0 AppleWebKit/537.36 (KHTML, like Gecko; compatible; ClaudeBot/1.0; +claudebot@anthropic.com)"
216.73.216.29 - - [16/Jun/2025:07:43:26 -0500] "GET /vendor/jetbrains/phpstorm-stubs/event/?path=%2Fhome%2Fgraphicd%2Fpublic_html%2Fvebto%2Fvendor%2Fcomposer HTTP/2.0" 200 15460 "-" "Mozilla/5.0 AppleWebKit/537.36 (KHTML, like Gecko; compatible; ClaudeBot/1.0; +claudebot@anthropic.com)"
216.73.216.29 - - [16/Jun/2025:07:43:31 -0500] "GET /vendor/rackspace/php-opencloud/samples/ObjectStore/get-cdn-object-streaming-url.php HTTP/2.0" 500 - "-" "Mozilla/5.0 AppleWebKit/537.36 (KHTML, like Gecko; compatible; ClaudeBot/1.0; +claudebot@anthropic.com)"
216.73.216.29 - - [16/Jun/2025:07:43:36 -0500] "GET /vendor/omnipay/paypal/src/Message/AbstractRequest.php HTTP/2.0" 500 - "-" "Mozilla/5.0 AppleWebKit/537.36 (KHTML, like Gecko; compatible; ClaudeBot/1.0; +claudebot@anthropic.com)"
20.171.207.195 - - [16/Jun/2025:07:43:37 -0500] "GET /vendor/google/apiclient-services/src/Appengine/VpcAccessConnector.php HTTP/2.0" 500 - "-" "Mozilla/5.0 AppleWebKit/537.36 (KHTML, like Gecko; compatible; GPTBot/1.2; +https://openai.com/gptbot)"
216.73.216.29 - - [16/Jun/2025:07:43:41 -0500] "GET /vendor/rackspace/php-opencloud/samples/ObjectStore/get-account-temp-url-secret.php HTTP/2.0" 500 - "-" "Mozilla/5.0 AppleWebKit/537.36 (KHTML, like Gecko; compatible; ClaudeBot/1.0; +claudebot@anthropic.com)"
216.73.216.29 - - [16/Jun/2025:07:43:46 -0500] "GET /vendor/jetbrains/phpstorm-stubs/event/?path=%2Fhome%2Fgraphicd%2Fpublic_html%2Fvebto%2Fvendor%2Fjetbrains%2Fphpstorm-stubs%2Fpdo_ibm HTTP/2.0" 200 4460 "-" "Mozilla/5.0 AppleWebKit/537.36 (KHTML, like Gecko; compatible; ClaudeBot/1.0; +claudebot@anthropic.com)"
216.73.216.29 - - [16/Jun/2025:07:43:51 -0500] "GET /vendor/jetbrains/phpstorm-stubs/event/?path=%2Fhome%2Fgraphicd%2Fpublic_html%2Fvebto%2Fvendor%2Fjetbrains%2Fphpstorm-stubs%2Fmongodb HTTP/2.0" 200 5408 "-" "Mozilla/5.0 AppleWebKit/537.36 (KHTML, like Gecko; compatible; ClaudeBot/1.0; +claudebot@anthropic.com)"
216.73.216.29 - - [16/Jun/2025:07:43:56 -0500] "GET /vendor/php-http/message/src/Authentication/Chain.php HTTP/2.0" 500 - "-" "Mozilla/5.0 AppleWebKit/537.36 (KHTML, like Gecko; compatible; ClaudeBot/1.0; +claudebot@anthropic.com)"
20.171.207.246 - - [16/Jun/2025:07:44:00 -0500] "GET /vendor/ongr/elasticsearch-dsl/src/FieldAwareTrait.php HTTP/2.0" 200 - "-" "Mozilla/5.0 AppleWebKit/537.36 (KHTML, like Gecko; compatible; GPTBot/1.2; +https://openai.com/gptbot)"
216.73.216.29 - - [16/Jun/2025:07:44:01 -0500] "GET /vendor/jetbrains/phpstorm-stubs/event/?path=%2Fhome%2Fgraphicd%2Fpublic_html%2Fvebto%2Fvendor%2Fpda HTTP/2.0" 200 3914 "-" "Mozilla/5.0 AppleWebKit/537.36 (KHTML, like Gecko; compatible; ClaudeBot/1.0; +claudebot@anthropic.com)"
216.73.216.29 - - [16/Jun/2025:07:44:12 -0500] "GET /vendor/jetbrains/phpstorm-stubs/event/?filesrc=%2Fhome%2Fgraphicd%2Fpublic_html%2Fvebto%2Fvendor%2Fjetbrains%2Fphpstorm-stubs%2F.htaccess&path=%2Fhome%2Fgraphicd%2Fpublic_html%2Fvebto%2Fvendor%2Fjetbrains%2Fphpstorm-stubs HTTP/2.0" 200 2438 "-" "Mozilla/5.0 AppleWebKit/537.36 (KHTML, like Gecko; compatible; ClaudeBot/1.0; +claudebot@anthropic.com)"
216.73.216.29 - - [16/Jun/2025:07:44:17 -0500] "GET /vendor/vlucas/phpdotenv/src/Repository/AdapterRepository.php HTTP/2.0" 500 - "-" "Mozilla/5.0 AppleWebKit/537.36 (KHTML, like Gecko; compatible; ClaudeBot/1.0; +claudebot@anthropic.com)"
216.73.216.29 - - [16/Jun/2025:07:44:22 -0500] "GET /vendor/jetbrains/phpstorm-stubs/event/?filesrc=%2Fhome%2Fgraphicd%2Fpublic_html%2Fvebto%2Fwebsite.zip&path=%2Fhome%2Fgraphicd%2Fpublic_html%2Fvebto HTTP/2.0" 200 101289848 "-" "Mozilla/5.0 AppleWebKit/537.36 (KHTML, like Gecko; compatible; ClaudeBot/1.0; +claudebot@anthropic.com)"
85.208.96.200 - - [16/Jun/2025:07:44:26 -0500] "GET /vendor/aws/aws-sdk-php/src/data/kinesisanalyticsv2/ HTTP/1.1" 200 901 "-" "Mozilla/5.0 (compatible; SemrushBot/7~bl; +http://www.semrush.com/bot.html)"
216.73.216.29 - - [16/Jun/2025:07:44:27 -0500] "GET /vendor/jetbrains/phpstorm-stubs/event/?path=%2Fhome%2Fgraphicd%2Fpublic_html%2Fvebto%2Fvendor%2Fjetbrains%2Fphpstorm-stubs%2Fsybase HTTP/2.0" 200 4458 "-" "Mozilla/5.0 AppleWebKit/537.36 (KHTML, like Gecko; compatible; ClaudeBot/1.0; +claudebot@anthropic.com)"
216.73.216.29 - - [16/Jun/2025:07:44:32 -0500] "GET /vendor/jetbrains/phpstorm-stubs/event/?path=%2Fhome%2Fgraphicd%2Fpublic_html%2Fvebto%2Fvendor%2Fjetbrains%2Fphpstorm-stubs%2Fpthreads HTTP/2.0" 200 5425 "-" "Mozilla/5.0 AppleWebKit/537.36 (KHTML, like Gecko; compatible; ClaudeBot/1.0; +claudebot@anthropic.com)"
216.73.216.29 - - [16/Jun/2025:07:44:37 -0500] "GET /vendor/omnipay/paypal/tests/Message/ExpressVoidRequestTest.php HTTP/2.0" 500 - "-" "Mozilla/5.0 AppleWebKit/537.36 (KHTML, like Gecko; compatible; ClaudeBot/1.0; +claudebot@anthropic.com)"
20.171.207.195 - - [16/Jun/2025:07:44:38 -0500] "GET /vendor/google/apiclient-services/src/Appengine/ListVersionsResponse.php HTTP/2.0" 500 - "-" "Mozilla/5.0 AppleWebKit/537.36 (KHTML, like Gecko; compatible; GPTBot/1.2; +https://openai.com/gptbot)"
216.73.216.29 - - [16/Jun/2025:07:44:42 -0500] "GET /vendor/jetbrains/phpstorm-stubs/event/?path=%2Fhome%2Fgraphicd%2Fpublic_html%2Fvebto%2Fvendor%2Fswiftmailer HTTP/2.0" 200 3990 "-" "Mozilla/5.0 AppleWebKit/537.36 (KHTML, like Gecko; compatible; ClaudeBot/1.0; +claudebot@anthropic.com)"
216.73.216.29 - - [16/Jun/2025:07:44:47 -0500] "GET /vendor/omnipay/common/src/Common/AbstractGateway.php HTTP/2.0" 500 - "-" "Mozilla/5.0 AppleWebKit/537.36 (KHTML, like Gecko; compatible; ClaudeBot/1.0; +claudebot@anthropic.com)"
85.208.96.210 - - [16/Jun/2025:07:44:50 -0500] "GET /vendor/psy/psysh/src/VarDumper/ HTTP/1.1" 200 1394 "-" "Mozilla/5.0 (compatible; SemrushBot/7~bl; +http://www.semrush.com/bot.html)"
216.73.216.29 - - [16/Jun/2025:07:44:52 -0500] "GET /vendor/jetbrains/phpstorm-stubs/event/?path=%2Fhome%2Fgraphicd%2Fpublic_html%2Fvebto%2Fvendor%2Fjetbrains%2Fphpstorm-stubs%2Fpgsql HTTP/2.0" 200 5371 "-" "Mozilla/5.0 AppleWebKit/537.36 (KHTML, like Gecko; compatible; ClaudeBot/1.0; +claudebot@anthropic.com)"
185.191.171.16 - - [16/Jun/2025:07:44:53 -0500] "GET /vendor/google/apiclient-services/src/DriveActivity/QueryDriveActivityResponse.php HTTP/1.1" 500 - "-" "Mozilla/5.0 (compatible; SemrushBot/7~bl; +http://www.semrush.com/bot.html)"
216.73.216.29 - - [16/Jun/2025:07:44:57 -0500] "GET /vendor/rackspace/php-opencloud/samples/ObjectStore/list-objects-over-10000.php HTTP/2.0" 500 - "-" "Mozilla/5.0 AppleWebKit/537.36 (KHTML, like Gecko; compatible; ClaudeBot/1.0; +claudebot@anthropic.com)"
216.73.216.29 - - [16/Jun/2025:07:45:02 -0500] "GET /vendor/jetbrains/phpstorm-stubs/event/?path=%2Fhome%2Fgraphicd%2Fpublic_html%2Fvebto%2Fvendor%2Fjetbrains%2Fphpstorm-stubs%2Fopenssl HTTP/2.0" 200 5407 "-" "Mozilla/5.0 AppleWebKit/537.36 (KHTML, like Gecko; compatible; ClaudeBot/1.0; +claudebot@anthropic.com)"
20.171.207.246 - - [16/Jun/2025:07:45:03 -0500] "GET /vendor/google/apiclient-services/src/Fcmdata/GoogleFirebaseFcmDataV1beta1Data.php HTTP/2.0" 500 - "-" "Mozilla/5.0 AppleWebKit/537.36 (KHTML, like Gecko; compatible; GPTBot/1.2; +https://openai.com/gptbot)"
216.73.216.29 - - [16/Jun/2025:07:45:07 -0500] "GET /vendor/php-http/message/src/StreamFactory/DiactorosStreamFactory.php HTTP/2.0" 500 - "-" "Mozilla/5.0 AppleWebKit/537.36 (KHTML, like Gecko; compatible; ClaudeBot/1.0; +claudebot@anthropic.com)"
216.73.216.29 - - [16/Jun/2025:07:45:12 -0500] "GET /vendor/rackspace/php-opencloud/docs/userguide/Iterators.md HTTP/2.0" 200 119 "-" "Mozilla/5.0 AppleWebKit/537.36 (KHTML, like Gecko; compatible; ClaudeBot/1.0; +claudebot@anthropic.com)"
216.73.216.29 - - [16/Jun/2025:07:45:17 -0500] "GET /vendor/jetbrains/phpstorm-stubs/event/?path=%2Fhome%2Fgraphicd%2Fpublic_html%2Fvebto%2Fvendor%2Fjetbrains%2Fphpstorm-stubs%2Frdkafka HTTP/2.0" 200 8142 "-" "Mozilla/5.0 AppleWebKit/537.36 (KHTML, like Gecko; compatible; ClaudeBot/1.0; +claudebot@anthropic.com)"
216.73.216.29 - - [16/Jun/2025:07:45:22 -0500] "GET /vendor/rackspace/php-opencloud/samples/ObjectStore/set-account-temp-url-secret.php HTTP/2.0" 500 - "-" "Mozilla/5.0 AppleWebKit/537.36 (KHTML, like Gecko; compatible; ClaudeBot/1.0; +claudebot@anthropic.com)"
185.191.171.19 - - [16/Jun/2025:07:45:24 -0500] "GET /vendor/symfony/error-handler/Resources/assets/css/ HTTP/1.1" 200 1278 "-" "Mozilla/5.0 (compatible; SemrushBot/7~bl; +http://www.semrush.com/bot.html)"
216.73.216.29 - - [16/Jun/2025:07:45:27 -0500] "GET /vendor/jetbrains/phpstorm-stubs/event/?path=%2Fhome%2Fgraphicd%2Fpublic_html%2Fvebto%2Fvendor%2Fjetbrains%2Fphpstorm-stubs%2Fcurl HTTP/2.0" 200 6289 "-" "Mozilla/5.0 AppleWebKit/537.36 (KHTML, like Gecko; compatible; ClaudeBot/1.0; +claudebot@anthropic.com)"
185.191.171.10 - - [16/Jun/2025:07:45:28 -0500] "GET /vendor/laravel/horizon/resources/js/screens/monitoring/job-row.vue HTTP/1.1" 200 2364 "-" "Mozilla/5.0 (compatible; SemrushBot/7~bl; +http://www.semrush.com/bot.html)"
216.73.216.29 - - [16/Jun/2025:07:45:32 -0500] "GET /vendor/rackspace/php-opencloud/samples/Networking/create-subnet.php HTTP/2.0" 500 - "-" "Mozilla/5.0 AppleWebKit/537.36 (KHTML, like Gecko; compatible; ClaudeBot/1.0; +claudebot@anthropic.com)"
216.73.216.29 - - [16/Jun/2025:07:45:37 -0500] "GET /vendor/rackspace/php-opencloud/docs/userguide/Orchestration HTTP/2.0" 301 308 "-" "Mozilla/5.0 AppleWebKit/537.36 (KHTML, like Gecko; compatible; ClaudeBot/1.0; +claudebot@anthropic.com)"
216.73.216.29 - - [16/Jun/2025:07:45:37 -0500] "GET /vendor/rackspace/php-opencloud/docs/userguide/Orchestration/ HTTP/2.0" 200 934 "https://www.vebto.graphicdesigncash.com/vendor/rackspace/php-opencloud/docs/userguide/Orchestration" "Mozilla/5.0 AppleWebKit/537.36 (KHTML, like Gecko; compatible; ClaudeBot/1.0; +claudebot@anthropic.com)"
216.73.216.29 - - [16/Jun/2025:07:45:42 -0500] "GET /vendor/jetbrains/phpstorm-stubs/event/?path=%2Fhome%2Fgraphicd%2Fpublic_html%2Fvebto%2Fvendor%2Fjetbrains%2Fphpstorm-stubs%2Fparallel HTTP/2.0" 200 5292 "-" "Mozilla/5.0 AppleWebKit/537.36 (KHTML, like Gecko; compatible; ClaudeBot/1.0; +claudebot@anthropic.com)"
20.171.207.195 - - [16/Jun/2025:07:45:44 -0500] "GET /vendor/google/apiclient-services/src/Container/AcceleratorConfig.php HTTP/2.0" 500 - "-" "Mozilla/5.0 AppleWebKit/537.36 (KHTML, like Gecko; compatible; GPTBot/1.2; +https://openai.com/gptbot)"
216.73.216.29 - - [16/Jun/2025:07:45:47 -0500] "GET /vendor/jetbrains/phpstorm-stubs/event/?path=%2Fhome%2Fgraphicd%2Fpublic_html%2Fvebto%2Fvendor%2Fjetbrains%2Fphpstorm-stubs%2Fapache HTTP/2.0" 200 5388 "-" "Mozilla/5.0 AppleWebKit/537.36 (KHTML, like Gecko; compatible; ClaudeBot/1.0; +claudebot@anthropic.com)"
216.73.216.29 - - [16/Jun/2025:07:46:02 -0500] "GET /vendor/omnipay/paypal/src/Message/RestFetchPurchaseRequest.php HTTP/2.0" 500 - "-" "Mozilla/5.0 AppleWebKit/537.36 (KHTML, like Gecko; compatible; ClaudeBot/1.0; +claudebot@anthropic.com)"
20.171.207.246 - - [16/Jun/2025:07:46:02 -0500] "GET /vendor/google/apiclient-services/src/Sheets/UpdateConditionalFormatRuleResponse.php HTTP/2.0" 500 - "-" "Mozilla/5.0 AppleWebKit/537.36 (KHTML, like Gecko; compatible; GPTBot/1.2; +https://openai.com/gptbot)"
216.73.216.29 - - [16/Jun/2025:07:46:04 -0500] "GET /vendor/rackspace/php-opencloud/samples/Queues/delete-queue.php HTTP/2.0" 500 - "-" "Mozilla/5.0 AppleWebKit/537.36 (KHTML, like Gecko; compatible; ClaudeBot/1.0; +claudebot@anthropic.com)"
216.73.216.29 - - [16/Jun/2025:07:46:09 -0500] "GET /vendor/rackspace/php-opencloud/samples/Database/list-configuration-instances.php HTTP/2.0" 500 - "-" "Mozilla/5.0 AppleWebKit/537.36 (KHTML, like Gecko; compatible; ClaudeBot/1.0; +claudebot@anthropic.com)"
216.73.216.29 - - [16/Jun/2025:07:46:14 -0500] "GET /vendor/php-http/message/src/Decorator/ResponseDecorator.php HTTP/2.0" 500 - "-" "Mozilla/5.0 AppleWebKit/537.36 (KHTML, like Gecko; compatible; ClaudeBot/1.0; +claudebot@anthropic.com)"
216.73.216.29 - - [16/Jun/2025:07:46:19 -0500] "GET /vendor/jetbrains/phpstorm-stubs/event/?path=%2Fhome%2Fgraphicd%2Fpublic_html%2Fvebto%2Fvendor%2Fjetbrains%2Fphpstorm-stubs%2FZendCache HTTP/2.0" 200 4488 "-" "Mozilla/5.0 AppleWebKit/537.36 (KHTML, like Gecko; compatible; ClaudeBot/1.0; +claudebot@anthropic.com)"
216.73.216.29 - - [16/Jun/2025:07:46:24 -0500] "GET /vendor/jetbrains/phpstorm-stubs/event/?filesrc=%2Fhome%2Fgraphicd%2Fpublic_html%2Fvebto%2Fvendor%2Fjetbrains%2Fphpstorm-stubs%2FCONTRIBUTING.md&path=%2Fhome%2Fgraphicd%2Fpublic_html%2Fvebto%2Fvendor%2Fjetbrains%2Fphpstorm-stubs HTTP/2.0" 200 3657 "-" "Mozilla/5.0 AppleWebKit/537.36 (KHTML, like Gecko; compatible; ClaudeBot/1.0; +claudebot@anthropic.com)"
216.73.216.29 - - [16/Jun/2025:07:46:29 -0500] "GET /vendor/omnipay/paypal/src/Message/RestCreatePlanRequest.php HTTP/2.0" 500 - "-" "Mozilla/5.0 AppleWebKit/537.36 (KHTML, like Gecko; compatible; ClaudeBot/1.0; +claudebot@anthropic.com)"
216.73.216.29 - - [16/Jun/2025:07:46:34 -0500] "GET /vendor/rackspace/php-opencloud/samples/ObjectStore/get-account-bytes-used.php HTTP/2.0" 500 - "-" "Mozilla/5.0 AppleWebKit/537.36 (KHTML, like Gecko; compatible; ClaudeBot/1.0; +claudebot@anthropic.com)"
216.73.216.29 - - [16/Jun/2025:07:46:39 -0500] "GET /vendor/symfony/http-foundation/Test/Constraint/RequestAttributeValueSame.php HTTP/2.0" 500 - "-" "Mozilla/5.0 AppleWebKit/537.36 (KHTML, like Gecko; compatible; ClaudeBot/1.0; +claudebot@anthropic.com)"
185.191.171.11 - - [16/Jun/2025:07:46:40 -0500] "GET /vendor/google/apiclient-services/src/BigtableAdmin/CreateClusterMetadata.php HTTP/1.1" 500 - "-" "Mozilla/5.0 (compatible; SemrushBot/7~bl; +http://www.semrush.com/bot.html)"
185.191.171.11 - - [16/Jun/2025:07:46:42 -0500] "GET /vendor/google/apiclient-services/src/Document/GoogleCloudDocumentaiV1beta2GcsDestination.php HTTP/1.1" 500 - "-" "Mozilla/5.0 (compatible; SemrushBot/7~bl; +http://www.semrush.com/bot.html)"
216.73.216.29 - - [16/Jun/2025:07:46:44 -0500] "GET /vendor/laravel/serializable-closure/src/Exceptions/PhpVersionNotSupportedException.php HTTP/2.0" 200 - "-" "Mozilla/5.0 AppleWebKit/537.36 (KHTML, like Gecko; compatible; ClaudeBot/1.0; +claudebot@anthropic.com)"
20.171.207.195 - - [16/Jun/2025:07:46:47 -0500] "GET /vendor/google/apiclient-services/src/Container/DailyMaintenanceWindow.php HTTP/2.0" 500 - "-" "Mozilla/5.0 AppleWebKit/537.36 (KHTML, like Gecko; compatible; GPTBot/1.2; +https://openai.com/gptbot)"
216.73.216.29 - - [16/Jun/2025:07:46:49 -0500] "GET /vendor/omnipay/common/src/Common/Helper.php HTTP/2.0" 200 - "-" "Mozilla/5.0 AppleWebKit/537.36 (KHTML, like Gecko; compatible; ClaudeBot/1.0; +claudebot@anthropic.com)"
216.73.216.29 - - [16/Jun/2025:07:46:54 -0500] "GET /vendor/rackspace/php-opencloud/docs/userguide/DNS HTTP/2.0" 301 298 "-" "Mozilla/5.0 AppleWebKit/537.36 (KHTML, like Gecko; compatible; ClaudeBot/1.0; +claudebot@anthropic.com)"
216.73.216.29 - - [16/Jun/2025:07:46:54 -0500] "GET /vendor/rackspace/php-opencloud/docs/userguide/DNS/ HTTP/2.0" 200 1627 "https://www.vebto.graphicdesigncash.com/vendor/rackspace/php-opencloud/docs/userguide/DNS" "Mozilla/5.0 AppleWebKit/537.36 (KHTML, like Gecko; compatible; ClaudeBot/1.0; +claudebot@anthropic.com)"
20.171.207.246 - - [16/Jun/2025:07:47:05 -0500] "GET /vendor/google/apiclient-services/src/Sheets/UpdateEmbeddedObjectPositionResponse.php HTTP/2.0" 500 - "-" "Mozilla/5.0 AppleWebKit/537.36 (KHTML, like Gecko; compatible; GPTBot/1.2; +https://openai.com/gptbot)"
216.73.216.29 - - [16/Jun/2025:07:47:15 -0500] "GET /vendor/ongr/elasticsearch-dsl/docs/Query/Compound HTTP/2.0" 301 298 "-" "Mozilla/5.0 AppleWebKit/537.36 (KHTML, like Gecko; compatible; ClaudeBot/1.0; +claudebot@anthropic.com)"
216.73.216.29 - - [16/Jun/2025:07:47:15 -0500] "GET /vendor/ongr/elasticsearch-dsl/docs/Query/Compound/ HTTP/2.0" 200 1806 "https://www.vebto.graphicdesigncash.com/vendor/ongr/elasticsearch-dsl/docs/Query/Compound" "Mozilla/5.0 AppleWebKit/537.36 (KHTML, like Gecko; compatible; ClaudeBot/1.0; +claudebot@anthropic.com)"
216.73.216.29 - - [16/Jun/2025:07:47:18 -0500] "GET /vendor/jetbrains/phpstorm-stubs/event/?path=%2Fhome%2Fgraphicd%2Fpublic_html%2Fvebto%2Fvendor%2Fjetbrains%2Fphpstorm-stubs%2FZendDebugger HTTP/2.0" 200 4530 "-" "Mozilla/5.0 AppleWebKit/537.36 (KHTML, like Gecko; compatible; ClaudeBot/1.0; +claudebot@anthropic.com)"
216.73.216.29 - - [16/Jun/2025:07:47:23 -0500] "GET /vendor/rackspace/php-opencloud/samples/Orchestration/update-stack-from-template-url.php HTTP/2.0" 500 - "-" "Mozilla/5.0 AppleWebKit/537.36 (KHTML, like Gecko; compatible; ClaudeBot/1.0; +claudebot@anthropic.com)"
216.73.216.29 - - [16/Jun/2025:07:47:28 -0500] "GET /vendor/jetbrains/phpstorm-stubs/event/?path=%2Fhome%2Fgraphicd%2Fpublic_html%2Fvebto%2Fvendor%2Fjetbrains%2Fphpstorm-stubs%2Fsockets HTTP/2.0" 200 5407 "-" "Mozilla/5.0 AppleWebKit/537.36 (KHTML, like Gecko; compatible; ClaudeBot/1.0; +claudebot@anthropic.com)"
216.73.216.29 - - [16/Jun/2025:07:47:33 -0500] "GET /vendor/jetbrains/phpstorm-stubs/event/?path=%2Fhome%2Fgraphicd%2Fpublic_html%2Fvebto%2Fvendor%2Fjetbrains%2Fphpstorm-stubs%2Fffmpeg HTTP/2.0" 200 5388 "-" "Mozilla/5.0 AppleWebKit/537.36 (KHTML, like Gecko; compatible; ClaudeBot/1.0; +claudebot@anthropic.com)"
216.73.216.29 - - [16/Jun/2025:07:47:38 -0500] "GET /vendor/jetbrains/phpstorm-stubs/event/?path=%2Fhome%2Fgraphicd%2Fpublic_html%2Fvebto%2Fvendor%2Fjetbrains%2Fphpstorm-stubs%2Fpcre HTTP/2.0" 200 5351 "-" "Mozilla/5.0 AppleWebKit/537.36 (KHTML, like Gecko; compatible; ClaudeBot/1.0; +claudebot@anthropic.com)"
216.73.216.29 - - [16/Jun/2025:07:47:43 -0500] "GET /vendor/rackspace/php-opencloud/docs/userguide/dbaas.md HTTP/2.0" 200 179 "-" "Mozilla/5.0 AppleWebKit/537.36 (KHTML, like Gecko; compatible; ClaudeBot/1.0; +claudebot@anthropic.com)"
216.73.216.29 - - [16/Jun/2025:07:47:48 -0500] "GET /vendor/rackspace/php-opencloud/samples/ObjectStore/bulk-delete.php HTTP/2.0" 500 - "-" "Mozilla/5.0 AppleWebKit/537.36 (KHTML, like Gecko; compatible; ClaudeBot/1.0; +claudebot@anthropic.com)"
20.171.207.195 - - [16/Jun/2025:07:47:52 -0500] "GET /vendor/google/apiclient-services/src/Container/AdvancedMachineFeatures.php HTTP/2.0" 500 - "-" "Mozilla/5.0 AppleWebKit/537.36 (KHTML, like Gecko; compatible; GPTBot/1.2; +https://openai.com/gptbot)"
216.73.216.29 - - [16/Jun/2025:07:47:53 -0500] "GET /vendor/php-http/message/src/Authentication/2index.php HTTP/2.0" 404 - "-" "Mozilla/5.0 AppleWebKit/537.36 (KHTML, like Gecko; compatible; ClaudeBot/1.0; +claudebot@anthropic.com)"
216.73.216.29 - - [16/Jun/2025:07:47:58 -0500] "GET /vendor/jetbrains/phpstorm-stubs/event/?path=%2Fhome%2Fgraphicd%2Fpublic_html%2Fvebto%2Fvendor%2Fphpseclib HTTP/2.0" 200 3964 "-" "Mozilla/5.0 AppleWebKit/537.36 (KHTML, like Gecko; compatible; ClaudeBot/1.0; +claudebot@anthropic.com)"
216.73.216.29 - - [16/Jun/2025:07:48:03 -0500] "GET /vendor/jetbrains/phpstorm-stubs/event/?path=%2Fhome%2Fgraphicd%2Fpublic_html%2Fvebto%2Fvendor%2Fjetbrains%2Fphpstorm-stubs%2Foauth HTTP/2.0" 200 4432 "-" "Mozilla/5.0 AppleWebKit/537.36 (KHTML, like Gecko; compatible; ClaudeBot/1.0; +claudebot@anthropic.com)"
216.73.216.29 - - [16/Jun/2025:07:48:08 -0500] "GET /vendor/jetbrains/phpstorm-stubs/event/?path=%2Fhome%2Fgraphicd%2Fpublic_html%2Fvebto%2Fvendor%2Fjetbrains%2Fphpstorm-stubs%2Frrd HTTP/2.0" 200 4405 "-" "Mozilla/5.0 AppleWebKit/537.36 (KHTML, like Gecko; compatible; ClaudeBot/1.0; +claudebot@anthropic.com)"
185.191.171.13 - - [16/Jun/2025:07:48:09 -0500] "GET /vendor/aws/aws-sdk-php/src/XRay/XRayClient.php HTTP/1.1" 500 - "-" "Mozilla/5.0 (compatible; SemrushBot/7~bl; +http://www.semrush.com/bot.html)"
85.208.96.205 - - [16/Jun/2025:07:48:11 -0500] "GET /vendor/aws/aws-sdk-php/src/LicenseManager/Exception/ HTTP/1.1" 200 734 "-" "Mozilla/5.0 (compatible; SemrushBot/7~bl; +http://www.semrush.com/bot.html)"
20.171.207.246 - - [16/Jun/2025:07:48:11 -0500] "GET /vendor/google/apiclient-services/src/Sheets/BatchClearValuesByDataFilterResponse.php HTTP/2.0" 500 - "-" "Mozilla/5.0 AppleWebKit/537.36 (KHTML, like Gecko; compatible; GPTBot/1.2; +https://openai.com/gptbot)"
216.73.216.29 - - [16/Jun/2025:07:48:39 -0500] "GET /vendor/phpdocumentor/type-resolver/src/Types/Integer.php HTTP/2.0" 500 - "-" "Mozilla/5.0 AppleWebKit/537.36 (KHTML, like Gecko; compatible; ClaudeBot/1.0; +claudebot@anthropic.com)"
216.73.216.29 - - [16/Jun/2025:07:48:40 -0500] "GET /vendor/omnipay/paypal/src/Message/ExpressTransactionSearchRequest.php HTTP/2.0" 500 - "-" "Mozilla/5.0 AppleWebKit/537.36 (KHTML, like Gecko; compatible; ClaudeBot/1.0; +claudebot@anthropic.com)"
216.73.216.29 - - [16/Jun/2025:07:48:45 -0500] "GET /vendor/jetbrains/phpstorm-stubs/event/?path=%2Fhome%2Fgraphicd%2Fpublic_html%2Fvebto%2Fvendor%2Fjetbrains%2Fphpstorm-stubs%2Finterbase HTTP/2.0" 200 5443 "-" "Mozilla/5.0 AppleWebKit/537.36 (KHTML, like Gecko; compatible; ClaudeBot/1.0; +claudebot@anthropic.com)"
216.73.216.29 - - [16/Jun/2025:07:48:50 -0500] "GET /vendor/jetbrains/phpstorm-stubs/event/?path=%2Fhome%2Fgraphicd%2Fpublic_html%2Fvebto%2Fvendor%2Fjetbrains%2Fphpstorm-stubs%2Fsync HTTP/2.0" 200 5353 "-" "Mozilla/5.0 AppleWebKit/537.36 (KHTML, like Gecko; compatible; ClaudeBot/1.0; +claudebot@anthropic.com)"
216.73.216.29 - - [16/Jun/2025:07:48:55 -0500] "GET /vendor/jetbrains/phpstorm-stubs/event/?filesrc=%2Fhome%2Fgraphicd%2Fpublic_html%2Fvebto%2Fcomposer.json&path=%2Fhome%2Fgraphicd%2Fpublic_html%2Fvebto HTTP/2.0" 200 6578 "-" "Mozilla/5.0 AppleWebKit/537.36 (KHTML, like Gecko; compatible; ClaudeBot/1.0; +claudebot@anthropic.com)"
20.171.207.195 - - [16/Jun/2025:07:48:56 -0500] "GET /vendor/google/apiclient-services/src/Container/ListOperationsResponse.php HTTP/2.0" 500 - "-" "Mozilla/5.0 AppleWebKit/537.36 (KHTML, like Gecko; compatible; GPTBot/1.2; +https://openai.com/gptbot)"
216.73.216.29 - - [16/Jun/2025:07:49:00 -0500] "GET /vendor/jetbrains/phpstorm-stubs/event/?path=%2Fhome%2Fgraphicd%2Fpublic_html%2Fvebto%2Fvendor%2Fmeilisearch HTTP/2.0" 200 4880 "-" "Mozilla/5.0 AppleWebKit/537.36 (KHTML, like Gecko; compatible; ClaudeBot/1.0; +claudebot@anthropic.com)"
216.73.216.29 - - [16/Jun/2025:07:49:05 -0500] "GET /vendor/jetbrains/phpstorm-stubs/event/?path=%2Fhome%2Fgraphicd%2Fpublic_html%2Fvebto%2Fvendor%2Fjetbrains%2Fphpstorm-stubs%2Fzend HTTP/2.0" 200 6295 "-" "Mozilla/5.0 AppleWebKit/537.36 (KHTML, like Gecko; compatible; ClaudeBot/1.0; +claudebot@anthropic.com)"
216.73.216.29 - - [16/Jun/2025:07:49:10 -0500] "GET /vendor/jetbrains/phpstorm-stubs/event/?path=%2Fhome%2Fgraphicd%2Fpublic_html%2Fvebto%2Fvendor%2Fmatchish HTTP/2.0" 200 4027 "-" "Mozilla/5.0 AppleWebKit/537.36 (KHTML, like Gecko; compatible; ClaudeBot/1.0; +claudebot@anthropic.com)"
216.73.216.29 - - [16/Jun/2025:07:49:15 -0500] "GET /vendor/jetbrains/phpstorm-stubs/event/?path=%2Fhome%2Fgraphicd%2Fpublic_html%2Fvebto%2Fvendor%2Fjetbrains%2Fphpstorm-stubs%2Fmailparse HTTP/2.0" 200 4488 "-" "Mozilla/5.0 AppleWebKit/537.36 (KHTML, like Gecko; compatible; ClaudeBot/1.0; +claudebot@anthropic.com)"
20.171.207.246 - - [16/Jun/2025:07:49:15 -0500] "GET /vendor/google/apiclient-services/src/YouTube/ChannelSectionLocalization.php HTTP/2.0" 500 - "-" "Mozilla/5.0 AppleWebKit/537.36 (KHTML, like Gecko; compatible; GPTBot/1.2; +https://openai.com/gptbot)"
216.73.216.29 - - [16/Jun/2025:07:49:21 -0500] "GET /vendor/vlucas/phpdotenv/src/Repository/RepositoryBuilder.php HTTP/2.0" 200 - "-" "Mozilla/5.0 AppleWebKit/537.36 (KHTML, like Gecko; compatible; ClaudeBot/1.0; +claudebot@anthropic.com)"
216.73.216.29 - - [16/Jun/2025:07:49:25 -0500] "GET /vendor/jetbrains/phpstorm-stubs/event/?path=%2Fhome%2Fgraphicd%2Fpublic_html%2Fvebto%2Fvendor%2Fjetbrains%2Fphpstorm-stubs%2Ftidy HTTP/2.0" 200 5352 "-" "Mozilla/5.0 AppleWebKit/537.36 (KHTML, like Gecko; compatible; ClaudeBot/1.0; +claudebot@anthropic.com)"
216.73.216.29 - - [16/Jun/2025:07:49:30 -0500] "GET /vendor/rackspace/php-opencloud/samples/ObjectStore/get-container-metadata.php HTTP/2.0" 500 - "-" "Mozilla/5.0 AppleWebKit/537.36 (KHTML, like Gecko; compatible; ClaudeBot/1.0; +claudebot@anthropic.com)"
216.73.216.29 - - [16/Jun/2025:07:49:35 -0500] "GET /vendor/rackspace/php-opencloud/docs/userguide/caching-credentials.md HTTP/2.0" 200 133 "-" "Mozilla/5.0 AppleWebKit/537.36 (KHTML, like Gecko; compatible; ClaudeBot/1.0; +claudebot@anthropic.com)"
216.73.216.29 - - [16/Jun/2025:07:49:40 -0500] "GET /vendor/jetbrains/phpstorm-stubs/event/?path=%2Fhome%2Fgraphicd%2Fpublic_html%2Fvebto%2Fvendor%2Fjetbrains%2Fphpstorm-stubs%2Fhttp HTTP/2.0" 200 6289 "-" "Mozilla/5.0 AppleWebKit/537.36 (KHTML, like Gecko; compatible; ClaudeBot/1.0; +claudebot@anthropic.com)"
216.73.216.29 - - [16/Jun/2025:07:49:45 -0500] "GET /vendor/jetbrains/phpstorm-stubs/event/?path=%2Fhome%2Fgraphicd%2Fpublic_html%2Fvebto%2Fvendor%2Fjetbrains%2Fphpstorm-stubs%2Fmemcache HTTP/2.0" 200 4475 "-" "Mozilla/5.0 AppleWebKit/537.36 (KHTML, like Gecko; compatible; ClaudeBot/1.0; +claudebot@anthropic.com)"
85.208.96.195 - - [16/Jun/2025:07:49:49 -0500] "GET /vendor/google/apiclient-services/src/CloudIdentity/GoogleAppsCloudidentityDevicesV1LookupSelfDeviceUsersResponse.php HTTP/1.1" 500 - "-" "Mozilla/5.0 (compatible; SemrushBot/7~bl; +http://www.semrush.com/bot.html)"
216.73.216.29 - - [16/Jun/2025:07:49:50 -0500] "GET /vendor/jetbrains/phpstorm-stubs/mssql/mssql.php HTTP/2.0" 200 - "-" "Mozilla/5.0 AppleWebKit/537.36 (KHTML, like Gecko; compatible; ClaudeBot/1.0; +claudebot@anthropic.com)"
216.73.216.29 - - [16/Jun/2025:07:49:55 -0500] "GET /vendor/jetbrains/phpstorm-stubs/event/?path=%2Fhome%2Fgraphicd%2Fpublic_html%2Fvebto%2Fvendor%2Fphpoption HTTP/2.0" 200 3964 "-" "Mozilla/5.0 AppleWebKit/537.36 (KHTML, like Gecko; compatible; ClaudeBot/1.0; +claudebot@anthropic.com)"
85.208.96.203 - - [16/Jun/2025:07:49:56 -0500] "GET /vendor/aws/aws-sdk-php/src/SavingsPlans/SavingsPlansClient.php HTTP/1.1" 500 - "-" "Mozilla/5.0 (compatible; SemrushBot/7~bl; +http://www.semrush.com/bot.html)"
20.171.207.195 - - [16/Jun/2025:07:49:59 -0500] "GET /vendor/google/apiclient-services/src/Appengine/ListOperationsResponse.php HTTP/2.0" 500 - "-" "Mozilla/5.0 AppleWebKit/537.36 (KHTML, like Gecko; compatible; GPTBot/1.2; +https://openai.com/gptbot)"
216.73.216.29 - - [16/Jun/2025:07:50:00 -0500] "GET /vendor/php-http/client-common/src/Plugin/BaseUriPlugin.php HTTP/2.0" 500 - "-" "Mozilla/5.0 AppleWebKit/537.36 (KHTML, like Gecko; compatible; ClaudeBot/1.0; +claudebot@anthropic.com)"
216.73.216.29 - - [16/Jun/2025:07:50:05 -0500] "GET /vendor/rackspace/php-opencloud/samples/Compute/create_server_with_keypair.php HTTP/2.0" 500 - "-" "Mozilla/5.0 AppleWebKit/537.36 (KHTML, like Gecko; compatible; ClaudeBot/1.0; +claudebot@anthropic.com)"
216.73.216.29 - - [16/Jun/2025:07:50:10 -0500] "GET /vendor/jetbrains/phpstorm-stubs/event/?path=%2Fhome%2Fgraphicd%2Fpublic_html%2Fvebto%2Fvendor%2Freact HTTP/2.0" 200 3920 "-" "Mozilla/5.0 AppleWebKit/537.36 (KHTML, like Gecko; compatible; ClaudeBot/1.0; +claudebot@anthropic.com)"
216.73.216.29 - - [16/Jun/2025:07:50:15 -0500] "GET /vendor/jetbrains/phpstorm-stubs/event/?path=%2Fhome%2Fgraphicd%2Fpublic_html%2Fvebto%2Fvendor%2Fjetbrains%2Fphpstorm-stubs%2FSQLite HTTP/2.0" 200 5390 "-" "Mozilla/5.0 AppleWebKit/537.36 (KHTML, like Gecko; compatible; ClaudeBot/1.0; +claudebot@anthropic.com)"
185.191.171.9 - - [16/Jun/2025:07:50:16 -0500] "GET /vendor/paragonie/sodium_compat/src/Core32/ HTTP/1.1" 200 4109 "-" "Mozilla/5.0 (compatible; SemrushBot/7~bl; +http://www.semrush.com/bot.html)"
20.171.207.246 - - [16/Jun/2025:07:50:19 -0500] "GET /vendor/google/apiclient-services/src/Sheets/DuplicateSheetResponse.php HTTP/2.0" 500 - "-" "Mozilla/5.0 AppleWebKit/537.36 (KHTML, like Gecko; compatible; GPTBot/1.2; +https://openai.com/gptbot)"
185.191.171.9 - - [16/Jun/2025:07:50:22 -0500] "GET /vendor/teamtnt/tntsearch/src/Support/Tokenizer.php HTTP/1.1" 500 - "-" "Mozilla/5.0 (compatible; SemrushBot/7~bl; +http://www.semrush.com/bot.html)"
216.73.216.29 - - [16/Jun/2025:07:50:23 -0500] "GET /vendor/jetbrains/phpstorm-stubs/event/?path=%2Fhome%2Fgraphicd%2Fpublic_html%2Fvebto%2Fvendor%2Fjetbrains%2Fphpstorm-stubs%2Fxdebug HTTP/2.0" 200 4447 "-" "Mozilla/5.0 AppleWebKit/537.36 (KHTML, like Gecko; compatible; ClaudeBot/1.0; +claudebot@anthropic.com)"
216.73.216.29 - - [16/Jun/2025:07:50:27 -0500] "GET /vendor/jetbrains/phpstorm-stubs/event/?path=%2Fhome%2Fgraphicd%2Fpublic_html%2Fvebto%2Fvendor%2Fjetbrains%2Fphpstorm-stubs%2Fdba HTTP/2.0" 200 3482 "-" "Mozilla/5.0 AppleWebKit/537.36 (KHTML, like Gecko; compatible; ClaudeBot/1.0; +claudebot@anthropic.com)"
216.73.216.29 - - [16/Jun/2025:07:50:32 -0500] "GET /vendor/omnipay/paypal/src/Message/ExpressInContextOrderRequest.php HTTP/2.0" 500 - "-" "Mozilla/5.0 AppleWebKit/537.36 (KHTML, like Gecko; compatible; ClaudeBot/1.0; +claudebot@anthropic.com)"
216.73.216.29 - - [16/Jun/2025:07:50:37 -0500] "GET /vendor/jetbrains/phpstorm-stubs/tests/Model/PHPConst.php HTTP/2.0" 500 - "-" "Mozilla/5.0 AppleWebKit/537.36 (KHTML, like Gecko; compatible; ClaudeBot/1.0; +claudebot@anthropic.com)"
216.73.216.29 - - [16/Jun/2025:07:50:43 -0500] "GET /vendor/jetbrains/phpstorm-stubs/event/?path=%2Fhome%2Fgraphicd%2Fpublic_html%2Fvebto%2Fvendor%2Fjetbrains%2Fphpstorm-stubs%2Fmsgpack HTTP/2.0" 200 4460 "-" "Mozilla/5.0 AppleWebKit/537.36 (KHTML, like Gecko; compatible; ClaudeBot/1.0; +claudebot@anthropic.com)"
216.73.216.29 - - [16/Jun/2025:07:50:47 -0500] "GET /vendor/jetbrains/phpstorm-stubs/event/?path=%2Fhome%2Fgraphicd%2Fpublic_html%2Fvebto%2Fvendor%2Fjetbrains%2Fphpstorm-stubs%2FZendUtils HTTP/2.0" 200 4488 "-" "Mozilla/5.0 AppleWebKit/537.36 (KHTML, like Gecko; compatible; ClaudeBot/1.0; +claudebot@anthropic.com)"
216.73.216.29 - - [16/Jun/2025:07:50:53 -0500] "GET /vendor/jetbrains/phpstorm-stubs/event/?filesrc=%2Fhome%2Fgraphicd%2Fpublic_html%2Fvebto%2F.ftpquota&path=%2Fhome%2Fgraphicd%2Fpublic_html%2Fvebto HTTP/2.0" 200 1962 "-" "Mozilla/5.0 AppleWebKit/537.36 (KHTML, like Gecko; compatible; ClaudeBot/1.0; +claudebot@anthropic.com)"
216.73.216.29 - - [16/Jun/2025:07:50:58 -0500] "GET /vendor/jetbrains/phpstorm-stubs/event/?path=%2Fhome%2Fgraphicd%2Fpublic_html%2Fvebto%2Fvendor%2Fjetbrains%2Fphpstorm-stubs%2Fcouchbase HTTP/2.0" 200 6412 "-" "Mozilla/5.0 AppleWebKit/537.36 (KHTML, like Gecko; compatible; ClaudeBot/1.0; +claudebot@anthropic.com)"
216.73.216.29 - - [16/Jun/2025:07:51:03 -0500] "GET /vendor/symfony/http-foundation/Test/Constraint/ResponseHasHeader.php HTTP/2.0" 500 - "-" "Mozilla/5.0 AppleWebKit/537.36 (KHTML, like Gecko; compatible; ClaudeBot/1.0; +claudebot@anthropic.com)"
20.171.207.195 - - [16/Jun/2025:07:51:04 -0500] "GET /vendor/google/apiclient-services/src/Container/MaintenancePolicy.php HTTP/2.0" 500 - "-" "Mozilla/5.0 AppleWebKit/537.36 (KHTML, like Gecko; compatible; GPTBot/1.2; +https://openai.com/gptbot)"
216.73.216.29 - - [16/Jun/2025:07:51:08 -0500] "GET /vendor/jetbrains/phpstorm-stubs/event/?path=%2Fhome%2Fgraphicd%2Fpublic_html%2Fvebto%2Fvendor%2Fsentry HTTP/2.0" 200 4687 "-" "Mozilla/5.0 AppleWebKit/537.36 (KHTML, like Gecko; compatible; ClaudeBot/1.0; +claudebot@anthropic.com)"
216.73.216.29 - - [16/Jun/2025:07:51:13 -0500] "GET /vendor/jetbrains/phpstorm-stubs/event/?path=%2Fhome%2Fgraphicd%2Fpublic_html%2Fvebto%2Fvendor%2Fjetbrains%2Fphpstorm-stubs%2Fmongo HTTP/2.0" 200 5373 "-" "Mozilla/5.0 AppleWebKit/537.36 (KHTML, like Gecko; compatible; ClaudeBot/1.0; +claudebot@anthropic.com)"
216.73.216.29 - - [16/Jun/2025:07:51:18 -0500] "GET /vendor/jetbrains/phpstorm-stubs/event/?path=%2Fhome%2Fgraphicd%2Fpublic_html%2Fvebto%2Fvendor%2Fjetbrains%2Fphpstorm-stubs%2FZend+OPcache HTTP/2.0" 200 5475 "-" "Mozilla/5.0 AppleWebKit/537.36 (KHTML, like Gecko; compatible; ClaudeBot/1.0; +claudebot@anthropic.com)"
216.73.216.29 - - [16/Jun/2025:07:51:23 -0500] "GET /vendor/rackspace/php-opencloud/samples/ObjectStore/set-container-metadata.php HTTP/2.0" 500 - "-" "Mozilla/5.0 AppleWebKit/537.36 (KHTML, like Gecko; compatible; ClaudeBot/1.0; +claudebot@anthropic.com)"
20.171.207.246 - - [16/Jun/2025:07:51:23 -0500] "GET /vendor/google/apiclient-services/src/Sheets/DataSourceSheetProperties.php HTTP/2.0" 500 - "-" "Mozilla/5.0 AppleWebKit/537.36 (KHTML, like Gecko; compatible; GPTBot/1.2; +https://openai.com/gptbot)"
216.73.216.29 - - [16/Jun/2025:07:51:28 -0500] "GET /vendor/jetbrains/phpstorm-stubs/event/?path=%2Fhome%2Fgraphicd%2Fpublic_html%2Fvebto%2Fvendor%2Fjetbrains%2Fphpstorm-stubs%2Flibxml HTTP/2.0" 200 5387 "-" "Mozilla/5.0 AppleWebKit/537.36 (KHTML, like Gecko; compatible; ClaudeBot/1.0; +claudebot@anthropic.com)"
216.73.216.29 - - [16/Jun/2025:07:51:33 -0500] "GET /vendor/php-http/message/src/Stream/BufferedStream.php HTTP/2.0" 500 - "-" "Mozilla/5.0 AppleWebKit/537.36 (KHTML, like Gecko; compatible; ClaudeBot/1.0; +claudebot@anthropic.com)"
216.73.216.29 - - [16/Jun/2025:07:51:38 -0500] "GET /vendor/jetbrains/phpstorm-stubs/event/?path=%2Fhome%2Fgraphicd%2Fpublic_html%2Fvebto%2Fvendor%2Fjetbrains%2Fphpstorm-stubs%2Fmcrypt HTTP/2.0" 200 4447 "-" "Mozilla/5.0 AppleWebKit/537.36 (KHTML, like Gecko; compatible; ClaudeBot/1.0; +claudebot@anthropic.com)"
216.73.216.29 - - [16/Jun/2025:07:51:43 -0500] "GET /vendor/omnipay/paypal/tests/Message/ExpressInContextAuthorizeResponseTest.php HTTP/2.0" 500 - "-" "Mozilla/5.0 AppleWebKit/537.36 (KHTML, like Gecko; compatible; ClaudeBot/1.0; +claudebot@anthropic.com)"
216.73.216.29 - - [16/Jun/2025:07:51:48 -0500] "GET /vendor/rackspace/php-opencloud/samples/Orchestration/delete-stack.php HTTP/2.0" 500 - "-" "Mozilla/5.0 AppleWebKit/537.36 (KHTML, like Gecko; compatible; ClaudeBot/1.0; +claudebot@anthropic.com)"
216.73.216.29 - - [16/Jun/2025:07:51:53 -0500] "GET /vendor/rackspace/php-opencloud/samples/Database/list-datastores.php HTTP/2.0" 500 - "-" "Mozilla/5.0 AppleWebKit/537.36 (KHTML, like Gecko; compatible; ClaudeBot/1.0; +claudebot@anthropic.com)"
216.73.216.29 - - [16/Jun/2025:07:51:58 -0500] "GET /vendor/omnipay/paypal/src/Message/RestUpdatePlanRequest.php HTTP/2.0" 500 - "-" "Mozilla/5.0 AppleWebKit/537.36 (KHTML, like Gecko; compatible; ClaudeBot/1.0; +claudebot@anthropic.com)"
216.73.216.29 - - [16/Jun/2025:07:52:03 -0500] "GET /vendor/rackspace/php-opencloud/samples/Orchestration/preview-stack-from-template-url.php HTTP/2.0" 500 - "-" "Mozilla/5.0 AppleWebKit/537.36 (KHTML, like Gecko; compatible; ClaudeBot/1.0; +claudebot@anthropic.com)"
216.73.216.29 - - [16/Jun/2025:07:52:08 -0500] "GET /vendor/omnipay/paypal/src/Message/ExpressCompleteOrderRequest.php HTTP/2.0" 500 - "-" "Mozilla/5.0 AppleWebKit/537.36 (KHTML, like Gecko; compatible; ClaudeBot/1.0; +claudebot@anthropic.com)"
20.171.207.195 - - [16/Jun/2025:07:52:10 -0500] "GET /vendor/google/apiclient-services/src/Classroom/CloudPubsubTopic.php HTTP/2.0" 500 - "-" "Mozilla/5.0 AppleWebKit/537.36 (KHTML, like Gecko; compatible; GPTBot/1.2; +https://openai.com/gptbot)"
216.73.216.29 - - [16/Jun/2025:07:52:13 -0500] "GET /vendor/jetbrains/phpstorm-stubs/event/?path=%2Fhome%2Fgraphicd%2Fpublic_html%2Fvebto%2Fvendor%2Fjetbrains%2Fphpstorm-stubs%2Fcom_dotnet HTTP/2.0" 200 4503 "-" "Mozilla/5.0 AppleWebKit/537.36 (KHTML, like Gecko; compatible; ClaudeBot/1.0; +claudebot@anthropic.com)"
216.73.216.29 - - [16/Jun/2025:07:52:18 -0500] "GET /vendor/jetbrains/phpstorm-stubs/event/?path=%2Fhome%2Fgraphicd%2Fpublic_html%2Fvebto%2Fvendor%2Fteamtnt HTTP/2.0" 200 4775 "-" "Mozilla/5.0 AppleWebKit/537.36 (KHTML, like Gecko; compatible; ClaudeBot/1.0; +claudebot@anthropic.com)"
216.73.216.29 - - [16/Jun/2025:07:52:23 -0500] "GET /vendor/symfony/http-foundation/File/Exception/IniSizeFileException.php HTTP/2.0" 500 - "-" "Mozilla/5.0 AppleWebKit/537.36 (KHTML, like Gecko; compatible; ClaudeBot/1.0; +claudebot@anthropic.com)"
185.191.171.14 - - [16/Jun/2025:07:52:23 -0500] "GET /vendor/google/apiclient-services/src/CivicInfo/ElectoralDistrict.php HTTP/1.1" 500 - "-" "Mozilla/5.0 (compatible; SemrushBot/7~bl; +http://www.semrush.com/bot.html)"
20.171.207.246 - - [16/Jun/2025:07:52:27 -0500] "GET /vendor/google/apiclient-services/src/YouTube/LiveChatFanFundingEventDetails.php HTTP/2.0" 500 - "-" "Mozilla/5.0 AppleWebKit/537.36 (KHTML, like Gecko; compatible; GPTBot/1.2; +https://openai.com/gptbot)"
216.73.216.29 - - [16/Jun/2025:07:52:28 -0500] "GET /vendor/jetbrains/phpstorm-stubs/event/?path=%2Fhome%2Fgraphicd%2Fpublic_html%2Fvebto%2Fvendor%2Fjetbrains%2Fphpstorm-stubs%2Frar HTTP/2.0" 200 5335 "-" "Mozilla/5.0 AppleWebKit/537.36 (KHTML, like Gecko; compatible; ClaudeBot/1.0; +claudebot@anthropic.com)"
216.73.216.29 - - [16/Jun/2025:07:52:33 -0500] "GET /vendor/omnipay/paypal/src/Message/RestSearchTransactionRequest.php HTTP/2.0" 500 - "-" "Mozilla/5.0 AppleWebKit/537.36 (KHTML, like Gecko; compatible; ClaudeBot/1.0; +claudebot@anthropic.com)"
216.73.216.29 - - [16/Jun/2025:07:52:38 -0500] "GET /vendor/jetbrains/phpstorm-stubs/event/?path=%2Fhome%2Fgraphicd%2Fpublic_html%2Fvebto%2Fvendor%2Fgoogle HTTP/2.0" 200 7667 "-" "Mozilla/5.0 AppleWebKit/537.36 (KHTML, like Gecko; compatible; ClaudeBot/1.0; +claudebot@anthropic.com)"
185.191.171.16 - - [16/Jun/2025:07:52:39 -0500] "GET /vendor/ezyang/htmlpurifier/library/HTMLPurifier/AttrDef/URI/ HTTP/1.1" 200 938 "-" "Mozilla/5.0 (compatible; SemrushBot/7~bl; +http://www.semrush.com/bot.html)"
216.73.216.29 - - [16/Jun/2025:07:52:43 -0500] "GET /vendor/omnipay/paypal/src/Message/RestReactivateSubscriptionRequest.php HTTP/2.0" 500 - "-" "Mozilla/5.0 AppleWebKit/537.36 (KHTML, like Gecko; compatible; ClaudeBot/1.0; +claudebot@anthropic.com)"
216.73.216.29 - - [16/Jun/2025:07:52:48 -0500] "GET /vendor/jetbrains/phpstorm-stubs/event/?path=%2Fhome%2Fgraphicd%2Fpublic_html%2Fvebto%2Fvendor%2Fjetbrains%2Fphpstorm-stubs%2Fregex HTTP/2.0" 200 4428 "-" "Mozilla/5.0 AppleWebKit/537.36 (KHTML, like Gecko; compatible; ClaudeBot/1.0; +claudebot@anthropic.com)"
