216.73.216.29 - - [16/Jun/2025:10:17:59 -0500] "GET /vendor/aws/aws-sdk-php/src/ElasticInference/?C=N&O=D HTTP/2.0" 200 1078 "-" "Mozilla/5.0 AppleWebKit/537.36 (KHTML, like Gecko; compatible; ClaudeBot/1.0; +claudebot@anthropic.com)"
216.73.216.29 - - [16/Jun/2025:10:18:04 -0500] "GET /vendor/nyholm/psr7/src/MessageTrait.php HTTP/2.0" 200 - "-" "Mozilla/5.0 AppleWebKit/537.36 (KHTML, like Gecko; compatible; ClaudeBot/1.0; +claudebot@anthropic.com)"
216.73.216.29 - - [16/Jun/2025:10:18:09 -0500] "GET /vendor/symfony/options-resolver/Debug/?C=D&O=D HTTP/2.0" 200 898 "-" "Mozilla/5.0 AppleWebKit/537.36 (KHTML, like Gecko; compatible; ClaudeBot/1.0; +claudebot@anthropic.com)"
216.73.216.29 - - [16/Jun/2025:10:18:14 -0500] "GET /vendor/jetbrains/phpstorm-stubs/fpm/?C=S&O=D HTTP/2.0" 200 867 "-" "Mozilla/5.0 AppleWebKit/537.36 (KHTML, like Gecko; compatible; ClaudeBot/1.0; +claudebot@anthropic.com)"
85.208.96.209 - - [16/Jun/2025:10:18:16 -0500] "GET /vendor/google/apiclient-services/src/Dfareporting/ThirdPartyAuthenticationToken.php HTTP/1.1" 500 - "-" "Mozilla/5.0 (compatible; SemrushBot/7~bl; +http://www.semrush.com/bot.html)"
216.73.216.29 - - [16/Jun/2025:10:18:19 -0500] "GET /vendor/jetbrains/phpstorm-stubs/crypto/?C=S&O=D HTTP/2.0" 200 876 "-" "Mozilla/5.0 AppleWebKit/537.36 (KHTML, like Gecko; compatible; ClaudeBot/1.0; +claudebot@anthropic.com)"
216.73.216.29 - - [16/Jun/2025:10:18:24 -0500] "GET /vendor/symfony/console/Question/?C=S&O=D HTTP/2.0" 200 1236 "-" "Mozilla/5.0 AppleWebKit/537.36 (KHTML, like Gecko; compatible; ClaudeBot/1.0; +claudebot@anthropic.com)"
216.73.216.29 - - [16/Jun/2025:10:18:29 -0500] "GET /vendor/jetbrains/phpstorm-stubs/ZendDebugger/?C=D&O=D HTTP/2.0" 200 894 "-" "Mozilla/5.0 AppleWebKit/537.36 (KHTML, like Gecko; compatible; ClaudeBot/1.0; +claudebot@anthropic.com)"
216.73.216.29 - - [16/Jun/2025:10:18:34 -0500] "GET /vendor/fideloper/proxy/config/trustedproxy.php HTTP/2.0" 500 - "-" "Mozilla/5.0 AppleWebKit/537.36 (KHTML, like Gecko; compatible; ClaudeBot/1.0; +claudebot@anthropic.com)"
216.73.216.29 - - [16/Jun/2025:10:18:39 -0500] "GET /vendor/symfony/serializer/Extractor/?C=M&O=D HTTP/2.0" 200 1099 "-" "Mozilla/5.0 AppleWebKit/537.36 (KHTML, like Gecko; compatible; ClaudeBot/1.0; +claudebot@anthropic.com)"
216.73.216.29 - - [16/Jun/2025:10:18:44 -0500] "GET /vendor/jetbrains/phpstorm-stubs/pgsql/?C=D&O=D HTTP/2.0" 200 873 "-" "Mozilla/5.0 AppleWebKit/537.36 (KHTML, like Gecko; compatible; ClaudeBot/1.0; +claudebot@anthropic.com)"
216.73.216.29 - - [16/Jun/2025:10:18:49 -0500] "GET /vendor/jetbrains/phpstorm-stubs/sybase/?C=M&O=D HTTP/2.0" 200 879 "-" "Mozilla/5.0 AppleWebKit/537.36 (KHTML, like Gecko; compatible; ClaudeBot/1.0; +claudebot@anthropic.com)"
20.171.207.246 - - [16/Jun/2025:10:18:53 -0500] "GET /vendor/google/apiclient-services/src/Blogger/PageAuthor.php HTTP/2.0" 500 - "-" "Mozilla/5.0 AppleWebKit/537.36 (KHTML, like Gecko; compatible; GPTBot/1.2; +https://openai.com/gptbot)"
216.73.216.29 - - [16/Jun/2025:10:18:54 -0500] "GET /vendor/aws/aws-sdk-php/src/ApiGatewayV2/?C=N&O=D HTTP/2.0" 200 1063 "-" "Mozilla/5.0 AppleWebKit/537.36 (KHTML, like Gecko; compatible; ClaudeBot/1.0; +claudebot@anthropic.com)"
20.171.207.195 - - [16/Jun/2025:10:18:56 -0500] "GET /vendor/google/apiclient-services/src/Firestore/DocumentDelete.php HTTP/2.0" 500 - "-" "Mozilla/5.0 AppleWebKit/537.36 (KHTML, like Gecko; compatible; GPTBot/1.2; +https://openai.com/gptbot)"
216.73.216.29 - - [16/Jun/2025:10:18:59 -0500] "GET /vendor/aws/aws-sdk-php/src/ApiGatewayManagementApi/?C=S&O=A HTTP/2.0" 200 1099 "-" "Mozilla/5.0 AppleWebKit/537.36 (KHTML, like Gecko; compatible; ClaudeBot/1.0; +claudebot@anthropic.com)"
185.191.171.15 - - [16/Jun/2025:10:19:00 -0500] "GET /vendor/google/apiclient-services/src/DLP/GooglePrivacyDlpV2RecordSuppression.php HTTP/1.1" 500 - "-" "Mozilla/5.0 (compatible; SemrushBot/7~bl; +http://www.semrush.com/bot.html)"
216.73.216.29 - - [16/Jun/2025:10:19:04 -0500] "GET /vendor/symfony/console/Exception/?C=M&O=D HTTP/2.0" 200 2233 "-" "Mozilla/5.0 AppleWebKit/537.36 (KHTML, like Gecko; compatible; ClaudeBot/1.0; +claudebot@anthropic.com)"
216.73.216.29 - - [16/Jun/2025:10:19:09 -0500] "GET /vendor/symfony/serializer/Extractor/?C=D&O=D HTTP/2.0" 200 1099 "-" "Mozilla/5.0 AppleWebKit/537.36 (KHTML, like Gecko; compatible; ClaudeBot/1.0; +claudebot@anthropic.com)"
216.73.216.29 - - [16/Jun/2025:10:19:14 -0500] "GET /vendor/jetbrains/phpstorm-stubs/sqlite3/?C=M&O=D HTTP/2.0" 200 879 "-" "Mozilla/5.0 AppleWebKit/537.36 (KHTML, like Gecko; compatible; ClaudeBot/1.0; +claudebot@anthropic.com)"
216.73.216.29 - - [16/Jun/2025:10:19:19 -0500] "GET /vendor/jetbrains/phpstorm-stubs/pcre/?C=M&O=D HTTP/2.0" 200 870 "-" "Mozilla/5.0 AppleWebKit/537.36 (KHTML, like Gecko; compatible; ClaudeBot/1.0; +claudebot@anthropic.com)"
216.73.216.29 - - [16/Jun/2025:10:19:24 -0500] "GET /vendor/jetbrains/phpstorm-stubs/sysvsem/?C=M&O=D HTTP/2.0" 200 879 "-" "Mozilla/5.0 AppleWebKit/537.36 (KHTML, like Gecko; compatible; ClaudeBot/1.0; +claudebot@anthropic.com)"
216.73.216.29 - - [16/Jun/2025:10:19:29 -0500] "GET /vendor/pusher/pusher-php-server/?C=S&O=D HTTP/2.0" 200 1557 "-" "Mozilla/5.0 AppleWebKit/537.36 (KHTML, like Gecko; compatible; ClaudeBot/1.0; +claudebot@anthropic.com)"
216.73.216.29 - - [16/Jun/2025:10:19:34 -0500] "GET /vendor/aws/aws-sdk-php/src/CodeGuruReviewer/?C=N&O=D HTTP/2.0" 200 1078 "-" "Mozilla/5.0 AppleWebKit/537.36 (KHTML, like Gecko; compatible; ClaudeBot/1.0; +claudebot@anthropic.com)"
216.73.216.29 - - [16/Jun/2025:10:19:39 -0500] "GET /vendor/jetbrains/phpstorm-stubs/soap/?C=S&O=D HTTP/2.0" 200 870 "-" "Mozilla/5.0 AppleWebKit/537.36 (KHTML, like Gecko; compatible; ClaudeBot/1.0; +claudebot@anthropic.com)"
216.73.216.29 - - [16/Jun/2025:10:19:44 -0500] "GET /vendor/symfony/serializer/DependencyInjection/?C=M&O=D HTTP/2.0" 200 892 "-" "Mozilla/5.0 AppleWebKit/537.36 (KHTML, like Gecko; compatible; ClaudeBot/1.0; +claudebot@anthropic.com)"
216.73.216.29 - - [16/Jun/2025:10:19:49 -0500] "GET /vendor/spatie/enum/docs/images/refactor.gif HTTP/2.0" 200 67743 "-" "Mozilla/5.0 AppleWebKit/537.36 (KHTML, like Gecko; compatible; ClaudeBot/1.0; +claudebot@anthropic.com)"
216.73.216.29 - - [16/Jun/2025:10:19:54 -0500] "GET /vendor/jetbrains/phpstorm-stubs/sysvmsg/?C=N&O=A HTTP/2.0" 200 879 "-" "Mozilla/5.0 AppleWebKit/537.36 (KHTML, like Gecko; compatible; ClaudeBot/1.0; +claudebot@anthropic.com)"
20.171.207.246 - - [16/Jun/2025:10:19:57 -0500] "GET /vendor/google/apiclient-services/src/Sheets/FilterSpec.php HTTP/2.0" 500 - "-" "Mozilla/5.0 AppleWebKit/537.36 (KHTML, like Gecko; compatible; GPTBot/1.2; +https://openai.com/gptbot)"
216.73.216.29 - - [16/Jun/2025:10:19:59 -0500] "GET /vendor/jetbrains/phpstorm-stubs/msgpack/?C=N&O=A HTTP/2.0" 200 879 "-" "Mozilla/5.0 AppleWebKit/537.36 (KHTML, like Gecko; compatible; ClaudeBot/1.0; +claudebot@anthropic.com)"
20.171.207.195 - - [16/Jun/2025:10:20:01 -0500] "GET /vendor/google/apiclient-services/src/Firestore/ListenRequest.php HTTP/2.0" 500 - "-" "Mozilla/5.0 AppleWebKit/537.36 (KHTML, like Gecko; compatible; GPTBot/1.2; +https://openai.com/gptbot)"
216.73.216.29 - - [16/Jun/2025:10:20:04 -0500] "GET /vendor/jetbrains/phpstorm-stubs/xdebug/?C=D&O=D HTTP/2.0" 200 876 "-" "Mozilla/5.0 AppleWebKit/537.36 (KHTML, like Gecko; compatible; ClaudeBot/1.0; +claudebot@anthropic.com)"
185.191.171.9 - - [16/Jun/2025:10:20:05 -0500] "GET /vendor/aws/aws-sdk-php/src/AppRunner/ HTTP/1.1" 200 1054 "-" "Mozilla/5.0 (compatible; SemrushBot/7~bl; +http://www.semrush.com/bot.html)"
216.73.216.29 - - [16/Jun/2025:10:20:09 -0500] "GET /vendor/matchish/laravel-scout-elasticsearch/resources/?C=S&O=D HTTP/2.0" 200 913 "-" "Mozilla/5.0 AppleWebKit/537.36 (KHTML, like Gecko; compatible; ClaudeBot/1.0; +claudebot@anthropic.com)"
216.73.216.29 - - [16/Jun/2025:10:20:14 -0500] "GET /vendor/aws/aws-sdk-php/src/AmplifyUIBuilder/?C=N&O=D HTTP/2.0" 200 1078 "-" "Mozilla/5.0 AppleWebKit/537.36 (KHTML, like Gecko; compatible; ClaudeBot/1.0; +claudebot@anthropic.com)"
216.73.216.29 - - [16/Jun/2025:10:20:19 -0500] "GET /vendor/symfony/console/Formatter/?C=D&O=D HTTP/2.0" 200 2260 "-" "Mozilla/5.0 AppleWebKit/537.36 (KHTML, like Gecko; compatible; ClaudeBot/1.0; +claudebot@anthropic.com)"
216.73.216.29 - - [16/Jun/2025:10:20:24 -0500] "GET /vendor/jetbrains/phpstorm-stubs/uopz/?C=S&O=D HTTP/2.0" 200 870 "-" "Mozilla/5.0 AppleWebKit/537.36 (KHTML, like Gecko; compatible; ClaudeBot/1.0; +claudebot@anthropic.com)"
185.191.171.4 - - [16/Jun/2025:10:20:26 -0500] "GET /vendor/aws/aws-sdk-php/src/data/timestream-query/ HTTP/1.1" 200 897 "-" "Mozilla/5.0 (compatible; SemrushBot/7~bl; +http://www.semrush.com/bot.html)"
216.73.216.29 - - [16/Jun/2025:10:20:29 -0500] "GET /vendor/jetbrains/phpstorm-stubs/mcrypt/?C=D&O=D HTTP/2.0" 200 876 "-" "Mozilla/5.0 AppleWebKit/537.36 (KHTML, like Gecko; compatible; ClaudeBot/1.0; +claudebot@anthropic.com)"
185.191.171.14 - - [16/Jun/2025:10:20:29 -0500] "GET /vendor/google/apiclient-services/src/CloudMachineLearningEngine/GoogleCloudMlV1SampledShapleyAttribution.php HTTP/1.1" 500 - "-" "Mozilla/5.0 (compatible; SemrushBot/7~bl; +http://www.semrush.com/bot.html)"
216.73.216.29 - - [16/Jun/2025:10:20:34 -0500] "GET /vendor/aws/aws-sdk-php/src/DocDB/?C=N&O=D HTTP/2.0" 200 1042 "-" "Mozilla/5.0 AppleWebKit/537.36 (KHTML, like Gecko; compatible; ClaudeBot/1.0; +claudebot@anthropic.com)"
216.73.216.29 - - [16/Jun/2025:10:20:44 -0500] "GET /vendor/jetbrains/phpstorm-stubs/openssl/?C=M&O=D HTTP/2.0" 200 879 "-" "Mozilla/5.0 AppleWebKit/537.36 (KHTML, like Gecko; compatible; ClaudeBot/1.0; +claudebot@anthropic.com)"
216.73.216.29 - - [16/Jun/2025:10:20:44 -0500] "GET /vendor/jetbrains/phpstorm-stubs/sqlite3/?C=D&O=D HTTP/2.0" 200 879 "-" "Mozilla/5.0 AppleWebKit/537.36 (KHTML, like Gecko; compatible; ClaudeBot/1.0; +claudebot@anthropic.com)"
216.73.216.29 - - [16/Jun/2025:10:20:49 -0500] "GET /vendor/jetbrains/phpstorm-stubs/memcache/?C=M&O=D HTTP/2.0" 200 882 "-" "Mozilla/5.0 AppleWebKit/537.36 (KHTML, like Gecko; compatible; ClaudeBot/1.0; +claudebot@anthropic.com)"
216.73.216.29 - - [16/Jun/2025:10:20:54 -0500] "GET /vendor/algolia/algoliasearch-client-php/src/Cache/?C=N&O=D HTTP/2.0" 200 1106 "-" "Mozilla/5.0 AppleWebKit/537.36 (KHTML, like Gecko; compatible; ClaudeBot/1.0; +claudebot@anthropic.com)"
20.171.207.246 - - [16/Jun/2025:10:21:00 -0500] "GET /vendor/jetbrains/phpstorm-stubs/tests/Model/PHPInterface.php HTTP/2.0" 500 - "-" "Mozilla/5.0 AppleWebKit/537.36 (KHTML, like Gecko; compatible; GPTBot/1.2; +https://openai.com/gptbot)"
20.171.207.195 - - [16/Jun/2025:10:21:01 -0500] "GET /vendor/google/apiclient-services/src/Directory/UserLocation.php HTTP/2.0" 500 - "-" "Mozilla/5.0 AppleWebKit/537.36 (KHTML, like Gecko; compatible; GPTBot/1.2; +https://openai.com/gptbot)"
216.73.216.29 - - [16/Jun/2025:10:21:04 -0500] "GET /vendor/jetbrains/phpstorm-stubs/mapscript/?C=N&O=A HTTP/2.0" 200 885 "-" "Mozilla/5.0 AppleWebKit/537.36 (KHTML, like Gecko; compatible; ClaudeBot/1.0; +claudebot@anthropic.com)"
216.73.216.29 - - [16/Jun/2025:10:21:09 -0500] "GET /vendor/aws/aws-sdk-php/src/OpenSearchService/?C=N&O=D HTTP/2.0" 200 1081 "-" "Mozilla/5.0 AppleWebKit/537.36 (KHTML, like Gecko; compatible; ClaudeBot/1.0; +claudebot@anthropic.com)"
216.73.216.29 - - [16/Jun/2025:10:21:14 -0500] "GET /vendor/aws/aws-sdk-php/src/IoT1ClickProjects/?C=M&O=A HTTP/2.0" 200 1081 "-" "Mozilla/5.0 AppleWebKit/537.36 (KHTML, like Gecko; compatible; ClaudeBot/1.0; +claudebot@anthropic.com)"
216.73.216.29 - - [16/Jun/2025:10:21:19 -0500] "GET /vendor/nesbot/carbon/src/Carbon/Factory.php HTTP/2.0" 200 - "-" "Mozilla/5.0 AppleWebKit/537.36 (KHTML, like Gecko; compatible; ClaudeBot/1.0; +claudebot@anthropic.com)"
216.73.216.29 - - [16/Jun/2025:10:21:24 -0500] "GET /vendor/egulias/email-validator/src/Warning/ObsoleteDTEXT.php HTTP/2.0" 500 - "-" "Mozilla/5.0 AppleWebKit/537.36 (KHTML, like Gecko; compatible; ClaudeBot/1.0; +claudebot@anthropic.com)"
216.73.216.29 - - [16/Jun/2025:10:21:29 -0500] "GET /vendor/vlucas/phpdotenv/src/?C=N&O=A HTTP/2.0" 200 2081 "-" "Mozilla/5.0 AppleWebKit/537.36 (KHTML, like Gecko; compatible; ClaudeBot/1.0; +claudebot@anthropic.com)"
185.191.171.11 - - [16/Jun/2025:10:21:35 -0500] "GET /vendor/laravel/framework/src/Illuminate/Notifications/ HTTP/1.1" 200 1978 "-" "Mozilla/5.0 (compatible; SemrushBot/7~bl; +http://www.semrush.com/bot.html)"
216.73.216.29 - - [16/Jun/2025:10:21:36 -0500] "GET /vendor/ezimuel/ringphp/src/Exception/CancelledFutureAccessException.php HTTP/2.0" 500 - "-" "Mozilla/5.0 AppleWebKit/537.36 (KHTML, like Gecko; compatible; ClaudeBot/1.0; +claudebot@anthropic.com)"
216.73.216.29 - - [16/Jun/2025:10:21:40 -0500] "GET /vendor/jetbrains/phpstorm-stubs/ftp/?C=S&O=D HTTP/2.0" 200 867 "-" "Mozilla/5.0 AppleWebKit/537.36 (KHTML, like Gecko; compatible; ClaudeBot/1.0; +claudebot@anthropic.com)"
216.73.216.29 - - [16/Jun/2025:10:21:45 -0500] "GET /vendor/jetbrains/phpstorm-stubs/ZendUtils/?C=D&O=D HTTP/2.0" 200 885 "-" "Mozilla/5.0 AppleWebKit/537.36 (KHTML, like Gecko; compatible; ClaudeBot/1.0; +claudebot@anthropic.com)"
216.73.216.29 - - [16/Jun/2025:10:21:50 -0500] "GET /vendor/jetbrains/phpstorm-stubs/sockets/?C=S&O=D HTTP/2.0" 200 879 "-" "Mozilla/5.0 AppleWebKit/537.36 (KHTML, like Gecko; compatible; ClaudeBot/1.0; +claudebot@anthropic.com)"
216.73.216.29 - - [16/Jun/2025:10:21:55 -0500] "GET /vendor/symfony/process/Exception/?C=S&O=D HTTP/2.0" 200 2035 "-" "Mozilla/5.0 AppleWebKit/537.36 (KHTML, like Gecko; compatible; ClaudeBot/1.0; +claudebot@anthropic.com)"
216.73.216.29 - - [16/Jun/2025:10:22:00 -0500] "GET /vendor/symfony/console/Tester/Constraint/?C=D&O=A HTTP/2.0" 200 891 "-" "Mozilla/5.0 AppleWebKit/537.36 (KHTML, like Gecko; compatible; ClaudeBot/1.0; +claudebot@anthropic.com)"
20.171.207.195 - - [16/Jun/2025:10:22:03 -0500] "GET /vendor/google/apiclient-services/src/Firestore/CommitRequest.php HTTP/2.0" 500 - "-" "Mozilla/5.0 AppleWebKit/537.36 (KHTML, like Gecko; compatible; GPTBot/1.2; +https://openai.com/gptbot)"
20.171.207.246 - - [16/Jun/2025:10:22:04 -0500] "GET /vendor/jetbrains/phpstorm-stubs/tests/Model/BasePHPClass.php HTTP/2.0" 500 - "-" "Mozilla/5.0 AppleWebKit/537.36 (KHTML, like Gecko; compatible; GPTBot/1.2; +https://openai.com/gptbot)"
216.73.216.29 - - [16/Jun/2025:10:22:05 -0500] "GET /vendor/jetbrains/phpstorm-stubs/mysqli/?C=N&O=A HTTP/2.0" 200 876 "-" "Mozilla/5.0 AppleWebKit/537.36 (KHTML, like Gecko; compatible; ClaudeBot/1.0; +claudebot@anthropic.com)"
216.73.216.29 - - [16/Jun/2025:10:22:10 -0500] "GET /vendor/jetbrains/phpstorm-stubs/interbase/?C=S&O=D HTTP/2.0" 200 885 "-" "Mozilla/5.0 AppleWebKit/537.36 (KHTML, like Gecko; compatible; ClaudeBot/1.0; +claudebot@anthropic.com)"
216.73.216.29 - - [16/Jun/2025:10:22:18 -0500] "GET /vendor/symfony/service-contracts/Test/?C=M&O=D HTTP/2.0" 200 887 "-" "Mozilla/5.0 AppleWebKit/537.36 (KHTML, like Gecko; compatible; ClaudeBot/1.0; +claudebot@anthropic.com)"
216.73.216.29 - - [16/Jun/2025:10:22:18 -0500] "GET /vendor/symfony/serializer/Annotation/?C=D&O=D HTTP/2.0" 200 1777 "-" "Mozilla/5.0 AppleWebKit/537.36 (KHTML, like Gecko; compatible; ClaudeBot/1.0; +claudebot@anthropic.com)"
216.73.216.29 - - [16/Jun/2025:10:22:18 -0500] "GET /vendor/aws/aws-sdk-php/src/IoT1ClickProjects/?C=D&O=A HTTP/2.0" 200 1081 "-" "Mozilla/5.0 AppleWebKit/537.36 (KHTML, like Gecko; compatible; ClaudeBot/1.0; +claudebot@anthropic.com)"
216.73.216.29 - - [16/Jun/2025:10:22:18 -0500] "GET /vendor/symfony/http-client/Response/?C=M&O=D HTTP/2.0" 200 3118 "-" "Mozilla/5.0 AppleWebKit/537.36 (KHTML, like Gecko; compatible; ClaudeBot/1.0; +claudebot@anthropic.com)"
216.73.216.29 - - [16/Jun/2025:10:22:18 -0500] "GET /vendor/aws/aws-sdk-php/src/AppIntegrationsService/?C=N&O=D HTTP/2.0" 200 1096 "-" "Mozilla/5.0 AppleWebKit/537.36 (KHTML, like Gecko; compatible; ClaudeBot/1.0; +claudebot@anthropic.com)"
216.73.216.29 - - [16/Jun/2025:10:22:18 -0500] "GET /vendor/ramsey/uuid/src/Builder/UuidBuilderInterface.php HTTP/2.0" 200 - "-" "Mozilla/5.0 AppleWebKit/537.36 (KHTML, like Gecko; compatible; ClaudeBot/1.0; +claudebot@anthropic.com)"
216.73.216.29 - - [16/Jun/2025:10:22:18 -0500] "GET /vendor/algolia/algoliasearch-client-php/src/Http/?C=N&O=D HTTP/2.0" 200 1468 "-" "Mozilla/5.0 AppleWebKit/537.36 (KHTML, like Gecko; compatible; ClaudeBot/1.0; +claudebot@anthropic.com)"
216.73.216.29 - - [16/Jun/2025:10:22:19 -0500] "GET /vendor/symfony/http-client/Internal/?C=D&O=D HTTP/2.0" 200 2521 "-" "Mozilla/5.0 AppleWebKit/537.36 (KHTML, like Gecko; compatible; ClaudeBot/1.0; +claudebot@anthropic.com)"
216.73.216.29 - - [16/Jun/2025:10:22:19 -0500] "GET /vendor/jetbrains/phpstorm-stubs/ssh2/?C=M&O=D HTTP/2.0" 200 870 "-" "Mozilla/5.0 AppleWebKit/537.36 (KHTML, like Gecko; compatible; ClaudeBot/1.0; +claudebot@anthropic.com)"
216.73.216.29 - - [16/Jun/2025:10:22:19 -0500] "GET /vendor/aws/aws-sdk-php/src/Route53RecoveryControlConfig/?C=S&O=A HTTP/2.0" 200 1114 "-" "Mozilla/5.0 AppleWebKit/537.36 (KHTML, like Gecko; compatible; ClaudeBot/1.0; +claudebot@anthropic.com)"
216.73.216.29 - - [16/Jun/2025:10:22:19 -0500] "GET /vendor/symfony/console/Completion/Output/?C=N&O=D HTTP/2.0" 200 1099 "-" "Mozilla/5.0 AppleWebKit/537.36 (KHTML, like Gecko; compatible; ClaudeBot/1.0; +claudebot@anthropic.com)"
216.73.216.29 - - [16/Jun/2025:10:22:19 -0500] "GET /vendor/google/cloud-storage/CODE_OF_CONDUCT.md HTTP/2.0" 200 1980 "-" "Mozilla/5.0 AppleWebKit/537.36 (KHTML, like Gecko; compatible; ClaudeBot/1.0; +claudebot@anthropic.com)"
216.73.216.29 - - [16/Jun/2025:10:22:20 -0500] "GET /vendor/jetbrains/phpstorm-stubs/libsodium/?C=M&O=D HTTP/2.0" 200 885 "-" "Mozilla/5.0 AppleWebKit/537.36 (KHTML, like Gecko; compatible; ClaudeBot/1.0; +claudebot@anthropic.com)"
216.73.216.29 - - [16/Jun/2025:10:22:20 -0500] "GET /vendor/symfony/error-handler/Resources/assets/?C=N&O=D HTTP/2.0" 200 1237 "-" "Mozilla/5.0 AppleWebKit/537.36 (KHTML, like Gecko; compatible; ClaudeBot/1.0; +claudebot@anthropic.com)"
216.73.216.29 - - [16/Jun/2025:10:22:20 -0500] "GET /vendor/doctrine/dbal/src/SQL/?C=S&O=A HTTP/2.0" 200 1024 "-" "Mozilla/5.0 AppleWebKit/537.36 (KHTML, like Gecko; compatible; ClaudeBot/1.0; +claudebot@anthropic.com)"
216.73.216.29 - - [16/Jun/2025:10:22:20 -0500] "GET /vendor/aws/aws-sdk-php/src/KafkaConnect/?C=N&O=D HTTP/2.0" 200 1063 "-" "Mozilla/5.0 AppleWebKit/537.36 (KHTML, like Gecko; compatible; ClaudeBot/1.0; +claudebot@anthropic.com)"
216.73.216.29 - - [16/Jun/2025:10:22:20 -0500] "GET /vendor/aws/aws-sdk-php/src/LexRuntimeService/?C=N&O=D HTTP/2.0" 200 1081 "-" "Mozilla/5.0 AppleWebKit/537.36 (KHTML, like Gecko; compatible; ClaudeBot/1.0; +claudebot@anthropic.com)"
216.73.216.29 - - [16/Jun/2025:10:22:20 -0500] "GET /vendor/aws/aws-sdk-php/src/LexModelsV2/?C=S&O=A HTTP/2.0" 200 1060 "-" "Mozilla/5.0 AppleWebKit/537.36 (KHTML, like Gecko; compatible; ClaudeBot/1.0; +claudebot@anthropic.com)"
216.73.216.29 - - [16/Jun/2025:10:22:21 -0500] "GET /vendor/laravel/ui/src/?C=M&O=D HTTP/2.0" 200 1930 "-" "Mozilla/5.0 AppleWebKit/537.36 (KHTML, like Gecko; compatible; ClaudeBot/1.0; +claudebot@anthropic.com)"
216.73.216.29 - - [16/Jun/2025:10:22:21 -0500] "GET /vendor/aws/aws-sdk-php/src/ElasticBeanstalk/?C=N&O=D HTTP/2.0" 200 1078 "-" "Mozilla/5.0 AppleWebKit/537.36 (KHTML, like Gecko; compatible; ClaudeBot/1.0; +claudebot@anthropic.com)"
216.73.216.29 - - [16/Jun/2025:10:22:21 -0500] "GET /vendor/jetbrains/phpstorm-stubs/v8js/?C=M&O=D HTTP/2.0" 200 870 "-" "Mozilla/5.0 AppleWebKit/537.36 (KHTML, like Gecko; compatible; ClaudeBot/1.0; +claudebot@anthropic.com)"
216.73.216.29 - - [16/Jun/2025:10:22:21 -0500] "GET /vendor/symfony/serializer/Exception/?C=D&O=D HTTP/2.0" 200 3450 "-" "Mozilla/5.0 AppleWebKit/537.36 (KHTML, like Gecko; compatible; ClaudeBot/1.0; +claudebot@anthropic.com)"
216.73.216.29 - - [16/Jun/2025:10:22:21 -0500] "GET /vendor/rackspace/php-opencloud/tests/?C=M&O=D HTTP/2.0" 200 1052 "-" "Mozilla/5.0 AppleWebKit/537.36 (KHTML, like Gecko; compatible; ClaudeBot/1.0; +claudebot@anthropic.com)"
216.73.216.29 - - [16/Jun/2025:10:22:21 -0500] "GET /vendor/jetbrains/phpstorm-stubs/event/?filesrc=%2F%2F.autorelabel&path=%2F HTTP/2.0" 200 1725 "-" "Mozilla/5.0 AppleWebKit/537.36 (KHTML, like Gecko; compatible; ClaudeBot/1.0; +claudebot@anthropic.com)"
216.73.216.29 - - [16/Jun/2025:10:22:21 -0500] "GET /vendor/phpdocumentor/reflection-docblock/src/DocBlock/?C=N&O=D HTTP/2.0" 200 2201 "-" "Mozilla/5.0 AppleWebKit/537.36 (KHTML, like Gecko; compatible; ClaudeBot/1.0; +claudebot@anthropic.com)"
216.73.216.29 - - [16/Jun/2025:10:22:21 -0500] "GET /vendor/jetbrains/phpstorm-stubs/zip/?C=S&O=D HTTP/2.0" 200 867 "-" "Mozilla/5.0 AppleWebKit/537.36 (KHTML, like Gecko; compatible; ClaudeBot/1.0; +claudebot@anthropic.com)"
216.73.216.29 - - [16/Jun/2025:10:22:22 -0500] "GET /vendor/aws/aws-sdk-php/src/PrometheusService/?C=N&O=D HTTP/2.0" 200 1081 "-" "Mozilla/5.0 AppleWebKit/537.36 (KHTML, like Gecko; compatible; ClaudeBot/1.0; +claudebot@anthropic.com)"
85.208.96.200 - - [16/Jun/2025:10:22:37 -0500] "GET /vendor/ramsey/collection/src/Map/TypedMap.php HTTP/1.1" 500 - "-" "Mozilla/5.0 (compatible; SemrushBot/7~bl; +http://www.semrush.com/bot.html)"
20.171.207.246 - - [16/Jun/2025:10:23:05 -0500] "GET /vendor/google/apiclient-services/src/Sheets/DeleteSheetRequest.php HTTP/2.0" 500 - "-" "Mozilla/5.0 AppleWebKit/537.36 (KHTML, like Gecko; compatible; GPTBot/1.2; +https://openai.com/gptbot)"
20.171.207.195 - - [16/Jun/2025:10:23:06 -0500] "GET /vendor/google/apiclient-services/src/Firestore/DocumentRemove.php HTTP/2.0" 500 - "-" "Mozilla/5.0 AppleWebKit/537.36 (KHTML, like Gecko; compatible; GPTBot/1.2; +https://openai.com/gptbot)"
216.73.216.29 - - [16/Jun/2025:10:23:08 -0500] "GET /vendor/algolia/algoliasearch-client-php/src/Support/?C=N&O=D HTTP/2.0" 200 1096 "-" "Mozilla/5.0 AppleWebKit/537.36 (KHTML, like Gecko; compatible; ClaudeBot/1.0; +claudebot@anthropic.com)"
216.73.216.29 - - [16/Jun/2025:10:23:08 -0500] "GET /vendor/ezimuel/ringphp/src/Future/FutureArray.php HTTP/2.0" 500 - "-" "Mozilla/5.0 AppleWebKit/537.36 (KHTML, like Gecko; compatible; ClaudeBot/1.0; +claudebot@anthropic.com)"
216.73.216.29 - - [16/Jun/2025:10:23:08 -0500] "GET /vendor/jetbrains/phpstorm-stubs/stomp/?C=S&O=D HTTP/2.0" 200 873 "-" "Mozilla/5.0 AppleWebKit/537.36 (KHTML, like Gecko; compatible; ClaudeBot/1.0; +claudebot@anthropic.com)"
216.73.216.29 - - [16/Jun/2025:10:23:08 -0500] "GET /vendor/symfony/polyfill-mbstring/Resources/?C=D&O=D HTTP/2.0" 200 883 "-" "Mozilla/5.0 AppleWebKit/537.36 (KHTML, like Gecko; compatible; ClaudeBot/1.0; +claudebot@anthropic.com)"
216.73.216.29 - - [16/Jun/2025:10:23:08 -0500] "GET /vendor/meilisearch/meilisearch-php/scripts/?C=S&O=D HTTP/2.0" 200 885 "-" "Mozilla/5.0 AppleWebKit/537.36 (KHTML, like Gecko; compatible; ClaudeBot/1.0; +claudebot@anthropic.com)"
216.73.216.29 - - [16/Jun/2025:10:23:08 -0500] "GET /vendor/aws/aws-crt-php/src/AWS/?C=N&O=D HTTP/2.0" 200 849 "-" "Mozilla/5.0 AppleWebKit/537.36 (KHTML, like Gecko; compatible; ClaudeBot/1.0; +claudebot@anthropic.com)"
216.73.216.29 - - [16/Jun/2025:10:23:08 -0500] "GET /vendor/aws/aws-sdk-php/src/ApiGateway/?C=N&O=D HTTP/2.0" 200 1057 "-" "Mozilla/5.0 AppleWebKit/537.36 (KHTML, like Gecko; compatible; ClaudeBot/1.0; +claudebot@anthropic.com)"
216.73.216.29 - - [16/Jun/2025:10:23:08 -0500] "GET /vendor/symfony/routing/Generator/?C=M&O=D HTTP/2.0" 200 1635 "-" "Mozilla/5.0 AppleWebKit/537.36 (KHTML, like Gecko; compatible; ClaudeBot/1.0; +claudebot@anthropic.com)"
216.73.216.29 - - [16/Jun/2025:10:23:08 -0500] "GET /vendor/symfony/routing/Exception/?C=M&O=D HTTP/2.0" 200 2666 "-" "Mozilla/5.0 AppleWebKit/537.36 (KHTML, like Gecko; compatible; ClaudeBot/1.0; +claudebot@anthropic.com)"
216.73.216.29 - - [16/Jun/2025:10:23:08 -0500] "GET /vendor/jetbrains/phpstorm-stubs/mailparse/?C=N&O=A HTTP/2.0" 200 885 "-" "Mozilla/5.0 AppleWebKit/537.36 (KHTML, like Gecko; compatible; ClaudeBot/1.0; +claudebot@anthropic.com)"
216.73.216.29 - - [16/Jun/2025:10:23:09 -0500] "GET /vendor/laravel/ui/src/?C=D&O=D HTTP/2.0" 200 1930 "-" "Mozilla/5.0 AppleWebKit/537.36 (KHTML, like Gecko; compatible; ClaudeBot/1.0; +claudebot@anthropic.com)"
216.73.216.29 - - [16/Jun/2025:10:23:09 -0500] "GET /vendor/rackspace/php-opencloud/tests/?C=D&O=D HTTP/2.0" 200 1052 "-" "Mozilla/5.0 AppleWebKit/537.36 (KHTML, like Gecko; compatible; ClaudeBot/1.0; +claudebot@anthropic.com)"
216.73.216.29 - - [16/Jun/2025:10:23:09 -0500] "GET /vendor/symfony/error-handler/Resources/?C=D&O=D HTTP/2.0" 200 1216 "-" "Mozilla/5.0 AppleWebKit/537.36 (KHTML, like Gecko; compatible; ClaudeBot/1.0; +claudebot@anthropic.com)"
216.73.216.29 - - [16/Jun/2025:10:23:09 -0500] "GET /vendor/jetbrains/phpstorm-stubs/sysvshm/?C=N&O=A HTTP/2.0" 200 879 "-" "Mozilla/5.0 AppleWebKit/537.36 (KHTML, like Gecko; compatible; ClaudeBot/1.0; +claudebot@anthropic.com)"
216.73.216.29 - - [16/Jun/2025:10:23:09 -0500] "GET /vendor/aws/aws-sdk-php/src/CodePipeline/?C=M&O=A HTTP/2.0" 200 1063 "-" "Mozilla/5.0 AppleWebKit/537.36 (KHTML, like Gecko; compatible; ClaudeBot/1.0; +claudebot@anthropic.com)"
216.73.216.29 - - [16/Jun/2025:10:23:09 -0500] "GET /vendor/aws/aws-sdk-php/src/SagemakerEdgeManager/?C=N&O=D HTTP/2.0" 200 1090 "-" "Mozilla/5.0 AppleWebKit/537.36 (KHTML, like Gecko; compatible; ClaudeBot/1.0; +claudebot@anthropic.com)"
216.73.216.29 - - [16/Jun/2025:10:23:09 -0500] "GET /vendor/guzzlehttp/psr7/src/Uri.php HTTP/2.0" 500 - "-" "Mozilla/5.0 AppleWebKit/537.36 (KHTML, like Gecko; compatible; ClaudeBot/1.0; +claudebot@anthropic.com)"
216.73.216.29 - - [16/Jun/2025:10:23:09 -0500] "GET /vendor/aws/aws-sdk-php/src/CodeDeploy/?C=S&O=A HTTP/2.0" 200 1057 "-" "Mozilla/5.0 AppleWebKit/537.36 (KHTML, like Gecko; compatible; ClaudeBot/1.0; +claudebot@anthropic.com)"
216.73.216.29 - - [16/Jun/2025:10:23:10 -0500] "GET /vendor/nesbot/carbon/src/Carbon/CarbonPeriod.php HTTP/2.0" 500 - "-" "Mozilla/5.0 AppleWebKit/537.36 (KHTML, like Gecko; compatible; ClaudeBot/1.0; +claudebot@anthropic.com)"
216.73.216.29 - - [16/Jun/2025:10:23:10 -0500] "GET /vendor/doctrine/deprecations/test_fixtures/src HTTP/2.0" 301 295 "-" "Mozilla/5.0 AppleWebKit/537.36 (KHTML, like Gecko; compatible; ClaudeBot/1.0; +claudebot@anthropic.com)"
216.73.216.29 - - [16/Jun/2025:10:23:10 -0500] "GET /vendor/doctrine/deprecations/test_fixtures/src/ HTTP/2.0" 200 1087 "https://www.vebto.graphicdesigncash.com/vendor/doctrine/deprecations/test_fixtures/src" "Mozilla/5.0 AppleWebKit/537.36 (KHTML, like Gecko; compatible; ClaudeBot/1.0; +claudebot@anthropic.com)"
216.73.216.29 - - [16/Jun/2025:10:23:10 -0500] "GET /vendor/symfony/http-client/Retry/?C=S&O=A HTTP/2.0" 200 1073 "-" "Mozilla/5.0 AppleWebKit/537.36 (KHTML, like Gecko; compatible; ClaudeBot/1.0; +claudebot@anthropic.com)"
216.73.216.29 - - [16/Jun/2025:10:23:10 -0500] "GET /vendor/jetbrains/phpstorm-stubs/sqlsrv/?C=M&O=D HTTP/2.0" 200 876 "-" "Mozilla/5.0 AppleWebKit/537.36 (KHTML, like Gecko; compatible; ClaudeBot/1.0; +claudebot@anthropic.com)"
216.73.216.29 - - [16/Jun/2025:10:23:10 -0500] "GET /vendor/jetbrains/phpstorm-stubs/Zend%20OPcache/?C=D&O=D HTTP/2.0" 200 889 "-" "Mozilla/5.0 AppleWebKit/537.36 (KHTML, like Gecko; compatible; ClaudeBot/1.0; +claudebot@anthropic.com)"
216.73.216.29 - - [16/Jun/2025:10:23:10 -0500] "GET /vendor/jetbrains/phpstorm-stubs/xmlrpc/?C=N&O=A HTTP/2.0" 200 876 "-" "Mozilla/5.0 AppleWebKit/537.36 (KHTML, like Gecko; compatible; ClaudeBot/1.0; +claudebot@anthropic.com)"
216.73.216.29 - - [16/Jun/2025:10:23:10 -0500] "GET /vendor/ramsey/uuid/src/Builder/BuilderCollection.php HTTP/2.0" 500 - "-" "Mozilla/5.0 AppleWebKit/537.36 (KHTML, like Gecko; compatible; ClaudeBot/1.0; +claudebot@anthropic.com)"
216.73.216.29 - - [16/Jun/2025:10:23:10 -0500] "GET /vendor/psy/psysh/src/VarDumper/Dumper.php HTTP/2.0" 500 - "-" "Mozilla/5.0 AppleWebKit/537.36 (KHTML, like Gecko; compatible; ClaudeBot/1.0; +claudebot@anthropic.com)"
216.73.216.29 - - [16/Jun/2025:10:23:10 -0500] "GET /vendor/doctrine/event-manager/lib/Doctrine/?C=N&O=D HTTP/2.0" 200 883 "-" "Mozilla/5.0 AppleWebKit/537.36 (KHTML, like Gecko; compatible; ClaudeBot/1.0; +claudebot@anthropic.com)"
185.191.171.15 - - [16/Jun/2025:10:23:52 -0500] "GET /vendor/jetbrains/phpstorm-stubs/solr/Documents/ HTTP/1.1" 200 1281 "-" "Mozilla/5.0 (compatible; SemrushBot/7~bl; +http://www.semrush.com/bot.html)"
216.73.216.29 - - [16/Jun/2025:10:24:01 -0500] "GET /vendor/jetbrains/phpstorm-stubs/ffmpeg/?C=M&O=D HTTP/2.0" 200 876 "-" "Mozilla/5.0 AppleWebKit/537.36 (KHTML, like Gecko; compatible; ClaudeBot/1.0; +claudebot@anthropic.com)"
216.73.216.29 - - [16/Jun/2025:10:24:01 -0500] "GET /vendor/ramsey/uuid/src/Rfc4122/Validator.php HTTP/2.0" 500 - "-" "Mozilla/5.0 AppleWebKit/537.36 (KHTML, like Gecko; compatible; ClaudeBot/1.0; +claudebot@anthropic.com)"
216.73.216.29 - - [16/Jun/2025:10:24:01 -0500] "GET /vendor/aws/aws-sdk-php/src/TranscribeService/?C=N&O=D HTTP/2.0" 200 1081 "-" "Mozilla/5.0 AppleWebKit/537.36 (KHTML, like Gecko; compatible; ClaudeBot/1.0; +claudebot@anthropic.com)"
216.73.216.29 - - [16/Jun/2025:10:24:02 -0500] "GET /vendor/rackspace/php-opencloud/tests/OpenCloud/?C=S&O=A HTTP/2.0" 200 1067 "-" "Mozilla/5.0 AppleWebKit/537.36 (KHTML, like Gecko; compatible; ClaudeBot/1.0; +claudebot@anthropic.com)"
216.73.216.29 - - [16/Jun/2025:10:24:02 -0500] "GET /vendor/jetbrains/phpstorm-stubs/couchbase/?C=D&O=D HTTP/2.0" 200 1065 "-" "Mozilla/5.0 AppleWebKit/537.36 (KHTML, like Gecko; compatible; ClaudeBot/1.0; +claudebot@anthropic.com)"
216.73.216.29 - - [16/Jun/2025:10:24:02 -0500] "GET /vendor/aws/aws-sdk-php/src/LexRuntimeV2/?C=N&O=D HTTP/2.0" 200 1063 "-" "Mozilla/5.0 AppleWebKit/537.36 (KHTML, like Gecko; compatible; ClaudeBot/1.0; +claudebot@anthropic.com)"
216.73.216.29 - - [16/Jun/2025:10:24:02 -0500] "GET /vendor/aws/aws-sdk-php/src/DefaultsMode/?C=N&O=D HTTP/2.0" 200 1451 "-" "Mozilla/5.0 AppleWebKit/537.36 (KHTML, like Gecko; compatible; ClaudeBot/1.0; +claudebot@anthropic.com)"
216.73.216.29 - - [16/Jun/2025:10:24:02 -0500] "GET /vendor/matchish/laravel-scout-elasticsearch/src/?C=N&O=A HTTP/2.0" 200 2569 "-" "Mozilla/5.0 AppleWebKit/537.36 (KHTML, like Gecko; compatible; ClaudeBot/1.0; +claudebot@anthropic.com)"
216.73.216.29 - - [16/Jun/2025:10:24:02 -0500] "GET /vendor/aws/aws-sdk-php/src/CodePipeline/?C=D&O=A HTTP/2.0" 200 1063 "-" "Mozilla/5.0 AppleWebKit/537.36 (KHTML, like Gecko; compatible; ClaudeBot/1.0; +claudebot@anthropic.com)"
216.73.216.29 - - [16/Jun/2025:10:24:02 -0500] "GET /vendor/ramsey/collection/src/Exception/UnsupportedOperationException.php HTTP/2.0" 200 - "-" "Mozilla/5.0 AppleWebKit/537.36 (KHTML, like Gecko; compatible; ClaudeBot/1.0; +claudebot@anthropic.com)"
216.73.216.29 - - [16/Jun/2025:10:24:02 -0500] "GET /vendor/jetbrains/phpstorm-stubs/libevent/?C=M&O=D HTTP/2.0" 200 882 "-" "Mozilla/5.0 AppleWebKit/537.36 (KHTML, like Gecko; compatible; ClaudeBot/1.0; +claudebot@anthropic.com)"
216.73.216.29 - - [16/Jun/2025:10:24:02 -0500] "GET /vendor/mikemccabe/json-patch-php/src/?C=N&O=A HTTP/2.0" 200 876 "-" "Mozilla/5.0 AppleWebKit/537.36 (KHTML, like Gecko; compatible; ClaudeBot/1.0; +claudebot@anthropic.com)"
216.73.216.29 - - [16/Jun/2025:10:24:03 -0500] "GET /vendor/jetbrains/phpstorm-stubs/superglobals/?C=S&O=D HTTP/2.0" 200 895 "-" "Mozilla/5.0 AppleWebKit/537.36 (KHTML, like Gecko; compatible; ClaudeBot/1.0; +claudebot@anthropic.com)"
216.73.216.29 - - [16/Jun/2025:10:24:03 -0500] "GET /vendor/jetbrains/phpstorm-stubs/Core/?C=M&O=D HTTP/2.0" 200 1226 "-" "Mozilla/5.0 AppleWebKit/537.36 (KHTML, like Gecko; compatible; ClaudeBot/1.0; +claudebot@anthropic.com)"
216.73.216.29 - - [16/Jun/2025:10:24:03 -0500] "GET /vendor/jetbrains/phpstorm-stubs/ssh2/?C=D&O=D HTTP/2.0" 200 870 "-" "Mozilla/5.0 AppleWebKit/537.36 (KHTML, like Gecko; compatible; ClaudeBot/1.0; +claudebot@anthropic.com)"
216.73.216.29 - - [16/Jun/2025:10:24:03 -0500] "GET /vendor/teamtnt/tntsearch/tests/stemmer/CroatianStemmerTest.php HTTP/2.0" 500 - "-" "Mozilla/5.0 AppleWebKit/537.36 (KHTML, like Gecko; compatible; ClaudeBot/1.0; +claudebot@anthropic.com)"
216.73.216.29 - - [16/Jun/2025:10:24:03 -0500] "GET /vendor/aws/aws-sdk-php/src/IoT1ClickDevicesService/?C=S&O=A HTTP/2.0" 200 1099 "-" "Mozilla/5.0 AppleWebKit/537.36 (KHTML, like Gecko; compatible; ClaudeBot/1.0; +claudebot@anthropic.com)"
216.73.216.29 - - [16/Jun/2025:10:24:03 -0500] "GET /vendor/symfony/console/Resources/bin/?C=N&O=D HTTP/2.0" 200 878 "-" "Mozilla/5.0 AppleWebKit/537.36 (KHTML, like Gecko; compatible; ClaudeBot/1.0; +claudebot@anthropic.com)"
216.73.216.29 - - [16/Jun/2025:10:24:03 -0500] "GET /vendor/symfony/http-client/Response/?C=D&O=D HTTP/2.0" 200 3118 "-" "Mozilla/5.0 AppleWebKit/537.36 (KHTML, like Gecko; compatible; ClaudeBot/1.0; +claudebot@anthropic.com)"
216.73.216.29 - - [16/Jun/2025:10:24:03 -0500] "GET /vendor/nesbot/carbon/src/Carbon/Laravel HTTP/2.0" 301 288 "-" "Mozilla/5.0 AppleWebKit/537.36 (KHTML, like Gecko; compatible; ClaudeBot/1.0; +claudebot@anthropic.com)"
216.73.216.29 - - [16/Jun/2025:10:24:03 -0500] "GET /vendor/nesbot/carbon/src/Carbon/Laravel/ HTTP/2.0" 200 700 "https://www.vebto.graphicdesigncash.com/vendor/nesbot/carbon/src/Carbon/Laravel" "Mozilla/5.0 AppleWebKit/537.36 (KHTML, like Gecko; compatible; ClaudeBot/1.0; +claudebot@anthropic.com)"
216.73.216.29 - - [16/Jun/2025:10:24:03 -0500] "GET /vendor/jetbrains/phpstorm-stubs/parallel/?C=N&O=A HTTP/2.0" 200 1059 "-" "Mozilla/5.0 AppleWebKit/537.36 (KHTML, like Gecko; compatible; ClaudeBot/1.0; +claudebot@anthropic.com)"
216.73.216.29 - - [16/Jun/2025:10:24:04 -0500] "GET /vendor/aws/aws-sdk-php/src/CloudControlApi/?C=S&O=A HTTP/2.0" 200 1075 "-" "Mozilla/5.0 AppleWebKit/537.36 (KHTML, like Gecko; compatible; ClaudeBot/1.0; +claudebot@anthropic.com)"
216.73.216.29 - - [16/Jun/2025:10:24:04 -0500] "GET /vendor/riverline/multipart-parser/tests/_data/no_boundary.txt HTTP/2.0" 200 641 "-" "Mozilla/5.0 AppleWebKit/537.36 (KHTML, like Gecko; compatible; ClaudeBot/1.0; +claudebot@anthropic.com)"
216.73.216.29 - - [16/Jun/2025:10:24:04 -0500] "GET /vendor/egulias/email-validator/src/Warning/NoDNSMXRecord.php HTTP/2.0" 500 - "-" "Mozilla/5.0 AppleWebKit/537.36 (KHTML, like Gecko; compatible; ClaudeBot/1.0; +claudebot@anthropic.com)"
216.73.216.29 - - [16/Jun/2025:10:24:04 -0500] "GET /vendor/teamtnt/tntsearch/src/Indexer/TNTGeoIndexer.php HTTP/2.0" 500 - "-" "Mozilla/5.0 AppleWebKit/537.36 (KHTML, like Gecko; compatible; ClaudeBot/1.0; +claudebot@anthropic.com)"
20.171.207.195 - - [16/Jun/2025:10:24:07 -0500] "GET /vendor/google/apiclient-services/src/Container/ServerConfig.php HTTP/2.0" 500 - "-" "Mozilla/5.0 AppleWebKit/537.36 (KHTML, like Gecko; compatible; GPTBot/1.2; +https://openai.com/gptbot)"
20.171.207.246 - - [16/Jun/2025:10:24:09 -0500] "GET /vendor/google/apiclient-services/src/Apigee/GoogleTypeMoney.php HTTP/2.0" 500 - "-" "Mozilla/5.0 AppleWebKit/537.36 (KHTML, like Gecko; compatible; GPTBot/1.2; +https://openai.com/gptbot)"
216.73.216.29 - - [16/Jun/2025:10:24:09 -0500] "GET /vendor/ezimuel/ringphp/src/Future/CompletedFutureArray.php HTTP/2.0" 500 - "-" "Mozilla/5.0 AppleWebKit/537.36 (KHTML, like Gecko; compatible; ClaudeBot/1.0; +claudebot@anthropic.com)"
216.73.216.29 - - [16/Jun/2025:10:24:14 -0500] "GET /vendor/aws/aws-sdk-php/src/ElasticLoadBalancingV2/?C=S&O=A HTTP/2.0" 200 1096 "-" "Mozilla/5.0 AppleWebKit/537.36 (KHTML, like Gecko; compatible; ClaudeBot/1.0; +claudebot@anthropic.com)"
185.191.171.7 - - [16/Jun/2025:10:24:27 -0500] "GET /vendor/google/apiclient-services/src/ShoppingContent/AccountTaxTaxRule.php HTTP/1.1" 500 - "-" "Mozilla/5.0 (compatible; SemrushBot/7~bl; +http://www.semrush.com/bot.html)"
85.208.96.211 - - [16/Jun/2025:10:24:32 -0500] "GET /vendor/laravel/framework/src/Illuminate/Database/ HTTP/1.1" 200 3018 "-" "Mozilla/5.0 (compatible; SemrushBot/7~bl; +http://www.semrush.com/bot.html)"
185.191.171.7 - - [16/Jun/2025:10:24:47 -0500] "GET /vendor/google/apiclient-services/src/AndroidPublisher/ReviewsReplyResponse.php HTTP/1.1" 500 - "-" "Mozilla/5.0 (compatible; SemrushBot/7~bl; +http://www.semrush.com/bot.html)"
216.73.216.29 - - [16/Jun/2025:10:24:57 -0500] "GET /vendor/symfony/translation-contracts/Test/?C=S&O=D HTTP/2.0" 200 895 "-" "Mozilla/5.0 AppleWebKit/537.36 (KHTML, like Gecko; compatible; ClaudeBot/1.0; +claudebot@anthropic.com)"
216.73.216.29 - - [16/Jun/2025:10:25:02 -0500] "GET /vendor/jetbrains/phpstorm-stubs/Core/?C=D&O=D HTTP/2.0" 200 1226 "-" "Mozilla/5.0 AppleWebKit/537.36 (KHTML, like Gecko; compatible; ClaudeBot/1.0; +claudebot@anthropic.com)"
216.73.216.29 - - [16/Jun/2025:10:25:07 -0500] "GET /vendor/aws/aws-sdk-php/src/?C=S&O=D HTTP/2.0" 200 64641 "-" "Mozilla/5.0 AppleWebKit/537.36 (KHTML, like Gecko; compatible; ClaudeBot/1.0; +claudebot@anthropic.com)"
20.171.207.195 - - [16/Jun/2025:10:25:10 -0500] "GET /vendor/google/apiclient-services/src/Analytics/Experiments.php HTTP/2.0" 500 - "-" "Mozilla/5.0 AppleWebKit/537.36 (KHTML, like Gecko; compatible; GPTBot/1.2; +https://openai.com/gptbot)"
20.171.207.246 - - [16/Jun/2025:10:25:11 -0500] "GET /vendor/google/apiclient-services/src/Slides/CreateSlideRequest.php HTTP/2.0" 500 - "-" "Mozilla/5.0 AppleWebKit/537.36 (KHTML, like Gecko; compatible; GPTBot/1.2; +https://openai.com/gptbot)"
216.73.216.29 - - [16/Jun/2025:10:25:12 -0500] "GET /vendor/aws/aws-sdk-php/src/ForecastQueryService/?C=S&O=A HTTP/2.0" 200 1267 "-" "Mozilla/5.0 AppleWebKit/537.36 (KHTML, like Gecko; compatible; ClaudeBot/1.0; +claudebot@anthropic.com)"
216.73.216.29 - - [16/Jun/2025:10:25:22 -0500] "GET /vendor/aws/aws-sdk-php/src/Kafka/?C=N&O=D HTTP/2.0" 200 1042 "-" "Mozilla/5.0 AppleWebKit/537.36 (KHTML, like Gecko; compatible; ClaudeBot/1.0; +claudebot@anthropic.com)"
216.73.216.29 - - [16/Jun/2025:10:25:27 -0500] "GET /vendor/league/flysystem/src/Plugin/ListFiles.php HTTP/2.0" 500 - "-" "Mozilla/5.0 AppleWebKit/537.36 (KHTML, like Gecko; compatible; ClaudeBot/1.0; +claudebot@anthropic.com)"
216.73.216.29 - - [16/Jun/2025:10:25:32 -0500] "GET /vendor/ramsey/collection/src/Tool/TypeTrait.php HTTP/2.0" 200 - "-" "Mozilla/5.0 AppleWebKit/537.36 (KHTML, like Gecko; compatible; ClaudeBot/1.0; +claudebot@anthropic.com)"
216.73.216.29 - - [16/Jun/2025:10:25:37 -0500] "GET /vendor/aws/aws-sdk-php/src/IoTFleetHub/?C=S&O=A HTTP/2.0" 200 1060 "-" "Mozilla/5.0 AppleWebKit/537.36 (KHTML, like Gecko; compatible; ClaudeBot/1.0; +claudebot@anthropic.com)"
216.73.216.29 - - [16/Jun/2025:10:25:44 -0500] "GET /vendor/psr/log/?C=N&O=D HTTP/2.0" 200 1157 "-" "Mozilla/5.0 AppleWebKit/537.36 (KHTML, like Gecko; compatible; ClaudeBot/1.0; +claudebot@anthropic.com)"
216.73.216.29 - - [16/Jun/2025:10:25:47 -0500] "GET /vendor/aws/aws-sdk-php/src/KinesisAnalyticsV2/?C=N&O=D HTTP/2.0" 200 1084 "-" "Mozilla/5.0 AppleWebKit/537.36 (KHTML, like Gecko; compatible; ClaudeBot/1.0; +claudebot@anthropic.com)"
216.73.216.29 - - [16/Jun/2025:10:25:52 -0500] "GET /vendor/symfony/options-resolver/Exception/?C=N&O=A HTTP/2.0" 200 2471 "-" "Mozilla/5.0 AppleWebKit/537.36 (KHTML, like Gecko; compatible; ClaudeBot/1.0; +claudebot@anthropic.com)"
216.73.216.29 - - [16/Jun/2025:10:25:57 -0500] "GET /vendor/ongr/elasticsearch-dsl/tests/Unit/?C=N&O=D HTTP/2.0" 200 2506 "-" "Mozilla/5.0 AppleWebKit/537.36 (KHTML, like Gecko; compatible; ClaudeBot/1.0; +claudebot@anthropic.com)"
216.73.216.29 - - [16/Jun/2025:10:26:02 -0500] "GET /vendor/jetbrains/phpstorm-stubs/bcmath/?C=M&O=D HTTP/2.0" 200 876 "-" "Mozilla/5.0 AppleWebKit/537.36 (KHTML, like Gecko; compatible; ClaudeBot/1.0; +claudebot@anthropic.com)"
216.73.216.29 - - [16/Jun/2025:10:26:07 -0500] "GET /vendor/laravel/ui/auth-backend/?C=M&O=D HTTP/2.0" 200 2356 "-" "Mozilla/5.0 AppleWebKit/537.36 (KHTML, like Gecko; compatible; ClaudeBot/1.0; +claudebot@anthropic.com)"
185.191.171.16 - - [16/Jun/2025:10:26:11 -0500] "GET /vendor/google/apiclient-services/src/Dfareporting/CreativeFieldsListResponse.php HTTP/1.1" 500 - "-" "Mozilla/5.0 (compatible; SemrushBot/7~bl; +http://www.semrush.com/bot.html)"
216.73.216.29 - - [16/Jun/2025:10:26:12 -0500] "GET /vendor/jetbrains/phpstorm-stubs/apcu/?C=S&O=D HTTP/2.0" 200 870 "-" "Mozilla/5.0 AppleWebKit/537.36 (KHTML, like Gecko; compatible; ClaudeBot/1.0; +claudebot@anthropic.com)"
20.171.207.195 - - [16/Jun/2025:10:26:13 -0500] "GET /vendor/google/apiclient-services/src/Directory/UserRelation.php HTTP/2.0" 500 - "-" "Mozilla/5.0 AppleWebKit/537.36 (KHTML, like Gecko; compatible; GPTBot/1.2; +https://openai.com/gptbot)"
20.171.207.246 - - [16/Jun/2025:10:26:15 -0500] "GET /vendor/google/apiclient-services/src/Apigee/GoogleApiHttpBody.php HTTP/2.0" 500 - "-" "Mozilla/5.0 AppleWebKit/537.36 (KHTML, like Gecko; compatible; GPTBot/1.2; +https://openai.com/gptbot)"
216.73.216.29 - - [16/Jun/2025:10:26:17 -0500] "GET /vendor/ongr/elasticsearch-dsl/docs/?C=N&O=A HTTP/2.0" 200 1746 "-" "Mozilla/5.0 AppleWebKit/537.36 (KHTML, like Gecko; compatible; ClaudeBot/1.0; +claudebot@anthropic.com)"
216.73.216.29 - - [16/Jun/2025:10:26:22 -0500] "GET /vendor/aws/aws-sdk-php/src/DatabaseMigrationService/?C=D&O=A HTTP/2.0" 200 1102 "-" "Mozilla/5.0 AppleWebKit/537.36 (KHTML, like Gecko; compatible; ClaudeBot/1.0; +claudebot@anthropic.com)"
216.73.216.29 - - [16/Jun/2025:10:26:27 -0500] "GET /vendor/symfony/serializer/CacheWarmer/?C=M&O=D HTTP/2.0" 200 897 "-" "Mozilla/5.0 AppleWebKit/537.36 (KHTML, like Gecko; compatible; ClaudeBot/1.0; +claudebot@anthropic.com)"
216.73.216.29 - - [16/Jun/2025:10:26:32 -0500] "GET /vendor/jetbrains/phpstorm-stubs/mbstring/?C=N&O=A HTTP/2.0" 200 882 "-" "Mozilla/5.0 AppleWebKit/537.36 (KHTML, like Gecko; compatible; ClaudeBot/1.0; +claudebot@anthropic.com)"
216.73.216.29 - - [16/Jun/2025:10:26:37 -0500] "GET /vendor/aws/aws-sdk-php/src/ApiGatewayManagementApi/?C=M&O=A HTTP/2.0" 200 1099 "-" "Mozilla/5.0 AppleWebKit/537.36 (KHTML, like Gecko; compatible; ClaudeBot/1.0; +claudebot@anthropic.com)"
216.73.216.29 - - [16/Jun/2025:10:26:42 -0500] "GET /vendor/teamtnt/tntsearch/tests/stemmer/PortugueseStemmerTest.php HTTP/2.0" 500 - "-" "Mozilla/5.0 AppleWebKit/537.36 (KHTML, like Gecko; compatible; ClaudeBot/1.0; +claudebot@anthropic.com)"
216.73.216.29 - - [16/Jun/2025:10:26:47 -0500] "GET /vendor/jetbrains/phpstorm-stubs/ZendCache/?C=N&O=A HTTP/2.0" 200 885 "-" "Mozilla/5.0 AppleWebKit/537.36 (KHTML, like Gecko; compatible; ClaudeBot/1.0; +claudebot@anthropic.com)"
216.73.216.29 - - [16/Jun/2025:10:26:52 -0500] "GET /vendor/jetbrains/phpstorm-stubs/bcmath/?C=D&O=D HTTP/2.0" 200 876 "-" "Mozilla/5.0 AppleWebKit/537.36 (KHTML, like Gecko; compatible; ClaudeBot/1.0; +claudebot@anthropic.com)"
216.73.216.29 - - [16/Jun/2025:10:26:57 -0500] "GET /vendor/aws/aws-sdk-php/src/CodeStarNotifications/?C=M&O=A HTTP/2.0" 200 1093 "-" "Mozilla/5.0 AppleWebKit/537.36 (KHTML, like Gecko; compatible; ClaudeBot/1.0; +claudebot@anthropic.com)"
216.73.216.29 - - [16/Jun/2025:10:27:02 -0500] "GET /vendor/jetbrains/phpstorm-stubs/intl/?C=N&O=D HTTP/2.0" 200 1050 "-" "Mozilla/5.0 AppleWebKit/537.36 (KHTML, like Gecko; compatible; ClaudeBot/1.0; +claudebot@anthropic.com)"
216.73.216.29 - - [16/Jun/2025:10:27:07 -0500] "GET /vendor/laravel/ui/auth-backend/?C=D&O=D HTTP/2.0" 200 2356 "-" "Mozilla/5.0 AppleWebKit/537.36 (KHTML, like Gecko; compatible; ClaudeBot/1.0; +claudebot@anthropic.com)"
216.73.216.29 - - [16/Jun/2025:10:27:12 -0500] "GET /vendor/jetbrains/phpstorm-stubs/Zend%20OPcache/?C=S&O=A HTTP/2.0" 200 889 "-" "Mozilla/5.0 AppleWebKit/537.36 (KHTML, like Gecko; compatible; ClaudeBot/1.0; +claudebot@anthropic.com)"
20.171.207.195 - - [16/Jun/2025:10:27:14 -0500] "GET /vendor/google/apiclient-services/src/Firestore/FieldTransform.php HTTP/2.0" 500 - "-" "Mozilla/5.0 AppleWebKit/537.36 (KHTML, like Gecko; compatible; GPTBot/1.2; +https://openai.com/gptbot)"
216.73.216.29 - - [16/Jun/2025:10:27:17 -0500] "GET /vendor/aws/aws-sdk-php/src/Multipart/?C=N&O=D HTTP/2.0" 200 1256 "-" "Mozilla/5.0 AppleWebKit/537.36 (KHTML, like Gecko; compatible; ClaudeBot/1.0; +claudebot@anthropic.com)"
20.171.207.246 - - [16/Jun/2025:10:27:20 -0500] "GET /vendor/google/apiclient-services/src/Sheets/AddSheetResponse.php HTTP/2.0" 500 - "-" "Mozilla/5.0 AppleWebKit/537.36 (KHTML, like Gecko; compatible; GPTBot/1.2; +https://openai.com/gptbot)"
216.73.216.29 - - [16/Jun/2025:10:27:22 -0500] "GET /vendor/aws/aws-sdk-php/src/IoTJobsDataPlane/?C=N&O=D HTTP/2.0" 200 1078 "-" "Mozilla/5.0 AppleWebKit/537.36 (KHTML, like Gecko; compatible; ClaudeBot/1.0; +claudebot@anthropic.com)"
216.73.216.29 - - [16/Jun/2025:10:27:27 -0500] "GET /vendor/league/oauth1-client/resources/examples/tumblr.php HTTP/2.0" 500 - "-" "Mozilla/5.0 AppleWebKit/537.36 (KHTML, like Gecko; compatible; ClaudeBot/1.0; +claudebot@anthropic.com)"
216.73.216.29 - - [16/Jun/2025:10:27:32 -0500] "GET /vendor/jetbrains/phpstorm-stubs/zlib/?C=S&O=D HTTP/2.0" 200 870 "-" "Mozilla/5.0 AppleWebKit/537.36 (KHTML, like Gecko; compatible; ClaudeBot/1.0; +claudebot@anthropic.com)"
216.73.216.29 - - [16/Jun/2025:10:27:37 -0500] "GET /vendor/jetbrains/phpstorm-stubs/ldap/?C=M&O=D HTTP/2.0" 200 870 "-" "Mozilla/5.0 AppleWebKit/537.36 (KHTML, like Gecko; compatible; ClaudeBot/1.0; +claudebot@anthropic.com)"
216.73.216.29 - - [16/Jun/2025:10:27:42 -0500] "GET /vendor/aws/aws-sdk-php/src/ElasticInference/?C=S&O=A HTTP/2.0" 200 1078 "-" "Mozilla/5.0 AppleWebKit/537.36 (KHTML, like Gecko; compatible; ClaudeBot/1.0; +claudebot@anthropic.com)"
216.73.216.29 - - [16/Jun/2025:10:27:54 -0500] "GET /vendor/jetbrains/phpstorm-stubs/sysvsem/?C=N&O=A HTTP/2.0" 200 879 "-" "Mozilla/5.0 AppleWebKit/537.36 (KHTML, like Gecko; compatible; ClaudeBot/1.0; +claudebot@anthropic.com)"
216.73.216.29 - - [16/Jun/2025:10:27:58 -0500] "GET /vendor/jetbrains/phpstorm-stubs/xdebug/?C=N&O=A HTTP/2.0" 200 876 "-" "Mozilla/5.0 AppleWebKit/537.36 (KHTML, like Gecko; compatible; ClaudeBot/1.0; +claudebot@anthropic.com)"
216.73.216.29 - - [16/Jun/2025:10:28:03 -0500] "GET /vendor/jetbrains/phpstorm-stubs/crypto/?C=D&O=D HTTP/2.0" 200 876 "-" "Mozilla/5.0 AppleWebKit/537.36 (KHTML, like Gecko; compatible; ClaudeBot/1.0; +claudebot@anthropic.com)"
216.73.216.29 - - [16/Jun/2025:10:28:08 -0500] "GET /vendor/jetbrains/phpstorm-stubs/leveldb/?C=M&O=D HTTP/2.0" 200 879 "-" "Mozilla/5.0 AppleWebKit/537.36 (KHTML, like Gecko; compatible; ClaudeBot/1.0; +claudebot@anthropic.com)"
216.73.216.29 - - [16/Jun/2025:10:28:13 -0500] "GET /vendor/jetbrains/phpstorm-stubs/mcrypt/?C=N&O=A HTTP/2.0" 200 876 "-" "Mozilla/5.0 AppleWebKit/537.36 (KHTML, like Gecko; compatible; ClaudeBot/1.0; +claudebot@anthropic.com)"
216.73.216.29 - - [16/Jun/2025:10:28:18 -0500] "GET /vendor/aws/aws-sdk-php/src/StorageGateway/?C=N&O=D HTTP/2.0" 200 1072 "-" "Mozilla/5.0 AppleWebKit/537.36 (KHTML, like Gecko; compatible; ClaudeBot/1.0; +claudebot@anthropic.com)"
20.171.207.195 - - [16/Jun/2025:10:28:18 -0500] "GET /vendor/google/apiclient-services/src/Directory/UserWebsite.php HTTP/2.0" 500 - "-" "Mozilla/5.0 AppleWebKit/537.36 (KHTML, like Gecko; compatible; GPTBot/1.2; +https://openai.com/gptbot)"
85.208.96.210 - - [16/Jun/2025:10:28:20 -0500] "GET /vendor/aws/aws-sdk-php/src/data/ssm/ HTTP/1.1" 200 871 "-" "Mozilla/5.0 (compatible; SemrushBot/7~bl; +http://www.semrush.com/bot.html)"
20.171.207.246 - - [16/Jun/2025:10:28:22 -0500] "GET /vendor/google/apiclient-services/src/Sheets/BigQueryQuerySpec.php HTTP/2.0" 500 - "-" "Mozilla/5.0 AppleWebKit/537.36 (KHTML, like Gecko; compatible; GPTBot/1.2; +https://openai.com/gptbot)"
216.73.216.29 - - [16/Jun/2025:10:28:23 -0500] "GET /vendor/aws/aws-sdk-php/src/CodeGuruReviewer/?C=S&O=A HTTP/2.0" 200 1078 "-" "Mozilla/5.0 AppleWebKit/537.36 (KHTML, like Gecko; compatible; ClaudeBot/1.0; +claudebot@anthropic.com)"
185.191.171.13 - - [16/Jun/2025:10:28:28 -0500] "GET /vendor/google/apiclient-services/src/Dfareporting/ContentCategory.php HTTP/1.1" 500 - "-" "Mozilla/5.0 (compatible; SemrushBot/7~bl; +http://www.semrush.com/bot.html)"
216.73.216.29 - - [16/Jun/2025:10:28:29 -0500] "GET /vendor/symfony/console/Question/?C=M&O=D HTTP/2.0" 200 1236 "-" "Mozilla/5.0 AppleWebKit/537.36 (KHTML, like Gecko; compatible; ClaudeBot/1.0; +claudebot@anthropic.com)"
85.208.96.193 - - [16/Jun/2025:10:28:30 -0500] "GET /vendor/laravel/serializable-closure/src/Exceptions/MissingSecretKeyException.php HTTP/1.1" 200 - "-" "Mozilla/5.0 (compatible; SemrushBot/7~bl; +http://www.semrush.com/bot.html)"
216.73.216.29 - - [16/Jun/2025:10:28:33 -0500] "GET /vendor/aws/aws-sdk-php/src/WorkDocs/?C=S&O=A HTTP/2.0" 200 1051 "-" "Mozilla/5.0 AppleWebKit/537.36 (KHTML, like Gecko; compatible; ClaudeBot/1.0; +claudebot@anthropic.com)"
216.73.216.29 - - [16/Jun/2025:10:28:38 -0500] "GET /vendor/symfony/serializer/Normalizer/?C=N&O=A HTTP/2.0" 200 6754 "-" "Mozilla/5.0 AppleWebKit/537.36 (KHTML, like Gecko; compatible; ClaudeBot/1.0; +claudebot@anthropic.com)"
216.73.216.29 - - [16/Jun/2025:10:28:43 -0500] "GET /vendor/jetbrains/phpstorm-stubs/uopz/?C=M&O=D HTTP/2.0" 200 870 "-" "Mozilla/5.0 AppleWebKit/537.36 (KHTML, like Gecko; compatible; ClaudeBot/1.0; +claudebot@anthropic.com)"
185.191.171.5 - - [16/Jun/2025:10:28:47 -0500] "GET /vendor/aws/aws-sdk-php/src/Panorama/ HTTP/1.1" 200 1051 "-" "Mozilla/5.0 (compatible; SemrushBot/7~bl; +http://www.semrush.com/bot.html)"
216.73.216.29 - - [16/Jun/2025:10:28:48 -0500] "GET /vendor/aws/aws-sdk-php/src/AppConfigData/?C=S&O=A HTTP/2.0" 200 1066 "-" "Mozilla/5.0 AppleWebKit/537.36 (KHTML, like Gecko; compatible; ClaudeBot/1.0; +claudebot@anthropic.com)"
216.73.216.29 - - [16/Jun/2025:10:28:53 -0500] "GET /vendor/jetbrains/phpstorm-stubs/pcre/?C=N&O=A HTTP/2.0" 200 870 "-" "Mozilla/5.0 AppleWebKit/537.36 (KHTML, like Gecko; compatible; ClaudeBot/1.0; +claudebot@anthropic.com)"
85.208.96.201 - - [16/Jun/2025:10:28:54 -0500] "GET /vendor/aws/aws-sdk-php/src/Route53RecoveryReadiness/ HTTP/1.1" 200 1102 "-" "Mozilla/5.0 (compatible; SemrushBot/7~bl; +http://www.semrush.com/bot.html)"
