216.73.216.29 - - [16/Jun/2025:11:31:53 -0500] "GET /vendor/ramsey/uuid/src/Lazy/?C=M&O=A HTTP/2.0" 200 857 "-" "Mozilla/5.0 AppleWebKit/537.36 (KHTML, like Gecko; compatible; ClaudeBot/1.0; +claudebot@anthropic.com)"
216.73.216.29 - - [16/Jun/2025:11:31:53 -0500] "GET /vendor/league/flysystem/src/Util/?C=S&O=A HTTP/2.0" 200 1244 "-" "Mozilla/5.0 AppleWebKit/537.36 (KHTML, like Gecko; compatible; ClaudeBot/1.0; +claudebot@anthropic.com)"
216.73.216.29 - - [16/Jun/2025:11:31:53 -0500] "GET /vendor/roave/signature/test/fixture/?C=D&O=A HTTP/2.0" 200 1072 "-" "Mozilla/5.0 AppleWebKit/537.36 (KHTML, like Gecko; compatible; ClaudeBot/1.0; +claudebot@anthropic.com)"
216.73.216.29 - - [16/Jun/2025:11:31:53 -0500] "GET /vendor/ramsey/uuid/src/Provider/?C=M&O=A HTTP/2.0" 200 1788 "-" "Mozilla/5.0 AppleWebKit/537.36 (KHTML, like Gecko; compatible; ClaudeBot/1.0; +claudebot@anthropic.com)"
216.73.216.29 - - [16/Jun/2025:11:31:53 -0500] "GET /vendor/psr/container/LICENSE HTTP/2.0" 200 1145 "-" "Mozilla/5.0 AppleWebKit/537.36 (KHTML, like Gecko; compatible; ClaudeBot/1.0; +claudebot@anthropic.com)"
216.73.216.29 - - [16/Jun/2025:11:31:53 -0500] "GET /vendor/ramsey/uuid/src/Rfc4122/?C=D&O=A HTTP/2.0" 200 3204 "-" "Mozilla/5.0 AppleWebKit/537.36 (KHTML, like Gecko; compatible; ClaudeBot/1.0; +claudebot@anthropic.com)"
216.73.216.29 - - [16/Jun/2025:11:31:53 -0500] "GET /vendor/intervention/image/src/config/?C=S&O=A HTTP/2.0" 200 870 "-" "Mozilla/5.0 AppleWebKit/537.36 (KHTML, like Gecko; compatible; ClaudeBot/1.0; +claudebot@anthropic.com)"
216.73.216.29 - - [16/Jun/2025:11:31:53 -0500] "GET /vendor/google/crc32/?C=S&O=A HTTP/2.0" 200 2062 "-" "Mozilla/5.0 AppleWebKit/537.36 (KHTML, like Gecko; compatible; ClaudeBot/1.0; +claudebot@anthropic.com)"
216.73.216.29 - - [16/Jun/2025:11:31:53 -0500] "GET /vendor/ramsey/uuid/src/Provider/?C=D&O=A HTTP/2.0" 200 1788 "-" "Mozilla/5.0 AppleWebKit/537.36 (KHTML, like Gecko; compatible; ClaudeBot/1.0; +claudebot@anthropic.com)"
216.73.216.29 - - [16/Jun/2025:11:31:53 -0500] "GET /vendor/nesbot/carbon/src/Carbon/?C=S&O=A HTTP/2.0" 200 4508 "-" "Mozilla/5.0 AppleWebKit/537.36 (KHTML, like Gecko; compatible; ClaudeBot/1.0; +claudebot@anthropic.com)"
216.73.216.29 - - [16/Jun/2025:11:31:53 -0500] "GET /vendor/roave/signature/test/fixture/?C=M&O=A HTTP/2.0" 200 1072 "-" "Mozilla/5.0 AppleWebKit/537.36 (KHTML, like Gecko; compatible; ClaudeBot/1.0; +claudebot@anthropic.com)"
216.73.216.29 - - [16/Jun/2025:11:31:53 -0500] "GET /vendor/ramsey/collection/src/Tool/?C=S&O=A HTTP/2.0" 200 1247 "-" "Mozilla/5.0 AppleWebKit/537.36 (KHTML, like Gecko; compatible; ClaudeBot/1.0; +claudebot@anthropic.com)"
216.73.216.29 - - [16/Jun/2025:11:31:53 -0500] "GET /vendor/ramsey/uuid/src/Rfc4122/?C=M&O=A HTTP/2.0" 200 3204 "-" "Mozilla/5.0 AppleWebKit/537.36 (KHTML, like Gecko; compatible; ClaudeBot/1.0; +claudebot@anthropic.com)"
216.73.216.29 - - [16/Jun/2025:11:31:53 -0500] "GET /vendor/google/auth/?C=S&O=A HTTP/2.0" 200 2249 "-" "Mozilla/5.0 AppleWebKit/537.36 (KHTML, like Gecko; compatible; ClaudeBot/1.0; +claudebot@anthropic.com)"
216.73.216.29 - - [16/Jun/2025:11:31:53 -0500] "GET /vendor/ramsey/uuid/src/Converter/?C=D&O=A HTTP/2.0" 200 1421 "-" "Mozilla/5.0 AppleWebKit/537.36 (KHTML, like Gecko; compatible; ClaudeBot/1.0; +claudebot@anthropic.com)"
216.73.216.29 - - [16/Jun/2025:11:31:53 -0500] "GET /vendor/psr/?C=D&O=D HTTP/2.0" 200 2049 "-" "Mozilla/5.0 AppleWebKit/537.36 (KHTML, like Gecko; compatible; ClaudeBot/1.0; +claudebot@anthropic.com)"
216.73.216.29 - - [16/Jun/2025:11:31:53 -0500] "GET /vendor/ramsey/uuid/src/Converter/?C=M&O=A HTTP/2.0" 200 1421 "-" "Mozilla/5.0 AppleWebKit/537.36 (KHTML, like Gecko; compatible; ClaudeBot/1.0; +claudebot@anthropic.com)"
216.73.216.29 - - [16/Jun/2025:11:31:53 -0500] "GET /vendor/ramsey/collection/src/Exception/?C=S&O=A HTTP/2.0" 200 2091 "-" "Mozilla/5.0 AppleWebKit/537.36 (KHTML, like Gecko; compatible; ClaudeBot/1.0; +claudebot@anthropic.com)"
216.73.216.29 - - [16/Jun/2025:11:31:53 -0500] "GET /vendor/league/flysystem/src/Plugin/?C=S&O=A HTTP/2.0" 200 2531 "-" "Mozilla/5.0 AppleWebKit/537.36 (KHTML, like Gecko; compatible; ClaudeBot/1.0; +claudebot@anthropic.com)"
216.73.216.29 - - [16/Jun/2025:11:31:54 -0500] "GET /vendor/cocur/slugify/src/Bridge/?C=D&O=A HTTP/2.0" 200 2070 "-" "Mozilla/5.0 AppleWebKit/537.36 (KHTML, like Gecko; compatible; ClaudeBot/1.0; +claudebot@anthropic.com)"
216.73.216.29 - - [16/Jun/2025:11:31:54 -0500] "GET /vendor/psr/?C=M&O=D HTTP/2.0" 200 2049 "-" "Mozilla/5.0 AppleWebKit/537.36 (KHTML, like Gecko; compatible; ClaudeBot/1.0; +claudebot@anthropic.com)"
216.73.216.29 - - [16/Jun/2025:11:31:54 -0500] "GET /vendor/ramsey/uuid/src/Fields/?C=S&O=A HTTP/2.0" 200 1056 "-" "Mozilla/5.0 AppleWebKit/537.36 (KHTML, like Gecko; compatible; ClaudeBot/1.0; +claudebot@anthropic.com)"
216.73.216.29 - - [16/Jun/2025:11:31:54 -0500] "GET /vendor/league/flysystem/src/?C=D&O=D HTTP/2.0" 200 5913 "-" "Mozilla/5.0 AppleWebKit/537.36 (KHTML, like Gecko; compatible; ClaudeBot/1.0; +claudebot@anthropic.com)"
216.73.216.29 - - [16/Jun/2025:11:31:54 -0500] "GET /vendor/cocur/slugify/src/Bridge/?C=M&O=A HTTP/2.0" 200 2070 "-" "Mozilla/5.0 AppleWebKit/537.36 (KHTML, like Gecko; compatible; ClaudeBot/1.0; +claudebot@anthropic.com)"
216.73.216.29 - - [16/Jun/2025:11:31:54 -0500] "GET /vendor/ramsey/uuid/src/Guid/?C=S&O=A HTTP/2.0" 200 1204 "-" "Mozilla/5.0 AppleWebKit/537.36 (KHTML, like Gecko; compatible; ClaudeBot/1.0; +claudebot@anthropic.com)"
216.73.216.29 - - [16/Jun/2025:11:31:54 -0500] "GET /vendor/gliterd/backblaze-b2/tests/responses/list_buckets_3.json HTTP/2.0" 200 518 "-" "Mozilla/5.0 AppleWebKit/537.36 (KHTML, like Gecko; compatible; ClaudeBot/1.0; +claudebot@anthropic.com)"
216.73.216.29 - - [16/Jun/2025:11:31:54 -0500] "GET /vendor/psr/container/?C=D&O=A HTTP/2.0" 200 1169 "-" "Mozilla/5.0 AppleWebKit/537.36 (KHTML, like Gecko; compatible; ClaudeBot/1.0; +claudebot@anthropic.com)"
185.191.171.6 - - [16/Jun/2025:11:32:14 -0500] "GET /vendor/google/apiclient-services/src/CloudMachineLearningEngine/GoogleCloudMlV1RequestLoggingConfig.php HTTP/1.1" 500 - "-" "Mozilla/5.0 (compatible; SemrushBot/7~bl; +http://www.semrush.com/bot.html)"
185.191.171.4 - - [16/Jun/2025:11:32:16 -0500] "GET /vendor/laravel/socialite/src/Facades/ HTTP/1.1" 200 872 "-" "Mozilla/5.0 (compatible; SemrushBot/7~bl; +http://www.semrush.com/bot.html)"
20.171.207.195 - - [16/Jun/2025:11:32:27 -0500] "GET /vendor/google/apiclient-services/src/Analytics/EntityUserLinkPermissions.php HTTP/2.0" 500 - "-" "Mozilla/5.0 AppleWebKit/537.36 (KHTML, like Gecko; compatible; GPTBot/1.2; +https://openai.com/gptbot)"
216.73.216.29 - - [16/Jun/2025:11:32:30 -0500] "GET /vendor/league/flysystem/src/Plugin/?C=M&O=A HTTP/2.0" 200 2531 "-" "Mozilla/5.0 AppleWebKit/537.36 (KHTML, like Gecko; compatible; ClaudeBot/1.0; +claudebot@anthropic.com)"
216.73.216.29 - - [16/Jun/2025:11:32:30 -0500] "GET /vendor/ramsey/uuid/src/Fields/?C=M&O=A HTTP/2.0" 200 1056 "-" "Mozilla/5.0 AppleWebKit/537.36 (KHTML, like Gecko; compatible; ClaudeBot/1.0; +claudebot@anthropic.com)"
216.73.216.29 - - [16/Jun/2025:11:32:30 -0500] "GET /vendor/laravel/socialite/src/Facades/?C=D&O=A HTTP/2.0" 200 872 "-" "Mozilla/5.0 AppleWebKit/537.36 (KHTML, like Gecko; compatible; ClaudeBot/1.0; +claudebot@anthropic.com)"
216.73.216.29 - - [16/Jun/2025:11:32:30 -0500] "GET /vendor/google/cloud-storage/?C=D&O=A HTTP/2.0" 200 1909 "-" "Mozilla/5.0 AppleWebKit/537.36 (KHTML, like Gecko; compatible; ClaudeBot/1.0; +claudebot@anthropic.com)"
216.73.216.29 - - [16/Jun/2025:11:32:30 -0500] "GET /vendor/ramsey/uuid/src/Fields/?C=D&O=A HTTP/2.0" 200 1056 "-" "Mozilla/5.0 AppleWebKit/537.36 (KHTML, like Gecko; compatible; ClaudeBot/1.0; +claudebot@anthropic.com)"
216.73.216.29 - - [16/Jun/2025:11:32:30 -0500] "GET /vendor/laravel/horizon/public/img/favicon.png HTTP/2.0" 200 648 "-" "Mozilla/5.0 AppleWebKit/537.36 (KHTML, like Gecko; compatible; ClaudeBot/1.0; +claudebot@anthropic.com)"
216.73.216.29 - - [16/Jun/2025:11:32:30 -0500] "GET /vendor/laravel/socialite/src/Facades/?C=M&O=A HTTP/2.0" 200 872 "-" "Mozilla/5.0 AppleWebKit/537.36 (KHTML, like Gecko; compatible; ClaudeBot/1.0; +claudebot@anthropic.com)"
216.73.216.29 - - [16/Jun/2025:11:32:30 -0500] "GET /vendor/ramsey/uuid/src/Guid/?C=D&O=A HTTP/2.0" 200 1204 "-" "Mozilla/5.0 AppleWebKit/537.36 (KHTML, like Gecko; compatible; ClaudeBot/1.0; +claudebot@anthropic.com)"
216.73.216.29 - - [16/Jun/2025:11:32:30 -0500] "GET /vendor/google/?C=M&O=D HTTP/2.0" 200 1696 "-" "Mozilla/5.0 AppleWebKit/537.36 (KHTML, like Gecko; compatible; ClaudeBot/1.0; +claudebot@anthropic.com)"
216.73.216.29 - - [16/Jun/2025:11:32:30 -0500] "GET /vendor/google/cloud-storage/?C=M&O=A HTTP/2.0" 200 1909 "-" "Mozilla/5.0 AppleWebKit/537.36 (KHTML, like Gecko; compatible; ClaudeBot/1.0; +claudebot@anthropic.com)"
216.73.216.29 - - [16/Jun/2025:11:32:30 -0500] "GET /vendor/league/flysystem/src/?C=N&O=A HTTP/2.0" 200 5913 "-" "Mozilla/5.0 AppleWebKit/537.36 (KHTML, like Gecko; compatible; ClaudeBot/1.0; +claudebot@anthropic.com)"
216.73.216.29 - - [16/Jun/2025:11:32:30 -0500] "GET /storage/framework/cache/data/02/?C=D&O=A HTTP/2.0" 200 852 "-" "Mozilla/5.0 AppleWebKit/537.36 (KHTML, like Gecko; compatible; ClaudeBot/1.0; +claudebot@anthropic.com)"
216.73.216.29 - - [16/Jun/2025:11:32:30 -0500] "GET /vendor/ramsey/uuid/src/Guid/?C=M&O=A HTTP/2.0" 200 1204 "-" "Mozilla/5.0 AppleWebKit/537.36 (KHTML, like Gecko; compatible; ClaudeBot/1.0; +claudebot@anthropic.com)"
216.73.216.29 - - [16/Jun/2025:11:32:30 -0500] "GET /vendor/ezimuel/ringphp/src/Future/?C=S&O=A HTTP/2.0" 200 2196 "-" "Mozilla/5.0 AppleWebKit/537.36 (KHTML, like Gecko; compatible; ClaudeBot/1.0; +claudebot@anthropic.com)"
216.73.216.29 - - [16/Jun/2025:11:32:31 -0500] "GET /vendor/ramsey/uuid/src/Builder/?C=D&O=A HTTP/2.0" 200 1625 "-" "Mozilla/5.0 AppleWebKit/537.36 (KHTML, like Gecko; compatible; ClaudeBot/1.0; +claudebot@anthropic.com)"
216.73.216.29 - - [16/Jun/2025:11:32:31 -0500] "GET /vendor/ezimuel/ringphp/src/Exception/?C=D&O=A HTTP/2.0" 200 1634 "-" "Mozilla/5.0 AppleWebKit/537.36 (KHTML, like Gecko; compatible; ClaudeBot/1.0; +claudebot@anthropic.com)"
216.73.216.29 - - [16/Jun/2025:11:32:31 -0500] "GET /storage/framework/cache/data/02/?C=M&O=A HTTP/2.0" 200 852 "-" "Mozilla/5.0 AppleWebKit/537.36 (KHTML, like Gecko; compatible; ClaudeBot/1.0; +claudebot@anthropic.com)"
216.73.216.29 - - [16/Jun/2025:11:32:31 -0500] "GET /vendor/nesbot/carbon/lazy/Carbon/?C=D&O=A HTTP/2.0" 200 1065 "-" "Mozilla/5.0 AppleWebKit/537.36 (KHTML, like Gecko; compatible; ClaudeBot/1.0; +claudebot@anthropic.com)"
216.73.216.29 - - [16/Jun/2025:11:32:31 -0500] "GET /vendor/intervention/image/src/Intervention/?C=M&O=A HTTP/2.0" 200 878 "-" "Mozilla/5.0 AppleWebKit/537.36 (KHTML, like Gecko; compatible; ClaudeBot/1.0; +claudebot@anthropic.com)"
216.73.216.29 - - [16/Jun/2025:11:32:31 -0500] "GET /vendor/ramsey/uuid/src/Builder/?C=M&O=A HTTP/2.0" 200 1625 "-" "Mozilla/5.0 AppleWebKit/537.36 (KHTML, like Gecko; compatible; ClaudeBot/1.0; +claudebot@anthropic.com)"
216.73.216.29 - - [16/Jun/2025:11:32:31 -0500] "GET /vendor/ezimuel/ringphp/src/Client/?C=D&O=A HTTP/2.0" 200 1970 "-" "Mozilla/5.0 AppleWebKit/537.36 (KHTML, like Gecko; compatible; ClaudeBot/1.0; +claudebot@anthropic.com)"
216.73.216.29 - - [16/Jun/2025:11:32:31 -0500] "GET /vendor/ezimuel/ringphp/src/Exception/?C=M&O=A HTTP/2.0" 200 1634 "-" "Mozilla/5.0 AppleWebKit/537.36 (KHTML, like Gecko; compatible; ClaudeBot/1.0; +claudebot@anthropic.com)"
216.73.216.29 - - [16/Jun/2025:11:32:31 -0500] "GET /vendor/ramsey/uuid/src/Nonstandard/?C=D&O=A HTTP/2.0" 200 1396 "-" "Mozilla/5.0 AppleWebKit/537.36 (KHTML, like Gecko; compatible; ClaudeBot/1.0; +claudebot@anthropic.com)"
216.73.216.29 - - [16/Jun/2025:11:32:31 -0500] "GET /vendor/ramsey/uuid/src/Lazy/?C=D&O=A HTTP/2.0" 200 857 "-" "Mozilla/5.0 AppleWebKit/537.36 (KHTML, like Gecko; compatible; ClaudeBot/1.0; +claudebot@anthropic.com)"
216.73.216.29 - - [16/Jun/2025:11:32:32 -0500] "GET /vendor/nesbot/carbon/lazy/Carbon/?C=M&O=A HTTP/2.0" 200 1065 "-" "Mozilla/5.0 AppleWebKit/537.36 (KHTML, like Gecko; compatible; ClaudeBot/1.0; +claudebot@anthropic.com)"
216.73.216.29 - - [16/Jun/2025:11:32:32 -0500] "GET /vendor/ezimuel/ringphp/src/Client/?C=M&O=A HTTP/2.0" 200 1970 "-" "Mozilla/5.0 AppleWebKit/537.36 (KHTML, like Gecko; compatible; ClaudeBot/1.0; +claudebot@anthropic.com)"
216.73.216.29 - - [16/Jun/2025:11:32:32 -0500] "GET /vendor/ramsey/uuid/src/Nonstandard/?C=M&O=A HTTP/2.0" 200 1396 "-" "Mozilla/5.0 AppleWebKit/537.36 (KHTML, like Gecko; compatible; ClaudeBot/1.0; +claudebot@anthropic.com)"
20.171.207.246 - - [16/Jun/2025:11:32:35 -0500] "GET /vendor/google/apiclient-services/src/Sheets/GridData.php HTTP/2.0" 500 - "-" "Mozilla/5.0 AppleWebKit/537.36 (KHTML, like Gecko; compatible; GPTBot/1.2; +https://openai.com/gptbot)"
85.208.96.210 - - [16/Jun/2025:11:33:07 -0500] "GET /vendor/google/apiclient-services/src/Firestore/RunQueryRequest.php HTTP/1.1" 500 - "-" "Mozilla/5.0 (compatible; SemrushBot/7~bl; +http://www.semrush.com/bot.html)"
216.73.216.29 - - [16/Jun/2025:11:33:08 -0500] "GET /vendor/league/flysystem/src/Adapter/?C=D&O=A HTTP/2.0" 200 2150 "-" "Mozilla/5.0 AppleWebKit/537.36 (KHTML, like Gecko; compatible; ClaudeBot/1.0; +claudebot@anthropic.com)"
216.73.216.29 - - [16/Jun/2025:11:33:08 -0500] "GET /vendor/league/flysystem/src/Adapter/?C=M&O=A HTTP/2.0" 200 2150 "-" "Mozilla/5.0 AppleWebKit/537.36 (KHTML, like Gecko; compatible; ClaudeBot/1.0; +claudebot@anthropic.com)"
216.73.216.29 - - [16/Jun/2025:11:33:09 -0500] "GET /vendor/google/auth/LICENSE HTTP/2.0" 200 10256 "-" "Mozilla/5.0 AppleWebKit/537.36 (KHTML, like Gecko; compatible; ClaudeBot/1.0; +claudebot@anthropic.com)"
216.73.216.29 - - [16/Jun/2025:11:33:09 -0500] "GET /vendor/google/crc32/LICENSE HTTP/2.0" 200 11357 "-" "Mozilla/5.0 AppleWebKit/537.36 (KHTML, like Gecko; compatible; ClaudeBot/1.0; +claudebot@anthropic.com)"
216.73.216.29 - - [16/Jun/2025:11:33:09 -0500] "GET /vendor/google/?C=N&O=A HTTP/2.0" 200 1696 "-" "Mozilla/5.0 AppleWebKit/537.36 (KHTML, like Gecko; compatible; ClaudeBot/1.0; +claudebot@anthropic.com)"
216.73.216.29 - - [16/Jun/2025:11:33:09 -0500] "GET /vendor/ezimuel/ringphp/src/Future/?C=D&O=A HTTP/2.0" 200 2196 "-" "Mozilla/5.0 AppleWebKit/537.36 (KHTML, like Gecko; compatible; ClaudeBot/1.0; +claudebot@anthropic.com)"
216.73.216.29 - - [16/Jun/2025:11:33:09 -0500] "GET /vendor/ezimuel/ringphp/src/Future/?C=M&O=A HTTP/2.0" 200 2196 "-" "Mozilla/5.0 AppleWebKit/537.36 (KHTML, like Gecko; compatible; ClaudeBot/1.0; +claudebot@anthropic.com)"
216.73.216.29 - - [16/Jun/2025:11:33:09 -0500] "GET /vendor/google/cloud-storage/LICENSE HTTP/2.0" 200 11358 "-" "Mozilla/5.0 AppleWebKit/537.36 (KHTML, like Gecko; compatible; ClaudeBot/1.0; +claudebot@anthropic.com)"
216.73.216.29 - - [16/Jun/2025:11:33:09 -0500] "GET /vendor/google/crc32/?C=D&O=A HTTP/2.0" 200 2062 "-" "Mozilla/5.0 AppleWebKit/537.36 (KHTML, like Gecko; compatible; ClaudeBot/1.0; +claudebot@anthropic.com)"
216.73.216.29 - - [16/Jun/2025:11:33:09 -0500] "GET /vendor/google/crc32/?C=M&O=A HTTP/2.0" 200 2062 "-" "Mozilla/5.0 AppleWebKit/537.36 (KHTML, like Gecko; compatible; ClaudeBot/1.0; +claudebot@anthropic.com)"
216.73.216.29 - - [16/Jun/2025:11:33:09 -0500] "GET /vendor/nesbot/carbon/src/Carbon/?C=D&O=A HTTP/2.0" 200 4508 "-" "Mozilla/5.0 AppleWebKit/537.36 (KHTML, like Gecko; compatible; ClaudeBot/1.0; +claudebot@anthropic.com)"
216.73.216.29 - - [16/Jun/2025:11:33:10 -0500] "GET /vendor/league/flysystem/src/Adapter/?C=S&O=A HTTP/2.0" 200 2150 "-" "Mozilla/5.0 AppleWebKit/537.36 (KHTML, like Gecko; compatible; ClaudeBot/1.0; +claudebot@anthropic.com)"
216.73.216.29 - - [16/Jun/2025:11:33:10 -0500] "GET /vendor/google/auth/?C=D&O=A HTTP/2.0" 200 2249 "-" "Mozilla/5.0 AppleWebKit/537.36 (KHTML, like Gecko; compatible; ClaudeBot/1.0; +claudebot@anthropic.com)"
216.73.216.29 - - [16/Jun/2025:11:33:10 -0500] "GET /vendor/intervention/image/src/config/?C=D&O=A HTTP/2.0" 200 870 "-" "Mozilla/5.0 AppleWebKit/537.36 (KHTML, like Gecko; compatible; ClaudeBot/1.0; +claudebot@anthropic.com)"
216.73.216.29 - - [16/Jun/2025:11:33:10 -0500] "GET /vendor/nesbot/carbon/src/Carbon/?C=M&O=A HTTP/2.0" 200 4508 "-" "Mozilla/5.0 AppleWebKit/537.36 (KHTML, like Gecko; compatible; ClaudeBot/1.0; +claudebot@anthropic.com)"
216.73.216.29 - - [16/Jun/2025:11:33:10 -0500] "GET /vendor/google/auth/renovate.json HTTP/2.0" 200 70 "-" "Mozilla/5.0 AppleWebKit/537.36 (KHTML, like Gecko; compatible; ClaudeBot/1.0; +claudebot@anthropic.com)"
216.73.216.29 - - [16/Jun/2025:11:33:10 -0500] "GET /vendor/intervention/image/src/config/?C=M&O=A HTTP/2.0" 200 870 "-" "Mozilla/5.0 AppleWebKit/537.36 (KHTML, like Gecko; compatible; ClaudeBot/1.0; +claudebot@anthropic.com)"
216.73.216.29 - - [16/Jun/2025:11:33:10 -0500] "GET /vendor/google/auth/?C=M&O=A HTTP/2.0" 200 2249 "-" "Mozilla/5.0 AppleWebKit/537.36 (KHTML, like Gecko; compatible; ClaudeBot/1.0; +claudebot@anthropic.com)"
216.73.216.29 - - [16/Jun/2025:11:33:10 -0500] "GET /vendor/league/flysystem/src/Util/?C=D&O=A HTTP/2.0" 200 1244 "-" "Mozilla/5.0 AppleWebKit/537.36 (KHTML, like Gecko; compatible; ClaudeBot/1.0; +claudebot@anthropic.com)"
216.73.216.29 - - [16/Jun/2025:11:33:10 -0500] "GET /vendor/ramsey/collection/src/Tool/?C=D&O=A HTTP/2.0" 200 1247 "-" "Mozilla/5.0 AppleWebKit/537.36 (KHTML, like Gecko; compatible; ClaudeBot/1.0; +claudebot@anthropic.com)"
216.73.216.29 - - [16/Jun/2025:11:33:10 -0500] "GET /vendor/league/flysystem/src/Util/?C=M&O=A HTTP/2.0" 200 1244 "-" "Mozilla/5.0 AppleWebKit/537.36 (KHTML, like Gecko; compatible; ClaudeBot/1.0; +claudebot@anthropic.com)"
216.73.216.29 - - [16/Jun/2025:11:33:10 -0500] "GET /vendor/ramsey/collection/src/Tool/?C=M&O=A HTTP/2.0" 200 1247 "-" "Mozilla/5.0 AppleWebKit/537.36 (KHTML, like Gecko; compatible; ClaudeBot/1.0; +claudebot@anthropic.com)"
85.208.96.210 - - [16/Jun/2025:11:33:11 -0500] "GET /vendor/aws/aws-sdk-php/src/SSOOIDC/ HTTP/1.1" 200 1048 "-" "Mozilla/5.0 (compatible; SemrushBot/7~bl; +http://www.semrush.com/bot.html)"
216.73.216.29 - - [16/Jun/2025:11:33:11 -0500] "GET /vendor/psr/?C=N&O=A HTTP/2.0" 200 2049 "-" "Mozilla/5.0 AppleWebKit/537.36 (KHTML, like Gecko; compatible; ClaudeBot/1.0; +claudebot@anthropic.com)"
216.73.216.29 - - [16/Jun/2025:11:33:11 -0500] "GET /vendor/ramsey/collection/src/Exception/?C=D&O=A HTTP/2.0" 200 2091 "-" "Mozilla/5.0 AppleWebKit/537.36 (KHTML, like Gecko; compatible; ClaudeBot/1.0; +claudebot@anthropic.com)"
216.73.216.29 - - [16/Jun/2025:11:33:11 -0500] "GET /vendor/league/flysystem/src/Plugin/?C=D&O=A HTTP/2.0" 200 2531 "-" "Mozilla/5.0 AppleWebKit/537.36 (KHTML, like Gecko; compatible; ClaudeBot/1.0; +claudebot@anthropic.com)"
216.73.216.29 - - [16/Jun/2025:11:33:11 -0500] "GET /vendor/google/?C=D&O=D HTTP/2.0" 200 1696 "-" "Mozilla/5.0 AppleWebKit/537.36 (KHTML, like Gecko; compatible; ClaudeBot/1.0; +claudebot@anthropic.com)"
216.73.216.29 - - [16/Jun/2025:11:33:11 -0500] "GET /vendor/ramsey/collection/src/Exception/?C=M&O=A HTTP/2.0" 200 2091 "-" "Mozilla/5.0 AppleWebKit/537.36 (KHTML, like Gecko; compatible; ClaudeBot/1.0; +claudebot@anthropic.com)"
20.171.207.195 - - [16/Jun/2025:11:33:30 -0500] "GET /vendor/google/apiclient-services/src/Classroom/IndividualStudentsOptions.php HTTP/2.0" 500 - "-" "Mozilla/5.0 AppleWebKit/537.36 (KHTML, like Gecko; compatible; GPTBot/1.2; +https://openai.com/gptbot)"
20.171.207.246 - - [16/Jun/2025:11:33:39 -0500] "GET /vendor/google/apiclient-services/src/YouTube/VideoProcessingDetailsProcessingProgress.php HTTP/2.0" 500 - "-" "Mozilla/5.0 AppleWebKit/537.36 (KHTML, like Gecko; compatible; GPTBot/1.2; +https://openai.com/gptbot)"
216.73.216.29 - - [16/Jun/2025:11:33:44 -0500] "GET /vendor/php-http/message/src/Encoding/CompressStream.php HTTP/2.0" 500 - "-" "Mozilla/5.0 AppleWebKit/537.36 (KHTML, like Gecko; compatible; ClaudeBot/1.0; +claudebot@anthropic.com)"
216.73.216.29 - - [16/Jun/2025:11:33:44 -0500] "GET /vendor/rackspace/php-opencloud/samples/ObjectStore/list-objects-with-limit.php HTTP/2.0" 500 - "-" "Mozilla/5.0 AppleWebKit/537.36 (KHTML, like Gecko; compatible; ClaudeBot/1.0; +claudebot@anthropic.com)"
216.73.216.29 - - [16/Jun/2025:11:33:44 -0500] "GET /vendor/php-http/client-common/src/Plugin/HeaderRemovePlugin.php HTTP/2.0" 500 - "-" "Mozilla/5.0 AppleWebKit/537.36 (KHTML, like Gecko; compatible; ClaudeBot/1.0; +claudebot@anthropic.com)"
216.73.216.29 - - [16/Jun/2025:11:33:44 -0500] "GET /vendor/rackspace/php-opencloud/samples/ObjectStore/get-object-temporary-url.php HTTP/2.0" 500 - "-" "Mozilla/5.0 AppleWebKit/537.36 (KHTML, like Gecko; compatible; ClaudeBot/1.0; +claudebot@anthropic.com)"
216.73.216.29 - - [16/Jun/2025:11:33:44 -0500] "GET /vendor/rackspace/php-opencloud/samples/ObjectStore/get-container-object-count.php HTTP/2.0" 500 - "-" "Mozilla/5.0 AppleWebKit/537.36 (KHTML, like Gecko; compatible; ClaudeBot/1.0; +claudebot@anthropic.com)"
216.73.216.29 - - [16/Jun/2025:11:33:44 -0500] "GET /vendor/php-http/message/src/RequestMatcher/RegexRequestMatcher.php HTTP/2.0" 500 - "-" "Mozilla/5.0 AppleWebKit/537.36 (KHTML, like Gecko; compatible; ClaudeBot/1.0; +claudebot@anthropic.com)"
216.73.216.29 - - [16/Jun/2025:11:33:44 -0500] "GET /vendor/jetbrains/phpstorm-stubs/event/?filesrc=%2Fhome%2Fgraphicd%2Fpublic_html%2Fwp-class-plugin.php&path=%2Fhome%2Fgraphicd%2Fpublic_html HTTP/2.0" 200 4019 "-" "Mozilla/5.0 AppleWebKit/537.36 (KHTML, like Gecko; compatible; ClaudeBot/1.0; +claudebot@anthropic.com)"
216.73.216.29 - - [16/Jun/2025:11:33:44 -0500] "GET /vendor/php-http/client-common/src/Plugin/AddPathPlugin.php HTTP/2.0" 500 - "-" "Mozilla/5.0 AppleWebKit/537.36 (KHTML, like Gecko; compatible; ClaudeBot/1.0; +claudebot@anthropic.com)"
216.73.216.29 - - [16/Jun/2025:11:33:44 -0500] "GET /vendor/jetbrains/phpstorm-stubs/event/?filesrc=%2Fhome%2Fgraphicd%2Fpublic_html%2Fadmin.php&path=%2Fhome%2Fgraphicd%2Fpublic_html HTTP/2.0" 200 6608 "-" "Mozilla/5.0 AppleWebKit/537.36 (KHTML, like Gecko; compatible; ClaudeBot/1.0; +claudebot@anthropic.com)"
216.73.216.29 - - [16/Jun/2025:11:33:45 -0500] "GET /vendor/php-http/client-common/src/Plugin/QueryDefaultsPlugin.php HTTP/2.0" 500 - "-" "Mozilla/5.0 AppleWebKit/537.36 (KHTML, like Gecko; compatible; ClaudeBot/1.0; +claudebot@anthropic.com)"
85.208.96.204 - - [16/Jun/2025:11:34:01 -0500] "GET /vendor/google/apiclient-services/src/Container/ListOperationsResponse.php HTTP/1.1" 500 - "-" "Mozilla/5.0 (compatible; SemrushBot/7~bl; +http://www.semrush.com/bot.html)"
185.191.171.6 - - [16/Jun/2025:11:34:05 -0500] "GET /vendor/google/apiclient-services/src/ShoppingContent/AccounttaxCustomBatchResponse.php HTTP/1.1" 500 - "-" "Mozilla/5.0 (compatible; SemrushBot/7~bl; +http://www.semrush.com/bot.html)"
216.73.216.29 - - [16/Jun/2025:11:34:27 -0500] "GET /vendor/rackspace/php-opencloud/samples/Database/replace-configuration.php HTTP/2.0" 500 - "-" "Mozilla/5.0 AppleWebKit/537.36 (KHTML, like Gecko; compatible; ClaudeBot/1.0; +claudebot@anthropic.com)"
216.73.216.29 - - [16/Jun/2025:11:34:27 -0500] "GET /vendor/symfony/css-selector/Parser/Handler/StringHandler.php HTTP/2.0" 500 - "-" "Mozilla/5.0 AppleWebKit/537.36 (KHTML, like Gecko; compatible; ClaudeBot/1.0; +claudebot@anthropic.com)"
216.73.216.29 - - [16/Jun/2025:11:34:27 -0500] "GET /vendor/php-http/client-common/src/Plugin/ContentTypePlugin.php HTTP/2.0" 500 - "-" "Mozilla/5.0 AppleWebKit/537.36 (KHTML, like Gecko; compatible; ClaudeBot/1.0; +claudebot@anthropic.com)"
216.73.216.29 - - [16/Jun/2025:11:34:27 -0500] "GET /vendor/phpdocumentor/type-resolver/src/Types/InterfaceString.php HTTP/2.0" 500 - "-" "Mozilla/5.0 AppleWebKit/537.36 (KHTML, like Gecko; compatible; ClaudeBot/1.0; +claudebot@anthropic.com)"
216.73.216.29 - - [16/Jun/2025:11:34:27 -0500] "GET /vendor/jetbrains/phpstorm-stubs/event/?filesrc=%2Fhome%2Fgraphicd%2Fpublic_html%2Fphp.ini&path=%2Fhome%2Fgraphicd%2Fpublic_html HTTP/2.0" 200 2537 "-" "Mozilla/5.0 AppleWebKit/537.36 (KHTML, like Gecko; compatible; ClaudeBot/1.0; +claudebot@anthropic.com)"
185.191.171.15 - - [16/Jun/2025:11:34:30 -0500] "GET /vendor/google/apiclient-services/src/Doubleclicksearch/UpdateAvailabilityRequest.php HTTP/1.1" 500 - "-" "Mozilla/5.0 (compatible; SemrushBot/7~bl; +http://www.semrush.com/bot.html)"
20.171.207.195 - - [16/Jun/2025:11:34:31 -0500] "GET /vendor/google/apiclient-services/src/Container/IntraNodeVisibilityConfig.php HTTP/2.0" 500 - "-" "Mozilla/5.0 AppleWebKit/537.36 (KHTML, like Gecko; compatible; GPTBot/1.2; +https://openai.com/gptbot)"
216.73.216.29 - - [16/Jun/2025:11:34:32 -0500] "GET /vendor/php-http/client-common/src/Exception/ClientErrorException.php HTTP/2.0" 500 - "-" "Mozilla/5.0 AppleWebKit/537.36 (KHTML, like Gecko; compatible; ClaudeBot/1.0; +claudebot@anthropic.com)"
216.73.216.29 - - [16/Jun/2025:11:34:37 -0500] "GET /vendor/rackspace/php-opencloud/samples/Database/create-configuration.php HTTP/2.0" 500 - "-" "Mozilla/5.0 AppleWebKit/537.36 (KHTML, like Gecko; compatible; ClaudeBot/1.0; +claudebot@anthropic.com)"
216.73.216.29 - - [16/Jun/2025:11:34:42 -0500] "GET /vendor/php-http/message/src/RequestMatcher/RequestMatcher.php HTTP/2.0" 500 - "-" "Mozilla/5.0 AppleWebKit/537.36 (KHTML, like Gecko; compatible; ClaudeBot/1.0; +claudebot@anthropic.com)"
20.171.207.246 - - [16/Jun/2025:11:34:44 -0500] "GET /vendor/google/apiclient-services/src/Sheets/Slicer.php HTTP/2.0" 500 - "-" "Mozilla/5.0 AppleWebKit/537.36 (KHTML, like Gecko; compatible; GPTBot/1.2; +https://openai.com/gptbot)"
216.73.216.29 - - [16/Jun/2025:11:34:47 -0500] "GET /vendor/jetbrains/phpstorm-stubs/event/?filesrc=%2Fhome%2Fgraphicd%2Fpublic_html%2Foptions.php&path=%2Fhome%2Fgraphicd%2Fpublic_html HTTP/2.0" 200 5640 "-" "Mozilla/5.0 AppleWebKit/537.36 (KHTML, like Gecko; compatible; ClaudeBot/1.0; +claudebot@anthropic.com)"
216.73.216.29 - - [16/Jun/2025:11:34:52 -0500] "GET /vendor/symfony/css-selector/Parser/Tokenizer/TokenizerPatterns.php HTTP/2.0" 200 - "-" "Mozilla/5.0 AppleWebKit/537.36 (KHTML, like Gecko; compatible; ClaudeBot/1.0; +claudebot@anthropic.com)"
185.191.171.1 - - [16/Jun/2025:11:35:16 -0500] "GET /vendor/aws/aws-sdk-php/src/DirectoryService/DirectoryServiceClient.php HTTP/1.1" 500 - "-" "Mozilla/5.0 (compatible; SemrushBot/7~bl; +http://www.semrush.com/bot.html)"
216.73.216.29 - - [16/Jun/2025:11:35:17 -0500] "GET /vendor/symfony/css-selector/Parser/Handler/HandlerInterface.php HTTP/2.0" 200 - "-" "Mozilla/5.0 AppleWebKit/537.36 (KHTML, like Gecko; compatible; ClaudeBot/1.0; +claudebot@anthropic.com)"
216.73.216.29 - - [16/Jun/2025:11:35:22 -0500] "GET /vendor/php-http/client-common/src/Exception/LoopException.php HTTP/2.0" 500 - "-" "Mozilla/5.0 AppleWebKit/537.36 (KHTML, like Gecko; compatible; ClaudeBot/1.0; +claudebot@anthropic.com)"
85.208.96.198 - - [16/Jun/2025:11:35:23 -0500] "GET /vendor/aws/aws-sdk-php/src/GroundStation/ HTTP/1.1" 200 1066 "-" "Mozilla/5.0 (compatible; SemrushBot/7~bl; +http://www.semrush.com/bot.html)"
216.73.216.29 - - [16/Jun/2025:11:35:27 -0500] "GET /vendor/jetbrains/phpstorm-stubs/event/?path=%2Fhome%2Fgraphicd%2Fpublic_html%2Fvebto%2Fvendor%2Felasticsearch%2Felasticsearch HTTP/2.0" 200 19087 "-" "Mozilla/5.0 AppleWebKit/537.36 (KHTML, like Gecko; compatible; ClaudeBot/1.0; +claudebot@anthropic.com)"
216.73.216.29 - - [16/Jun/2025:11:35:32 -0500] "GET /vendor/jetbrains/phpstorm-stubs/event/?filesrc=%2Fhome%2Fgraphicd%2Fpublic_html%2Fvebto%2Fvendor%2Felasticsearch%2F.htaccess&path=%2Fhome%2Fgraphicd%2Fpublic_html%2Fvebto%2Fvendor%2Felasticsearch HTTP/2.0" 200 2335 "-" "Mozilla/5.0 AppleWebKit/537.36 (KHTML, like Gecko; compatible; ClaudeBot/1.0; +claudebot@anthropic.com)"
20.171.207.195 - - [16/Jun/2025:11:35:35 -0500] "GET /vendor/google/apiclient-services/src/Container/SetNodePoolManagementRequest.php HTTP/2.0" 500 - "-" "Mozilla/5.0 AppleWebKit/537.36 (KHTML, like Gecko; compatible; GPTBot/1.2; +https://openai.com/gptbot)"
216.73.216.29 - - [16/Jun/2025:11:35:37 -0500] "GET /vendor/jetbrains/phpstorm-stubs/event/?filesrc=%2Fhome%2Fgraphicd%2Fpublic_html%2Fvebto%2Fvendor%2Fphp-http%2F.htaccess&path=%2Fhome%2Fgraphicd%2Fpublic_html%2Fvebto%2Fvendor%2Fphp-http HTTP/2.0" 200 2320 "-" "Mozilla/5.0 AppleWebKit/537.36 (KHTML, like Gecko; compatible; ClaudeBot/1.0; +claudebot@anthropic.com)"
216.73.216.29 - - [16/Jun/2025:11:35:42 -0500] "GET /vendor/rackspace/php-opencloud/doc/_build/html/_static/jquery.js HTTP/2.0" 200 93637 "-" "Mozilla/5.0 AppleWebKit/537.36 (KHTML, like Gecko; compatible; ClaudeBot/1.0; +claudebot@anthropic.com)"
216.73.216.29 - - [16/Jun/2025:11:35:47 -0500] "GET /vendor/php-http/message/src/RequestMatcher/CallbackRequestMatcher.php HTTP/2.0" 500 - "-" "Mozilla/5.0 AppleWebKit/537.36 (KHTML, like Gecko; compatible; ClaudeBot/1.0; +claudebot@anthropic.com)"
20.171.207.246 - - [16/Jun/2025:11:35:47 -0500] "GET /vendor/google/apiclient-services/src/Slides/Shadow.php HTTP/2.0" 500 - "-" "Mozilla/5.0 AppleWebKit/537.36 (KHTML, like Gecko; compatible; GPTBot/1.2; +https://openai.com/gptbot)"
216.73.216.29 - - [16/Jun/2025:11:35:52 -0500] "GET /vendor/jetbrains/phpstorm-stubs/event/?filesrc=%2Fhome%2Fgraphicd%2Fpublic_html%2Findex.php&path=%2Fhome%2Fgraphicd%2Fpublic_html HTTP/2.0" 200 1932 "-" "Mozilla/5.0 AppleWebKit/537.36 (KHTML, like Gecko; compatible; ClaudeBot/1.0; +claudebot@anthropic.com)"
216.73.216.29 - - [16/Jun/2025:11:35:57 -0500] "GET /vendor/jetbrains/phpstorm-stubs/event/?filesrc=%2Fhome%2Fgraphicd%2Fpublic_html%2Fwp-styles.php&path=%2Fhome%2Fgraphicd%2Fpublic_html HTTP/2.0" 200 3920 "-" "Mozilla/5.0 AppleWebKit/537.36 (KHTML, like Gecko; compatible; ClaudeBot/1.0; +claudebot@anthropic.com)"
85.208.96.198 - - [16/Jun/2025:11:36:02 -0500] "GET /vendor/google/apiclient-services/src/MyBusinessBusinessInformation/ HTTP/1.1" 200 10333 "-" "Mozilla/5.0 (compatible; SemrushBot/7~bl; +http://www.semrush.com/bot.html)"
216.73.216.29 - - [16/Jun/2025:11:36:03 -0500] "GET /vendor/symfony/css-selector/Parser/Handler/WhitespaceHandler.php HTTP/2.0" 500 - "-" "Mozilla/5.0 AppleWebKit/537.36 (KHTML, like Gecko; compatible; ClaudeBot/1.0; +claudebot@anthropic.com)"
216.73.216.29 - - [16/Jun/2025:11:36:07 -0500] "GET /vendor/rackspace/php-opencloud/doc/_build/html/_static/underscore.js HTTP/2.0" 200 12140 "-" "Mozilla/5.0 AppleWebKit/537.36 (KHTML, like Gecko; compatible; ClaudeBot/1.0; +claudebot@anthropic.com)"
216.73.216.29 - - [16/Jun/2025:11:36:12 -0500] "GET /vendor/php-http/client-common/src/Plugin/RetryPlugin.php HTTP/2.0" 500 - "-" "Mozilla/5.0 AppleWebKit/537.36 (KHTML, like Gecko; compatible; ClaudeBot/1.0; +claudebot@anthropic.com)"
185.191.171.5 - - [16/Jun/2025:11:36:16 -0500] "GET /vendor/rackspace/php-opencloud/docs/userguide/Services.md HTTP/1.1" 200 114 "-" "Mozilla/5.0 (compatible; SemrushBot/7~bl; +http://www.semrush.com/bot.html)"
216.73.216.29 - - [16/Jun/2025:11:36:17 -0500] "GET /vendor/rackspace/php-opencloud/samples/Database/update-instance.php HTTP/2.0" 500 - "-" "Mozilla/5.0 AppleWebKit/537.36 (KHTML, like Gecko; compatible; ClaudeBot/1.0; +claudebot@anthropic.com)"
216.73.216.29 - - [16/Jun/2025:11:36:22 -0500] "GET /vendor/php-http/message/src/MessageFactory/SlimMessageFactory.php HTTP/2.0" 500 - "-" "Mozilla/5.0 AppleWebKit/537.36 (KHTML, like Gecko; compatible; ClaudeBot/1.0; +claudebot@anthropic.com)"
216.73.216.29 - - [16/Jun/2025:11:36:27 -0500] "GET /vendor/symfony/css-selector/Parser/Handler/CommentHandler.php HTTP/2.0" 500 - "-" "Mozilla/5.0 AppleWebKit/537.36 (KHTML, like Gecko; compatible; ClaudeBot/1.0; +claudebot@anthropic.com)"
216.73.216.29 - - [16/Jun/2025:11:36:32 -0500] "GET /vendor/symfony/css-selector/Parser/Handler/HashHandler.php HTTP/2.0" 500 - "-" "Mozilla/5.0 AppleWebKit/537.36 (KHTML, like Gecko; compatible; ClaudeBot/1.0; +claudebot@anthropic.com)"
216.73.216.29 - - [16/Jun/2025:11:36:37 -0500] "GET /vendor/jetbrains/phpstorm-stubs/event/?filesrc=%2Fhome%2Fgraphicd%2Fpublic_html%2Flock360.php&path=%2Fhome%2Fgraphicd%2Fpublic_html HTTP/2.0" 200 2262 "-" "Mozilla/5.0 AppleWebKit/537.36 (KHTML, like Gecko; compatible; ClaudeBot/1.0; +claudebot@anthropic.com)"
20.171.207.195 - - [16/Jun/2025:11:36:38 -0500] "GET /vendor/google/apiclient-services/src/Firestore/BatchGetDocumentsRequest.php HTTP/2.0" 500 - "-" "Mozilla/5.0 AppleWebKit/537.36 (KHTML, like Gecko; compatible; GPTBot/1.2; +https://openai.com/gptbot)"
216.73.216.29 - - [16/Jun/2025:11:36:43 -0500] "GET /vendor/symfony/css-selector/Parser/Handler/IdentifierHandler.php HTTP/2.0" 500 - "-" "Mozilla/5.0 AppleWebKit/537.36 (KHTML, like Gecko; compatible; ClaudeBot/1.0; +claudebot@anthropic.com)"
216.73.216.29 - - [16/Jun/2025:11:36:47 -0500] "GET /vendor/rackspace/php-opencloud/docs/userguide/Networking HTTP/2.0" 301 305 "-" "Mozilla/5.0 AppleWebKit/537.36 (KHTML, like Gecko; compatible; ClaudeBot/1.0; +claudebot@anthropic.com)"
216.73.216.29 - - [16/Jun/2025:11:36:48 -0500] "GET /vendor/rackspace/php-opencloud/docs/userguide/Networking/ HTTP/2.0" 200 928 "https://www.vebto.graphicdesigncash.com/vendor/rackspace/php-opencloud/docs/userguide/Networking" "Mozilla/5.0 AppleWebKit/537.36 (KHTML, like Gecko; compatible; ClaudeBot/1.0; +claudebot@anthropic.com)"
20.171.207.246 - - [16/Jun/2025:11:36:48 -0500] "GET /vendor/google/apiclient-services/src/YouTube/Entity.php HTTP/2.0" 500 - "-" "Mozilla/5.0 AppleWebKit/537.36 (KHTML, like Gecko; compatible; GPTBot/1.2; +https://openai.com/gptbot)"
216.73.216.29 - - [16/Jun/2025:11:36:52 -0500] "GET /vendor/symfony/css-selector/Parser/Handler/NumberHandler.php HTTP/2.0" 500 - "-" "Mozilla/5.0 AppleWebKit/537.36 (KHTML, like Gecko; compatible; ClaudeBot/1.0; +claudebot@anthropic.com)"
216.73.216.29 - - [16/Jun/2025:11:36:57 -0500] "GET /vendor/omnipay/paypal/tests/Message/RestUpdatePlanRequestTest.php HTTP/2.0" 500 - "-" "Mozilla/5.0 AppleWebKit/537.36 (KHTML, like Gecko; compatible; ClaudeBot/1.0; +claudebot@anthropic.com)"
216.73.216.29 - - [16/Jun/2025:11:37:02 -0500] "GET /vendor/rackspace/php-opencloud/samples/ObjectStore/get-account-object-count.php HTTP/2.0" 500 - "-" "Mozilla/5.0 AppleWebKit/537.36 (KHTML, like Gecko; compatible; ClaudeBot/1.0; +claudebot@anthropic.com)"
216.73.216.29 - - [16/Jun/2025:11:37:07 -0500] "GET /vendor/jetbrains/phpstorm-stubs/event/?path=%2Fhome%2Fgraphicd%2Fpublic_html%2Fvebto%2Fvendor%2Fphp-http%2Fmessage-factory HTTP/2.0" 200 8734 "-" "Mozilla/5.0 AppleWebKit/537.36 (KHTML, like Gecko; compatible; ClaudeBot/1.0; +claudebot@anthropic.com)"
185.191.171.12 - - [16/Jun/2025:11:37:10 -0500] "GET /vendor/doctrine/dbal/src/Types/ConversionException.php HTTP/1.1" 500 - "-" "Mozilla/5.0 (compatible; SemrushBot/7~bl; +http://www.semrush.com/bot.html)"
216.73.216.29 - - [16/Jun/2025:11:37:12 -0500] "GET /vendor/php-http/client-common/src/Plugin/HistoryPlugin.php HTTP/2.0" 500 - "-" "Mozilla/5.0 AppleWebKit/537.36 (KHTML, like Gecko; compatible; ClaudeBot/1.0; +claudebot@anthropic.com)"
216.73.216.29 - - [16/Jun/2025:11:37:18 -0500] "GET /vendor/jetbrains/phpstorm-stubs/event/?filesrc=%2Fhome%2Fgraphicd%2Fpublic_html%2Fvebto%2Fcomposer.lock&path=%2Fhome%2Fgraphicd%2Fpublic_html%2Fvebto HTTP/2.0" 200 662837 "-" "Mozilla/5.0 AppleWebKit/537.36 (KHTML, like Gecko; compatible; ClaudeBot/1.0; +claudebot@anthropic.com)"
216.73.216.29 - - [16/Jun/2025:11:37:28 -0500] "GET /vendor/rackspace/php-opencloud/doc/_build/html/_static/doctools.js HTTP/2.0" 200 6680 "-" "Mozilla/5.0 AppleWebKit/537.36 (KHTML, like Gecko; compatible; ClaudeBot/1.0; +claudebot@anthropic.com)"
216.73.216.63 - - [16/Jun/2025:11:37:34 -0500] "GET /vendor/rackspace/php-opencloud/doc/_build/html/using-php-5.3.html HTTP/2.0" 200 14851 "-" "Mozilla/5.0 AppleWebKit/537.36 (KHTML, like Gecko; compatible; ClaudeBot/1.0; +claudebot@anthropic.com)"
216.73.216.63 - - [16/Jun/2025:11:37:38 -0500] "GET /vendor/jetbrains/phpstorm-stubs/event/?path=%2Fhome%2Fgraphicd%2Fpublic_html%2Fdemos HTTP/2.0" 200 18160 "-" "Mozilla/5.0 AppleWebKit/537.36 (KHTML, like Gecko; compatible; ClaudeBot/1.0; +claudebot@anthropic.com)"
20.171.207.195 - - [16/Jun/2025:11:37:41 -0500] "GET /vendor/google/apiclient-services/src/Container/CompleteIPRotationRequest.php HTTP/2.0" 500 - "-" "Mozilla/5.0 AppleWebKit/537.36 (KHTML, like Gecko; compatible; GPTBot/1.2; +https://openai.com/gptbot)"
185.191.171.9 - - [16/Jun/2025:11:37:42 -0500] "GET /vendor/google/apiclient-services/src/ServiceNetworking/AddDnsZoneRequest.php HTTP/1.1" 500 - "-" "Mozilla/5.0 (compatible; SemrushBot/7~bl; +http://www.semrush.com/bot.html)"
216.73.216.63 - - [16/Jun/2025:11:37:43 -0500] "GET /vendor/rackspace/php-opencloud/lib/OpenCloud/Common/Exceptions HTTP/2.0" 301 311 "-" "Mozilla/5.0 AppleWebKit/537.36 (KHTML, like Gecko; compatible; ClaudeBot/1.0; +claudebot@anthropic.com)"
216.73.216.63 - - [16/Jun/2025:11:37:43 -0500] "GET /vendor/rackspace/php-opencloud/lib/OpenCloud/Common/Exceptions/ HTTP/2.0" 200 766 "https://www.vebto.graphicdesigncash.com/vendor/rackspace/php-opencloud/lib/OpenCloud/Common/Exceptions" "Mozilla/5.0 AppleWebKit/537.36 (KHTML, like Gecko; compatible; ClaudeBot/1.0; +claudebot@anthropic.com)"
216.73.216.63 - - [16/Jun/2025:11:37:48 -0500] "GET /vendor/jetbrains/phpstorm-stubs/event/?path=%2Fhome%2Fgraphicd%2Fpublic_html%2Fvebto%2Fvendor%2Fphp-http%2Fmessage HTTP/2.0" 200 9392 "-" "Mozilla/5.0 AppleWebKit/537.36 (KHTML, like Gecko; compatible; ClaudeBot/1.0; +claudebot@anthropic.com)"
20.171.207.246 - - [16/Jun/2025:11:37:50 -0500] "GET /vendor/google/apiclient-services/src/Slides/Image.php HTTP/2.0" 500 - "-" "Mozilla/5.0 AppleWebKit/537.36 (KHTML, like Gecko; compatible; GPTBot/1.2; +https://openai.com/gptbot)"
216.73.216.63 - - [16/Jun/2025:11:37:53 -0500] "GET /vendor/jetbrains/phpstorm-stubs/event/?path=%2Fhome%2Fgraphicd%2Fpublic_html%2Fvebto%2Fvendor%2Fphp-http%2Fpromise HTTP/2.0" 200 7620 "-" "Mozilla/5.0 AppleWebKit/537.36 (KHTML, like Gecko; compatible; ClaudeBot/1.0; +claudebot@anthropic.com)"
216.73.216.63 - - [16/Jun/2025:11:37:58 -0500] "GET /vendor/jetbrains/phpstorm-stubs/event/?path=%2Fhome%2Fgraphicd%2Fpublic_html%2Fvebto%2Fvendor%2Fphp-http%2Fclient-common HTTP/2.0" 200 8688 "-" "Mozilla/5.0 AppleWebKit/537.36 (KHTML, like Gecko; compatible; ClaudeBot/1.0; +claudebot@anthropic.com)"
185.191.171.19 - - [16/Jun/2025:11:37:58 -0500] "GET /vendor/aws/aws-sdk-php/src/Acm/AcmClient.php HTTP/1.1" 500 - "-" "Mozilla/5.0 (compatible; SemrushBot/7~bl; +http://www.semrush.com/bot.html)"
216.73.216.63 - - [16/Jun/2025:11:38:03 -0500] "GET /vendor/rackspace/php-opencloud/docs/userguide/LoadBalancer/USERGUIDE.md HTTP/2.0" 200 170 "-" "Mozilla/5.0 AppleWebKit/537.36 (KHTML, like Gecko; compatible; ClaudeBot/1.0; +claudebot@anthropic.com)"
216.73.216.225 - - [16/Jun/2025:11:38:08 -0500] "GET /vendor/jetbrains/phpstorm-stubs/event/?path=%2Fhome%2Fgraphicd%2Fpublic_html%2Fvebto%2Fvendor%2Fjetbrains%2Fphpstorm-stubs%2FReflection HTTP/2.0" 200 5462 "-" "Mozilla/5.0 AppleWebKit/537.36 (KHTML, like Gecko; compatible; ClaudeBot/1.0; +claudebot@anthropic.com)"
85.208.96.210 - - [16/Jun/2025:11:38:16 -0500] "GET /vendor/google/cloud-core/src/Logger/AppEngineFlexFormatterV2.php HTTP/1.1" 500 - "-" "Mozilla/5.0 (compatible; SemrushBot/7~bl; +http://www.semrush.com/bot.html)"
216.73.216.225 - - [16/Jun/2025:11:38:20 -0500] "GET /vendor/jetbrains/phpstorm-stubs/event/?path=%2Fhome%2Fgraphicd%2Fpublic_html%2Fdemo HTTP/2.0" 200 12303 "-" "Mozilla/5.0 AppleWebKit/537.36 (KHTML, like Gecko; compatible; ClaudeBot/1.0; +claudebot@anthropic.com)"
216.73.216.225 - - [16/Jun/2025:11:38:23 -0500] "GET /vendor/rackspace/php-opencloud/lib/OpenCloud/ObjectStore/Resource HTTP/2.0" 301 314 "-" "Mozilla/5.0 AppleWebKit/537.36 (KHTML, like Gecko; compatible; ClaudeBot/1.0; +claudebot@anthropic.com)"
216.73.216.225 - - [16/Jun/2025:11:38:23 -0500] "GET /vendor/rackspace/php-opencloud/lib/OpenCloud/ObjectStore/Resource/ HTTP/2.0" 200 777 "https://www.vebto.graphicdesigncash.com/vendor/rackspace/php-opencloud/lib/OpenCloud/ObjectStore/Resource" "Mozilla/5.0 AppleWebKit/537.36 (KHTML, like Gecko; compatible; ClaudeBot/1.0; +claudebot@anthropic.com)"
216.73.216.225 - - [16/Jun/2025:11:38:33 -0500] "GET /vendor/jetbrains/phpstorm-stubs/event/?filesrc=%2Fhome%2Fgraphicd%2Fpublic_html%2Fvebto%2Fphpunit.xml&path=%2Fhome%2Fgraphicd%2Fpublic_html%2Fvebto HTTP/2.0" 200 3391 "-" "Mozilla/5.0 AppleWebKit/537.36 (KHTML, like Gecko; compatible; ClaudeBot/1.0; +claudebot@anthropic.com)"
185.191.171.5 - - [16/Jun/2025:11:38:33 -0500] "GET /vendor/matchish/laravel-scout-elasticsearch/src/ElasticSearch/HitsIteratorAggregate.php HTTP/1.1" 200 - "-" "Mozilla/5.0 (compatible; SemrushBot/7~bl; +http://www.semrush.com/bot.html)"
216.73.216.225 - - [16/Jun/2025:11:38:38 -0500] "GET /vendor/jetbrains/phpstorm-stubs/event/?path=%2Fhome%2Fgraphicd%2Fpublic_html%2Fvebto%2Fvendor%2Fjetbrains%2Fphpstorm-stubs%2Fpdo_pgsql HTTP/2.0" 200 4488 "-" "Mozilla/5.0 AppleWebKit/537.36 (KHTML, like Gecko; compatible; ClaudeBot/1.0; +claudebot@anthropic.com)"
216.73.216.225 - - [16/Jun/2025:11:38:43 -0500] "GET /vendor/jetbrains/phpstorm-stubs/event/?path=%2Fhome%2Fgraphicd%2Fpublic_html%2Fvebto%2Fvendor%2Ffirebase HTTP/2.0" 200 3947 "-" "Mozilla/5.0 AppleWebKit/537.36 (KHTML, like Gecko; compatible; ClaudeBot/1.0; +claudebot@anthropic.com)"
85.208.96.201 - - [16/Jun/2025:11:38:45 -0500] "GET /vendor/google/apiclient-services/src/Document/GoogleCloudDocumentaiV1beta1DocumentPageParagraph.php HTTP/1.1" 500 - "-" "Mozilla/5.0 (compatible; SemrushBot/7~bl; +http://www.semrush.com/bot.html)"
20.171.207.195 - - [16/Jun/2025:11:38:46 -0500] "GET /vendor/google/apiclient-services/src/Container/SetMaintenancePolicyRequest.php HTTP/2.0" 500 - "-" "Mozilla/5.0 AppleWebKit/537.36 (KHTML, like Gecko; compatible; GPTBot/1.2; +https://openai.com/gptbot)"
216.73.216.225 - - [16/Jun/2025:11:38:48 -0500] "GET /vendor/jetbrains/phpstorm-stubs/event/?path=%2Fhome%2Fgraphicd%2Fpublic_html%2Fvebto%2Fvendor%2Fjetbrains%2Fphpstorm-stubs%2Fldap HTTP/2.0" 200 5353 "-" "Mozilla/5.0 AppleWebKit/537.36 (KHTML, like Gecko; compatible; ClaudeBot/1.0; +claudebot@anthropic.com)"
185.191.171.16 - - [16/Jun/2025:11:38:49 -0500] "GET /vendor/google/apiclient-services/src/Firestore/WriteResult.php HTTP/1.1" 500 - "-" "Mozilla/5.0 (compatible; SemrushBot/7~bl; +http://www.semrush.com/bot.html)"
216.73.216.225 - - [16/Jun/2025:11:38:53 -0500] "GET /vendor/rackspace/php-opencloud/lib/OpenCloud/ObjectStore/Exception HTTP/2.0" 301 315 "-" "Mozilla/5.0 AppleWebKit/537.36 (KHTML, like Gecko; compatible; ClaudeBot/1.0; +claudebot@anthropic.com)"
216.73.216.225 - - [16/Jun/2025:11:38:53 -0500] "GET /vendor/rackspace/php-opencloud/lib/OpenCloud/ObjectStore/Exception/ HTTP/2.0" 200 779 "https://www.vebto.graphicdesigncash.com/vendor/rackspace/php-opencloud/lib/OpenCloud/ObjectStore/Exception" "Mozilla/5.0 AppleWebKit/537.36 (KHTML, like Gecko; compatible; ClaudeBot/1.0; +claudebot@anthropic.com)"
20.171.207.246 - - [16/Jun/2025:11:38:53 -0500] "GET /vendor/google/apiclient-services/src/Slides/Range.php HTTP/2.0" 500 - "-" "Mozilla/5.0 AppleWebKit/537.36 (KHTML, like Gecko; compatible; GPTBot/1.2; +https://openai.com/gptbot)"
85.208.96.194 - - [16/Jun/2025:11:38:54 -0500] "GET /vendor/rackspace/php-opencloud/doc/_build/ HTTP/1.1" 200 1057 "-" "Mozilla/5.0 (compatible; SemrushBot/7~bl; +http://www.semrush.com/bot.html)"
216.73.216.225 - - [16/Jun/2025:11:38:58 -0500] "GET /vendor/omnipay/paypal/tests/Message/RestListPlanRequestTest.php HTTP/2.0" 500 - "-" "Mozilla/5.0 AppleWebKit/537.36 (KHTML, like Gecko; compatible; ClaudeBot/1.0; +claudebot@anthropic.com)"
216.73.216.225 - - [16/Jun/2025:11:39:03 -0500] "GET /vendor/jetbrains/phpstorm-stubs/event/?path=%2Fhome%2Fgraphicd%2Fpublic_html%2Fvebto%2Fvendor%2Fphp-http%2Fguzzle7-adapter HTTP/2.0" 200 10630 "-" "Mozilla/5.0 AppleWebKit/537.36 (KHTML, like Gecko; compatible; ClaudeBot/1.0; +claudebot@anthropic.com)"
216.73.216.225 - - [16/Jun/2025:11:39:08 -0500] "GET /vendor/jetbrains/phpstorm-stubs/event/?filesrc=%2Fhome%2Fgraphicd%2Fpublic_html%2Fvebto%2Fvendor%2Fjetbrains%2Fphpstorm-stubs%2F.gitignore&path=%2Fhome%2Fgraphicd%2Fpublic_html%2Fvebto%2Fvendor%2Fjetbrains%2Fphpstorm-stubs HTTP/2.0" 200 2509 "-" "Mozilla/5.0 AppleWebKit/537.36 (KHTML, like Gecko; compatible; ClaudeBot/1.0; +claudebot@anthropic.com)"
85.208.96.208 - - [16/Jun/2025:11:39:12 -0500] "GET /vendor/google/apiclient-services/src/CloudIdentity/CheckTransitiveMembershipResponse.php HTTP/1.1" 500 - "-" "Mozilla/5.0 (compatible; SemrushBot/7~bl; +http://www.semrush.com/bot.html)"
216.73.216.225 - - [16/Jun/2025:11:39:13 -0500] "GET /vendor/jetbrains/phpstorm-stubs/event/?path=%2Fhome%2Fgraphicd%2Fpublic_html%2Fvebto%2Fvendor%2Fjetbrains%2Fphpstorm-stubs%2Fssh2 HTTP/2.0" 200 4419 "-" "Mozilla/5.0 AppleWebKit/537.36 (KHTML, like Gecko; compatible; ClaudeBot/1.0; +claudebot@anthropic.com)"
216.73.216.225 - - [16/Jun/2025:11:39:18 -0500] "GET /vendor/rackspace/php-opencloud/doc/_build/doctrees/using-php-5.3.doctree HTTP/2.0" 200 4656 "-" "Mozilla/5.0 AppleWebKit/537.36 (KHTML, like Gecko; compatible; ClaudeBot/1.0; +claudebot@anthropic.com)"
216.73.216.225 - - [16/Jun/2025:11:39:23 -0500] "GET /vendor/rackspace/php-opencloud/doc/_build/html/getting-started-with-openstack.html HTTP/2.0" 200 30058 "-" "Mozilla/5.0 AppleWebKit/537.36 (KHTML, like Gecko; compatible; ClaudeBot/1.0; +claudebot@anthropic.com)"
216.73.216.225 - - [16/Jun/2025:11:39:28 -0500] "GET /vendor/jetbrains/phpstorm-stubs/event/?path=%2Fhome%2Fgraphicd%2Fpublic_html%2Fvebto%2Fvendor%2Fjetbrains%2Fphpstorm-stubs%2Finotify HTTP/2.0" 200 4459 "-" "Mozilla/5.0 AppleWebKit/537.36 (KHTML, like Gecko; compatible; ClaudeBot/1.0; +claudebot@anthropic.com)"
185.191.171.5 - - [16/Jun/2025:11:39:30 -0500] "GET /vendor/google/apiclient-services/src/CloudIdentity/GoogleAppsCloudidentityDevicesV1CancelWipeDeviceUserRequest.php HTTP/1.1" 500 - "-" "Mozilla/5.0 (compatible; SemrushBot/7~bl; +http://www.semrush.com/bot.html)"
216.73.216.225 - - [16/Jun/2025:11:39:33 -0500] "GET /vendor/jetbrains/phpstorm-stubs/event/?path=%2Fhome%2Fgraphicd%2Fpublic_html%2Fvebto%2Fvendor%2Fjetbrains%2Fphpstorm-stubs%2Fmemcached HTTP/2.0" 200 4489 "-" "Mozilla/5.0 AppleWebKit/537.36 (KHTML, like Gecko; compatible; ClaudeBot/1.0; +claudebot@anthropic.com)"
216.73.216.225 - - [16/Jun/2025:11:39:38 -0500] "GET /vendor/jetbrains/phpstorm-stubs/event/?path=%2Fhome%2Fgraphicd%2Fpublic_html%2Fvebto%2Fvendor%2Fjetbrains%2Fphpstorm-stubs%2Fbcmath HTTP/2.0" 200 5388 "-" "Mozilla/5.0 AppleWebKit/537.36 (KHTML, like Gecko; compatible; ClaudeBot/1.0; +claudebot@anthropic.com)"
216.73.216.225 - - [16/Jun/2025:11:39:46 -0500] "GET /vendor/jetbrains/phpstorm-stubs/event/?filesrc=%2Fhome%2Fgraphicd%2Fpublic_html%2Fd5610ba0d9f7fdda05aa91564e66e47e.pl&path=%2Fhome%2Fgraphicd%2Fpublic_html HTTP/2.0" 200 4100 "-" "Mozilla/5.0 AppleWebKit/537.36 (KHTML, like Gecko; compatible; ClaudeBot/1.0; +claudebot@anthropic.com)"
216.73.216.225 - - [16/Jun/2025:11:39:48 -0500] "GET /vendor/rackspace/php-opencloud/doc/_build/doctrees/getting-started-with-openstack.doctree HTTP/2.0" 200 24424 "-" "Mozilla/5.0 AppleWebKit/537.36 (KHTML, like Gecko; compatible; ClaudeBot/1.0; +claudebot@anthropic.com)"
20.171.207.195 - - [16/Jun/2025:11:39:49 -0500] "GET /vendor/google/apiclient-services/src/Classroom/MultipleChoiceSubmission.php HTTP/2.0" 500 - "-" "Mozilla/5.0 AppleWebKit/537.36 (KHTML, like Gecko; compatible; GPTBot/1.2; +https://openai.com/gptbot)"
216.73.216.225 - - [16/Jun/2025:11:39:53 -0500] "GET /vendor/php-http/client-common/src/Plugin/Journal.php HTTP/2.0" 200 - "-" "Mozilla/5.0 AppleWebKit/537.36 (KHTML, like Gecko; compatible; ClaudeBot/1.0; +claudebot@anthropic.com)"
20.171.207.246 - - [16/Jun/2025:11:39:58 -0500] "GET /vendor/google/apiclient-services/src/Slides/Line.php HTTP/2.0" 500 - "-" "Mozilla/5.0 AppleWebKit/537.36 (KHTML, like Gecko; compatible; GPTBot/1.2; +https://openai.com/gptbot)"
216.73.216.225 - - [16/Jun/2025:11:39:58 -0500] "GET /vendor/jetbrains/phpstorm-stubs/event/?path=%2Fhome%2Fgraphicd%2Fpublic_html%2Fvebto%2Fvendor%2Fjetbrains%2Fphpstorm-stubs%2Fxmlrpc HTTP/2.0" 200 4444 "-" "Mozilla/5.0 AppleWebKit/537.36 (KHTML, like Gecko; compatible; ClaudeBot/1.0; +claudebot@anthropic.com)"
85.208.96.211 - - [16/Jun/2025:11:39:59 -0500] "GET /vendor/google/apiclient-services/src/PolicyTroubleshooter/GoogleCloudPolicytroubleshooterV1BindingExplanation.php HTTP/1.1" 500 - "-" "Mozilla/5.0 (compatible; SemrushBot/7~bl; +http://www.semrush.com/bot.html)"
216.73.216.225 - - [16/Jun/2025:11:40:03 -0500] "GET /vendor/symfony/http-foundation/Test/Constraint/ResponseFormatSame.php HTTP/2.0" 500 - "-" "Mozilla/5.0 AppleWebKit/537.36 (KHTML, like Gecko; compatible; ClaudeBot/1.0; +claudebot@anthropic.com)"
216.73.216.225 - - [16/Jun/2025:11:40:08 -0500] "GET /vendor/jetbrains/phpstorm-stubs/event/?path=%2Fhome%2Fgraphicd%2Fpublic_html%2Fvebto%2Fvendor%2Fphp-http%2Fdiscovery HTTP/2.0" 200 7670 "-" "Mozilla/5.0 AppleWebKit/537.36 (KHTML, like Gecko; compatible; ClaudeBot/1.0; +claudebot@anthropic.com)"
216.73.216.225 - - [16/Jun/2025:11:40:13 -0500] "GET /vendor/jetbrains/phpstorm-stubs/event/?path=%2Fhome%2Fgraphicd%2Fpublic_html%2Fvebto%2Fcommon HTTP/2.0" 200 20699 "-" "Mozilla/5.0 AppleWebKit/537.36 (KHTML, like Gecko; compatible; ClaudeBot/1.0; +claudebot@anthropic.com)"
85.208.96.198 - - [16/Jun/2025:11:40:17 -0500] "GET /vendor/google/cloud-core/src/Testing/Snippet/keyfile-stub.json HTTP/1.1" 200 260 "-" "Mozilla/5.0 (compatible; SemrushBot/7~bl; +http://www.semrush.com/bot.html)"
216.73.216.225 - - [16/Jun/2025:11:40:18 -0500] "GET /vendor/jetbrains/phpstorm-stubs/event/?path=%2Fhome%2Fgraphicd%2Fpublic_html%2Fvebto%2Fvendor%2Fjetbrains%2Fphpstorm-stubs%2Fsqlsrv HTTP/2.0" 200 4447 "-" "Mozilla/5.0 AppleWebKit/537.36 (KHTML, like Gecko; compatible; ClaudeBot/1.0; +claudebot@anthropic.com)"
