216.73.216.225 - - [16/Jun/2025:12:04:25 -0500] "GET /vendor/aws/aws-sdk-php/src/PinpointEmail/PinpointEmailClient.php HTTP/2.0" 500 - "-" "Mozilla/5.0 AppleWebKit/537.36 (KHTML, like Gecko; compatible; ClaudeBot/1.0; +claudebot@anthropic.com)"
216.73.216.225 - - [16/Jun/2025:12:04:30 -0500] "GET /vendor/rackspace/php-opencloud/doc/_build/html/services/identity/index.html HTTP/2.0" 200 21663 "-" "Mozilla/5.0 AppleWebKit/537.36 (KHTML, like Gecko; compatible; ClaudeBot/1.0; +claudebot@anthropic.com)"
216.73.216.225 - - [16/Jun/2025:12:04:35 -0500] "GET /vendor/rackspace/php-opencloud/doc/_build/html/services/queues/index.html HTTP/2.0" 200 23368 "-" "Mozilla/5.0 AppleWebKit/537.36 (KHTML, like Gecko; compatible; ClaudeBot/1.0; +claudebot@anthropic.com)"
185.191.171.11 - - [16/Jun/2025:12:04:37 -0500] "GET /vendor/teamtnt/tntsearch/src/Stopwords/ukrainian.json HTTP/1.1" 200 19400 "-" "Mozilla/5.0 (compatible; SemrushBot/7~bl; +http://www.semrush.com/bot.html)"
216.73.216.225 - - [16/Jun/2025:12:04:40 -0500] "GET /vendor/rackspace/php-opencloud/doc/services/queues/queues.rst HTTP/2.0" 200 4804 "-" "Mozilla/5.0 AppleWebKit/537.36 (KHTML, like Gecko; compatible; ClaudeBot/1.0; +claudebot@anthropic.com)"
185.191.171.6 - - [16/Jun/2025:12:04:42 -0500] "GET /vendor/php-http/client-common/src/HttpClientPool/RoundRobinClientPool.php HTTP/1.1" 500 - "-" "Mozilla/5.0 (compatible; SemrushBot/7~bl; +http://www.semrush.com/bot.html)"
216.73.216.225 - - [16/Jun/2025:12:05:02 -0500] "GET /vendor/ongr/elasticsearch-dsl/src/Aggregation/Matrix HTTP/2.0" 301 301 "-" "Mozilla/5.0 AppleWebKit/537.36 (KHTML, like Gecko; compatible; ClaudeBot/1.0; +claudebot@anthropic.com)"
216.73.216.225 - - [16/Jun/2025:12:05:02 -0500] "GET /vendor/rackspace/php-opencloud/doc/services/database/users.rst HTTP/2.0" 200 1666 "-" "Mozilla/5.0 AppleWebKit/537.36 (KHTML, like Gecko; compatible; ClaudeBot/1.0; +claudebot@anthropic.com)"
216.73.216.225 - - [16/Jun/2025:12:05:02 -0500] "GET /vendor/ongr/elasticsearch-dsl/src/Aggregation/Matrix/ HTTP/2.0" 200 740 "https://www.vebto.graphicdesigncash.com/vendor/ongr/elasticsearch-dsl/src/Aggregation/Matrix" "Mozilla/5.0 AppleWebKit/537.36 (KHTML, like Gecko; compatible; ClaudeBot/1.0; +claudebot@anthropic.com)"
216.73.216.225 - - [16/Jun/2025:12:05:02 -0500] "GET /vendor/rackspace/php-opencloud/samples/CDN/get-flavor.php HTTP/2.0" 500 - "-" "Mozilla/5.0 AppleWebKit/537.36 (KHTML, like Gecko; compatible; ClaudeBot/1.0; +claudebot@anthropic.com)"
216.73.216.225 - - [16/Jun/2025:12:05:02 -0500] "GET /vendor/rackspace/php-opencloud/lib/OpenCloud/Autoscale/Resource HTTP/2.0" 301 312 "-" "Mozilla/5.0 AppleWebKit/537.36 (KHTML, like Gecko; compatible; ClaudeBot/1.0; +claudebot@anthropic.com)"
216.73.216.225 - - [16/Jun/2025:12:05:02 -0500] "GET /vendor/rackspace/php-opencloud/lib/OpenCloud/Autoscale/Resource/ HTTP/2.0" 200 771 "https://www.vebto.graphicdesigncash.com/vendor/rackspace/php-opencloud/lib/OpenCloud/Autoscale/Resource" "Mozilla/5.0 AppleWebKit/537.36 (KHTML, like Gecko; compatible; ClaudeBot/1.0; +claudebot@anthropic.com)"
216.73.216.225 - - [16/Jun/2025:12:05:02 -0500] "GET /vendor/rackspace/php-opencloud/lib/OpenCloud/Identity/Resource HTTP/2.0" 301 311 "-" "Mozilla/5.0 AppleWebKit/537.36 (KHTML, like Gecko; compatible; ClaudeBot/1.0; +claudebot@anthropic.com)"
216.73.216.225 - - [16/Jun/2025:12:05:02 -0500] "GET /vendor/rackspace/php-opencloud/lib/OpenCloud/Identity/Resource/ HTTP/2.0" 200 768 "https://www.vebto.graphicdesigncash.com/vendor/rackspace/php-opencloud/lib/OpenCloud/Identity/Resource" "Mozilla/5.0 AppleWebKit/537.36 (KHTML, like Gecko; compatible; ClaudeBot/1.0; +claudebot@anthropic.com)"
216.73.216.225 - - [16/Jun/2025:12:05:02 -0500] "GET /vendor/rackspace/php-opencloud/doc/services/load-balancer/sessions.rst HTTP/2.0" 200 2870 "-" "Mozilla/5.0 AppleWebKit/537.36 (KHTML, like Gecko; compatible; ClaudeBot/1.0; +claudebot@anthropic.com)"
216.73.216.225 - - [16/Jun/2025:12:05:02 -0500] "GET /vendor/rackspace/php-opencloud/doc/services/load-balancer/monitors.rst HTTP/2.0" 200 960 "-" "Mozilla/5.0 AppleWebKit/537.36 (KHTML, like Gecko; compatible; ClaudeBot/1.0; +claudebot@anthropic.com)"
216.73.216.225 - - [16/Jun/2025:12:05:03 -0500] "GET /vendor/aws/aws-sdk-php/src/S3Outposts/Exception HTTP/2.0" 301 296 "-" "Mozilla/5.0 AppleWebKit/537.36 (KHTML, like Gecko; compatible; ClaudeBot/1.0; +claudebot@anthropic.com)"
216.73.216.225 - - [16/Jun/2025:12:05:03 -0500] "GET /vendor/aws/aws-sdk-php/src/S3Outposts/Exception/ HTTP/2.0" 200 722 "https://www.vebto.graphicdesigncash.com/vendor/aws/aws-sdk-php/src/S3Outposts/Exception" "Mozilla/5.0 AppleWebKit/537.36 (KHTML, like Gecko; compatible; ClaudeBot/1.0; +claudebot@anthropic.com)"
216.73.216.225 - - [16/Jun/2025:12:05:03 -0500] "GET /vendor/rackspace/php-opencloud/doc/services/database/configurations.rst HTTP/2.0" 200 3762 "-" "Mozilla/5.0 AppleWebKit/537.36 (KHTML, like Gecko; compatible; ClaudeBot/1.0; +claudebot@anthropic.com)"
20.171.207.246 - - [16/Jun/2025:12:05:10 -0500] "GET /vendor/google/apiclient-services/src/Slides/OptionalColor.php HTTP/2.0" 500 - "-" "Mozilla/5.0 AppleWebKit/537.36 (KHTML, like Gecko; compatible; GPTBot/1.2; +https://openai.com/gptbot)"
20.171.207.195 - - [16/Jun/2025:12:05:17 -0500] "GET /vendor/google/apiclient-services/src/Container/CidrBlock.php HTTP/2.0" 500 - "-" "Mozilla/5.0 AppleWebKit/537.36 (KHTML, like Gecko; compatible; GPTBot/1.2; +https://openai.com/gptbot)"
185.191.171.18 - - [16/Jun/2025:12:05:24 -0500] "GET /vendor/google/apiclient-services/src/VersionHistory/Channel.php HTTP/1.1" 500 - "-" "Mozilla/5.0 (compatible; SemrushBot/7~bl; +http://www.semrush.com/bot.html)"
216.73.216.225 - - [16/Jun/2025:12:05:36 -0500] "GET /vendor/rackspace/php-opencloud/doc/services/object-store/account.rst HTTP/2.0" 200 1234 "-" "Mozilla/5.0 AppleWebKit/537.36 (KHTML, like Gecko; compatible; ClaudeBot/1.0; +claudebot@anthropic.com)"
216.73.216.225 - - [16/Jun/2025:12:05:36 -0500] "GET /vendor/jetbrains/phpstorm-stubs/solr/Responses/SolrGenericResponse.php HTTP/2.0" 500 - "-" "Mozilla/5.0 AppleWebKit/537.36 (KHTML, like Gecko; compatible; ClaudeBot/1.0; +claudebot@anthropic.com)"
216.73.216.225 - - [16/Jun/2025:12:05:37 -0500] "GET /vendor/rackspace/php-opencloud/doc/_build/html/services/dns/index.html HTTP/2.0" 200 21674 "-" "Mozilla/5.0 AppleWebKit/537.36 (KHTML, like Gecko; compatible; ClaudeBot/1.0; +claudebot@anthropic.com)"
216.73.216.225 - - [16/Jun/2025:12:05:37 -0500] "GET /vendor/rackspace/php-opencloud/doc/services/identity/users.rst HTTP/2.0" 200 12114 "-" "Mozilla/5.0 AppleWebKit/537.36 (KHTML, like Gecko; compatible; ClaudeBot/1.0; +claudebot@anthropic.com)"
216.73.216.225 - - [16/Jun/2025:12:05:37 -0500] "GET /vendor/symfony/routing/Loader/Configurator/Traits HTTP/2.0" 301 298 "-" "Mozilla/5.0 AppleWebKit/537.36 (KHTML, like Gecko; compatible; ClaudeBot/1.0; +claudebot@anthropic.com)"
216.73.216.225 - - [16/Jun/2025:12:05:37 -0500] "GET /vendor/symfony/routing/Loader/Configurator/Traits/ HTTP/2.0" 200 731 "https://www.vebto.graphicdesigncash.com/vendor/symfony/routing/Loader/Configurator/Traits" "Mozilla/5.0 AppleWebKit/537.36 (KHTML, like Gecko; compatible; ClaudeBot/1.0; +claudebot@anthropic.com)"
216.73.216.225 - - [16/Jun/2025:12:05:37 -0500] "GET /vendor/jetbrains/phpstorm-stubs/solr/Responses/SolrUpdateResponse.php HTTP/2.0" 500 - "-" "Mozilla/5.0 AppleWebKit/537.36 (KHTML, like Gecko; compatible; ClaudeBot/1.0; +claudebot@anthropic.com)"
216.73.216.225 - - [16/Jun/2025:12:05:37 -0500] "GET /vendor/algolia/algoliasearch-client-php/src/Log/DebugLogger.php HTTP/2.0" 500 - "-" "Mozilla/5.0 AppleWebKit/537.36 (KHTML, like Gecko; compatible; ClaudeBot/1.0; +claudebot@anthropic.com)"
216.73.216.225 - - [16/Jun/2025:12:05:38 -0500] "GET /vendor/jetbrains/phpstorm-stubs/event/?path=%2Fhome%2Fgraphicd%2Fsoftaculous_backups HTTP/2.0" 200 76559 "-" "Mozilla/5.0 AppleWebKit/537.36 (KHTML, like Gecko; compatible; ClaudeBot/1.0; +claudebot@anthropic.com)"
216.73.216.225 - - [16/Jun/2025:12:05:38 -0500] "GET /vendor/jetbrains/phpstorm-stubs/event/?path=%2Fhome%2Fgraphicd%2Fmail HTTP/2.0" 200 19393 "-" "Mozilla/5.0 AppleWebKit/537.36 (KHTML, like Gecko; compatible; ClaudeBot/1.0; +claudebot@anthropic.com)"
185.191.171.5 - - [16/Jun/2025:12:06:04 -0500] "GET /vendor/ongr/elasticsearch-dsl/docs/Aggregation/Metric/Percentiles.md HTTP/1.1" 200 802 "-" "Mozilla/5.0 (compatible; SemrushBot/7~bl; +http://www.semrush.com/bot.html)"
20.171.207.246 - - [16/Jun/2025:12:06:11 -0500] "GET /vendor/jetbrains/phpstorm-stubs/tests/Model/BasePHPElement.php HTTP/2.0" 200 - "-" "Mozilla/5.0 AppleWebKit/537.36 (KHTML, like Gecko; compatible; GPTBot/1.2; +https://openai.com/gptbot)"
20.171.207.195 - - [16/Jun/2025:12:06:18 -0500] "GET /vendor/google/apiclient-services/src/Classroom/DriveFile.php HTTP/2.0" 500 - "-" "Mozilla/5.0 AppleWebKit/537.36 (KHTML, like Gecko; compatible; GPTBot/1.2; +https://openai.com/gptbot)"
216.73.216.225 - - [16/Jun/2025:12:06:19 -0500] "GET /vendor/rackspace/php-opencloud/doc/_build/doctrees/regions.doctree HTTP/2.0" 200 6172 "-" "Mozilla/5.0 AppleWebKit/537.36 (KHTML, like Gecko; compatible; ClaudeBot/1.0; +claudebot@anthropic.com)"
216.73.216.225 - - [16/Jun/2025:12:06:19 -0500] "GET /vendor/rackspace/php-opencloud/doc/services/monitoring/agents.rst HTTP/2.0" 200 4652 "-" "Mozilla/5.0 AppleWebKit/537.36 (KHTML, like Gecko; compatible; ClaudeBot/1.0; +claudebot@anthropic.com)"
216.73.216.225 - - [16/Jun/2025:12:06:20 -0500] "GET /vendor/aws/aws-sdk-php/src/Schemas/SchemasClient.php HTTP/2.0" 500 - "-" "Mozilla/5.0 AppleWebKit/537.36 (KHTML, like Gecko; compatible; ClaudeBot/1.0; +claudebot@anthropic.com)"
216.73.216.225 - - [16/Jun/2025:12:06:20 -0500] "GET /vendor/aws/aws-sdk-php/src/CognitoSync/CognitoSyncClient.php HTTP/2.0" 500 - "-" "Mozilla/5.0 AppleWebKit/537.36 (KHTML, like Gecko; compatible; ClaudeBot/1.0; +claudebot@anthropic.com)"
216.73.216.225 - - [16/Jun/2025:12:06:20 -0500] "GET /vendor/doctrine/dbal/src/Driver/AbstractOracleDriver.php HTTP/2.0" 500 - "-" "Mozilla/5.0 AppleWebKit/537.36 (KHTML, like Gecko; compatible; ClaudeBot/1.0; +claudebot@anthropic.com)"
216.73.216.225 - - [16/Jun/2025:12:06:20 -0500] "GET /vendor/rackspace/php-opencloud/doc/services/monitoring/views.rst HTTP/2.0" 200 520 "-" "Mozilla/5.0 AppleWebKit/537.36 (KHTML, like Gecko; compatible; ClaudeBot/1.0; +claudebot@anthropic.com)"
216.73.216.225 - - [16/Jun/2025:12:06:20 -0500] "GET /vendor/jetbrains/phpstorm-stubs/event/?path=%2Fhome%2Fgraphicd%2F.subaccounts HTTP/2.0" 200 2938 "-" "Mozilla/5.0 AppleWebKit/537.36 (KHTML, like Gecko; compatible; ClaudeBot/1.0; +claudebot@anthropic.com)"
216.73.216.225 - - [16/Jun/2025:12:06:21 -0500] "GET /vendor/jetbrains/phpstorm-stubs/event/?path=%2Fhome%2Fgraphicd%2F.trash HTTP/2.0" 200 2143 "-" "Mozilla/5.0 AppleWebKit/537.36 (KHTML, like Gecko; compatible; ClaudeBot/1.0; +claudebot@anthropic.com)"
216.73.216.225 - - [16/Jun/2025:12:06:21 -0500] "GET /vendor/rackspace/php-opencloud/samples/CDN/list-services.php HTTP/2.0" 500 - "-" "Mozilla/5.0 AppleWebKit/537.36 (KHTML, like Gecko; compatible; ClaudeBot/1.0; +claudebot@anthropic.com)"
185.191.171.11 - - [16/Jun/2025:12:06:37 -0500] "GET /vendor/google/apiclient-services/src/ShoppingContent/ReturnaddressCustomBatchRequest.php HTTP/1.1" 500 - "-" "Mozilla/5.0 (compatible; SemrushBot/7~bl; +http://www.semrush.com/bot.html)"
185.191.171.12 - - [16/Jun/2025:12:06:42 -0500] "GET /vendor/google/apiclient-services/src/ShoppingContent/OrderLineItemShippingDetailsMethod.php HTTP/1.1" 500 - "-" "Mozilla/5.0 (compatible; SemrushBot/7~bl; +http://www.semrush.com/bot.html)"
216.73.216.225 - - [16/Jun/2025:12:07:01 -0500] "GET /vendor/aws/aws-sdk-php/src/AugmentedAIRuntime/AugmentedAIRuntimeClient.php HTTP/2.0" 500 - "-" "Mozilla/5.0 AppleWebKit/537.36 (KHTML, like Gecko; compatible; ClaudeBot/1.0; +claudebot@anthropic.com)"
216.73.216.225 - - [16/Jun/2025:12:07:01 -0500] "GET /vendor/rackspace/php-opencloud/doc/services/orchestration/templates.rst HTTP/2.0" 200 1981 "-" "Mozilla/5.0 AppleWebKit/537.36 (KHTML, like Gecko; compatible; ClaudeBot/1.0; +claudebot@anthropic.com)"
216.73.216.225 - - [16/Jun/2025:12:07:02 -0500] "GET /vendor/league/commonmark/src/Normalizer/TextNormalizer.php HTTP/2.0" 500 - "-" "Mozilla/5.0 AppleWebKit/537.36 (KHTML, like Gecko; compatible; ClaudeBot/1.0; +claudebot@anthropic.com)"
216.73.216.225 - - [16/Jun/2025:12:07:02 -0500] "GET /vendor/rackspace/php-opencloud/doc/services/common/rs-only.sample.rst HTTP/2.0" 200 123 "-" "Mozilla/5.0 AppleWebKit/537.36 (KHTML, like Gecko; compatible; ClaudeBot/1.0; +claudebot@anthropic.com)"
216.73.216.225 - - [16/Jun/2025:12:07:02 -0500] "GET /vendor/omnipay/stripe/tests/Mock/Transfers/CreateTransferReversalRequestSuccess.txt HTTP/2.0" 200 477 "-" "Mozilla/5.0 AppleWebKit/537.36 (KHTML, like Gecko; compatible; ClaudeBot/1.0; +claudebot@anthropic.com)"
216.73.216.225 - - [16/Jun/2025:12:07:02 -0500] "GET /vendor/rackspace/php-opencloud/doc/_build/doctrees/environment.pickle HTTP/2.0" 200 289822 "-" "Mozilla/5.0 AppleWebKit/537.36 (KHTML, like Gecko; compatible; ClaudeBot/1.0; +claudebot@anthropic.com)"
216.73.216.225 - - [16/Jun/2025:12:07:02 -0500] "GET /vendor/jetbrains/phpstorm-stubs/solr/Responses/SolrPingResponse.php HTTP/2.0" 500 - "-" "Mozilla/5.0 AppleWebKit/537.36 (KHTML, like Gecko; compatible; ClaudeBot/1.0; +claudebot@anthropic.com)"
216.73.216.225 - - [16/Jun/2025:12:07:03 -0500] "GET /vendor/aws/aws-sdk-php/src/WAFV2/WAFV2Client.php HTTP/2.0" 500 - "-" "Mozilla/5.0 AppleWebKit/537.36 (KHTML, like Gecko; compatible; ClaudeBot/1.0; +claudebot@anthropic.com)"
216.73.216.225 - - [16/Jun/2025:12:07:03 -0500] "GET /vendor/rackspace/php-opencloud/doc/services/common/rs-client.rst HTTP/2.0" 200 313 "-" "Mozilla/5.0 AppleWebKit/537.36 (KHTML, like Gecko; compatible; ClaudeBot/1.0; +claudebot@anthropic.com)"
85.208.96.211 - - [16/Jun/2025:12:07:09 -0500] "GET /vendor/doctrine/dbal/src/Portability/Converter.php HTTP/1.1" 200 - "-" "Mozilla/5.0 (compatible; SemrushBot/7~bl; +http://www.semrush.com/bot.html)"
20.171.207.246 - - [16/Jun/2025:12:07:15 -0500] "GET /vendor/google/apiclient-services/src/YouTube/AccessPolicy.php HTTP/2.0" 500 - "-" "Mozilla/5.0 AppleWebKit/537.36 (KHTML, like Gecko; compatible; GPTBot/1.2; +https://openai.com/gptbot)"
185.191.171.16 - - [16/Jun/2025:12:07:22 -0500] "GET /vendor/google/apiclient-services/src/ShoppingContent/OrdersCustomBatchRequestEntryShipLineItemsShipmentInfo.php HTTP/1.1" 500 - "-" "Mozilla/5.0 (compatible; SemrushBot/7~bl; +http://www.semrush.com/bot.html)"
20.171.207.195 - - [16/Jun/2025:12:07:22 -0500] "GET /vendor/google/apiclient-services/src/Firestore/ReadWrite.php HTTP/2.0" 500 - "-" "Mozilla/5.0 AppleWebKit/537.36 (KHTML, like Gecko; compatible; GPTBot/1.2; +https://openai.com/gptbot)"
185.191.171.12 - - [16/Jun/2025:12:07:37 -0500] "GET /vendor/google/apiclient-services/src/RealTimeBidding/OpenUserListRequest.php HTTP/1.1" 500 - "-" "Mozilla/5.0 (compatible; SemrushBot/7~bl; +http://www.semrush.com/bot.html)"
85.208.96.205 - - [16/Jun/2025:12:07:46 -0500] "GET /vendor/google/apiclient-services/src/CloudAsset/Item.php HTTP/1.1" 500 - "-" "Mozilla/5.0 (compatible; SemrushBot/7~bl; +http://www.semrush.com/bot.html)"
216.73.216.225 - - [16/Jun/2025:12:07:46 -0500] "GET /vendor/jean85/pretty-package-versions/src/Exception/VersionMissingExceptionInterface.php HTTP/2.0" 200 - "-" "Mozilla/5.0 AppleWebKit/537.36 (KHTML, like Gecko; compatible; ClaudeBot/1.0; +claudebot@anthropic.com)"
216.73.216.225 - - [16/Jun/2025:12:07:50 -0500] "GET /vendor/rackspace/php-opencloud/doc/services/load-balancer/stats.rst HTTP/2.0" 200 2121 "-" "Mozilla/5.0 AppleWebKit/537.36 (KHTML, like Gecko; compatible; ClaudeBot/1.0; +claudebot@anthropic.com)"
216.73.216.225 - - [16/Jun/2025:12:07:55 -0500] "GET /vendor/rackspace/php-opencloud/doc/services/autoscale/index.rst HTTP/2.0" 200 2148 "-" "Mozilla/5.0 AppleWebKit/537.36 (KHTML, like Gecko; compatible; ClaudeBot/1.0; +claudebot@anthropic.com)"
85.208.96.196 - - [16/Jun/2025:12:07:56 -0500] "GET /vendor/doctrine/dbal/src/Schema/SqliteSchemaManager.php HTTP/1.1" 500 - "-" "Mozilla/5.0 (compatible; SemrushBot/7~bl; +http://www.semrush.com/bot.html)"
216.73.216.225 - - [16/Jun/2025:12:08:00 -0500] "GET /vendor/league/commonmark/src/Normalizer/TextNormalizerInterface.php HTTP/2.0" 200 - "-" "Mozilla/5.0 AppleWebKit/537.36 (KHTML, like Gecko; compatible; ClaudeBot/1.0; +claudebot@anthropic.com)"
216.73.216.225 - - [16/Jun/2025:12:08:05 -0500] "GET /vendor/rackspace/php-opencloud/doc/_build/html/regions.html HTTP/2.0" 200 15168 "-" "Mozilla/5.0 AppleWebKit/537.36 (KHTML, like Gecko; compatible; ClaudeBot/1.0; +claudebot@anthropic.com)"
216.73.216.225 - - [16/Jun/2025:12:08:10 -0500] "GET /vendor/aws/aws-sdk-php/src/RDSDataService HTTP/2.0" 301 290 "-" "Mozilla/5.0 AppleWebKit/537.36 (KHTML, like Gecko; compatible; ClaudeBot/1.0; +claudebot@anthropic.com)"
216.73.216.225 - - [16/Jun/2025:12:08:10 -0500] "GET /vendor/aws/aws-sdk-php/src/RDSDataService/ HTTP/2.0" 200 1072 "https://www.vebto.graphicdesigncash.com/vendor/aws/aws-sdk-php/src/RDSDataService" "Mozilla/5.0 AppleWebKit/537.36 (KHTML, like Gecko; compatible; ClaudeBot/1.0; +claudebot@anthropic.com)"
20.171.207.246 - - [16/Jun/2025:12:08:12 -0500] "GET /vendor/jetbrains/phpstorm-stubs/tests/Model/PHPDocElement.php HTTP/2.0" 200 - "-" "Mozilla/5.0 AppleWebKit/537.36 (KHTML, like Gecko; compatible; GPTBot/1.2; +https://openai.com/gptbot)"
216.73.216.225 - - [16/Jun/2025:12:08:15 -0500] "GET /vendor/jetbrains/phpstorm-stubs/solr/Responses/SolrResponse.php HTTP/2.0" 200 - "-" "Mozilla/5.0 AppleWebKit/537.36 (KHTML, like Gecko; compatible; ClaudeBot/1.0; +claudebot@anthropic.com)"
216.73.216.225 - - [16/Jun/2025:12:08:20 -0500] "GET /vendor/aws/aws-sdk-php/src/Amplify/AmplifyClient.php HTTP/2.0" 500 - "-" "Mozilla/5.0 AppleWebKit/537.36 (KHTML, like Gecko; compatible; ClaudeBot/1.0; +claudebot@anthropic.com)"
20.171.207.195 - - [16/Jun/2025:12:08:22 -0500] "GET /vendor/google/apiclient-services/src/Container/Operation.php HTTP/2.0" 500 - "-" "Mozilla/5.0 AppleWebKit/537.36 (KHTML, like Gecko; compatible; GPTBot/1.2; +https://openai.com/gptbot)"
216.73.216.225 - - [16/Jun/2025:12:08:27 -0500] "GET /vendor/omnipay/paypal/tests/Mock/ProPurchaseFailure.txt HTTP/2.0" 200 486 "-" "Mozilla/5.0 AppleWebKit/537.36 (KHTML, like Gecko; compatible; ClaudeBot/1.0; +claudebot@anthropic.com)"
216.73.216.225 - - [16/Jun/2025:12:08:30 -0500] "GET /vendor/ongr/elasticsearch-dsl/src/Aggregation/Pipeline HTTP/2.0" 301 303 "-" "Mozilla/5.0 AppleWebKit/537.36 (KHTML, like Gecko; compatible; ClaudeBot/1.0; +claudebot@anthropic.com)"
216.73.216.225 - - [16/Jun/2025:12:08:30 -0500] "GET /vendor/ongr/elasticsearch-dsl/src/Aggregation/Pipeline/ HTTP/2.0" 200 744 "https://www.vebto.graphicdesigncash.com/vendor/ongr/elasticsearch-dsl/src/Aggregation/Pipeline" "Mozilla/5.0 AppleWebKit/537.36 (KHTML, like Gecko; compatible; ClaudeBot/1.0; +claudebot@anthropic.com)"
216.73.216.225 - - [16/Jun/2025:12:08:35 -0500] "GET /vendor/omnipay/paypal/tests/Mock/RestPurchaseWithoutCardSuccess.txt HTTP/2.0" 200 1320 "-" "Mozilla/5.0 AppleWebKit/537.36 (KHTML, like Gecko; compatible; ClaudeBot/1.0; +claudebot@anthropic.com)"
216.73.216.225 - - [16/Jun/2025:12:08:40 -0500] "GET /vendor/rackspace/php-opencloud/doc/services/compute/images.rst HTTP/2.0" 200 7662 "-" "Mozilla/5.0 AppleWebKit/537.36 (KHTML, like Gecko; compatible; ClaudeBot/1.0; +claudebot@anthropic.com)"
85.208.96.204 - - [16/Jun/2025:12:08:43 -0500] "GET /vendor/ezyang/htmlpurifier/library/HTMLPurifier/DefinitionCache/ HTTP/1.1" 200 1121 "-" "Mozilla/5.0 (compatible; SemrushBot/7~bl; +http://www.semrush.com/bot.html)"
216.73.216.225 - - [16/Jun/2025:12:08:45 -0500] "GET /vendor/rackspace/php-opencloud/doc/_build/html/services/autoscale/index.html HTTP/2.0" 200 22665 "-" "Mozilla/5.0 AppleWebKit/537.36 (KHTML, like Gecko; compatible; ClaudeBot/1.0; +claudebot@anthropic.com)"
216.73.216.225 - - [16/Jun/2025:12:08:50 -0500] "GET /vendor/doctrine/dbal/src/Driver/AbstractSQLServerDriver.php HTTP/2.0" 500 - "-" "Mozilla/5.0 AppleWebKit/537.36 (KHTML, like Gecko; compatible; ClaudeBot/1.0; +claudebot@anthropic.com)"
216.73.216.225 - - [16/Jun/2025:12:08:55 -0500] "GET /vendor/aws/aws-sdk-php/src/NimbleStudio/Exception HTTP/2.0" 301 298 "-" "Mozilla/5.0 AppleWebKit/537.36 (KHTML, like Gecko; compatible; ClaudeBot/1.0; +claudebot@anthropic.com)"
216.73.216.225 - - [16/Jun/2025:12:08:55 -0500] "GET /vendor/aws/aws-sdk-php/src/NimbleStudio/Exception/ HTTP/2.0" 200 728 "https://www.vebto.graphicdesigncash.com/vendor/aws/aws-sdk-php/src/NimbleStudio/Exception" "Mozilla/5.0 AppleWebKit/537.36 (KHTML, like Gecko; compatible; ClaudeBot/1.0; +claudebot@anthropic.com)"
216.73.216.225 - - [16/Jun/2025:12:09:01 -0500] "GET /vendor/aws/aws-sdk-php/src/PinpointEmail/Exception HTTP/2.0" 301 299 "-" "Mozilla/5.0 AppleWebKit/537.36 (KHTML, like Gecko; compatible; ClaudeBot/1.0; +claudebot@anthropic.com)"
216.73.216.225 - - [16/Jun/2025:12:09:01 -0500] "GET /vendor/aws/aws-sdk-php/src/PinpointEmail/Exception/ HTTP/2.0" 200 731 "https://www.vebto.graphicdesigncash.com/vendor/aws/aws-sdk-php/src/PinpointEmail/Exception" "Mozilla/5.0 AppleWebKit/537.36 (KHTML, like Gecko; compatible; ClaudeBot/1.0; +claudebot@anthropic.com)"
216.73.216.225 - - [16/Jun/2025:12:09:05 -0500] "GET /vendor/doctrine/dbal/src/ExpandArrayParameters.php HTTP/2.0" 500 - "-" "Mozilla/5.0 AppleWebKit/537.36 (KHTML, like Gecko; compatible; ClaudeBot/1.0; +claudebot@anthropic.com)"
85.208.96.196 - - [16/Jun/2025:12:09:07 -0500] "GET /vendor/google/apiclient-services/src/Calendar/ HTTP/1.1" 200 8560 "-" "Mozilla/5.0 (compatible; SemrushBot/7~bl; +http://www.semrush.com/bot.html)"
216.73.216.225 - - [16/Jun/2025:12:09:10 -0500] "GET /vendor/laravel/horizon/stubs/HorizonServiceProvider.stub HTTP/2.0" 200 970 "-" "Mozilla/5.0 AppleWebKit/537.36 (KHTML, like Gecko; compatible; ClaudeBot/1.0; +claudebot@anthropic.com)"
20.171.207.246 - - [16/Jun/2025:12:09:14 -0500] "GET /vendor/google/apiclient-services/src/Blogger/BlogLocale.php HTTP/2.0" 500 - "-" "Mozilla/5.0 AppleWebKit/537.36 (KHTML, like Gecko; compatible; GPTBot/1.2; +https://openai.com/gptbot)"
216.73.216.225 - - [16/Jun/2025:12:09:15 -0500] "GET /vendor/omnipay/paypal/tests/Mock/RestTokenSuccess.txt HTTP/2.0" 200 735 "-" "Mozilla/5.0 AppleWebKit/537.36 (KHTML, like Gecko; compatible; ClaudeBot/1.0; +claudebot@anthropic.com)"
216.73.216.225 - - [16/Jun/2025:12:09:20 -0500] "GET /vendor/aws/aws-sdk-php/src/PinpointSMSVoice/Exception HTTP/2.0" 301 302 "-" "Mozilla/5.0 AppleWebKit/537.36 (KHTML, like Gecko; compatible; ClaudeBot/1.0; +claudebot@anthropic.com)"
216.73.216.225 - - [16/Jun/2025:12:09:20 -0500] "GET /vendor/aws/aws-sdk-php/src/PinpointSMSVoice/Exception/ HTTP/2.0" 200 740 "https://www.vebto.graphicdesigncash.com/vendor/aws/aws-sdk-php/src/PinpointSMSVoice/Exception" "Mozilla/5.0 AppleWebKit/537.36 (KHTML, like Gecko; compatible; ClaudeBot/1.0; +claudebot@anthropic.com)"
216.73.216.225 - - [16/Jun/2025:12:09:25 -0500] "GET /vendor/rackspace/php-opencloud/doc/services/monitoring/alarms.rst HTTP/2.0" 200 4188 "-" "Mozilla/5.0 AppleWebKit/537.36 (KHTML, like Gecko; compatible; ClaudeBot/1.0; +claudebot@anthropic.com)"
20.171.207.195 - - [16/Jun/2025:12:09:26 -0500] "GET /vendor/google/apiclient-services/src/Translate/Operation.php HTTP/2.0" 500 - "-" "Mozilla/5.0 AppleWebKit/537.36 (KHTML, like Gecko; compatible; GPTBot/1.2; +https://openai.com/gptbot)"
216.73.216.225 - - [16/Jun/2025:12:09:30 -0500] "GET /vendor/rackspace/php-opencloud/doc/services/autoscale/group-config.rst HTTP/2.0" 200 1129 "-" "Mozilla/5.0 AppleWebKit/537.36 (KHTML, like Gecko; compatible; ClaudeBot/1.0; +claudebot@anthropic.com)"
216.73.216.225 - - [16/Jun/2025:12:09:35 -0500] "GET /vendor/spatie/dropbox-api/src/Exceptions/BadRequest.php HTTP/2.0" 200 - "-" "Mozilla/5.0 AppleWebKit/537.36 (KHTML, like Gecko; compatible; ClaudeBot/1.0; +claudebot@anthropic.com)"
216.73.216.225 - - [16/Jun/2025:12:09:40 -0500] "GET /vendor/rackspace/php-opencloud/doc/services/queues/claims.rst HTTP/2.0" 200 4077 "-" "Mozilla/5.0 AppleWebKit/537.36 (KHTML, like Gecko; compatible; ClaudeBot/1.0; +claudebot@anthropic.com)"
216.73.216.225 - - [16/Jun/2025:12:09:46 -0500] "GET /vendor/omnipay/stripe/tests/Mock/Transfers/CreateTransferRequestSuccess.txt HTTP/2.0" 200 1228 "-" "Mozilla/5.0 AppleWebKit/537.36 (KHTML, like Gecko; compatible; ClaudeBot/1.0; +claudebot@anthropic.com)"
216.73.216.225 - - [16/Jun/2025:12:09:50 -0500] "GET /vendor/omnipay/stripe/tests/Mock/Transfers/FetchTransferReversalFailure.txt HTTP/2.0" 200 332 "-" "Mozilla/5.0 AppleWebKit/537.36 (KHTML, like Gecko; compatible; ClaudeBot/1.0; +claudebot@anthropic.com)"
216.73.216.225 - - [16/Jun/2025:12:09:55 -0500] "GET /vendor/aws/aws-sdk-php/src/FIS/FISClient.php HTTP/2.0" 500 - "-" "Mozilla/5.0 AppleWebKit/537.36 (KHTML, like Gecko; compatible; ClaudeBot/1.0; +claudebot@anthropic.com)"
216.73.216.225 - - [16/Jun/2025:12:10:00 -0500] "GET /vendor/rackspace/php-opencloud/doc/_build/doctrees/services HTTP/2.0" 301 308 "-" "Mozilla/5.0 AppleWebKit/537.36 (KHTML, like Gecko; compatible; ClaudeBot/1.0; +claudebot@anthropic.com)"
216.73.216.225 - - [16/Jun/2025:12:10:01 -0500] "GET /vendor/rackspace/php-opencloud/doc/_build/doctrees/services/ HTTP/2.0" 200 3422 "https://www.vebto.graphicdesigncash.com/vendor/rackspace/php-opencloud/doc/_build/doctrees/services" "Mozilla/5.0 AppleWebKit/537.36 (KHTML, like Gecko; compatible; ClaudeBot/1.0; +claudebot@anthropic.com)"
216.73.216.225 - - [16/Jun/2025:12:10:05 -0500] "GET /vendor/rackspace/php-opencloud/doc/services/volume/volume-types.rst HTTP/2.0" 200 611 "-" "Mozilla/5.0 AppleWebKit/537.36 (KHTML, like Gecko; compatible; ClaudeBot/1.0; +claudebot@anthropic.com)"
20.171.207.246 - - [16/Jun/2025:12:10:10 -0500] "GET /vendor/google/apiclient-services/src/Slides/TextRun.php HTTP/2.0" 500 - "-" "Mozilla/5.0 AppleWebKit/537.36 (KHTML, like Gecko; compatible; GPTBot/1.2; +https://openai.com/gptbot)"
216.73.216.225 - - [16/Jun/2025:12:10:10 -0500] "GET /vendor/rackspace/php-opencloud/doc/services/load-balancer/metadata.rst HTTP/2.0" 200 708 "-" "Mozilla/5.0 AppleWebKit/537.36 (KHTML, like Gecko; compatible; ClaudeBot/1.0; +claudebot@anthropic.com)"
85.208.96.209 - - [16/Jun/2025:12:10:13 -0500] "GET /vendor/aws/aws-sdk-php/src/data/inspector2/ HTTP/1.1" 200 885 "-" "Mozilla/5.0 (compatible; SemrushBot/7~bl; +http://www.semrush.com/bot.html)"
216.73.216.225 - - [16/Jun/2025:12:10:21 -0500] "GET /vendor/aws/aws-sdk-php/src/OpsWorksCM/Exception HTTP/2.0" 301 296 "-" "Mozilla/5.0 AppleWebKit/537.36 (KHTML, like Gecko; compatible; ClaudeBot/1.0; +claudebot@anthropic.com)"
216.73.216.225 - - [16/Jun/2025:12:10:21 -0500] "GET /vendor/aws/aws-sdk-php/src/OpsWorksCM/Exception/ HTTP/2.0" 200 722 "https://www.vebto.graphicdesigncash.com/vendor/aws/aws-sdk-php/src/OpsWorksCM/Exception" "Mozilla/5.0 AppleWebKit/537.36 (KHTML, like Gecko; compatible; ClaudeBot/1.0; +claudebot@anthropic.com)"
185.191.171.3 - - [16/Jun/2025:12:10:23 -0500] "GET /vendor/google/apiclient-services/src/Vision/LatLongRect.php HTTP/1.1" 500 - "-" "Mozilla/5.0 (compatible; SemrushBot/7~bl; +http://www.semrush.com/bot.html)"
216.73.216.225 - - [16/Jun/2025:12:10:25 -0500] "GET /vendor/symfony/var-dumper/Cloner/AbstractCloner.php HTTP/2.0" 500 - "-" "Mozilla/5.0 AppleWebKit/537.36 (KHTML, like Gecko; compatible; ClaudeBot/1.0; +claudebot@anthropic.com)"
20.171.207.195 - - [16/Jun/2025:12:10:29 -0500] "GET /vendor/google/apiclient-services/src/Appengine/OperationMetadataV1Beta.php HTTP/2.0" 500 - "-" "Mozilla/5.0 AppleWebKit/537.36 (KHTML, like Gecko; compatible; GPTBot/1.2; +https://openai.com/gptbot)"
216.73.216.225 - - [16/Jun/2025:12:10:31 -0500] "GET /vendor/rackspace/php-opencloud/doc/services/volume/index.rst HTTP/2.0" 200 1246 "-" "Mozilla/5.0 AppleWebKit/537.36 (KHTML, like Gecko; compatible; ClaudeBot/1.0; +claudebot@anthropic.com)"
216.73.216.225 - - [16/Jun/2025:12:10:36 -0500] "GET /vendor/omnipay/stripe/tests/Mock/Transfers/FetchTransferReversalSuccess.txt HTTP/2.0" 200 528 "-" "Mozilla/5.0 AppleWebKit/537.36 (KHTML, like Gecko; compatible; ClaudeBot/1.0; +claudebot@anthropic.com)"
85.208.96.203 - - [16/Jun/2025:12:10:37 -0500] "GET /vendor/google/apiclient-services/src/NetworkSecurity/ListLocationsResponse.php HTTP/1.1" 500 - "-" "Mozilla/5.0 (compatible; SemrushBot/7~bl; +http://www.semrush.com/bot.html)"
216.73.216.225 - - [16/Jun/2025:12:10:41 -0500] "GET /vendor/rackspace/php-opencloud/doc/services/compute/flavors.rst HTTP/2.0" 200 3520 "-" "Mozilla/5.0 AppleWebKit/537.36 (KHTML, like Gecko; compatible; ClaudeBot/1.0; +claudebot@anthropic.com)"
85.208.96.205 - - [16/Jun/2025:12:10:41 -0500] "GET /vendor/google/apiclient-services/src/MyBusinessVerifications/ HTTP/1.1" 200 5233 "-" "Mozilla/5.0 (compatible; SemrushBot/7~bl; +http://www.semrush.com/bot.html)"
216.73.216.225 - - [16/Jun/2025:12:10:51 -0500] "GET /vendor/omnipay/paypal/tests/Mock/ExpressPurchaseFailure.txt HTTP/2.0" 200 438 "-" "Mozilla/5.0 AppleWebKit/537.36 (KHTML, like Gecko; compatible; ClaudeBot/1.0; +claudebot@anthropic.com)"
216.73.216.225 - - [16/Jun/2025:12:10:56 -0500] "GET /vendor/laravel/horizon/src/ListensForSignals.php HTTP/2.0" 200 - "-" "Mozilla/5.0 AppleWebKit/537.36 (KHTML, like Gecko; compatible; ClaudeBot/1.0; +claudebot@anthropic.com)"
216.73.216.225 - - [16/Jun/2025:12:11:01 -0500] "GET /vendor/ongr/elasticsearch-dsl/src/Query/Span HTTP/2.0" 301 293 "-" "Mozilla/5.0 AppleWebKit/537.36 (KHTML, like Gecko; compatible; ClaudeBot/1.0; +claudebot@anthropic.com)"
216.73.216.225 - - [16/Jun/2025:12:11:01 -0500] "GET /vendor/ongr/elasticsearch-dsl/src/Query/Span/ HTTP/2.0" 200 718 "https://www.vebto.graphicdesigncash.com/vendor/ongr/elasticsearch-dsl/src/Query/Span" "Mozilla/5.0 AppleWebKit/537.36 (KHTML, like Gecko; compatible; ClaudeBot/1.0; +claudebot@anthropic.com)"
216.73.216.225 - - [16/Jun/2025:12:11:06 -0500] "GET /vendor/doctrine/dbal/src/Driver/AbstractOracleDriver HTTP/2.0" 301 301 "-" "Mozilla/5.0 AppleWebKit/537.36 (KHTML, like Gecko; compatible; ClaudeBot/1.0; +claudebot@anthropic.com)"
216.73.216.225 - - [16/Jun/2025:12:11:06 -0500] "GET /vendor/doctrine/dbal/src/Driver/AbstractOracleDriver/ HTTP/2.0" 200 726 "https://www.vebto.graphicdesigncash.com/vendor/doctrine/dbal/src/Driver/AbstractOracleDriver" "Mozilla/5.0 AppleWebKit/537.36 (KHTML, like Gecko; compatible; ClaudeBot/1.0; +claudebot@anthropic.com)"
216.73.216.225 - - [16/Jun/2025:12:11:12 -0500] "GET /vendor/doctrine/dbal/src/Driver/AbstractException.php HTTP/2.0" 500 - "-" "Mozilla/5.0 AppleWebKit/537.36 (KHTML, like Gecko; compatible; ClaudeBot/1.0; +claudebot@anthropic.com)"
20.171.207.246 - - [16/Jun/2025:12:11:15 -0500] "GET /vendor/google/apiclient-services/src/Slides/RgbColor.php HTTP/2.0" 500 - "-" "Mozilla/5.0 AppleWebKit/537.36 (KHTML, like Gecko; compatible; GPTBot/1.2; +https://openai.com/gptbot)"
216.73.216.225 - - [16/Jun/2025:12:11:16 -0500] "GET /vendor/rackspace/php-opencloud/doc/_build/html/services/volume/index.html HTTP/2.0" 200 21616 "-" "Mozilla/5.0 AppleWebKit/537.36 (KHTML, like Gecko; compatible; ClaudeBot/1.0; +claudebot@anthropic.com)"
216.73.216.225 - - [16/Jun/2025:12:11:21 -0500] "GET /vendor/kreait/laravel-firebase/src/Facades/FirebaseRemoteConfig.php HTTP/2.0" 500 - "-" "Mozilla/5.0 AppleWebKit/537.36 (KHTML, like Gecko; compatible; ClaudeBot/1.0; +claudebot@anthropic.com)"
216.73.216.225 - - [16/Jun/2025:12:11:26 -0500] "GET /vendor/jetbrains/phpstorm-stubs/event/?path=%2Fhome%2Fgraphicd%2F.htpasswds HTTP/2.0" 200 2838 "-" "Mozilla/5.0 AppleWebKit/537.36 (KHTML, like Gecko; compatible; ClaudeBot/1.0; +claudebot@anthropic.com)"
85.208.96.198 - - [16/Jun/2025:12:11:28 -0500] "GET /vendor/rackspace/php-opencloud/lib/OpenCloud/ HTTP/1.1" 200 3911 "-" "Mozilla/5.0 (compatible; SemrushBot/7~bl; +http://www.semrush.com/bot.html)"
216.73.216.225 - - [16/Jun/2025:12:11:31 -0500] "GET /vendor/egulias/email-validator/src/Validation/MultipleValidationWithAnd.php HTTP/2.0" 500 - "-" "Mozilla/5.0 AppleWebKit/537.36 (KHTML, like Gecko; compatible; ClaudeBot/1.0; +claudebot@anthropic.com)"
185.191.171.9 - - [16/Jun/2025:12:11:31 -0500] "GET /vendor/laravel/serializable-closure/src/Signers/Hmac.php HTTP/1.1" 500 - "-" "Mozilla/5.0 (compatible; SemrushBot/7~bl; +http://www.semrush.com/bot.html)"
20.171.207.195 - - [16/Jun/2025:12:11:33 -0500] "GET /vendor/google/apiclient-services/src/Sasportal/SasPortalMoveDeploymentRequest.php HTTP/2.0" 500 - "-" "Mozilla/5.0 AppleWebKit/537.36 (KHTML, like Gecko; compatible; GPTBot/1.2; +https://openai.com/gptbot)"
216.73.216.225 - - [16/Jun/2025:12:11:36 -0500] "GET /vendor/paragonie/sodium_compat/src/PHP52/SplFixedArray.php HTTP/2.0" 200 - "-" "Mozilla/5.0 AppleWebKit/537.36 (KHTML, like Gecko; compatible; ClaudeBot/1.0; +claudebot@anthropic.com)"
216.73.216.225 - - [16/Jun/2025:12:11:41 -0500] "GET /vendor/aws/aws-sdk-php/src/OpsWorks/Exception HTTP/2.0" 301 294 "-" "Mozilla/5.0 AppleWebKit/537.36 (KHTML, like Gecko; compatible; ClaudeBot/1.0; +claudebot@anthropic.com)"
216.73.216.225 - - [16/Jun/2025:12:11:41 -0500] "GET /vendor/aws/aws-sdk-php/src/OpsWorks/Exception/ HTTP/2.0" 200 716 "https://www.vebto.graphicdesigncash.com/vendor/aws/aws-sdk-php/src/OpsWorks/Exception" "Mozilla/5.0 AppleWebKit/537.36 (KHTML, like Gecko; compatible; ClaudeBot/1.0; +claudebot@anthropic.com)"
216.73.216.225 - - [16/Jun/2025:12:11:49 -0500] "GET /vendor/rackspace/php-opencloud/doc/services/identity/tenants.rst HTTP/2.0" 200 447 "-" "Mozilla/5.0 AppleWebKit/537.36 (KHTML, like Gecko; compatible; ClaudeBot/1.0; +claudebot@anthropic.com)"
216.73.216.225 - - [16/Jun/2025:12:11:51 -0500] "GET /vendor/rackspace/php-opencloud/docs/userguide/LoadBalancer/?C=N&O=D HTTP/2.0" 200 932 "-" "Mozilla/5.0 AppleWebKit/537.36 (KHTML, like Gecko; compatible; ClaudeBot/1.0; +claudebot@anthropic.com)"
85.208.96.200 - - [16/Jun/2025:12:11:54 -0500] "GET /vendor/google/apiclient-services/src/Dfareporting/FloodlightActivitiesGenerateTagResponse.php HTTP/1.1" 500 - "-" "Mozilla/5.0 (compatible; SemrushBot/7~bl; +http://www.semrush.com/bot.html)"
216.73.216.225 - - [16/Jun/2025:12:11:56 -0500] "GET /vendor/rackspace/php-opencloud/doc/services/object-store/rs-only.rst HTTP/2.0" 200 64 "-" "Mozilla/5.0 AppleWebKit/537.36 (KHTML, like Gecko; compatible; ClaudeBot/1.0; +claudebot@anthropic.com)"
216.73.216.225 - - [16/Jun/2025:12:12:01 -0500] "GET /vendor/aws/aws-sdk-php/src/Route53RecoveryReadiness/Exception HTTP/2.0" 301 310 "-" "Mozilla/5.0 AppleWebKit/537.36 (KHTML, like Gecko; compatible; ClaudeBot/1.0; +claudebot@anthropic.com)"
216.73.216.225 - - [16/Jun/2025:12:12:01 -0500] "GET /vendor/aws/aws-sdk-php/src/Route53RecoveryReadiness/Exception/ HTTP/2.0" 200 764 "https://www.vebto.graphicdesigncash.com/vendor/aws/aws-sdk-php/src/Route53RecoveryReadiness/Exception" "Mozilla/5.0 AppleWebKit/537.36 (KHTML, like Gecko; compatible; ClaudeBot/1.0; +claudebot@anthropic.com)"
216.73.216.225 - - [16/Jun/2025:12:12:06 -0500] "GET /vendor/rackspace/php-opencloud/samples/CDN/list-flavors.php HTTP/2.0" 500 - "-" "Mozilla/5.0 AppleWebKit/537.36 (KHTML, like Gecko; compatible; ClaudeBot/1.0; +claudebot@anthropic.com)"
216.73.216.225 - - [16/Jun/2025:12:12:11 -0500] "GET /vendor/laravel/ui/src/Auth/stubs HTTP/2.0" 301 281 "-" "Mozilla/5.0 AppleWebKit/537.36 (KHTML, like Gecko; compatible; ClaudeBot/1.0; +claudebot@anthropic.com)"
216.73.216.225 - - [16/Jun/2025:12:12:11 -0500] "GET /vendor/laravel/ui/src/Auth/stubs/ HTTP/2.0" 200 1040 "https://www.vebto.graphicdesigncash.com/vendor/laravel/ui/src/Auth/stubs" "Mozilla/5.0 AppleWebKit/537.36 (KHTML, like Gecko; compatible; ClaudeBot/1.0; +claudebot@anthropic.com)"
85.208.96.207 - - [16/Jun/2025:12:12:15 -0500] "GET /vendor/google/apiclient-services/src/Sasportal/SasPortalDeployment.php HTTP/1.1" 500 - "-" "Mozilla/5.0 (compatible; SemrushBot/7~bl; +http://www.semrush.com/bot.html)"
216.73.216.225 - - [16/Jun/2025:12:12:16 -0500] "GET /vendor/ongr/elasticsearch-dsl/src/Aggregation/Metric HTTP/2.0" 301 301 "-" "Mozilla/5.0 AppleWebKit/537.36 (KHTML, like Gecko; compatible; ClaudeBot/1.0; +claudebot@anthropic.com)"
216.73.216.225 - - [16/Jun/2025:12:12:16 -0500] "GET /vendor/ongr/elasticsearch-dsl/src/Aggregation/Metric/ HTTP/2.0" 200 740 "https://www.vebto.graphicdesigncash.com/vendor/ongr/elasticsearch-dsl/src/Aggregation/Metric" "Mozilla/5.0 AppleWebKit/537.36 (KHTML, like Gecko; compatible; ClaudeBot/1.0; +claudebot@anthropic.com)"
20.171.207.246 - - [16/Jun/2025:12:12:17 -0500] "GET /vendor/google/apiclient-services/src/Slides/TableRow.php HTTP/2.0" 500 - "-" "Mozilla/5.0 AppleWebKit/537.36 (KHTML, like Gecko; compatible; GPTBot/1.2; +https://openai.com/gptbot)"
216.73.216.225 - - [16/Jun/2025:12:12:21 -0500] "GET /vendor/rackspace/php-opencloud/doc/services/identity/roles.rst HTTP/2.0" 200 2072 "-" "Mozilla/5.0 AppleWebKit/537.36 (KHTML, like Gecko; compatible; ClaudeBot/1.0; +claudebot@anthropic.com)"
85.208.96.198 - - [16/Jun/2025:12:12:24 -0500] "GET /vendor/google/apiclient-services/src/AnalyticsReporting/ProductData.php HTTP/1.1" 500 - "-" "Mozilla/5.0 (compatible; SemrushBot/7~bl; +http://www.semrush.com/bot.html)"
216.73.216.225 - - [16/Jun/2025:12:12:26 -0500] "GET /vendor/rackspace/php-opencloud/doc/services/autoscale/policies.rst HTTP/2.0" 200 1502 "-" "Mozilla/5.0 AppleWebKit/537.36 (KHTML, like Gecko; compatible; ClaudeBot/1.0; +claudebot@anthropic.com)"
216.73.216.225 - - [16/Jun/2025:12:12:32 -0500] "GET /vendor/guzzlehttp/promises/src/AggregateException.php HTTP/2.0" 500 - "-" "Mozilla/5.0 AppleWebKit/537.36 (KHTML, like Gecko; compatible; ClaudeBot/1.0; +claudebot@anthropic.com)"
20.171.207.195 - - [16/Jun/2025:12:12:33 -0500] "GET /vendor/google/apiclient-services/src/Container/PubSub.php HTTP/2.0" 500 - "-" "Mozilla/5.0 AppleWebKit/537.36 (KHTML, like Gecko; compatible; GPTBot/1.2; +https://openai.com/gptbot)"
216.73.216.225 - - [16/Jun/2025:12:12:36 -0500] "GET /vendor/jetbrains/phpstorm-stubs/standard/standard_4.php HTTP/2.0" 500 - "-" "Mozilla/5.0 AppleWebKit/537.36 (KHTML, like Gecko; compatible; ClaudeBot/1.0; +claudebot@anthropic.com)"
216.73.216.225 - - [16/Jun/2025:12:12:41 -0500] "GET /vendor/symfony/var-dumper/Caster/DsCaster.php HTTP/2.0" 200 - "-" "Mozilla/5.0 AppleWebKit/537.36 (KHTML, like Gecko; compatible; ClaudeBot/1.0; +claudebot@anthropic.com)"
216.73.216.225 - - [16/Jun/2025:12:12:46 -0500] "GET /vendor/doctrine/dbal/src/Driver/API HTTP/2.0" 301 284 "-" "Mozilla/5.0 AppleWebKit/537.36 (KHTML, like Gecko; compatible; ClaudeBot/1.0; +claudebot@anthropic.com)"
216.73.216.225 - - [16/Jun/2025:12:12:46 -0500] "GET /vendor/doctrine/dbal/src/Driver/API/ HTTP/2.0" 200 1742 "https://www.vebto.graphicdesigncash.com/vendor/doctrine/dbal/src/Driver/API" "Mozilla/5.0 AppleWebKit/537.36 (KHTML, like Gecko; compatible; ClaudeBot/1.0; +claudebot@anthropic.com)"
216.73.216.225 - - [16/Jun/2025:12:12:51 -0500] "GET /vendor/aws/aws-sdk-php/src/CognitoSync/Exception HTTP/2.0" 301 297 "-" "Mozilla/5.0 AppleWebKit/537.36 (KHTML, like Gecko; compatible; ClaudeBot/1.0; +claudebot@anthropic.com)"
216.73.216.225 - - [16/Jun/2025:12:12:51 -0500] "GET /vendor/aws/aws-sdk-php/src/CognitoSync/Exception/ HTTP/2.0" 200 725 "https://www.vebto.graphicdesigncash.com/vendor/aws/aws-sdk-php/src/CognitoSync/Exception" "Mozilla/5.0 AppleWebKit/537.36 (KHTML, like Gecko; compatible; ClaudeBot/1.0; +claudebot@anthropic.com)"
216.73.216.225 - - [16/Jun/2025:12:13:01 -0500] "GET /vendor/ramsey/collection/src/Map/AssociativeArrayMap.php HTTP/2.0" 500 - "-" "Mozilla/5.0 AppleWebKit/537.36 (KHTML, like Gecko; compatible; ClaudeBot/1.0; +claudebot@anthropic.com)"
216.73.216.225 - - [16/Jun/2025:12:13:06 -0500] "GET /vendor/rackspace/php-opencloud/doc/services/autoscale/groups.rst HTTP/2.0" 200 1692 "-" "Mozilla/5.0 AppleWebKit/537.36 (KHTML, like Gecko; compatible; ClaudeBot/1.0; +claudebot@anthropic.com)"
216.73.216.225 - - [16/Jun/2025:12:13:11 -0500] "GET /vendor/symfony/psr-http-message-bridge/Tests/Functional/?C=S&O=D HTTP/2.0" 200 1113 "-" "Mozilla/5.0 AppleWebKit/537.36 (KHTML, like Gecko; compatible; ClaudeBot/1.0; +claudebot@anthropic.com)"
185.191.171.6 - - [16/Jun/2025:12:13:19 -0500] "GET /vendor/google/apiclient-services/src/CloudIdentity/RestrictionEvaluation.php HTTP/1.1" 500 - "-" "Mozilla/5.0 (compatible; SemrushBot/7~bl; +http://www.semrush.com/bot.html)"
20.171.207.246 - - [16/Jun/2025:12:13:19 -0500] "GET /vendor/google/apiclient-services/src/Slides/LineFill.php HTTP/2.0" 500 - "-" "Mozilla/5.0 AppleWebKit/537.36 (KHTML, like Gecko; compatible; GPTBot/1.2; +https://openai.com/gptbot)"
216.73.216.225 - - [16/Jun/2025:12:13:20 -0500] "GET /vendor/league/commonmark/src/Reference/ReferenceMapInterface.php HTTP/2.0" 200 - "-" "Mozilla/5.0 AppleWebKit/537.36 (KHTML, like Gecko; compatible; ClaudeBot/1.0; +claudebot@anthropic.com)"
216.73.216.225 - - [16/Jun/2025:12:13:21 -0500] "GET /vendor/symfony/psr-http-message-bridge/Tests/Functional/?C=M&O=D HTTP/2.0" 200 1113 "-" "Mozilla/5.0 AppleWebKit/537.36 (KHTML, like Gecko; compatible; ClaudeBot/1.0; +claudebot@anthropic.com)"
216.73.216.225 - - [16/Jun/2025:12:13:26 -0500] "GET /vendor/doctrine/dbal/src/Driver/FetchUtils.php HTTP/2.0" 200 - "-" "Mozilla/5.0 AppleWebKit/537.36 (KHTML, like Gecko; compatible; ClaudeBot/1.0; +claudebot@anthropic.com)"
216.73.216.225 - - [16/Jun/2025:12:13:31 -0500] "GET /vendor/rackspace/php-opencloud/doc/services/image/schemas.rst HTTP/2.0" 200 5048 "-" "Mozilla/5.0 AppleWebKit/537.36 (KHTML, like Gecko; compatible; ClaudeBot/1.0; +claudebot@anthropic.com)"
20.171.207.195 - - [16/Jun/2025:12:13:36 -0500] "GET /vendor/google/apiclient-services/src/Analytics/McfData.php HTTP/2.0" 500 - "-" "Mozilla/5.0 AppleWebKit/537.36 (KHTML, like Gecko; compatible; GPTBot/1.2; +https://openai.com/gptbot)"
216.73.216.225 - - [16/Jun/2025:12:13:36 -0500] "GET /vendor/symfony/css-selector/XPath/Extension/?C=S&O=D HTTP/2.0" 200 2239 "-" "Mozilla/5.0 AppleWebKit/537.36 (KHTML, like Gecko; compatible; ClaudeBot/1.0; +claudebot@anthropic.com)"
216.73.216.225 - - [16/Jun/2025:12:13:41 -0500] "GET /vendor/rackspace/php-opencloud/doc/services/image/index.rst HTTP/2.0" 200 1173 "-" "Mozilla/5.0 AppleWebKit/537.36 (KHTML, like Gecko; compatible; ClaudeBot/1.0; +claudebot@anthropic.com)"
216.73.216.225 - - [16/Jun/2025:12:13:46 -0500] "GET /vendor/guzzlehttp/guzzle/src/functions.php HTTP/2.0" 200 - "-" "Mozilla/5.0 AppleWebKit/537.36 (KHTML, like Gecko; compatible; ClaudeBot/1.0; +claudebot@anthropic.com)"
216.73.216.225 - - [16/Jun/2025:12:13:51 -0500] "GET /vendor/doctrine/dbal/src/Driver/AbstractSQLServerDriver HTTP/2.0" 301 304 "-" "Mozilla/5.0 AppleWebKit/537.36 (KHTML, like Gecko; compatible; ClaudeBot/1.0; +claudebot@anthropic.com)"
216.73.216.225 - - [16/Jun/2025:12:13:51 -0500] "GET /vendor/doctrine/dbal/src/Driver/AbstractSQLServerDriver/ HTTP/2.0" 200 910 "https://www.vebto.graphicdesigncash.com/vendor/doctrine/dbal/src/Driver/AbstractSQLServerDriver" "Mozilla/5.0 AppleWebKit/537.36 (KHTML, like Gecko; compatible; ClaudeBot/1.0; +claudebot@anthropic.com)"
216.73.216.225 - - [16/Jun/2025:12:14:00 -0500] "GET /vendor/aws/aws-sdk-php/src/Schemas/Exception HTTP/2.0" 301 293 "-" "Mozilla/5.0 AppleWebKit/537.36 (KHTML, like Gecko; compatible; ClaudeBot/1.0; +claudebot@anthropic.com)"
216.73.216.225 - - [16/Jun/2025:12:14:00 -0500] "GET /vendor/aws/aws-sdk-php/src/Schemas/Exception/ HTTP/2.0" 200 713 "https://www.vebto.graphicdesigncash.com/vendor/aws/aws-sdk-php/src/Schemas/Exception" "Mozilla/5.0 AppleWebKit/537.36 (KHTML, like Gecko; compatible; ClaudeBot/1.0; +claudebot@anthropic.com)"
216.73.216.225 - - [16/Jun/2025:12:14:02 -0500] "GET /vendor/doctrine/dbal/src/Id/TableGeneratorSchemaVisitor.php HTTP/2.0" 500 - "-" "Mozilla/5.0 AppleWebKit/537.36 (KHTML, like Gecko; compatible; ClaudeBot/1.0; +claudebot@anthropic.com)"
85.208.96.211 - - [16/Jun/2025:12:14:02 -0500] "GET /vendor/omnipay/paypal/src/Message/ExpressTransactionSearchResponse.php HTTP/1.1" 500 - "-" "Mozilla/5.0 (compatible; SemrushBot/7~bl; +http://www.semrush.com/bot.html)"
216.73.216.225 - - [16/Jun/2025:12:14:07 -0500] "GET /vendor/symfony/css-selector/XPath/Extension/?C=M&O=D HTTP/2.0" 200 2239 "-" "Mozilla/5.0 AppleWebKit/537.36 (KHTML, like Gecko; compatible; ClaudeBot/1.0; +claudebot@anthropic.com)"
216.73.216.225 - - [16/Jun/2025:12:14:12 -0500] "GET /vendor/jetbrains/phpstorm-stubs/standard/standard_7.php HTTP/2.0" 500 - "-" "Mozilla/5.0 AppleWebKit/537.36 (KHTML, like Gecko; compatible; ClaudeBot/1.0; +claudebot@anthropic.com)"
216.73.216.225 - - [16/Jun/2025:12:14:17 -0500] "GET /vendor/rackspace/php-opencloud/doc/_build/html/services/image/index.html HTTP/2.0" 200 21153 "-" "Mozilla/5.0 AppleWebKit/537.36 (KHTML, like Gecko; compatible; ClaudeBot/1.0; +claudebot@anthropic.com)"
216.73.216.225 - - [16/Jun/2025:12:14:22 -0500] "GET /vendor/algolia/algoliasearch-client-php/src/SearchClient.php HTTP/2.0" 200 - "-" "Mozilla/5.0 AppleWebKit/537.36 (KHTML, like Gecko; compatible; ClaudeBot/1.0; +claudebot@anthropic.com)"
20.171.207.246 - - [16/Jun/2025:12:14:24 -0500] "GET /vendor/google/apiclient-services/src/Slides/Outline.php HTTP/2.0" 500 - "-" "Mozilla/5.0 AppleWebKit/537.36 (KHTML, like Gecko; compatible; GPTBot/1.2; +https://openai.com/gptbot)"
216.73.216.225 - - [16/Jun/2025:12:14:27 -0500] "GET /vendor/jetbrains/phpstorm-stubs/fileinfo/fileinfo.php HTTP/2.0" 500 - "-" "Mozilla/5.0 AppleWebKit/537.36 (KHTML, like Gecko; compatible; ClaudeBot/1.0; +claudebot@anthropic.com)"
216.73.216.225 - - [16/Jun/2025:12:14:32 -0500] "GET /vendor/rackspace/php-opencloud/doc/services/networking/ports.rst HTTP/2.0" 200 15726 "-" "Mozilla/5.0 AppleWebKit/537.36 (KHTML, like Gecko; compatible; ClaudeBot/1.0; +claudebot@anthropic.com)"
216.73.216.225 - - [16/Jun/2025:12:14:40 -0500] "GET /vendor/rackspace/php-opencloud/lib/OpenCloud/ObjectStore/?C=N&O=D HTTP/2.0" 200 1628 "-" "Mozilla/5.0 AppleWebKit/537.36 (KHTML, like Gecko; compatible; ClaudeBot/1.0; +claudebot@anthropic.com)"
20.171.207.195 - - [16/Jun/2025:12:14:41 -0500] "GET /vendor/google/apiclient-services/src/Datastore/GqlQuery.php HTTP/2.0" 500 - "-" "Mozilla/5.0 AppleWebKit/537.36 (KHTML, like Gecko; compatible; GPTBot/1.2; +https://openai.com/gptbot)"
216.73.216.225 - - [16/Jun/2025:12:14:42 -0500] "GET /vendor/rackspace/php-opencloud/docs/userguide/LoadBalancer/?C=S&O=A HTTP/2.0" 200 932 "-" "Mozilla/5.0 AppleWebKit/537.36 (KHTML, like Gecko; compatible; ClaudeBot/1.0; +claudebot@anthropic.com)"
216.73.216.225 - - [16/Jun/2025:12:14:47 -0500] "GET /vendor/omnipay/stripe/tests/Mock/Transfers/FetchTransferSuccess.txt HTTP/2.0" 200 1279 "-" "Mozilla/5.0 AppleWebKit/537.36 (KHTML, like Gecko; compatible; ClaudeBot/1.0; +claudebot@anthropic.com)"
216.73.216.225 - - [16/Jun/2025:12:14:52 -0500] "GET /vendor/rackspace/php-opencloud/doc/services/image/sharing.rst HTTP/2.0" 200 3643 "-" "Mozilla/5.0 AppleWebKit/537.36 (KHTML, like Gecko; compatible; ClaudeBot/1.0; +claudebot@anthropic.com)"
216.73.216.225 - - [16/Jun/2025:12:14:57 -0500] "GET /vendor/symfony/psr-http-message-bridge/Tests/Factory/?C=S&O=D HTTP/2.0" 200 1334 "-" "Mozilla/5.0 AppleWebKit/537.36 (KHTML, like Gecko; compatible; ClaudeBot/1.0; +claudebot@anthropic.com)"
216.73.216.225 - - [16/Jun/2025:12:15:02 -0500] "GET /vendor/jetbrains/phpstorm-stubs/standard/standard_9.php HTTP/2.0" 500 - "-" "Mozilla/5.0 AppleWebKit/537.36 (KHTML, like Gecko; compatible; ClaudeBot/1.0; +claudebot@anthropic.com)"
216.73.216.225 - - [16/Jun/2025:12:15:07 -0500] "GET /vendor/doctrine/cache/lib/Doctrine/Common HTTP/2.0" 301 290 "-" "Mozilla/5.0 AppleWebKit/537.36 (KHTML, like Gecko; compatible; ClaudeBot/1.0; +claudebot@anthropic.com)"
216.73.216.225 - - [16/Jun/2025:12:15:07 -0500] "GET /vendor/doctrine/cache/lib/Doctrine/Common/ HTTP/2.0" 200 881 "https://www.vebto.graphicdesigncash.com/vendor/doctrine/cache/lib/Doctrine/Common" "Mozilla/5.0 AppleWebKit/537.36 (KHTML, like Gecko; compatible; ClaudeBot/1.0; +claudebot@anthropic.com)"
216.73.216.225 - - [16/Jun/2025:12:15:12 -0500] "GET /vendor/laravel/horizon/src/SupervisorFactory.php HTTP/2.0" 200 - "-" "Mozilla/5.0 AppleWebKit/537.36 (KHTML, like Gecko; compatible; ClaudeBot/1.0; +claudebot@anthropic.com)"
185.191.171.6 - - [16/Jun/2025:12:15:13 -0500] "GET /vendor/google/apiclient-services/src/CloudMachineLearningEngine/GoogleCloudMlV1AutoScaling.php HTTP/1.1" 500 - "-" "Mozilla/5.0 (compatible; SemrushBot/7~bl; +http://www.semrush.com/bot.html)"
85.208.96.197 - - [16/Jun/2025:12:15:15 -0500] "GET /robots.txt HTTP/1.1" 404 - "-" "Mozilla/5.0 (compatible; SemrushBot/7~bl; +http://www.semrush.com/bot.html)"
216.73.216.225 - - [16/Jun/2025:12:15:17 -0500] "GET /vendor/php-http/client-common/src/HttpClientPool/?C=M&O=A HTTP/2.0" 200 1670 "-" "Mozilla/5.0 AppleWebKit/537.36 (KHTML, like Gecko; compatible; ClaudeBot/1.0; +claudebot@anthropic.com)"
185.191.171.11 - - [16/Jun/2025:12:15:20 -0500] "GET /vendor/google/apiclient-services/src/Webmasters/ HTTP/1.1" 200 2807 "-" "Mozilla/5.0 (compatible; SemrushBot/7~bl; +http://www.semrush.com/bot.html)"
216.73.216.225 - - [16/Jun/2025:12:15:22 -0500] "GET /vendor/aws/aws-sdk-php/src/Glacier/MultipartUploader.php HTTP/2.0" 500 - "-" "Mozilla/5.0 AppleWebKit/537.36 (KHTML, like Gecko; compatible; ClaudeBot/1.0; +claudebot@anthropic.com)"
216.73.216.225 - - [16/Jun/2025:12:15:27 -0500] "GET /vendor/aws/aws-sdk-php/src/Amplify/Exception HTTP/2.0" 301 293 "-" "Mozilla/5.0 AppleWebKit/537.36 (KHTML, like Gecko; compatible; ClaudeBot/1.0; +claudebot@anthropic.com)"
