216.73.216.29 - - [16/Jun/2025:10:42:47 -0500] "GET /vendor/ramsey/uuid/src/Guid/Guid.php HTTP/2.0" 500 - "-" "Mozilla/5.0 AppleWebKit/537.36 (KHTML, like Gecko; compatible; ClaudeBot/1.0; +claudebot@anthropic.com)"
85.208.96.207 - - [16/Jun/2025:10:42:51 -0500] "GET /vendor/google/apiclient-services/src/ShoppingContent/OnboardBuyOnGoogleProgramRequest.php HTTP/1.1" 500 - "-" "Mozilla/5.0 (compatible; SemrushBot/7~bl; +http://www.semrush.com/bot.html)"
216.73.216.29 - - [16/Jun/2025:10:42:52 -0500] "GET /vendor/teamtnt/tntsearch/src/Stemmer/CroatianStemmer.php HTTP/2.0" 500 - "-" "Mozilla/5.0 AppleWebKit/537.36 (KHTML, like Gecko; compatible; ClaudeBot/1.0; +claudebot@anthropic.com)"
20.171.207.195 - - [16/Jun/2025:10:42:56 -0500] "GET /vendor/google/apiclient-services/src/Container/GcfsConfig.php HTTP/2.0" 500 - "-" "Mozilla/5.0 AppleWebKit/537.36 (KHTML, like Gecko; compatible; GPTBot/1.2; +https://openai.com/gptbot)"
216.73.216.29 - - [16/Jun/2025:10:42:57 -0500] "GET /vendor/symfony/error-handler/Internal/?C=N&O=A HTTP/2.0" 200 879 "-" "Mozilla/5.0 AppleWebKit/537.36 (KHTML, like Gecko; compatible; ClaudeBot/1.0; +claudebot@anthropic.com)"
216.73.216.29 - - [16/Jun/2025:10:43:02 -0500] "GET /vendor/symfony/var-dumper/Test/?C=M&O=D HTTP/2.0" 200 866 "-" "Mozilla/5.0 AppleWebKit/537.36 (KHTML, like Gecko; compatible; ClaudeBot/1.0; +claudebot@anthropic.com)"
20.171.207.246 - - [16/Jun/2025:10:43:05 -0500] "GET /vendor/google/apiclient-services/src/Sheets/SlicerSpec.php HTTP/2.0" 500 - "-" "Mozilla/5.0 AppleWebKit/537.36 (KHTML, like Gecko; compatible; GPTBot/1.2; +https://openai.com/gptbot)"
216.73.216.29 - - [16/Jun/2025:10:43:07 -0500] "GET /vendor/aws/aws-sdk-php/src/ComprehendMedical/?C=S&O=A HTTP/2.0" 200 1081 "-" "Mozilla/5.0 AppleWebKit/537.36 (KHTML, like Gecko; compatible; ClaudeBot/1.0; +claudebot@anthropic.com)"
216.73.216.29 - - [16/Jun/2025:10:43:12 -0500] "GET /vendor/aws/aws-sdk-php/src/ResourceGroups/?C=S&O=A HTTP/2.0" 200 1072 "-" "Mozilla/5.0 AppleWebKit/537.36 (KHTML, like Gecko; compatible; ClaudeBot/1.0; +claudebot@anthropic.com)"
185.191.171.16 - - [16/Jun/2025:10:43:16 -0500] "GET /vendor/google/apiclient-services/src/Dfareporting/ConnectionTypesListResponse.php HTTP/1.1" 500 - "-" "Mozilla/5.0 (compatible; SemrushBot/7~bl; +http://www.semrush.com/bot.html)"
216.73.216.29 - - [16/Jun/2025:10:43:17 -0500] "GET /vendor/ramsey/uuid/src/Converter/Number HTTP/2.0" 301 288 "-" "Mozilla/5.0 AppleWebKit/537.36 (KHTML, like Gecko; compatible; ClaudeBot/1.0; +claudebot@anthropic.com)"
216.73.216.29 - - [16/Jun/2025:10:43:17 -0500] "GET /vendor/ramsey/uuid/src/Converter/Number/ HTTP/2.0" 200 701 "https://www.vebto.graphicdesigncash.com/vendor/ramsey/uuid/src/Converter/Number" "Mozilla/5.0 AppleWebKit/537.36 (KHTML, like Gecko; compatible; ClaudeBot/1.0; +claudebot@anthropic.com)"
216.73.216.29 - - [16/Jun/2025:10:43:22 -0500] "GET /vendor/webmozart/assert/src/?C=S&O=D HTTP/2.0" 200 1222 "-" "Mozilla/5.0 AppleWebKit/537.36 (KHTML, like Gecko; compatible; ClaudeBot/1.0; +claudebot@anthropic.com)"
216.73.216.29 - - [16/Jun/2025:10:43:27 -0500] "GET /vendor/algolia/algoliasearch-client-php/src/Cache/?C=D&O=A HTTP/2.0" 200 1106 "-" "Mozilla/5.0 AppleWebKit/537.36 (KHTML, like Gecko; compatible; ClaudeBot/1.0; +claudebot@anthropic.com)"
85.208.96.199 - - [16/Jun/2025:10:43:30 -0500] "GET /vendor/jetbrains/phpstorm-stubs/rdkafka/RdKafka/ HTTP/1.1" 200 3443 "-" "Mozilla/5.0 (compatible; SemrushBot/7~bl; +http://www.semrush.com/bot.html)"
216.73.216.29 - - [16/Jun/2025:10:43:32 -0500] "GET /vendor/jetbrains/phpstorm-stubs/snmp/?C=D&O=D HTTP/2.0" 200 870 "-" "Mozilla/5.0 AppleWebKit/537.36 (KHTML, like Gecko; compatible; ClaudeBot/1.0; +claudebot@anthropic.com)"
216.73.216.29 - - [16/Jun/2025:10:43:37 -0500] "GET /vendor/paragonie/constant_time_encoding/src/?C=S&O=D HTTP/2.0" 200 2720 "-" "Mozilla/5.0 AppleWebKit/537.36 (KHTML, like Gecko; compatible; ClaudeBot/1.0; +claudebot@anthropic.com)"
216.73.216.29 - - [16/Jun/2025:10:43:42 -0500] "GET /vendor/phpdocumentor/reflection-docblock/src/DocBlock/?C=M&O=A HTTP/2.0" 200 2201 "-" "Mozilla/5.0 AppleWebKit/537.36 (KHTML, like Gecko; compatible; ClaudeBot/1.0; +claudebot@anthropic.com)"
216.73.216.29 - - [16/Jun/2025:10:43:47 -0500] "GET /vendor/jetbrains/phpstorm-stubs/rar/?C=S&O=D HTTP/2.0" 200 867 "-" "Mozilla/5.0 AppleWebKit/537.36 (KHTML, like Gecko; compatible; ClaudeBot/1.0; +claudebot@anthropic.com)"
216.73.216.29 - - [16/Jun/2025:10:43:52 -0500] "GET /vendor/algolia/algoliasearch-client-php/src/Http/?C=M&O=A HTTP/2.0" 200 1468 "-" "Mozilla/5.0 AppleWebKit/537.36 (KHTML, like Gecko; compatible; ClaudeBot/1.0; +claudebot@anthropic.com)"
216.73.216.29 - - [16/Jun/2025:10:43:57 -0500] "GET /vendor/jetbrains/phpstorm-stubs/sockets/?C=N&O=A HTTP/2.0" 200 879 "-" "Mozilla/5.0 AppleWebKit/537.36 (KHTML, like Gecko; compatible; ClaudeBot/1.0; +claudebot@anthropic.com)"
20.171.207.195 - - [16/Jun/2025:10:44:00 -0500] "GET /vendor/google/apiclient-services/src/Appengine/ContainerInfo.php HTTP/2.0" 500 - "-" "Mozilla/5.0 AppleWebKit/537.36 (KHTML, like Gecko; compatible; GPTBot/1.2; +https://openai.com/gptbot)"
216.73.216.29 - - [16/Jun/2025:10:44:02 -0500] "GET /vendor/jetbrains/phpstorm-stubs/SaxonC/?C=D&O=D HTTP/2.0" 200 876 "-" "Mozilla/5.0 AppleWebKit/537.36 (KHTML, like Gecko; compatible; ClaudeBot/1.0; +claudebot@anthropic.com)"
216.73.216.29 - - [16/Jun/2025:10:44:07 -0500] "GET /vendor/nesbot/carbon/src/Carbon/CarbonTimeZone.php HTTP/2.0" 200 - "-" "Mozilla/5.0 AppleWebKit/537.36 (KHTML, like Gecko; compatible; ClaudeBot/1.0; +claudebot@anthropic.com)"
85.208.96.211 - - [16/Jun/2025:10:44:10 -0500] "GET /vendor/aws/aws-sdk-php/src/IoTThingsGraph/IoTThingsGraphClient.php HTTP/1.1" 500 - "-" "Mozilla/5.0 (compatible; SemrushBot/7~bl; +http://www.semrush.com/bot.html)"
20.171.207.246 - - [16/Jun/2025:10:44:10 -0500] "GET /vendor/google/apiclient-services/src/Slides/Placeholder.php HTTP/2.0" 500 - "-" "Mozilla/5.0 AppleWebKit/537.36 (KHTML, like Gecko; compatible; GPTBot/1.2; +https://openai.com/gptbot)"
216.73.216.29 - - [16/Jun/2025:10:44:12 -0500] "GET /vendor/aws/aws-sdk-php/src/IoTSecureTunneling/?C=N&O=D HTTP/2.0" 200 1084 "-" "Mozilla/5.0 AppleWebKit/537.36 (KHTML, like Gecko; compatible; ClaudeBot/1.0; +claudebot@anthropic.com)"
185.191.171.14 - - [16/Jun/2025:10:44:16 -0500] "GET /vendor/ezimuel/ringphp/src/Client/Middleware.php HTTP/1.1" 200 - "-" "Mozilla/5.0 (compatible; SemrushBot/7~bl; +http://www.semrush.com/bot.html)"
216.73.216.29 - - [16/Jun/2025:10:44:17 -0500] "GET /vendor/laravel/slack-notification-channel/src/?C=M&O=D HTTP/2.0" 200 1278 "-" "Mozilla/5.0 AppleWebKit/537.36 (KHTML, like Gecko; compatible; ClaudeBot/1.0; +claudebot@anthropic.com)"
185.191.171.5 - - [16/Jun/2025:10:44:18 -0500] "GET /vendor/google/apiclient-services/src/Dfareporting/UserProfile.php HTTP/1.1" 500 - "-" "Mozilla/5.0 (compatible; SemrushBot/7~bl; +http://www.semrush.com/bot.html)"
216.73.216.29 - - [16/Jun/2025:10:44:22 -0500] "GET /vendor/aws/aws-sdk-php/src/SagemakerEdgeManager/?C=M&O=A HTTP/2.0" 200 1090 "-" "Mozilla/5.0 AppleWebKit/537.36 (KHTML, like Gecko; compatible; ClaudeBot/1.0; +claudebot@anthropic.com)"
216.73.216.29 - - [16/Jun/2025:10:44:27 -0500] "GET /vendor/jetbrains/phpstorm-stubs/enchant/?C=D&O=D HTTP/2.0" 200 879 "-" "Mozilla/5.0 AppleWebKit/537.36 (KHTML, like Gecko; compatible; ClaudeBot/1.0; +claudebot@anthropic.com)"
85.208.96.206 - - [16/Jun/2025:10:44:34 -0500] "GET /vendor/google/apiclient-services/src/AndroidEnterprise/StoreLayoutClustersListResponse.php HTTP/1.1" 500 - "-" "Mozilla/5.0 (compatible; SemrushBot/7~bl; +http://www.semrush.com/bot.html)"
216.73.216.29 - - [16/Jun/2025:10:44:38 -0500] "GET /vendor/jetbrains/phpstorm-stubs/interbase/?C=N&O=A HTTP/2.0" 200 885 "-" "Mozilla/5.0 AppleWebKit/537.36 (KHTML, like Gecko; compatible; ClaudeBot/1.0; +claudebot@anthropic.com)"
216.73.216.29 - - [16/Jun/2025:10:44:42 -0500] "GET /vendor/aws/aws-sdk-php/src/IotDataPlane/?C=S&O=A HTTP/2.0" 200 1063 "-" "Mozilla/5.0 AppleWebKit/537.36 (KHTML, like Gecko; compatible; ClaudeBot/1.0; +claudebot@anthropic.com)"
216.73.216.29 - - [16/Jun/2025:10:44:47 -0500] "GET /vendor/spatie/dropbox-api/src/?C=S&O=D HTTP/2.0" 200 1425 "-" "Mozilla/5.0 AppleWebKit/537.36 (KHTML, like Gecko; compatible; ClaudeBot/1.0; +claudebot@anthropic.com)"
216.73.216.29 - - [16/Jun/2025:10:44:52 -0500] "GET /vendor/phpdocumentor/reflection-docblock/src/?C=M&O=D HTTP/2.0" 200 1817 "-" "Mozilla/5.0 AppleWebKit/537.36 (KHTML, like Gecko; compatible; ClaudeBot/1.0; +claudebot@anthropic.com)"
216.73.216.29 - - [16/Jun/2025:10:44:57 -0500] "GET /vendor/aws/aws-sdk-php/src/CodeStar/?C=M&O=A HTTP/2.0" 200 1051 "-" "Mozilla/5.0 AppleWebKit/537.36 (KHTML, like Gecko; compatible; ClaudeBot/1.0; +claudebot@anthropic.com)"
216.73.216.29 - - [16/Jun/2025:10:45:02 -0500] "GET /vendor/symfony/var-dumper/Dumper/ContextProvider/?C=N&O=D HTTP/2.0" 200 1501 "-" "Mozilla/5.0 AppleWebKit/537.36 (KHTML, like Gecko; compatible; ClaudeBot/1.0; +claudebot@anthropic.com)"
20.171.207.195 - - [16/Jun/2025:10:45:05 -0500] "GET /vendor/google/apiclient-services/src/Directory/RoleAssignment.php HTTP/2.0" 500 - "-" "Mozilla/5.0 AppleWebKit/537.36 (KHTML, like Gecko; compatible; GPTBot/1.2; +https://openai.com/gptbot)"
216.73.216.29 - - [16/Jun/2025:10:45:07 -0500] "GET /vendor/aws/aws-sdk-php/src/OpenSearchService/?C=D&O=A HTTP/2.0" 200 1081 "-" "Mozilla/5.0 AppleWebKit/537.36 (KHTML, like Gecko; compatible; ClaudeBot/1.0; +claudebot@anthropic.com)"
85.208.96.206 - - [16/Jun/2025:10:45:09 -0500] "GET /vendor/google/apiclient-services/src/ShoppingContent/LinkService.php HTTP/1.1" 500 - "-" "Mozilla/5.0 (compatible; SemrushBot/7~bl; +http://www.semrush.com/bot.html)"
20.171.207.246 - - [16/Jun/2025:10:45:15 -0500] "GET /vendor/google/apiclient-services/src/Slides/SheetsChart.php HTTP/2.0" 500 - "-" "Mozilla/5.0 AppleWebKit/537.36 (KHTML, like Gecko; compatible; GPTBot/1.2; +https://openai.com/gptbot)"
216.73.216.29 - - [16/Jun/2025:10:45:16 -0500] "GET /vendor/jetbrains/phpstorm-stubs/ming/?C=S&O=D HTTP/2.0" 200 870 "-" "Mozilla/5.0 AppleWebKit/537.36 (KHTML, like Gecko; compatible; ClaudeBot/1.0; +claudebot@anthropic.com)"
216.73.216.29 - - [16/Jun/2025:10:45:18 -0500] "GET /vendor/aws/aws-sdk-php/src/CodeStar/?C=D&O=A HTTP/2.0" 200 1051 "-" "Mozilla/5.0 AppleWebKit/537.36 (KHTML, like Gecko; compatible; ClaudeBot/1.0; +claudebot@anthropic.com)"
216.73.216.29 - - [16/Jun/2025:10:45:23 -0500] "GET /vendor/phpdocumentor/reflection-docblock/src/?C=D&O=D HTTP/2.0" 200 1817 "-" "Mozilla/5.0 AppleWebKit/537.36 (KHTML, like Gecko; compatible; ClaudeBot/1.0; +claudebot@anthropic.com)"
216.73.216.29 - - [16/Jun/2025:10:45:28 -0500] "GET /vendor/jetbrains/phpstorm-stubs/Parle/?C=N&O=A HTTP/2.0" 200 2316 "-" "Mozilla/5.0 AppleWebKit/537.36 (KHTML, like Gecko; compatible; ClaudeBot/1.0; +claudebot@anthropic.com)"
216.73.216.29 - - [16/Jun/2025:10:45:33 -0500] "GET /vendor/aws/aws-sdk-php/src/Handler/?C=N&O=D HTTP/2.0" 200 1039 "-" "Mozilla/5.0 AppleWebKit/537.36 (KHTML, like Gecko; compatible; ClaudeBot/1.0; +claudebot@anthropic.com)"
85.208.96.206 - - [16/Jun/2025:10:45:33 -0500] "GET /vendor/google/apiclient-services/src/PeopleService/GetPeopleResponse.php HTTP/1.1" 500 - "-" "Mozilla/5.0 (compatible; SemrushBot/7~bl; +http://www.semrush.com/bot.html)"
216.73.216.29 - - [16/Jun/2025:10:45:43 -0500] "GET /vendor/aws/aws-sdk-php/src/KafkaConnect/?C=D&O=A HTTP/2.0" 200 1063 "-" "Mozilla/5.0 AppleWebKit/537.36 (KHTML, like Gecko; compatible; ClaudeBot/1.0; +claudebot@anthropic.com)"
216.73.216.29 - - [16/Jun/2025:10:45:48 -0500] "GET /vendor/aws/aws-sdk-php/src/KinesisAnalytics/?C=S&O=A HTTP/2.0" 200 1078 "-" "Mozilla/5.0 AppleWebKit/537.36 (KHTML, like Gecko; compatible; ClaudeBot/1.0; +claudebot@anthropic.com)"
216.73.216.29 - - [16/Jun/2025:10:45:53 -0500] "GET /vendor/aws/aws-sdk-php/src/ECRPublic/?C=N&O=D HTTP/2.0" 200 1054 "-" "Mozilla/5.0 AppleWebKit/537.36 (KHTML, like Gecko; compatible; ClaudeBot/1.0; +claudebot@anthropic.com)"
216.73.216.29 - - [16/Jun/2025:10:45:58 -0500] "GET /vendor/symfony/var-dumper/Test/?C=D&O=D HTTP/2.0" 200 866 "-" "Mozilla/5.0 AppleWebKit/537.36 (KHTML, like Gecko; compatible; ClaudeBot/1.0; +claudebot@anthropic.com)"
216.73.216.29 - - [16/Jun/2025:10:46:03 -0500] "GET /vendor/aws/aws-sdk-php/src/DirectConnect/?C=S&O=A HTTP/2.0" 200 1066 "-" "Mozilla/5.0 AppleWebKit/537.36 (KHTML, like Gecko; compatible; ClaudeBot/1.0; +claudebot@anthropic.com)"
85.208.96.193 - - [16/Jun/2025:10:46:06 -0500] "GET /vendor/google/apiclient-services/src/AndroidPublisher/Variant.php HTTP/1.1" 500 - "-" "Mozilla/5.0 (compatible; SemrushBot/7~bl; +http://www.semrush.com/bot.html)"
216.73.216.29 - - [16/Jun/2025:10:46:08 -0500] "GET /vendor/aws/aws-crt-php/src/?C=D&O=D HTTP/2.0" 200 837 "-" "Mozilla/5.0 AppleWebKit/537.36 (KHTML, like Gecko; compatible; ClaudeBot/1.0; +claudebot@anthropic.com)"
20.171.207.195 - - [16/Jun/2025:10:46:10 -0500] "GET /vendor/google/apiclient-services/src/Firestore/FieldFilter.php HTTP/2.0" 500 - "-" "Mozilla/5.0 AppleWebKit/537.36 (KHTML, like Gecko; compatible; GPTBot/1.2; +https://openai.com/gptbot)"
216.73.216.29 - - [16/Jun/2025:10:46:13 -0500] "GET /vendor/jetbrains/phpstorm-stubs/oci8/?C=N&O=D HTTP/2.0" 200 870 "-" "Mozilla/5.0 AppleWebKit/537.36 (KHTML, like Gecko; compatible; ClaudeBot/1.0; +claudebot@anthropic.com)"
20.171.207.246 - - [16/Jun/2025:10:46:16 -0500] "GET /vendor/google/apiclient-services/src/Slides/Dimension.php HTTP/2.0" 500 - "-" "Mozilla/5.0 AppleWebKit/537.36 (KHTML, like Gecko; compatible; GPTBot/1.2; +https://openai.com/gptbot)"
216.73.216.29 - - [16/Jun/2025:10:46:18 -0500] "GET /vendor/symfony/mime/Header/?C=S&O=D HTTP/2.0" 200 2528 "-" "Mozilla/5.0 AppleWebKit/537.36 (KHTML, like Gecko; compatible; ClaudeBot/1.0; +claudebot@anthropic.com)"
85.208.96.195 - - [16/Jun/2025:10:46:22 -0500] "GET /vendor/google/apiclient-services/src/TagManager/MergeConflict.php HTTP/1.1" 500 - "-" "Mozilla/5.0 (compatible; SemrushBot/7~bl; +http://www.semrush.com/bot.html)"
216.73.216.29 - - [16/Jun/2025:10:46:23 -0500] "GET /vendor/jetbrains/phpstorm-stubs/yaf/?C=M&O=D HTTP/2.0" 200 1052 "-" "Mozilla/5.0 AppleWebKit/537.36 (KHTML, like Gecko; compatible; ClaudeBot/1.0; +claudebot@anthropic.com)"
216.73.216.29 - - [16/Jun/2025:10:46:28 -0500] "GET /vendor/algolia/algoliasearch-client-php/src/Support/?C=M&O=A HTTP/2.0" 200 1096 "-" "Mozilla/5.0 AppleWebKit/537.36 (KHTML, like Gecko; compatible; ClaudeBot/1.0; +claudebot@anthropic.com)"
216.73.216.29 - - [16/Jun/2025:10:46:33 -0500] "GET /vendor/meilisearch/meilisearch-php/scripts/?C=N&O=A HTTP/2.0" 200 885 "-" "Mozilla/5.0 AppleWebKit/537.36 (KHTML, like Gecko; compatible; ClaudeBot/1.0; +claudebot@anthropic.com)"
216.73.216.29 - - [16/Jun/2025:10:46:38 -0500] "GET /vendor/ramsey/uuid/src/Converter/Time HTTP/2.0" 301 286 "-" "Mozilla/5.0 AppleWebKit/537.36 (KHTML, like Gecko; compatible; ClaudeBot/1.0; +claudebot@anthropic.com)"
216.73.216.29 - - [16/Jun/2025:10:46:38 -0500] "GET /vendor/ramsey/uuid/src/Converter/Time/ HTTP/2.0" 200 697 "https://www.vebto.graphicdesigncash.com/vendor/ramsey/uuid/src/Converter/Time" "Mozilla/5.0 AppleWebKit/537.36 (KHTML, like Gecko; compatible; ClaudeBot/1.0; +claudebot@anthropic.com)"
216.73.216.29 - - [16/Jun/2025:10:46:43 -0500] "GET /vendor/aws/aws-sdk-php/src/ImportExport/?C=S&O=A HTTP/2.0" 200 1063 "-" "Mozilla/5.0 AppleWebKit/537.36 (KHTML, like Gecko; compatible; ClaudeBot/1.0; +claudebot@anthropic.com)"
216.73.216.29 - - [16/Jun/2025:10:46:48 -0500] "GET /vendor/aws/aws-sdk-php/src/AppIntegrationsService/?C=D&O=A HTTP/2.0" 200 1096 "-" "Mozilla/5.0 AppleWebKit/537.36 (KHTML, like Gecko; compatible; ClaudeBot/1.0; +claudebot@anthropic.com)"
216.73.216.29 - - [16/Jun/2025:10:46:53 -0500] "GET /vendor/aws/aws-sdk-php/src/Support/?C=S&O=A HTTP/2.0" 200 1048 "-" "Mozilla/5.0 AppleWebKit/537.36 (KHTML, like Gecko; compatible; ClaudeBot/1.0; +claudebot@anthropic.com)"
216.73.216.29 - - [16/Jun/2025:10:46:58 -0500] "GET /vendor/jetbrains/phpstorm-stubs/stomp/?C=N&O=A HTTP/2.0" 200 873 "-" "Mozilla/5.0 AppleWebKit/537.36 (KHTML, like Gecko; compatible; ClaudeBot/1.0; +claudebot@anthropic.com)"
216.73.216.29 - - [16/Jun/2025:10:47:03 -0500] "GET /vendor/aws/aws-sdk-php/src/Sts/?C=N&O=D HTTP/2.0" 200 1222 "-" "Mozilla/5.0 AppleWebKit/537.36 (KHTML, like Gecko; compatible; ClaudeBot/1.0; +claudebot@anthropic.com)"
216.73.216.29 - - [16/Jun/2025:10:47:08 -0500] "GET /vendor/symfony/var-exporter/Exception/?C=M&O=D HTTP/2.0" 200 1282 "-" "Mozilla/5.0 AppleWebKit/537.36 (KHTML, like Gecko; compatible; ClaudeBot/1.0; +claudebot@anthropic.com)"
216.73.216.29 - - [16/Jun/2025:10:47:13 -0500] "GET /vendor/symfony/error-handler/Resources/assets/?C=M&O=A HTTP/2.0" 200 1237 "-" "Mozilla/5.0 AppleWebKit/537.36 (KHTML, like Gecko; compatible; ClaudeBot/1.0; +claudebot@anthropic.com)"
20.171.207.195 - - [16/Jun/2025:10:47:15 -0500] "GET /vendor/google/apiclient-services/src/Container/UpgradeEvent.php HTTP/2.0" 500 - "-" "Mozilla/5.0 AppleWebKit/537.36 (KHTML, like Gecko; compatible; GPTBot/1.2; +https://openai.com/gptbot)"
185.191.171.16 - - [16/Jun/2025:10:47:15 -0500] "GET /vendor/google/apiclient-services/src/SecurityCommandCenter/GoogleCloudSecuritycenterV1p1beta1Resource.php HTTP/1.1" 500 - "-" "Mozilla/5.0 (compatible; SemrushBot/7~bl; +http://www.semrush.com/bot.html)"
20.171.207.246 - - [16/Jun/2025:10:47:17 -0500] "GET /vendor/google/apiclient-services/src/Slides/SolidFill.php HTTP/2.0" 500 - "-" "Mozilla/5.0 AppleWebKit/537.36 (KHTML, like Gecko; compatible; GPTBot/1.2; +https://openai.com/gptbot)"
216.73.216.29 - - [16/Jun/2025:10:47:18 -0500] "GET /vendor/jetbrains/phpstorm-stubs/standard/?C=D&O=D HTTP/2.0" 200 3611 "-" "Mozilla/5.0 AppleWebKit/537.36 (KHTML, like Gecko; compatible; ClaudeBot/1.0; +claudebot@anthropic.com)"
216.73.216.29 - - [16/Jun/2025:10:47:23 -0500] "GET /vendor/symfony/cache/DataCollector/?C=S&O=D HTTP/2.0" 200 869 "-" "Mozilla/5.0 AppleWebKit/537.36 (KHTML, like Gecko; compatible; ClaudeBot/1.0; +claudebot@anthropic.com)"
216.73.216.29 - - [16/Jun/2025:10:47:28 -0500] "GET /vendor/aws/aws-sdk-php/src/LexRuntimeV2/?C=M&O=A HTTP/2.0" 200 1063 "-" "Mozilla/5.0 AppleWebKit/537.36 (KHTML, like Gecko; compatible; ClaudeBot/1.0; +claudebot@anthropic.com)"
216.73.216.29 - - [16/Jun/2025:10:47:33 -0500] "GET /vendor/jetbrains/phpstorm-stubs/gearman/?C=D&O=D HTTP/2.0" 200 879 "-" "Mozilla/5.0 AppleWebKit/537.36 (KHTML, like Gecko; compatible; ClaudeBot/1.0; +claudebot@anthropic.com)"
216.73.216.29 - - [16/Jun/2025:10:47:38 -0500] "GET /vendor/aws/aws-sdk-php/src/Pinpoint/?C=N&O=D HTTP/2.0" 200 1051 "-" "Mozilla/5.0 AppleWebKit/537.36 (KHTML, like Gecko; compatible; ClaudeBot/1.0; +claudebot@anthropic.com)"
216.73.216.29 - - [16/Jun/2025:10:47:43 -0500] "GET /vendor/matchish/laravel-scout-elasticsearch/config/?C=N&O=A HTTP/2.0" 200 919 "-" "Mozilla/5.0 AppleWebKit/537.36 (KHTML, like Gecko; compatible; ClaudeBot/1.0; +claudebot@anthropic.com)"
216.73.216.29 - - [16/Jun/2025:10:47:48 -0500] "GET /vendor/aws/aws-sdk-php/src/ConnectWisdomService/?C=N&O=D HTTP/2.0" 200 1090 "-" "Mozilla/5.0 AppleWebKit/537.36 (KHTML, like Gecko; compatible; ClaudeBot/1.0; +claudebot@anthropic.com)"
216.73.216.29 - - [16/Jun/2025:10:47:53 -0500] "GET /vendor/aws/aws-sdk-php/src/Exception/?C=S&O=A HTTP/2.0" 200 3451 "-" "Mozilla/5.0 AppleWebKit/537.36 (KHTML, like Gecko; compatible; ClaudeBot/1.0; +claudebot@anthropic.com)"
216.73.216.29 - - [16/Jun/2025:10:47:58 -0500] "GET /vendor/ramsey/uuid/src/Builder/DegradedUuidBuilder.php HTTP/2.0" 500 - "-" "Mozilla/5.0 AppleWebKit/537.36 (KHTML, like Gecko; compatible; ClaudeBot/1.0; +claudebot@anthropic.com)"
85.208.96.205 - - [16/Jun/2025:10:47:59 -0500] "GET /vendor/google/apiclient-services/src/ShoppingContent/VerifyPhoneNumberResponse.php HTTP/1.1" 500 - "-" "Mozilla/5.0 (compatible; SemrushBot/7~bl; +http://www.semrush.com/bot.html)"
216.73.216.29 - - [16/Jun/2025:10:48:04 -0500] "GET /vendor/jetbrains/phpstorm-stubs/iconv/?C=M&O=D HTTP/2.0" 200 696 "-" "Mozilla/5.0 AppleWebKit/537.36 (KHTML, like Gecko; compatible; ClaudeBot/1.0; +claudebot@anthropic.com)"
216.73.216.29 - - [16/Jun/2025:10:48:08 -0500] "GET /vendor/aws/aws-sdk-php/src/Backup/?C=N&O=D HTTP/2.0" 200 1045 "-" "Mozilla/5.0 AppleWebKit/537.36 (KHTML, like Gecko; compatible; ClaudeBot/1.0; +claudebot@anthropic.com)"
216.73.216.29 - - [16/Jun/2025:10:48:13 -0500] "GET /vendor/teamtnt/tntsearch/src/Stemmer/PortugueseStemmer.php HTTP/2.0" 500 - "-" "Mozilla/5.0 AppleWebKit/537.36 (KHTML, like Gecko; compatible; ClaudeBot/1.0; +claudebot@anthropic.com)"
20.171.207.195 - - [16/Jun/2025:10:48:18 -0500] "GET /vendor/google/apiclient-services/src/Firestore/FieldReference.php HTTP/2.0" 500 - "-" "Mozilla/5.0 AppleWebKit/537.36 (KHTML, like Gecko; compatible; GPTBot/1.2; +https://openai.com/gptbot)"
216.73.216.29 - - [16/Jun/2025:10:48:18 -0500] "GET /vendor/jetbrains/phpstorm-stubs/sodium/?C=M&O=D HTTP/2.0" 200 876 "-" "Mozilla/5.0 AppleWebKit/537.36 (KHTML, like Gecko; compatible; ClaudeBot/1.0; +claudebot@anthropic.com)"
20.171.207.246 - - [16/Jun/2025:10:48:21 -0500] "GET /vendor/google/apiclient-services/src/Slides/TextStyle.php HTTP/2.0" 500 - "-" "Mozilla/5.0 AppleWebKit/537.36 (KHTML, like Gecko; compatible; GPTBot/1.2; +https://openai.com/gptbot)"
216.73.216.29 - - [16/Jun/2025:10:48:29 -0500] "GET /vendor/matchish/laravel-scout-elasticsearch/src/Searchable/?C=D&O=A HTTP/2.0" 200 1717 "-" "Mozilla/5.0 AppleWebKit/537.36 (KHTML, like Gecko; compatible; ClaudeBot/1.0; +claudebot@anthropic.com)"
185.191.171.4 - - [16/Jun/2025:10:48:32 -0500] "GET /vendor/google/apiclient-services/src/Dfareporting/ReportFloodlightCriteria.php HTTP/1.1" 500 - "-" "Mozilla/5.0 (compatible; SemrushBot/7~bl; +http://www.semrush.com/bot.html)"
216.73.216.29 - - [16/Jun/2025:10:48:33 -0500] "GET /vendor/aws/aws-sdk-php/src/SecurityHub/?C=S&O=A HTTP/2.0" 200 1060 "-" "Mozilla/5.0 AppleWebKit/537.36 (KHTML, like Gecko; compatible; ClaudeBot/1.0; +claudebot@anthropic.com)"
216.73.216.29 - - [16/Jun/2025:10:48:38 -0500] "GET /vendor/jetbrains/phpstorm-stubs/meminfo/?C=D&O=D HTTP/2.0" 200 879 "-" "Mozilla/5.0 AppleWebKit/537.36 (KHTML, like Gecko; compatible; ClaudeBot/1.0; +claudebot@anthropic.com)"
216.73.216.29 - - [16/Jun/2025:10:48:44 -0500] "GET /vendor/aws/aws-sdk-php/src/VoiceID/?C=N&O=D HTTP/2.0" 200 1048 "-" "Mozilla/5.0 AppleWebKit/537.36 (KHTML, like Gecko; compatible; ClaudeBot/1.0; +claudebot@anthropic.com)"
216.73.216.29 - - [16/Jun/2025:10:48:48 -0500] "GET /vendor/symfony/process/Exception/?C=N&O=A HTTP/2.0" 200 2035 "-" "Mozilla/5.0 AppleWebKit/537.36 (KHTML, like Gecko; compatible; ClaudeBot/1.0; +claudebot@anthropic.com)"
216.73.216.29 - - [16/Jun/2025:10:48:53 -0500] "GET /vendor/psr/http-client/composer.json HTTP/2.0" 200 635 "-" "Mozilla/5.0 AppleWebKit/537.36 (KHTML, like Gecko; compatible; ClaudeBot/1.0; +claudebot@anthropic.com)"
216.73.216.29 - - [16/Jun/2025:10:48:58 -0500] "GET /vendor/pda/pheanstalk/scripts/?C=S&O=D HTTP/2.0" 200 852 "-" "Mozilla/5.0 AppleWebKit/537.36 (KHTML, like Gecko; compatible; ClaudeBot/1.0; +claudebot@anthropic.com)"
216.73.216.29 - - [16/Jun/2025:10:49:03 -0500] "GET /vendor/doctrine/dbal/src/ArrayParameters/?C=S&O=A HTTP/2.0" 200 1054 "-" "Mozilla/5.0 AppleWebKit/537.36 (KHTML, like Gecko; compatible; ClaudeBot/1.0; +claudebot@anthropic.com)"
216.73.216.29 - - [16/Jun/2025:10:49:08 -0500] "GET /vendor/aws/aws-sdk-php/src/Kafka/?C=M&O=A HTTP/2.0" 200 1042 "-" "Mozilla/5.0 AppleWebKit/537.36 (KHTML, like Gecko; compatible; ClaudeBot/1.0; +claudebot@anthropic.com)"
85.208.96.212 - - [16/Jun/2025:10:49:09 -0500] "GET /robots.txt HTTP/1.1" 404 - "-" "Mozilla/5.0 (compatible; SemrushBot/7~bl; +http://www.semrush.com/bot.html)"
85.208.96.211 - - [16/Jun/2025:10:49:12 -0500] "GET /vendor/google/apiclient-services/src/Document/GoogleCloudDocumentaiV1beta1DocumentStyleFontSize.php HTTP/1.1" 500 - "-" "Mozilla/5.0 (compatible; SemrushBot/7~bl; +http://www.semrush.com/bot.html)"
216.73.216.29 - - [16/Jun/2025:10:49:14 -0500] "GET /vendor/symfony/var-exporter/Exception/?C=D&O=D HTTP/2.0" 200 1282 "-" "Mozilla/5.0 AppleWebKit/537.36 (KHTML, like Gecko; compatible; ClaudeBot/1.0; +claudebot@anthropic.com)"
20.171.207.195 - - [16/Jun/2025:10:49:22 -0500] "GET /vendor/google/apiclient-services/src/Firestore/RollbackRequest.php HTTP/2.0" 500 - "-" "Mozilla/5.0 AppleWebKit/537.36 (KHTML, like Gecko; compatible; GPTBot/1.2; +https://openai.com/gptbot)"
20.171.207.246 - - [16/Jun/2025:10:49:27 -0500] "GET /vendor/google/apiclient-services/src/Slides/TableRange.php HTTP/2.0" 500 - "-" "Mozilla/5.0 AppleWebKit/537.36 (KHTML, like Gecko; compatible; GPTBot/1.2; +https://openai.com/gptbot)"
216.73.216.29 - - [16/Jun/2025:10:49:28 -0500] "GET /vendor/aws/aws-sdk-php/src/KinesisVideoSignalingChannels/?C=N&O=D HTTP/2.0" 200 1117 "-" "Mozilla/5.0 AppleWebKit/537.36 (KHTML, like Gecko; compatible; ClaudeBot/1.0; +claudebot@anthropic.com)"
216.73.216.29 - - [16/Jun/2025:10:49:29 -0500] "GET /vendor/aws/aws-sdk-php/src/S3Control/?C=D&O=A HTTP/2.0" 200 1250 "-" "Mozilla/5.0 AppleWebKit/537.36 (KHTML, like Gecko; compatible; ClaudeBot/1.0; +claudebot@anthropic.com)"
216.73.216.29 - - [16/Jun/2025:10:49:34 -0500] "GET /vendor/aws/aws-sdk-php/src/Neptune/?C=N&O=D HTTP/2.0" 200 1048 "-" "Mozilla/5.0 AppleWebKit/537.36 (KHTML, like Gecko; compatible; ClaudeBot/1.0; +claudebot@anthropic.com)"
185.191.171.12 - - [16/Jun/2025:10:49:36 -0500] "GET /vendor/symfony/psr-http-message-bridge/Tests/Factory/ HTTP/1.1" 200 1334 "-" "Mozilla/5.0 (compatible; SemrushBot/7~bl; +http://www.semrush.com/bot.html)"
216.73.216.29 - - [16/Jun/2025:10:49:39 -0500] "GET /vendor/google/cloud-core/SECURITY.md HTTP/2.0" 200 329 "-" "Mozilla/5.0 AppleWebKit/537.36 (KHTML, like Gecko; compatible; ClaudeBot/1.0; +claudebot@anthropic.com)"
216.73.216.29 - - [16/Jun/2025:10:49:44 -0500] "GET /vendor/aws/aws-sdk-php/src/Honeycode/?C=M&O=A HTTP/2.0" 200 1054 "-" "Mozilla/5.0 AppleWebKit/537.36 (KHTML, like Gecko; compatible; ClaudeBot/1.0; +claudebot@anthropic.com)"
216.73.216.29 - - [16/Jun/2025:10:49:49 -0500] "GET /vendor/jetbrains/phpstorm-stubs/readline/?C=N&O=A HTTP/2.0" 200 882 "-" "Mozilla/5.0 AppleWebKit/537.36 (KHTML, like Gecko; compatible; ClaudeBot/1.0; +claudebot@anthropic.com)"
216.73.216.29 - - [16/Jun/2025:10:49:54 -0500] "GET /vendor/matchish/laravel-scout-elasticsearch/src/Engines/?C=M&O=A HTTP/2.0" 200 939 "-" "Mozilla/5.0 AppleWebKit/537.36 (KHTML, like Gecko; compatible; ClaudeBot/1.0; +claudebot@anthropic.com)"
216.73.216.29 - - [16/Jun/2025:10:49:59 -0500] "GET /vendor/aws/aws-sdk-php/src/CloudSearchDomain/?C=S&O=A HTTP/2.0" 200 1081 "-" "Mozilla/5.0 AppleWebKit/537.36 (KHTML, like Gecko; compatible; ClaudeBot/1.0; +claudebot@anthropic.com)"
216.73.216.29 - - [16/Jun/2025:10:50:04 -0500] "GET /vendor/aws/aws-sdk-php/src/LookoutforVision/?C=S&O=A HTTP/2.0" 200 1078 "-" "Mozilla/5.0 AppleWebKit/537.36 (KHTML, like Gecko; compatible; ClaudeBot/1.0; +claudebot@anthropic.com)"
216.73.216.29 - - [16/Jun/2025:10:50:09 -0500] "GET /vendor/aws/aws-sdk-php/src/AppConfig/?C=S&O=A HTTP/2.0" 200 1054 "-" "Mozilla/5.0 AppleWebKit/537.36 (KHTML, like Gecko; compatible; ClaudeBot/1.0; +claudebot@anthropic.com)"
85.208.96.205 - - [16/Jun/2025:10:50:10 -0500] "GET /vendor/laravel/ui/tests/AuthBackend/ HTTP/1.1" 200 1071 "-" "Mozilla/5.0 (compatible; SemrushBot/7~bl; +http://www.semrush.com/bot.html)"
216.73.216.29 - - [16/Jun/2025:10:50:14 -0500] "GET /vendor/aws/aws-sdk-php/src/Endpoint/?C=N&O=D HTTP/2.0" 200 2017 "-" "Mozilla/5.0 AppleWebKit/537.36 (KHTML, like Gecko; compatible; ClaudeBot/1.0; +claudebot@anthropic.com)"
216.73.216.29 - - [16/Jun/2025:10:50:19 -0500] "GET /vendor/symfony/translation/Resources/?C=S&O=D HTTP/2.0" 200 1391 "-" "Mozilla/5.0 AppleWebKit/537.36 (KHTML, like Gecko; compatible; ClaudeBot/1.0; +claudebot@anthropic.com)"
216.73.216.29 - - [16/Jun/2025:10:50:24 -0500] "GET /vendor/aws/aws-sdk-php/src/LicenseManager/?C=N&O=D HTTP/2.0" 200 1072 "-" "Mozilla/5.0 AppleWebKit/537.36 (KHTML, like Gecko; compatible; ClaudeBot/1.0; +claudebot@anthropic.com)"
20.171.207.195 - - [16/Jun/2025:10:50:26 -0500] "GET /vendor/google/apiclient-services/src/Datastore/PathElement.php HTTP/2.0" 500 - "-" "Mozilla/5.0 AppleWebKit/537.36 (KHTML, like Gecko; compatible; GPTBot/1.2; +https://openai.com/gptbot)"
216.73.216.29 - - [16/Jun/2025:10:50:29 -0500] "GET /vendor/aws/aws-sdk-php/src/QLDB/?C=S&O=A HTTP/2.0" 200 1039 "-" "Mozilla/5.0 AppleWebKit/537.36 (KHTML, like Gecko; compatible; ClaudeBot/1.0; +claudebot@anthropic.com)"
20.171.207.246 - - [16/Jun/2025:10:50:31 -0500] "GET /vendor/google/apiclient-services/src/YouTube/VideoSuggestionsTagSuggestion.php HTTP/2.0" 500 - "-" "Mozilla/5.0 AppleWebKit/537.36 (KHTML, like Gecko; compatible; GPTBot/1.2; +https://openai.com/gptbot)"
216.73.216.29 - - [16/Jun/2025:10:50:34 -0500] "GET /vendor/matchish/laravel-scout-elasticsearch/src/Engines/?C=D&O=A HTTP/2.0" 200 939 "-" "Mozilla/5.0 AppleWebKit/537.36 (KHTML, like Gecko; compatible; ClaudeBot/1.0; +claudebot@anthropic.com)"
216.73.216.29 - - [16/Jun/2025:10:50:39 -0500] "GET /vendor/doctrine/deprecations/lib/Doctrine/?C=S&O=A HTTP/2.0" 200 886 "-" "Mozilla/5.0 AppleWebKit/537.36 (KHTML, like Gecko; compatible; ClaudeBot/1.0; +claudebot@anthropic.com)"
216.73.216.29 - - [16/Jun/2025:10:50:44 -0500] "GET /vendor/aws/aws-sdk-php/src/Textract/?C=M&O=A HTTP/2.0" 200 1051 "-" "Mozilla/5.0 AppleWebKit/537.36 (KHTML, like Gecko; compatible; ClaudeBot/1.0; +claudebot@anthropic.com)"
185.191.171.1 - - [16/Jun/2025:10:50:44 -0500] "GET /vendor/google/apiclient-services/src/VersionHistory/ListVersionsResponse.php HTTP/1.1" 500 - "-" "Mozilla/5.0 (compatible; SemrushBot/7~bl; +http://www.semrush.com/bot.html)"
216.73.216.29 - - [16/Jun/2025:10:50:49 -0500] "GET /vendor/aws/aws-sdk-php/src/CloudWatch/?C=N&O=D HTTP/2.0" 200 1057 "-" "Mozilla/5.0 AppleWebKit/537.36 (KHTML, like Gecko; compatible; ClaudeBot/1.0; +claudebot@anthropic.com)"
216.73.216.29 - - [16/Jun/2025:10:50:54 -0500] "GET /vendor/riverline/multipart-parser/tests/_data/?C=N&O=D HTTP/2.0" 200 2212 "-" "Mozilla/5.0 AppleWebKit/537.36 (KHTML, like Gecko; compatible; ClaudeBot/1.0; +claudebot@anthropic.com)"
185.191.171.1 - - [16/Jun/2025:10:50:55 -0500] "GET /vendor/google/apiclient-services/src/GamesConfiguration/LeaderboardConfiguration.php HTTP/1.1" 500 - "-" "Mozilla/5.0 (compatible; SemrushBot/7~bl; +http://www.semrush.com/bot.html)"
216.73.216.29 - - [16/Jun/2025:10:50:59 -0500] "GET /vendor/symfony/translation-contracts/Test/?C=N&O=A HTTP/2.0" 200 895 "-" "Mozilla/5.0 AppleWebKit/537.36 (KHTML, like Gecko; compatible; ClaudeBot/1.0; +claudebot@anthropic.com)"
216.73.216.29 - - [16/Jun/2025:10:51:04 -0500] "GET /vendor/ongr/elasticsearch-dsl/tests/Unit/?C=M&O=A HTTP/2.0" 200 2506 "-" "Mozilla/5.0 AppleWebKit/537.36 (KHTML, like Gecko; compatible; ClaudeBot/1.0; +claudebot@anthropic.com)"
216.73.216.29 - - [16/Jun/2025:10:51:09 -0500] "GET /vendor/aws/aws-sdk-php/src/Chime/?C=N&O=D HTTP/2.0" 200 1042 "-" "Mozilla/5.0 AppleWebKit/537.36 (KHTML, like Gecko; compatible; ClaudeBot/1.0; +claudebot@anthropic.com)"
216.73.216.29 - - [16/Jun/2025:10:51:19 -0500] "GET /vendor/aws/aws-sdk-php/src/Kinesis/?C=N&O=D HTTP/2.0" 200 1048 "-" "Mozilla/5.0 AppleWebKit/537.36 (KHTML, like Gecko; compatible; ClaudeBot/1.0; +claudebot@anthropic.com)"
216.73.216.29 - - [16/Jun/2025:10:51:24 -0500] "GET /vendor/ezimuel/ringphp/src/Future/CompletedFutureValue.php HTTP/2.0" 500 - "-" "Mozilla/5.0 AppleWebKit/537.36 (KHTML, like Gecko; compatible; ClaudeBot/1.0; +claudebot@anthropic.com)"
216.73.216.29 - - [16/Jun/2025:10:51:29 -0500] "GET /vendor/symfony/translation/Command/?C=M&O=D HTTP/2.0" 200 1455 "-" "Mozilla/5.0 AppleWebKit/537.36 (KHTML, like Gecko; compatible; ClaudeBot/1.0; +claudebot@anthropic.com)"
20.171.207.195 - - [16/Jun/2025:10:51:29 -0500] "GET /vendor/google/apiclient-services/src/Appengine/ReadinessCheck.php HTTP/2.0" 500 - "-" "Mozilla/5.0 AppleWebKit/537.36 (KHTML, like Gecko; compatible; GPTBot/1.2; +https://openai.com/gptbot)"
20.171.207.246 - - [16/Jun/2025:10:51:32 -0500] "GET /vendor/google/apiclient-services/src/Speech/SpeechContext.php HTTP/2.0" 500 - "-" "Mozilla/5.0 AppleWebKit/537.36 (KHTML, like Gecko; compatible; GPTBot/1.2; +https://openai.com/gptbot)"
216.73.216.29 - - [16/Jun/2025:10:51:34 -0500] "GET /vendor/aws/aws-sdk-php/src/EndpointDiscovery/?C=N&O=D HTTP/2.0" 200 1847 "-" "Mozilla/5.0 AppleWebKit/537.36 (KHTML, like Gecko; compatible; ClaudeBot/1.0; +claudebot@anthropic.com)"
216.73.216.29 - - [16/Jun/2025:10:51:39 -0500] "GET /vendor/jetbrains/phpstorm-stubs/apcu/?C=N&O=A HTTP/2.0" 200 870 "-" "Mozilla/5.0 AppleWebKit/537.36 (KHTML, like Gecko; compatible; ClaudeBot/1.0; +claudebot@anthropic.com)"
216.73.216.29 - - [16/Jun/2025:10:51:44 -0500] "GET /vendor/meilisearch/meilisearch-php/tests/Http/?C=S&O=A HTTP/2.0" 200 903 "-" "Mozilla/5.0 AppleWebKit/537.36 (KHTML, like Gecko; compatible; ClaudeBot/1.0; +claudebot@anthropic.com)"
216.73.216.29 - - [16/Jun/2025:10:51:49 -0500] "GET /vendor/aws/aws-sdk-php/src/Kafka/?C=D&O=A HTTP/2.0" 200 1042 "-" "Mozilla/5.0 AppleWebKit/537.36 (KHTML, like Gecko; compatible; ClaudeBot/1.0; +claudebot@anthropic.com)"
185.191.171.14 - - [16/Jun/2025:10:51:51 -0500] "GET /vendor/omnipay/paypal/src/Support/ HTTP/1.1" 200 867 "-" "Mozilla/5.0 (compatible; SemrushBot/7~bl; +http://www.semrush.com/bot.html)"
216.73.216.29 - - [16/Jun/2025:10:51:54 -0500] "GET /vendor/jetbrains/phpstorm-stubs/xxtea/?C=S&O=D HTTP/2.0" 200 873 "-" "Mozilla/5.0 AppleWebKit/537.36 (KHTML, like Gecko; compatible; ClaudeBot/1.0; +claudebot@anthropic.com)"
216.73.216.29 - - [16/Jun/2025:10:51:59 -0500] "GET /vendor/aws/aws-sdk-php/src/Route53RecoveryCluster/?C=M&O=A HTTP/2.0" 200 1096 "-" "Mozilla/5.0 AppleWebKit/537.36 (KHTML, like Gecko; compatible; ClaudeBot/1.0; +claudebot@anthropic.com)"
216.73.216.29 - - [16/Jun/2025:10:52:04 -0500] "GET /vendor/jetbrains/phpstorm-stubs/yaml/?C=M&O=D HTTP/2.0" 200 870 "-" "Mozilla/5.0 AppleWebKit/537.36 (KHTML, like Gecko; compatible; ClaudeBot/1.0; +claudebot@anthropic.com)"
216.73.216.29 - - [16/Jun/2025:10:52:09 -0500] "GET /vendor/aws/aws-sdk-php/src/DeviceFarm/?C=N&O=D HTTP/2.0" 200 1057 "-" "Mozilla/5.0 AppleWebKit/537.36 (KHTML, like Gecko; compatible; ClaudeBot/1.0; +claudebot@anthropic.com)"
216.73.216.29 - - [16/Jun/2025:10:52:14 -0500] "GET /vendor/aws/aws-sdk-php/src/WellArchitected/?C=S&O=A HTTP/2.0" 200 1075 "-" "Mozilla/5.0 AppleWebKit/537.36 (KHTML, like Gecko; compatible; ClaudeBot/1.0; +claudebot@anthropic.com)"
216.73.216.29 - - [16/Jun/2025:10:52:19 -0500] "GET /vendor/jetbrains/phpstorm-stubs/wddx/?C=S&O=D HTTP/2.0" 200 870 "-" "Mozilla/5.0 AppleWebKit/537.36 (KHTML, like Gecko; compatible; ClaudeBot/1.0; +claudebot@anthropic.com)"
216.73.216.29 - - [16/Jun/2025:10:52:24 -0500] "GET /vendor/aws/aws-sdk-php/src/AutoScaling/?C=N&O=D HTTP/2.0" 200 1060 "-" "Mozilla/5.0 AppleWebKit/537.36 (KHTML, like Gecko; compatible; ClaudeBot/1.0; +claudebot@anthropic.com)"
216.73.216.29 - - [16/Jun/2025:10:52:29 -0500] "GET /vendor/aws/aws-sdk-php/src/MigrationHubConfig/?C=M&O=A HTTP/2.0" 200 1084 "-" "Mozilla/5.0 AppleWebKit/537.36 (KHTML, like Gecko; compatible; ClaudeBot/1.0; +claudebot@anthropic.com)"
216.73.216.29 - - [16/Jun/2025:10:52:34 -0500] "GET /vendor/jetbrains/phpstorm-stubs/shmop/?C=D&O=D HTTP/2.0" 200 873 "-" "Mozilla/5.0 AppleWebKit/537.36 (KHTML, like Gecko; compatible; ClaudeBot/1.0; +claudebot@anthropic.com)"
20.171.207.195 - - [16/Jun/2025:10:52:34 -0500] "GET /vendor/google/apiclient-services/src/Firestore/DocumentMask.php HTTP/2.0" 500 - "-" "Mozilla/5.0 AppleWebKit/537.36 (KHTML, like Gecko; compatible; GPTBot/1.2; +https://openai.com/gptbot)"
85.208.96.202 - - [16/Jun/2025:10:52:35 -0500] "GET /vendor/google/apiclient-services/src/Dfareporting/PostalCode.php HTTP/1.1" 500 - "-" "Mozilla/5.0 (compatible; SemrushBot/7~bl; +http://www.semrush.com/bot.html)"
20.171.207.246 - - [16/Jun/2025:10:52:36 -0500] "GET /vendor/google/apiclient-services/src/Speech/SpeechAdaptation.php HTTP/2.0" 500 - "-" "Mozilla/5.0 AppleWebKit/537.36 (KHTML, like Gecko; compatible; GPTBot/1.2; +https://openai.com/gptbot)"
85.208.96.197 - - [16/Jun/2025:10:52:41 -0500] "GET /vendor/google/apiclient-services/src/Games/ HTTP/1.1" 200 12634 "-" "Mozilla/5.0 (compatible; SemrushBot/7~bl; +http://www.semrush.com/bot.html)"
216.73.216.29 - - [16/Jun/2025:10:52:43 -0500] "GET /vendor/laravel/sanctum/src/?C=M&O=D HTTP/2.0" 200 2670 "-" "Mozilla/5.0 AppleWebKit/537.36 (KHTML, like Gecko; compatible; ClaudeBot/1.0; +claudebot@anthropic.com)"
216.73.216.29 - - [16/Jun/2025:10:52:44 -0500] "GET /vendor/aws/aws-sdk-php/src/Multipart/?C=M&O=A HTTP/2.0" 200 1256 "-" "Mozilla/5.0 AppleWebKit/537.36 (KHTML, like Gecko; compatible; ClaudeBot/1.0; +claudebot@anthropic.com)"
185.191.171.9 - - [16/Jun/2025:10:52:46 -0500] "GET /vendor/omnipay/paypal/src/Message/ExpressCompletePurchaseResponse.php HTTP/1.1" 500 - "-" "Mozilla/5.0 (compatible; SemrushBot/7~bl; +http://www.semrush.com/bot.html)"
216.73.216.29 - - [16/Jun/2025:10:52:49 -0500] "GET /vendor/aws/aws-sdk-php/src/DynamoDbStreams/?C=M&O=A HTTP/2.0" 200 1075 "-" "Mozilla/5.0 AppleWebKit/537.36 (KHTML, like Gecko; compatible; ClaudeBot/1.0; +claudebot@anthropic.com)"
185.191.171.4 - - [16/Jun/2025:10:52:52 -0500] "GET /vendor/google/apiclient-services/src/ChromePolicy/GoogleChromePolicyV1PolicySchemaFieldKnownValueDescription.php HTTP/1.1" 500 - "-" "Mozilla/5.0 (compatible; SemrushBot/7~bl; +http://www.semrush.com/bot.html)"
216.73.216.29 - - [16/Jun/2025:10:52:54 -0500] "GET /vendor/aws/aws-sdk-php/src/Athena/?C=N&O=D HTTP/2.0" 200 1045 "-" "Mozilla/5.0 AppleWebKit/537.36 (KHTML, like Gecko; compatible; ClaudeBot/1.0; +claudebot@anthropic.com)"
216.73.216.29 - - [16/Jun/2025:10:52:59 -0500] "GET /vendor/aws/aws-sdk-php/src/KinesisVideoMedia/?C=N&O=D HTTP/2.0" 200 1081 "-" "Mozilla/5.0 AppleWebKit/537.36 (KHTML, like Gecko; compatible; ClaudeBot/1.0; +claudebot@anthropic.com)"
216.73.216.29 - - [16/Jun/2025:10:53:04 -0500] "GET /vendor/aws/aws-sdk-php/src/KinesisVideoArchivedMedia/?C=S&O=A HTTP/2.0" 200 1105 "-" "Mozilla/5.0 AppleWebKit/537.36 (KHTML, like Gecko; compatible; ClaudeBot/1.0; +claudebot@anthropic.com)"
216.73.216.29 - - [16/Jun/2025:10:53:09 -0500] "GET /vendor/aws/aws-sdk-php/src/ManagedBlockchain/?C=M&O=A HTTP/2.0" 200 1081 "-" "Mozilla/5.0 AppleWebKit/537.36 (KHTML, like Gecko; compatible; ClaudeBot/1.0; +claudebot@anthropic.com)"
216.73.216.29 - - [16/Jun/2025:10:53:14 -0500] "GET /vendor/aws/aws-sdk-php/src/Comprehend/?C=D&O=A HTTP/2.0" 200 1057 "-" "Mozilla/5.0 AppleWebKit/537.36 (KHTML, like Gecko; compatible; ClaudeBot/1.0; +claudebot@anthropic.com)"
216.73.216.29 - - [16/Jun/2025:10:53:19 -0500] "GET /vendor/aws/aws-sdk-php/src/CodeStarconnections/?C=S&O=A HTTP/2.0" 200 1087 "-" "Mozilla/5.0 AppleWebKit/537.36 (KHTML, like Gecko; compatible; ClaudeBot/1.0; +claudebot@anthropic.com)"
216.73.216.29 - - [16/Jun/2025:10:53:24 -0500] "GET /vendor/symfony/console/Resources/bin/?C=D&O=A HTTP/2.0" 200 878 "-" "Mozilla/5.0 AppleWebKit/537.36 (KHTML, like Gecko; compatible; ClaudeBot/1.0; +claudebot@anthropic.com)"
85.208.96.204 - - [16/Jun/2025:10:53:27 -0500] "GET /vendor/google/apiclient-services/src/CloudRetail/GoogleCloudRetailV2PredictRequest.php HTTP/1.1" 500 - "-" "Mozilla/5.0 (compatible; SemrushBot/7~bl; +http://www.semrush.com/bot.html)"
216.73.216.29 - - [16/Jun/2025:10:53:29 -0500] "GET /vendor/aws/aws-sdk-php/src/PI/?C=M&O=A HTTP/2.0" 200 1033 "-" "Mozilla/5.0 AppleWebKit/537.36 (KHTML, like Gecko; compatible; ClaudeBot/1.0; +claudebot@anthropic.com)"
216.73.216.29 - - [16/Jun/2025:10:53:34 -0500] "GET /vendor/aws/aws-sdk-php/src/MediaStoreData/?C=M&O=A HTTP/2.0" 200 1072 "-" "Mozilla/5.0 AppleWebKit/537.36 (KHTML, like Gecko; compatible; ClaudeBot/1.0; +claudebot@anthropic.com)"
20.171.207.195 - - [16/Jun/2025:10:53:39 -0500] "GET /vendor/google/apiclient-services/src/Container/NodeConfig.php HTTP/2.0" 500 - "-" "Mozilla/5.0 AppleWebKit/537.36 (KHTML, like Gecko; compatible; GPTBot/1.2; +https://openai.com/gptbot)"
216.73.216.29 - - [16/Jun/2025:10:53:39 -0500] "GET /vendor/aws/aws-sdk-php/src/ChimeSDKMeetings/?C=M&O=A HTTP/2.0" 200 1078 "-" "Mozilla/5.0 AppleWebKit/537.36 (KHTML, like Gecko; compatible; ClaudeBot/1.0; +claudebot@anthropic.com)"
20.171.207.246 - - [16/Jun/2025:10:53:41 -0500] "GET /vendor/jetbrains/phpstorm-stubs/tests/Model/PHPFunction.php HTTP/2.0" 500 - "-" "Mozilla/5.0 AppleWebKit/537.36 (KHTML, like Gecko; compatible; GPTBot/1.2; +https://openai.com/gptbot)"
216.73.216.29 - - [16/Jun/2025:10:53:44 -0500] "GET /vendor/aws/aws-sdk-php/src/TimestreamQuery/?C=D&O=A HTTP/2.0" 200 1075 "-" "Mozilla/5.0 AppleWebKit/537.36 (KHTML, like Gecko; compatible; ClaudeBot/1.0; +claudebot@anthropic.com)"
216.73.216.29 - - [16/Jun/2025:10:53:49 -0500] "GET /vendor/spatie/enum/docs/usage/?C=N&O=D HTTP/2.0" 200 1577 "-" "Mozilla/5.0 AppleWebKit/537.36 (KHTML, like Gecko; compatible; ClaudeBot/1.0; +claudebot@anthropic.com)"
216.73.216.29 - - [16/Jun/2025:10:53:56 -0500] "GET /vendor/aws/aws-sdk-php/src/Transfer/?C=S&O=A HTTP/2.0" 200 1051 "-" "Mozilla/5.0 AppleWebKit/537.36 (KHTML, like Gecko; compatible; ClaudeBot/1.0; +claudebot@anthropic.com)"
216.73.216.29 - - [16/Jun/2025:10:54:00 -0500] "GET /vendor/jetbrains/phpstorm-stubs/exif/?C=N&O=A HTTP/2.0" 200 870 "-" "Mozilla/5.0 AppleWebKit/537.36 (KHTML, like Gecko; compatible; ClaudeBot/1.0; +claudebot@anthropic.com)"
216.73.216.29 - - [16/Jun/2025:10:54:05 -0500] "GET /vendor/aws/aws-sdk-php/src/Route53/?C=N&O=D HTTP/2.0" 200 1048 "-" "Mozilla/5.0 AppleWebKit/537.36 (KHTML, like Gecko; compatible; ClaudeBot/1.0; +claudebot@anthropic.com)"
216.73.216.29 - - [16/Jun/2025:10:54:10 -0500] "GET /vendor/jetbrains/phpstorm-stubs/FFI/?C=N&O=A HTTP/2.0" 200 867 "-" "Mozilla/5.0 AppleWebKit/537.36 (KHTML, like Gecko; compatible; ClaudeBot/1.0; +claudebot@anthropic.com)"
216.73.216.29 - - [16/Jun/2025:10:54:15 -0500] "GET /vendor/aws/aws-sdk-php/src/StorageGateway/?C=M&O=A HTTP/2.0" 200 1072 "-" "Mozilla/5.0 AppleWebKit/537.36 (KHTML, like Gecko; compatible; ClaudeBot/1.0; +claudebot@anthropic.com)"
216.73.216.29 - - [16/Jun/2025:10:54:20 -0500] "GET /vendor/symfony/translation/Exception/?C=M&O=D HTTP/2.0" 200 2844 "-" "Mozilla/5.0 AppleWebKit/537.36 (KHTML, like Gecko; compatible; ClaudeBot/1.0; +claudebot@anthropic.com)"
216.73.216.29 - - [16/Jun/2025:10:54:25 -0500] "GET /vendor/cocur/slugify/src/Bridge/Nette HTTP/2.0" 301 286 "-" "Mozilla/5.0 AppleWebKit/537.36 (KHTML, like Gecko; compatible; ClaudeBot/1.0; +claudebot@anthropic.com)"
216.73.216.29 - - [16/Jun/2025:10:54:25 -0500] "GET /vendor/cocur/slugify/src/Bridge/Nette/ HTTP/2.0" 200 696 "https://www.vebto.graphicdesigncash.com/vendor/cocur/slugify/src/Bridge/Nette" "Mozilla/5.0 AppleWebKit/537.36 (KHTML, like Gecko; compatible; ClaudeBot/1.0; +claudebot@anthropic.com)"
216.73.216.29 - - [16/Jun/2025:10:54:30 -0500] "GET /vendor/spatie/laravel-analytics/art/?C=S&O=D HTTP/2.0" 200 1959 "-" "Mozilla/5.0 AppleWebKit/537.36 (KHTML, like Gecko; compatible; ClaudeBot/1.0; +claudebot@anthropic.com)"
216.73.216.29 - - [16/Jun/2025:10:54:35 -0500] "GET /vendor/aws/aws-sdk-php/src/imagebuilder/?C=S&O=A HTTP/2.0" 200 1063 "-" "Mozilla/5.0 AppleWebKit/537.36 (KHTML, like Gecko; compatible; ClaudeBot/1.0; +claudebot@anthropic.com)"
216.73.216.29 - - [16/Jun/2025:10:54:40 -0500] "GET /vendor/aws/aws-sdk-php/src/Route53RecoveryCluster/?C=D&O=A HTTP/2.0" 200 1096 "-" "Mozilla/5.0 AppleWebKit/537.36 (KHTML, like Gecko; compatible; ClaudeBot/1.0; +claudebot@anthropic.com)"
20.171.207.246 - - [16/Jun/2025:10:54:42 -0500] "GET /vendor/google/apiclient-services/src/Apigee/EdgeConfigstoreBundleBadBundleViolation.php HTTP/2.0" 500 - "-" "Mozilla/5.0 AppleWebKit/537.36 (KHTML, like Gecko; compatible; GPTBot/1.2; +https://openai.com/gptbot)"
20.171.207.195 - - [16/Jun/2025:10:54:44 -0500] "GET /vendor/google/apiclient-services/src/Container/NetworkConfig.php HTTP/2.0" 500 - "-" "Mozilla/5.0 AppleWebKit/537.36 (KHTML, like Gecko; compatible; GPTBot/1.2; +https://openai.com/gptbot)"
216.73.216.29 - - [16/Jun/2025:10:54:45 -0500] "GET /vendor/algolia/algoliasearch-client-php/src/Config/?C=M&O=A HTTP/2.0" 200 2239 "-" "Mozilla/5.0 AppleWebKit/537.36 (KHTML, like Gecko; compatible; ClaudeBot/1.0; +claudebot@anthropic.com)"
185.191.171.10 - - [16/Jun/2025:10:54:49 -0500] "GET /storage/framework/cache/data/02/94/02945924886400ca72b7b0e2298f48777ab465d2 HTTP/1.1" 200 200 "-" "Mozilla/5.0 (compatible; SemrushBot/7~bl; +http://www.semrush.com/bot.html)"
216.73.216.29 - - [16/Jun/2025:10:54:50 -0500] "GET /vendor/aws/aws-sdk-php/src/KinesisVideo/?C=N&O=D HTTP/2.0" 200 1063 "-" "Mozilla/5.0 AppleWebKit/537.36 (KHTML, like Gecko; compatible; ClaudeBot/1.0; +claudebot@anthropic.com)"
216.73.216.29 - - [16/Jun/2025:10:54:55 -0500] "GET /vendor/jetbrains/phpstorm-stubs/yaml/?C=D&O=D HTTP/2.0" 200 870 "-" "Mozilla/5.0 AppleWebKit/537.36 (KHTML, like Gecko; compatible; ClaudeBot/1.0; +claudebot@anthropic.com)"
216.73.216.29 - - [16/Jun/2025:10:55:01 -0500] "GET /vendor/aws/aws-sdk-php/src/Multipart/?C=D&O=A HTTP/2.0" 200 1256 "-" "Mozilla/5.0 AppleWebKit/537.36 (KHTML, like Gecko; compatible; ClaudeBot/1.0; +claudebot@anthropic.com)"
216.73.216.29 - - [16/Jun/2025:10:55:01 -0500] "GET /vendor/aws/aws-sdk-php/src/BackupGateway/?C=M&O=A HTTP/2.0" 200 1066 "-" "Mozilla/5.0 AppleWebKit/537.36 (KHTML, like Gecko; compatible; ClaudeBot/1.0; +claudebot@anthropic.com)"
216.73.216.29 - - [16/Jun/2025:10:55:01 -0500] "GET /vendor/laravel/horizon/src/Repositories/?C=S&O=A HTTP/2.0" 200 2073 "-" "Mozilla/5.0 AppleWebKit/537.36 (KHTML, like Gecko; compatible; ClaudeBot/1.0; +claudebot@anthropic.com)"
216.73.216.29 - - [16/Jun/2025:10:55:01 -0500] "GET /vendor/aws/aws-sdk-php/src/S3/?C=N&O=D HTTP/2.0" 200 6359 "-" "Mozilla/5.0 AppleWebKit/537.36 (KHTML, like Gecko; compatible; ClaudeBot/1.0; +claudebot@anthropic.com)"
216.73.216.29 - - [16/Jun/2025:10:55:01 -0500] "GET /vendor/ramsey/uuid/src/Nonstandard/UuidV6.php HTTP/2.0" 500 - "-" "Mozilla/5.0 AppleWebKit/537.36 (KHTML, like Gecko; compatible; ClaudeBot/1.0; +claudebot@anthropic.com)"
216.73.216.29 - - [16/Jun/2025:10:55:01 -0500] "GET /vendor/laravel/sanctum/src/?C=D&O=D HTTP/2.0" 200 2670 "-" "Mozilla/5.0 AppleWebKit/537.36 (KHTML, like Gecko; compatible; ClaudeBot/1.0; +claudebot@anthropic.com)"
216.73.216.29 - - [16/Jun/2025:10:55:01 -0500] "GET /vendor/doctrine/dbal/src/Query/?C=N&O=D HTTP/2.0" 200 1224 "-" "Mozilla/5.0 AppleWebKit/537.36 (KHTML, like Gecko; compatible; ClaudeBot/1.0; +claudebot@anthropic.com)"
216.73.216.29 - - [16/Jun/2025:10:55:01 -0500] "GET /vendor/jetbrains/phpstorm-stubs/gmp/?C=N&O=A HTTP/2.0" 200 867 "-" "Mozilla/5.0 AppleWebKit/537.36 (KHTML, like Gecko; compatible; ClaudeBot/1.0; +claudebot@anthropic.com)"
216.73.216.29 - - [16/Jun/2025:10:55:02 -0500] "GET /vendor/symfony/cache/Adapter/?C=S&O=D HTTP/2.0" 200 5220 "-" "Mozilla/5.0 AppleWebKit/537.36 (KHTML, like Gecko; compatible; ClaudeBot/1.0; +claudebot@anthropic.com)"
216.73.216.29 - - [16/Jun/2025:10:55:02 -0500] "GET /vendor/laravel/ui/src/Presets/?C=S&O=A HTTP/2.0" 200 1923 "-" "Mozilla/5.0 AppleWebKit/537.36 (KHTML, like Gecko; compatible; ClaudeBot/1.0; +claudebot@anthropic.com)"
216.73.216.29 - - [16/Jun/2025:10:55:02 -0500] "GET /vendor/aws/aws-sdk-php/src/PersonalizeRuntime/?C=M&O=A HTTP/2.0" 200 1084 "-" "Mozilla/5.0 AppleWebKit/537.36 (KHTML, like Gecko; compatible; ClaudeBot/1.0; +claudebot@anthropic.com)"
216.73.216.29 - - [16/Jun/2025:10:55:02 -0500] "GET /vendor/aws/aws-sdk-php/src/PI/?C=D&O=A HTTP/2.0" 200 1033 "-" "Mozilla/5.0 AppleWebKit/537.36 (KHTML, like Gecko; compatible; ClaudeBot/1.0; +claudebot@anthropic.com)"
216.73.216.29 - - [16/Jun/2025:10:55:02 -0500] "GET /vendor/aws/aws-sdk-php/src/ManagedBlockchain/?C=D&O=A HTTP/2.0" 200 1081 "-" "Mozilla/5.0 AppleWebKit/537.36 (KHTML, like Gecko; compatible; ClaudeBot/1.0; +claudebot@anthropic.com)"
216.73.216.29 - - [16/Jun/2025:10:55:03 -0500] "GET /vendor/teamtnt/tntsearch/src/Stemmer/NoStemmer.php HTTP/2.0" 500 - "-" "Mozilla/5.0 AppleWebKit/537.36 (KHTML, like Gecko; compatible; ClaudeBot/1.0; +claudebot@anthropic.com)"
216.73.216.29 - - [16/Jun/2025:10:55:03 -0500] "GET /vendor/aws/aws-sdk-php/src/CloudHsm/?C=N&O=D HTTP/2.0" 200 1051 "-" "Mozilla/5.0 AppleWebKit/537.36 (KHTML, like Gecko; compatible; ClaudeBot/1.0; +claudebot@anthropic.com)"
216.73.216.29 - - [16/Jun/2025:10:55:03 -0500] "GET /vendor/aws/aws-sdk-php/src/Acm/?C=N&O=D HTTP/2.0" 200 1036 "-" "Mozilla/5.0 AppleWebKit/537.36 (KHTML, like Gecko; compatible; ClaudeBot/1.0; +claudebot@anthropic.com)"
216.73.216.29 - - [16/Jun/2025:10:55:03 -0500] "GET /vendor/aws/aws-sdk-php/src/Account/?C=N&O=D HTTP/2.0" 200 1048 "-" "Mozilla/5.0 AppleWebKit/537.36 (KHTML, like Gecko; compatible; ClaudeBot/1.0; +claudebot@anthropic.com)"
216.73.216.29 - - [16/Jun/2025:10:55:03 -0500] "GET /vendor/symfony/mime/Exception/?C=M&O=D HTTP/2.0" 200 2006 "-" "Mozilla/5.0 AppleWebKit/537.36 (KHTML, like Gecko; compatible; ClaudeBot/1.0; +claudebot@anthropic.com)"
216.73.216.29 - - [16/Jun/2025:10:55:04 -0500] "GET /vendor/symfony/var-dumper/Dumper/?C=S&O=D HTTP/2.0" 200 1802 "-" "Mozilla/5.0 AppleWebKit/537.36 (KHTML, like Gecko; compatible; ClaudeBot/1.0; +claudebot@anthropic.com)"
216.73.216.29 - - [16/Jun/2025:10:55:04 -0500] "GET /vendor/aws/aws-sdk-php/src/MediaStoreData/?C=D&O=A HTTP/2.0" 200 1072 "-" "Mozilla/5.0 AppleWebKit/537.36 (KHTML, like Gecko; compatible; ClaudeBot/1.0; +claudebot@anthropic.com)"
216.73.216.29 - - [16/Jun/2025:10:55:04 -0500] "GET /vendor/algolia/algoliasearch-client-php/src/Iterators/?C=M&O=A HTTP/2.0" 200 1495 "-" "Mozilla/5.0 AppleWebKit/537.36 (KHTML, like Gecko; compatible; ClaudeBot/1.0; +claudebot@anthropic.com)"
