20.171.207.246 - - [16/Jun/2025:09:02:25 -0500] "GET /vendor/google/apiclient-services/src/Sheets/UpdateDeveloperMetadataRequest.php HTTP/2.0" 500 - "-" "Mozilla/5.0 AppleWebKit/537.36 (KHTML, like Gecko; compatible; GPTBot/1.2; +https://openai.com/gptbot)"
216.73.216.29 - - [16/Jun/2025:09:03:05 -0500] "GET /vendor/symfony/error-handler/Resources/bin/?C=N&O=D HTTP/2.0" 200 1109 "-" "Mozilla/5.0 AppleWebKit/537.36 (KHTML, like Gecko; compatible; ClaudeBot/1.0; +claudebot@anthropic.com)"
216.73.216.29 - - [16/Jun/2025:09:03:05 -0500] "GET /vendor/matchish/laravel-scout-elasticsearch/src/Database/?C=M&O=A HTTP/2.0" 200 925 "-" "Mozilla/5.0 AppleWebKit/537.36 (KHTML, like Gecko; compatible; ClaudeBot/1.0; +claudebot@anthropic.com)"
216.73.216.29 - - [16/Jun/2025:09:03:05 -0500] "GET /vendor/composer/package-versions-deprecated/src/?C=S&O=D HTTP/2.0" 200 912 "-" "Mozilla/5.0 AppleWebKit/537.36 (KHTML, like Gecko; compatible; ClaudeBot/1.0; +claudebot@anthropic.com)"
216.73.216.29 - - [16/Jun/2025:09:03:05 -0500] "GET /vendor/sentry/sentry-laravel/src/?C=N&O=A HTTP/2.0" 200 858 "-" "Mozilla/5.0 AppleWebKit/537.36 (KHTML, like Gecko; compatible; ClaudeBot/1.0; +claudebot@anthropic.com)"
216.73.216.29 - - [16/Jun/2025:09:03:05 -0500] "GET /vendor/jetbrains/phpstorm-stubs/tests/TestData/?C=D&O=A HTTP/2.0" 200 1084 "-" "Mozilla/5.0 AppleWebKit/537.36 (KHTML, like Gecko; compatible; ClaudeBot/1.0; +claudebot@anthropic.com)"
216.73.216.29 - - [16/Jun/2025:09:03:05 -0500] "GET /vendor/vlucas/phpdotenv/src/Exception/?C=S&O=A HTTP/2.0" 200 1662 "-" "Mozilla/5.0 AppleWebKit/537.36 (KHTML, like Gecko; compatible; ClaudeBot/1.0; +claudebot@anthropic.com)"
216.73.216.29 - - [16/Jun/2025:09:03:05 -0500] "GET /vendor/jetbrains/phpstorm-stubs/pdo_pgsql/?C=N&O=A HTTP/2.0" 200 885 "-" "Mozilla/5.0 AppleWebKit/537.36 (KHTML, like Gecko; compatible; ClaudeBot/1.0; +claudebot@anthropic.com)"
216.73.216.29 - - [16/Jun/2025:09:03:05 -0500] "GET /vendor/jetbrains/phpstorm-stubs/solr/Utils/?C=S&O=A HTTP/2.0" 200 1074 "-" "Mozilla/5.0 AppleWebKit/537.36 (KHTML, like Gecko; compatible; ClaudeBot/1.0; +claudebot@anthropic.com)"
216.73.216.29 - - [16/Jun/2025:09:03:05 -0500] "GET /vendor/nikic/php-parser/lib/?C=D&O=D HTTP/2.0" 200 846 "-" "Mozilla/5.0 AppleWebKit/537.36 (KHTML, like Gecko; compatible; ClaudeBot/1.0; +claudebot@anthropic.com)"
216.73.216.29 - - [16/Jun/2025:09:03:05 -0500] "GET /vendor/symfony/http-foundation/File/Exception/?C=M&O=A HTTP/2.0" 200 3043 "-" "Mozilla/5.0 AppleWebKit/537.36 (KHTML, like Gecko; compatible; ClaudeBot/1.0; +claudebot@anthropic.com)"
216.73.216.29 - - [16/Jun/2025:09:03:06 -0500] "GET /vendor/omnipay/paypal/tests/Message/?C=D&O=A HTTP/2.0" 200 7571 "-" "Mozilla/5.0 AppleWebKit/537.36 (KHTML, like Gecko; compatible; ClaudeBot/1.0; +claudebot@anthropic.com)"
85.208.96.212 - - [16/Jun/2025:09:03:14 -0500] "GET /vendor/aws/aws-sdk-php/src/SnowDeviceManagement/Exception/ HTTP/1.1" 200 752 "-" "Mozilla/5.0 (compatible; SemrushBot/7~bl; +http://www.semrush.com/bot.html)"
20.171.207.195 - - [16/Jun/2025:09:03:22 -0500] "GET /vendor/google/apiclient-services/src/Container/MasterAuth.php HTTP/2.0" 500 - "-" "Mozilla/5.0 AppleWebKit/537.36 (KHTML, like Gecko; compatible; GPTBot/1.2; +https://openai.com/gptbot)"
20.171.207.246 - - [16/Jun/2025:09:03:29 -0500] "GET /vendor/google/apiclient-services/src/Sheets/UpdateDeveloperMetadataResponse.php HTTP/2.0" 500 - "-" "Mozilla/5.0 AppleWebKit/537.36 (KHTML, like Gecko; compatible; GPTBot/1.2; +https://openai.com/gptbot)"
85.208.96.203 - - [16/Jun/2025:09:03:30 -0500] "GET /vendor/aws/aws-sdk-php/src/MigrationHub/MigrationHubClient.php HTTP/1.1" 500 - "-" "Mozilla/5.0 (compatible; SemrushBot/7~bl; +http://www.semrush.com/bot.html)"
85.208.96.203 - - [16/Jun/2025:09:03:33 -0500] "GET /vendor/aws/aws-sdk-php/src/LexRuntimeV2/ HTTP/1.1" 200 1063 "-" "Mozilla/5.0 (compatible; SemrushBot/7~bl; +http://www.semrush.com/bot.html)"
185.191.171.16 - - [16/Jun/2025:09:03:35 -0500] "GET /vendor/google/apiclient-services/src/Document/GoogleCloudDocumentaiV1DocumentProvenanceParent.php HTTP/1.1" 500 - "-" "Mozilla/5.0 (compatible; SemrushBot/7~bl; +http://www.semrush.com/bot.html)"
216.73.216.29 - - [16/Jun/2025:09:03:45 -0500] "GET /vendor/google/apiclient-services HTTP/2.0" 301 281 "-" "Mozilla/5.0 AppleWebKit/537.36 (KHTML, like Gecko; compatible; ClaudeBot/1.0; +claudebot@anthropic.com)"
216.73.216.29 - - [16/Jun/2025:09:03:45 -0500] "GET /vendor/omnipay/paypal/tests/Mock/?C=M&O=A HTTP/2.0" 200 6202 "-" "Mozilla/5.0 AppleWebKit/537.36 (KHTML, like Gecko; compatible; ClaudeBot/1.0; +claudebot@anthropic.com)"
216.73.216.29 - - [16/Jun/2025:09:03:45 -0500] "GET /vendor/google/apiclient-services/ HTTP/2.0" 200 2094 "https://www.vebto.graphicdesigncash.com/vendor/google/apiclient-services" "Mozilla/5.0 AppleWebKit/537.36 (KHTML, like Gecko; compatible; ClaudeBot/1.0; +claudebot@anthropic.com)"
216.73.216.29 - - [16/Jun/2025:09:03:45 -0500] "GET /vendor/matchish/laravel-scout-elasticsearch/src/Database/?C=D&O=A HTTP/2.0" 200 925 "-" "Mozilla/5.0 AppleWebKit/537.36 (KHTML, like Gecko; compatible; ClaudeBot/1.0; +claudebot@anthropic.com)"
216.73.216.29 - - [16/Jun/2025:09:03:45 -0500] "GET /vendor/matchish/laravel-scout-elasticsearch/src/ElasticSearch/?C=M&O=A HTTP/2.0" 200 2425 "-" "Mozilla/5.0 AppleWebKit/537.36 (KHTML, like Gecko; compatible; ClaudeBot/1.0; +claudebot@anthropic.com)"
216.73.216.29 - - [16/Jun/2025:09:03:45 -0500] "GET /vendor/symfony/string/Exception/?C=S&O=A HTTP/2.0" 200 1251 "-" "Mozilla/5.0 AppleWebKit/537.36 (KHTML, like Gecko; compatible; ClaudeBot/1.0; +claudebot@anthropic.com)"
216.73.216.29 - - [16/Jun/2025:09:03:45 -0500] "GET /vendor/laravel/horizon/resources/img HTTP/2.0" 301 285 "-" "Mozilla/5.0 AppleWebKit/537.36 (KHTML, like Gecko; compatible; ClaudeBot/1.0; +claudebot@anthropic.com)"
216.73.216.29 - - [16/Jun/2025:09:03:45 -0500] "GET /vendor/laravel/horizon/resources/img/ HTTP/2.0" 200 874 "https://www.vebto.graphicdesigncash.com/vendor/laravel/horizon/resources/img" "Mozilla/5.0 AppleWebKit/537.36 (KHTML, like Gecko; compatible; ClaudeBot/1.0; +claudebot@anthropic.com)"
216.73.216.29 - - [16/Jun/2025:09:03:45 -0500] "GET /vendor/jetbrains/phpstorm-stubs/regex/?C=D&O=A HTTP/2.0" 200 872 "-" "Mozilla/5.0 AppleWebKit/537.36 (KHTML, like Gecko; compatible; ClaudeBot/1.0; +claudebot@anthropic.com)"
216.73.216.29 - - [16/Jun/2025:09:03:45 -0500] "GET /vendor/symfony/http-foundation/File/Exception/?C=D&O=A HTTP/2.0" 200 3043 "-" "Mozilla/5.0 AppleWebKit/537.36 (KHTML, like Gecko; compatible; ClaudeBot/1.0; +claudebot@anthropic.com)"
216.73.216.29 - - [16/Jun/2025:09:03:46 -0500] "GET /vendor/jetbrains/phpstorm-stubs/cassandra/?C=N&O=D HTTP/2.0" 200 885 "-" "Mozilla/5.0 AppleWebKit/537.36 (KHTML, like Gecko; compatible; ClaudeBot/1.0; +claudebot@anthropic.com)"
216.73.216.29 - - [16/Jun/2025:09:03:46 -0500] "GET /vendor/sentry/sentry-laravel/config/?C=S&O=D HTTP/2.0" 200 867 "-" "Mozilla/5.0 AppleWebKit/537.36 (KHTML, like Gecko; compatible; ClaudeBot/1.0; +claudebot@anthropic.com)"
216.73.216.29 - - [16/Jun/2025:09:03:46 -0500] "GET /vendor/symfony/http-foundation/Test/?C=S&O=A HTTP/2.0" 200 870 "-" "Mozilla/5.0 AppleWebKit/537.36 (KHTML, like Gecko; compatible; ClaudeBot/1.0; +claudebot@anthropic.com)"
20.171.207.195 - - [16/Jun/2025:09:04:27 -0500] "GET /vendor/google/apiclient-services/src/Container/ShieldedNodes.php HTTP/2.0" 500 - "-" "Mozilla/5.0 AppleWebKit/537.36 (KHTML, like Gecko; compatible; GPTBot/1.2; +https://openai.com/gptbot)"
20.171.207.246 - - [16/Jun/2025:09:04:31 -0500] "GET /vendor/google/apiclient-services/src/Speech/LongRunningRecognizeMetadata.php HTTP/2.0" 500 - "-" "Mozilla/5.0 AppleWebKit/537.36 (KHTML, like Gecko; compatible; GPTBot/1.2; +https://openai.com/gptbot)"
216.73.216.29 - - [16/Jun/2025:09:04:32 -0500] "GET /vendor/symfony/var-dumper/Resources/functions/?C=S&O=A HTTP/2.0" 200 892 "-" "Mozilla/5.0 AppleWebKit/537.36 (KHTML, like Gecko; compatible; ClaudeBot/1.0; +claudebot@anthropic.com)"
216.73.216.29 - - [16/Jun/2025:09:04:32 -0500] "GET /vendor/omnipay/paypal/tests/Mock/?C=D&O=A HTTP/2.0" 200 6202 "-" "Mozilla/5.0 AppleWebKit/537.36 (KHTML, like Gecko; compatible; ClaudeBot/1.0; +claudebot@anthropic.com)"
216.73.216.29 - - [16/Jun/2025:09:04:32 -0500] "GET /vendor/rackspace/php-opencloud/lib/?C=D&O=D HTTP/2.0" 200 1052 "-" "Mozilla/5.0 AppleWebKit/537.36 (KHTML, like Gecko; compatible; ClaudeBot/1.0; +claudebot@anthropic.com)"
216.73.216.29 - - [16/Jun/2025:09:04:32 -0500] "GET /vendor/matchish/laravel-scout-elasticsearch/src/ElasticSearch/?C=D&O=A HTTP/2.0" 200 2425 "-" "Mozilla/5.0 AppleWebKit/537.36 (KHTML, like Gecko; compatible; ClaudeBot/1.0; +claudebot@anthropic.com)"
216.73.216.29 - - [16/Jun/2025:09:04:32 -0500] "GET /vendor/symfony/polyfill-php73/Resources/?C=M&O=A HTTP/2.0" 200 872 "-" "Mozilla/5.0 AppleWebKit/537.36 (KHTML, like Gecko; compatible; ClaudeBot/1.0; +claudebot@anthropic.com)"
216.73.216.29 - - [16/Jun/2025:09:04:32 -0500] "GET /vendor/jetbrains/phpstorm-stubs/mssql/?C=S&O=A HTTP/2.0" 200 873 "-" "Mozilla/5.0 AppleWebKit/537.36 (KHTML, like Gecko; compatible; ClaudeBot/1.0; +claudebot@anthropic.com)"
216.73.216.29 - - [16/Jun/2025:09:04:32 -0500] "GET /vendor/symfony/console/Exception/?C=D&O=D HTTP/2.0" 200 2233 "-" "Mozilla/5.0 AppleWebKit/537.36 (KHTML, like Gecko; compatible; ClaudeBot/1.0; +claudebot@anthropic.com)"
216.73.216.29 - - [16/Jun/2025:09:04:32 -0500] "GET /vendor/spatie/laravel-analytics/src/?C=S&O=D HTTP/2.0" 200 2000 "-" "Mozilla/5.0 AppleWebKit/537.36 (KHTML, like Gecko; compatible; ClaudeBot/1.0; +claudebot@anthropic.com)"
216.73.216.29 - - [16/Jun/2025:09:04:32 -0500] "GET /vendor/symfony/routing/Loader/schema/?C=N&O=D HTTP/2.0" 200 868 "-" "Mozilla/5.0 AppleWebKit/537.36 (KHTML, like Gecko; compatible; ClaudeBot/1.0; +claudebot@anthropic.com)"
216.73.216.29 - - [16/Jun/2025:09:04:33 -0500] "GET /vendor/symfony/http-client/DependencyInjection/?C=D&O=A HTTP/2.0" 200 895 "-" "Mozilla/5.0 AppleWebKit/537.36 (KHTML, like Gecko; compatible; ClaudeBot/1.0; +claudebot@anthropic.com)"
216.73.216.29 - - [16/Jun/2025:09:04:33 -0500] "GET /vendor/laravel/tinker/src/?C=S&O=A HTTP/2.0" 200 1413 "-" "Mozilla/5.0 AppleWebKit/537.36 (KHTML, like Gecko; compatible; ClaudeBot/1.0; +claudebot@anthropic.com)"
216.73.216.29 - - [16/Jun/2025:09:05:13 -0500] "GET /vendor/symfony/routing/DependencyInjection/?C=D&O=D HTTP/2.0" 200 888 "-" "Mozilla/5.0 AppleWebKit/537.36 (KHTML, like Gecko; compatible; ClaudeBot/1.0; +claudebot@anthropic.com)"
216.73.216.29 - - [16/Jun/2025:09:05:13 -0500] "GET /vendor/symfony/routing/Matcher/?C=S&O=D HTTP/2.0" 200 2207 "-" "Mozilla/5.0 AppleWebKit/537.36 (KHTML, like Gecko; compatible; ClaudeBot/1.0; +claudebot@anthropic.com)"
216.73.216.29 - - [16/Jun/2025:09:05:13 -0500] "GET /vendor/php-http/message/src/UriFactory/?C=M&O=A HTTP/2.0" 200 1259 "-" "Mozilla/5.0 AppleWebKit/537.36 (KHTML, like Gecko; compatible; ClaudeBot/1.0; +claudebot@anthropic.com)"
216.73.216.29 - - [16/Jun/2025:09:05:13 -0500] "GET /vendor/symfony/serializer/Annotation/?C=M&O=D HTTP/2.0" 200 1777 "-" "Mozilla/5.0 AppleWebKit/537.36 (KHTML, like Gecko; compatible; ClaudeBot/1.0; +claudebot@anthropic.com)"
216.73.216.29 - - [16/Jun/2025:09:05:13 -0500] "GET /vendor/symfony/string/Inflector/?C=S&O=D HTTP/2.0" 200 1239 "-" "Mozilla/5.0 AppleWebKit/537.36 (KHTML, like Gecko; compatible; ClaudeBot/1.0; +claudebot@anthropic.com)"
216.73.216.29 - - [16/Jun/2025:09:05:13 -0500] "GET /vendor/jetbrains/phpstorm-stubs/pthreads/?C=N&O=A HTTP/2.0" 200 882 "-" "Mozilla/5.0 AppleWebKit/537.36 (KHTML, like Gecko; compatible; ClaudeBot/1.0; +claudebot@anthropic.com)"
216.73.216.29 - - [16/Jun/2025:09:05:13 -0500] "GET /vendor/symfony/http-client/Internal/?C=M&O=D HTTP/2.0" 200 2521 "-" "Mozilla/5.0 AppleWebKit/537.36 (KHTML, like Gecko; compatible; ClaudeBot/1.0; +claudebot@anthropic.com)"
216.73.216.29 - - [16/Jun/2025:09:05:13 -0500] "GET /vendor/guzzlehttp/guzzle/src/Cookie/SessionCookieJar.php HTTP/2.0" 500 - "-" "Mozilla/5.0 AppleWebKit/537.36 (KHTML, like Gecko; compatible; ClaudeBot/1.0; +claudebot@anthropic.com)"
216.73.216.29 - - [16/Jun/2025:09:05:13 -0500] "GET /vendor/jetbrains/phpstorm-stubs/tests/Model/?C=S&O=A HTTP/2.0" 200 2923 "-" "Mozilla/5.0 AppleWebKit/537.36 (KHTML, like Gecko; compatible; ClaudeBot/1.0; +claudebot@anthropic.com)"
216.73.216.29 - - [16/Jun/2025:09:05:13 -0500] "GET /vendor/symfony/serializer/Exception/?C=M&O=D HTTP/2.0" 200 3450 "-" "Mozilla/5.0 AppleWebKit/537.36 (KHTML, like Gecko; compatible; ClaudeBot/1.0; +claudebot@anthropic.com)"
216.73.216.29 - - [16/Jun/2025:09:05:13 -0500] "GET /vendor/vlucas/phpdotenv/src/Loader/?C=N&O=D HTTP/2.0" 200 1231 "-" "Mozilla/5.0 AppleWebKit/537.36 (KHTML, like Gecko; compatible; ClaudeBot/1.0; +claudebot@anthropic.com)"
20.171.207.195 - - [16/Jun/2025:09:05:30 -0500] "GET /vendor/google/apiclient-services/src/Directory/DomainAliases.php HTTP/2.0" 500 - "-" "Mozilla/5.0 AppleWebKit/537.36 (KHTML, like Gecko; compatible; GPTBot/1.2; +https://openai.com/gptbot)"
20.171.207.246 - - [16/Jun/2025:09:05:33 -0500] "GET /vendor/google/apiclient-services/src/Slides/BatchUpdatePresentationResponse.php HTTP/2.0" 500 - "-" "Mozilla/5.0 AppleWebKit/537.36 (KHTML, like Gecko; compatible; GPTBot/1.2; +https://openai.com/gptbot)"
216.73.216.29 - - [16/Jun/2025:09:05:51 -0500] "GET /vendor/vlucas/phpdotenv/src/Util/?C=S&O=A HTTP/2.0" 200 1034 "-" "Mozilla/5.0 AppleWebKit/537.36 (KHTML, like Gecko; compatible; ClaudeBot/1.0; +claudebot@anthropic.com)"
216.73.216.29 - - [16/Jun/2025:09:05:51 -0500] "GET /vendor/rackspace/php-opencloud/doc/?C=M&O=D HTTP/2.0" 200 3970 "-" "Mozilla/5.0 AppleWebKit/537.36 (KHTML, like Gecko; compatible; ClaudeBot/1.0; +claudebot@anthropic.com)"
216.73.216.29 - - [16/Jun/2025:09:05:51 -0500] "GET /vendor/symfony/http-foundation/File/?C=N&O=A HTTP/2.0" 200 1407 "-" "Mozilla/5.0 AppleWebKit/537.36 (KHTML, like Gecko; compatible; ClaudeBot/1.0; +claudebot@anthropic.com)"
216.73.216.29 - - [16/Jun/2025:09:05:51 -0500] "GET /vendor/rackspace/php-opencloud/samples/Identity/?C=S&O=A HTTP/2.0" 200 2206 "-" "Mozilla/5.0 AppleWebKit/537.36 (KHTML, like Gecko; compatible; ClaudeBot/1.0; +claudebot@anthropic.com)"
216.73.216.29 - - [16/Jun/2025:09:05:51 -0500] "GET /vendor/symfony/var-dumper/Resources/js/?C=N&O=D HTTP/2.0" 200 887 "-" "Mozilla/5.0 AppleWebKit/537.36 (KHTML, like Gecko; compatible; ClaudeBot/1.0; +claudebot@anthropic.com)"
216.73.216.29 - - [16/Jun/2025:09:05:51 -0500] "GET /vendor/symfony/routing/Matcher/Dumper/?C=N&O=D HTTP/2.0" 200 1473 "-" "Mozilla/5.0 AppleWebKit/537.36 (KHTML, like Gecko; compatible; ClaudeBot/1.0; +claudebot@anthropic.com)"
216.73.216.29 - - [16/Jun/2025:09:05:51 -0500] "GET /vendor/jetbrains/phpstorm-stubs/tests/Parsers/?C=N&O=D HTTP/2.0" 200 2242 "-" "Mozilla/5.0 AppleWebKit/537.36 (KHTML, like Gecko; compatible; ClaudeBot/1.0; +claudebot@anthropic.com)"
216.73.216.29 - - [16/Jun/2025:09:05:51 -0500] "GET /vendor/symfony/serializer/Mapping/?C=D&O=D HTTP/2.0" 200 2425 "-" "Mozilla/5.0 AppleWebKit/537.36 (KHTML, like Gecko; compatible; ClaudeBot/1.0; +claudebot@anthropic.com)"
216.73.216.29 - - [16/Jun/2025:09:05:51 -0500] "GET /vendor/symfony/error-handler/Resources/?C=M&O=D HTTP/2.0" 200 1216 "-" "Mozilla/5.0 AppleWebKit/537.36 (KHTML, like Gecko; compatible; ClaudeBot/1.0; +claudebot@anthropic.com)"
216.73.216.29 - - [16/Jun/2025:09:05:51 -0500] "GET /vendor/ongr/elasticsearch-dsl/src/Query/?C=N&O=D HTTP/2.0" 200 2120 "-" "Mozilla/5.0 AppleWebKit/537.36 (KHTML, like Gecko; compatible; ClaudeBot/1.0; +claudebot@anthropic.com)"
216.73.216.29 - - [16/Jun/2025:09:05:51 -0500] "GET /vendor/symfony/string/Resources/?C=M&O=D HTTP/2.0" 200 1200 "-" "Mozilla/5.0 AppleWebKit/537.36 (KHTML, like Gecko; compatible; ClaudeBot/1.0; +claudebot@anthropic.com)"
85.208.96.203 - - [16/Jun/2025:09:05:54 -0500] "GET /vendor/google/apiclient-services/src/ShoppingContent/OrderTrackingSignalShipmentLineItemMapping.php HTTP/1.1" 500 - "-" "Mozilla/5.0 (compatible; SemrushBot/7~bl; +http://www.semrush.com/bot.html)"
85.208.96.196 - - [16/Jun/2025:09:06:15 -0500] "GET /vendor/kreait/laravel-firebase/src/Facades/FirebaseRemoteConfig.php HTTP/1.1" 500 - "-" "Mozilla/5.0 (compatible; SemrushBot/7~bl; +http://www.semrush.com/bot.html)"
20.171.207.195 - - [16/Jun/2025:09:06:33 -0500] "GET /vendor/google/apiclient-services/src/Analytics/ProfileRef.php HTTP/2.0" 500 - "-" "Mozilla/5.0 AppleWebKit/537.36 (KHTML, like Gecko; compatible; GPTBot/1.2; +https://openai.com/gptbot)"
20.171.207.246 - - [16/Jun/2025:09:06:34 -0500] "GET /vendor/google/apiclient-services/src/Slides/UpdateVideoPropertiesRequest.php HTTP/2.0" 500 - "-" "Mozilla/5.0 AppleWebKit/537.36 (KHTML, like Gecko; compatible; GPTBot/1.2; +https://openai.com/gptbot)"
216.73.216.29 - - [16/Jun/2025:09:06:35 -0500] "GET /vendor/jetbrains/phpstorm-stubs/v8js/?C=D&O=D HTTP/2.0" 200 870 "-" "Mozilla/5.0 AppleWebKit/537.36 (KHTML, like Gecko; compatible; ClaudeBot/1.0; +claudebot@anthropic.com)"
216.73.216.29 - - [16/Jun/2025:09:06:35 -0500] "GET /vendor/jetbrains/phpstorm-stubs/mongo/?C=N&O=D HTTP/2.0" 200 873 "-" "Mozilla/5.0 AppleWebKit/537.36 (KHTML, like Gecko; compatible; ClaudeBot/1.0; +claudebot@anthropic.com)"
216.73.216.29 - - [16/Jun/2025:09:06:35 -0500] "GET /vendor/jetbrains/phpstorm-stubs/odbc/?C=S&O=D HTTP/2.0" 200 870 "-" "Mozilla/5.0 AppleWebKit/537.36 (KHTML, like Gecko; compatible; ClaudeBot/1.0; +claudebot@anthropic.com)"
216.73.216.29 - - [16/Jun/2025:09:06:36 -0500] "GET /vendor/symfony/http-foundation/Session/Storage/?C=N&O=D HTTP/2.0" 200 3252 "-" "Mozilla/5.0 AppleWebKit/537.36 (KHTML, like Gecko; compatible; ClaudeBot/1.0; +claudebot@anthropic.com)"
216.73.216.29 - - [16/Jun/2025:09:06:36 -0500] "GET /vendor/matchish/laravel-scout-elasticsearch/src/Console/?C=S&O=A HTTP/2.0" 200 925 "-" "Mozilla/5.0 AppleWebKit/537.36 (KHTML, like Gecko; compatible; ClaudeBot/1.0; +claudebot@anthropic.com)"
216.73.216.29 - - [16/Jun/2025:09:06:36 -0500] "GET /vendor/php-http/message/src/UriFactory/?C=D&O=A HTTP/2.0" 200 1259 "-" "Mozilla/5.0 AppleWebKit/537.36 (KHTML, like Gecko; compatible; ClaudeBot/1.0; +claudebot@anthropic.com)"
216.73.216.29 - - [16/Jun/2025:09:06:36 -0500] "GET /vendor/symfony/string/Resources/?C=D&O=D HTTP/2.0" 200 1200 "-" "Mozilla/5.0 AppleWebKit/537.36 (KHTML, like Gecko; compatible; ClaudeBot/1.0; +claudebot@anthropic.com)"
216.73.216.29 - - [16/Jun/2025:09:06:36 -0500] "GET /vendor/rackspace/php-opencloud/doc/?C=D&O=D HTTP/2.0" 200 3970 "-" "Mozilla/5.0 AppleWebKit/537.36 (KHTML, like Gecko; compatible; ClaudeBot/1.0; +claudebot@anthropic.com)"
216.73.216.29 - - [16/Jun/2025:09:06:36 -0500] "GET /vendor/symfony/polyfill-intl-normalizer/Resources/?C=N&O=A HTTP/2.0" 200 1078 "-" "Mozilla/5.0 AppleWebKit/537.36 (KHTML, like Gecko; compatible; ClaudeBot/1.0; +claudebot@anthropic.com)"
216.73.216.29 - - [16/Jun/2025:09:06:36 -0500] "GET /vendor/symfony/polyfill-mbstring/Resources/?C=M&O=D HTTP/2.0" 200 883 "-" "Mozilla/5.0 AppleWebKit/537.36 (KHTML, like Gecko; compatible; ClaudeBot/1.0; +claudebot@anthropic.com)"
216.73.216.29 - - [16/Jun/2025:09:06:36 -0500] "GET /vendor/jetbrains/phpstorm-stubs/oauth/?C=S&O=A HTTP/2.0" 200 873 "-" "Mozilla/5.0 AppleWebKit/537.36 (KHTML, like Gecko; compatible; ClaudeBot/1.0; +claudebot@anthropic.com)"
216.73.216.29 - - [16/Jun/2025:09:07:12 -0500] "GET /vendor/rackspace/php-opencloud/samples/Networking/?C=M&O=A HTTP/2.0" 200 6219 "-" "Mozilla/5.0 AppleWebKit/537.36 (KHTML, like Gecko; compatible; ClaudeBot/1.0; +claudebot@anthropic.com)"
216.73.216.29 - - [16/Jun/2025:09:07:12 -0500] "GET /vendor/symfony/console/Output/?C=D&O=D HTTP/2.0" 200 2356 "-" "Mozilla/5.0 AppleWebKit/537.36 (KHTML, like Gecko; compatible; ClaudeBot/1.0; +claudebot@anthropic.com)"
216.73.216.29 - - [16/Jun/2025:09:07:12 -0500] "GET /vendor/symfony/http-foundation/Test/?C=N&O=A HTTP/2.0" 200 870 "-" "Mozilla/5.0 AppleWebKit/537.36 (KHTML, like Gecko; compatible; ClaudeBot/1.0; +claudebot@anthropic.com)"
216.73.216.29 - - [16/Jun/2025:09:07:12 -0500] "GET /vendor/ongr/elasticsearch-dsl/src/Aggregation/?C=N&O=D HTTP/2.0" 200 1783 "-" "Mozilla/5.0 AppleWebKit/537.36 (KHTML, like Gecko; compatible; ClaudeBot/1.0; +claudebot@anthropic.com)"
216.73.216.29 - - [16/Jun/2025:09:07:12 -0500] "GET /vendor/rackspace/php-opencloud/samples/Orchestration/?C=M&O=A HTTP/2.0" 200 5982 "-" "Mozilla/5.0 AppleWebKit/537.36 (KHTML, like Gecko; compatible; ClaudeBot/1.0; +claudebot@anthropic.com)"
216.73.216.29 - - [16/Jun/2025:09:07:12 -0500] "GET /vendor/rackspace/php-opencloud/samples/Queues/?C=S&O=A HTTP/2.0" 200 1456 "-" "Mozilla/5.0 AppleWebKit/537.36 (KHTML, like Gecko; compatible; ClaudeBot/1.0; +claudebot@anthropic.com)"
216.73.216.29 - - [16/Jun/2025:09:07:12 -0500] "GET /vendor/symfony/var-dumper/Resources/css/?C=N&O=D HTTP/2.0" 200 890 "-" "Mozilla/5.0 AppleWebKit/537.36 (KHTML, like Gecko; compatible; ClaudeBot/1.0; +claudebot@anthropic.com)"
216.73.216.29 - - [16/Jun/2025:09:07:13 -0500] "GET /vendor/guzzlehttp/guzzle/src/Cookie/CookieJar.php HTTP/2.0" 500 - "-" "Mozilla/5.0 AppleWebKit/537.36 (KHTML, like Gecko; compatible; ClaudeBot/1.0; +claudebot@anthropic.com)"
216.73.216.29 - - [16/Jun/2025:09:07:13 -0500] "GET /vendor/laravel/tinker/src/Console/?C=S&O=A HTTP/2.0" 200 867 "-" "Mozilla/5.0 AppleWebKit/537.36 (KHTML, like Gecko; compatible; ClaudeBot/1.0; +claudebot@anthropic.com)"
216.73.216.29 - - [16/Jun/2025:09:07:13 -0500] "GET /vendor/jetbrains/phpstorm-stubs/libsodium/?C=D&O=D HTTP/2.0" 200 885 "-" "Mozilla/5.0 AppleWebKit/537.36 (KHTML, like Gecko; compatible; ClaudeBot/1.0; +claudebot@anthropic.com)"
216.73.216.29 - - [16/Jun/2025:09:07:13 -0500] "GET /vendor/symfony/routing/Annotation/?C=M&O=D HTTP/2.0" 200 856 "-" "Mozilla/5.0 AppleWebKit/537.36 (KHTML, like Gecko; compatible; ClaudeBot/1.0; +claudebot@anthropic.com)"
185.191.171.13 - - [16/Jun/2025:09:07:20 -0500] "GET /vendor/gliterd/backblaze-b2/tests/responses/list_files_empty.json HTTP/1.1" 200 42 "-" "Mozilla/5.0 (compatible; SemrushBot/7~bl; +http://www.semrush.com/bot.html)"
185.191.171.10 - - [16/Jun/2025:09:07:22 -0500] "GET /vendor/google/apiclient-services/src/ShoppingContent/OrderPickupDetails.php HTTP/1.1" 500 - "-" "Mozilla/5.0 (compatible; SemrushBot/7~bl; +http://www.semrush.com/bot.html)"
85.208.96.209 - - [16/Jun/2025:09:07:29 -0500] "GET /vendor/algolia/algoliasearch-client-php/src/Cache/NullCacheDriver.php HTTP/1.1" 500 - "-" "Mozilla/5.0 (compatible; SemrushBot/7~bl; +http://www.semrush.com/bot.html)"
185.191.171.8 - - [16/Jun/2025:09:07:35 -0500] "GET /vendor/aws/aws-sdk-php/src/data/accessanalyzer/ HTTP/1.1" 200 893 "-" "Mozilla/5.0 (compatible; SemrushBot/7~bl; +http://www.semrush.com/bot.html)"
20.171.207.195 - - [16/Jun/2025:09:07:35 -0500] "GET /vendor/google/apiclient-services/src/Appengine/TrafficSplit.php HTTP/2.0" 500 - "-" "Mozilla/5.0 AppleWebKit/537.36 (KHTML, like Gecko; compatible; GPTBot/1.2; +https://openai.com/gptbot)"
20.171.207.246 - - [16/Jun/2025:09:07:37 -0500] "GET /vendor/google/apiclient-services/src/Speech/LongRunningRecognizeResponse.php HTTP/2.0" 500 - "-" "Mozilla/5.0 AppleWebKit/537.36 (KHTML, like Gecko; compatible; GPTBot/1.2; +https://openai.com/gptbot)"
85.208.96.203 - - [16/Jun/2025:09:07:40 -0500] "GET /vendor/ongr/elasticsearch-dsl/src/Aggregation/Pipeline/ HTTP/1.1" 200 744 "-" "Mozilla/5.0 (compatible; SemrushBot/7~bl; +http://www.semrush.com/bot.html)"
216.73.216.29 - - [16/Jun/2025:09:07:52 -0500] "GET /vendor/symfony/polyfill-php73/Resources/stubs/?C=M&O=A HTTP/2.0" 200 905 "-" "Mozilla/5.0 AppleWebKit/537.36 (KHTML, like Gecko; compatible; ClaudeBot/1.0; +claudebot@anthropic.com)"
216.73.216.29 - - [16/Jun/2025:09:07:52 -0500] "GET /vendor/symfony/routing/Annotation/?C=D&O=D HTTP/2.0" 200 856 "-" "Mozilla/5.0 AppleWebKit/537.36 (KHTML, like Gecko; compatible; ClaudeBot/1.0; +claudebot@anthropic.com)"
216.73.216.29 - - [16/Jun/2025:09:07:52 -0500] "GET /vendor/laravel/tinker/src/?C=N&O=A HTTP/2.0" 200 1413 "-" "Mozilla/5.0 AppleWebKit/537.36 (KHTML, like Gecko; compatible; ClaudeBot/1.0; +claudebot@anthropic.com)"
216.73.216.29 - - [16/Jun/2025:09:07:52 -0500] "GET /vendor/symfony/serializer/Mapping/Loader/?C=S&O=A HTTP/2.0" 200 1990 "-" "Mozilla/5.0 AppleWebKit/537.36 (KHTML, like Gecko; compatible; ClaudeBot/1.0; +claudebot@anthropic.com)"
216.73.216.29 - - [16/Jun/2025:09:07:52 -0500] "GET /vendor/symfony/string/Slugger/?C=N&O=A HTTP/2.0" 200 1042 "-" "Mozilla/5.0 AppleWebKit/537.36 (KHTML, like Gecko; compatible; ClaudeBot/1.0; +claudebot@anthropic.com)"
216.73.216.29 - - [16/Jun/2025:09:07:52 -0500] "GET /vendor/symfony/console/CommandLoader/?C=N&O=A HTTP/2.0" 200 1274 "-" "Mozilla/5.0 AppleWebKit/537.36 (KHTML, like Gecko; compatible; ClaudeBot/1.0; +claudebot@anthropic.com)"
216.73.216.29 - - [16/Jun/2025:09:07:52 -0500] "GET /vendor/jetbrains/phpstorm-stubs/Reflection/?C=N&O=A HTTP/2.0" 200 888 "-" "Mozilla/5.0 AppleWebKit/537.36 (KHTML, like Gecko; compatible; ClaudeBot/1.0; +claudebot@anthropic.com)"
216.73.216.29 - - [16/Jun/2025:09:07:52 -0500] "GET /vendor/rackspace/php-opencloud/samples/Orchestration/?C=D&O=A HTTP/2.0" 200 5982 "-" "Mozilla/5.0 AppleWebKit/537.36 (KHTML, like Gecko; compatible; ClaudeBot/1.0; +claudebot@anthropic.com)"
216.73.216.29 - - [16/Jun/2025:09:07:52 -0500] "GET /vendor/symfony/string/Exception/?C=N&O=A HTTP/2.0" 200 1251 "-" "Mozilla/5.0 AppleWebKit/537.36 (KHTML, like Gecko; compatible; ClaudeBot/1.0; +claudebot@anthropic.com)"
216.73.216.29 - - [16/Jun/2025:09:07:52 -0500] "GET /vendor/vlucas/phpdotenv/src/Parser/?C=S&O=A HTTP/2.0" 200 1942 "-" "Mozilla/5.0 AppleWebKit/537.36 (KHTML, like Gecko; compatible; ClaudeBot/1.0; +claudebot@anthropic.com)"
216.73.216.29 - - [16/Jun/2025:09:07:52 -0500] "GET /vendor/teamtnt/laravel-scout-tntsearch-driver/tests/?C=S&O=D HTTP/2.0" 200 929 "-" "Mozilla/5.0 AppleWebKit/537.36 (KHTML, like Gecko; compatible; ClaudeBot/1.0; +claudebot@anthropic.com)"
20.171.207.246 - - [16/Jun/2025:09:08:38 -0500] "GET /vendor/google/apiclient-services/src/Slides/UpdateLinePropertiesRequest.php HTTP/2.0" 500 - "-" "Mozilla/5.0 AppleWebKit/537.36 (KHTML, like Gecko; compatible; GPTBot/1.2; +https://openai.com/gptbot)"
20.171.207.195 - - [16/Jun/2025:09:08:38 -0500] "GET /vendor/google/apiclient-services/src/Firestore/TargetChange.php HTTP/2.0" 500 - "-" "Mozilla/5.0 AppleWebKit/537.36 (KHTML, like Gecko; compatible; GPTBot/1.2; +https://openai.com/gptbot)"
216.73.216.29 - - [16/Jun/2025:09:08:39 -0500] "GET /vendor/symfony/http-client/DataCollector/?C=N&O=A HTTP/2.0" 200 895 "-" "Mozilla/5.0 AppleWebKit/537.36 (KHTML, like Gecko; compatible; ClaudeBot/1.0; +claudebot@anthropic.com)"
216.73.216.29 - - [16/Jun/2025:09:08:39 -0500] "GET /vendor/jetbrains/phpstorm-stubs/solr/Utils/?C=M&O=A HTTP/2.0" 200 1074 "-" "Mozilla/5.0 AppleWebKit/537.36 (KHTML, like Gecko; compatible; ClaudeBot/1.0; +claudebot@anthropic.com)"
216.73.216.29 - - [16/Jun/2025:09:08:39 -0500] "GET /vendor/symfony/var-dumper/Command/Descriptor/?C=M&O=A HTTP/2.0" 200 1281 "-" "Mozilla/5.0 AppleWebKit/537.36 (KHTML, like Gecko; compatible; ClaudeBot/1.0; +claudebot@anthropic.com)"
216.73.216.29 - - [16/Jun/2025:09:08:39 -0500] "GET /vendor/algolia/algoliasearch-client-php/src/Exceptions/?C=S&O=A HTTP/2.0" 200 2661 "-" "Mozilla/5.0 AppleWebKit/537.36 (KHTML, like Gecko; compatible; ClaudeBot/1.0; +claudebot@anthropic.com)"
216.73.216.29 - - [16/Jun/2025:09:08:39 -0500] "GET /vendor/symfony/polyfill-php81/Resources/stubs/?C=M&O=A HTTP/2.0" 200 915 "-" "Mozilla/5.0 AppleWebKit/537.36 (KHTML, like Gecko; compatible; ClaudeBot/1.0; +claudebot@anthropic.com)"
216.73.216.29 - - [16/Jun/2025:09:08:39 -0500] "GET /vendor/rackspace/php-opencloud/samples/Networking/?C=D&O=A HTTP/2.0" 200 6219 "-" "Mozilla/5.0 AppleWebKit/537.36 (KHTML, like Gecko; compatible; ClaudeBot/1.0; +claudebot@anthropic.com)"
216.73.216.29 - - [16/Jun/2025:09:08:39 -0500] "GET /vendor/rackspace/php-opencloud/samples/CDN/?C=S&O=A HTTP/2.0" 200 2778 "-" "Mozilla/5.0 AppleWebKit/537.36 (KHTML, like Gecko; compatible; ClaudeBot/1.0; +claudebot@anthropic.com)"
216.73.216.29 - - [16/Jun/2025:09:08:39 -0500] "GET /vendor/jetbrains/phpstorm-stubs/zend/?C=N&O=A HTTP/2.0" 200 1226 "-" "Mozilla/5.0 AppleWebKit/537.36 (KHTML, like Gecko; compatible; ClaudeBot/1.0; +claudebot@anthropic.com)"
216.73.216.29 - - [16/Jun/2025:09:08:39 -0500] "GET /vendor/algolia/algoliasearch-client-php/src/RetryStrategy/?C=N&O=D HTTP/2.0" 200 1667 "-" "Mozilla/5.0 AppleWebKit/537.36 (KHTML, like Gecko; compatible; ClaudeBot/1.0; +claudebot@anthropic.com)"
216.73.216.29 - - [16/Jun/2025:09:08:39 -0500] "GET /vendor/laravel/ui/src/Auth/?C=N&O=D HTTP/2.0" 200 1022 "-" "Mozilla/5.0 AppleWebKit/537.36 (KHTML, like Gecko; compatible; ClaudeBot/1.0; +claudebot@anthropic.com)"
216.73.216.29 - - [16/Jun/2025:09:08:39 -0500] "GET /vendor/tijsverkoyen/css-to-inline-styles/src/?C=S&O=D HTTP/2.0" 200 1080 "-" "Mozilla/5.0 AppleWebKit/537.36 (KHTML, like Gecko; compatible; ClaudeBot/1.0; +claudebot@anthropic.com)"
85.208.96.193 - - [16/Jun/2025:09:09:10 -0500] "GET /vendor/google/cloud-core/src/Report/GAEFlexMetadataProvider.php HTTP/1.1" 500 - "-" "Mozilla/5.0 (compatible; SemrushBot/7~bl; +http://www.semrush.com/bot.html)"
216.73.216.29 - - [16/Jun/2025:09:09:16 -0500] "GET /vendor/jetbrains/phpstorm-stubs/uv/?C=S&O=D HTTP/2.0" 200 1048 "-" "Mozilla/5.0 AppleWebKit/537.36 (KHTML, like Gecko; compatible; ClaudeBot/1.0; +claudebot@anthropic.com)"
216.73.216.29 - - [16/Jun/2025:09:09:16 -0500] "GET /vendor/laravel/serializable-closure/src/Exceptions/?C=M&O=A HTTP/2.0" 200 1336 "-" "Mozilla/5.0 AppleWebKit/537.36 (KHTML, like Gecko; compatible; ClaudeBot/1.0; +claudebot@anthropic.com)"
216.73.216.29 - - [16/Jun/2025:09:09:16 -0500] "GET /vendor/jetbrains/phpstorm-stubs/xml/?C=N&O=A HTTP/2.0" 200 867 "-" "Mozilla/5.0 AppleWebKit/537.36 (KHTML, like Gecko; compatible; ClaudeBot/1.0; +claudebot@anthropic.com)"
216.73.216.29 - - [16/Jun/2025:09:09:16 -0500] "GET /vendor/symfony/http-foundation/RateLimiter/?C=S&O=A HTTP/2.0" 200 1108 "-" "Mozilla/5.0 AppleWebKit/537.36 (KHTML, like Gecko; compatible; ClaudeBot/1.0; +claudebot@anthropic.com)"
216.73.216.29 - - [16/Jun/2025:09:09:16 -0500] "GET /vendor/jetbrains/phpstorm-stubs/ZendDebugger/?C=N&O=A HTTP/2.0" 200 894 "-" "Mozilla/5.0 AppleWebKit/537.36 (KHTML, like Gecko; compatible; ClaudeBot/1.0; +claudebot@anthropic.com)"
216.73.216.29 - - [16/Jun/2025:09:09:16 -0500] "GET /vendor/symfony/polyfill-php73/Resources/stubs/?C=D&O=A HTTP/2.0" 200 905 "-" "Mozilla/5.0 AppleWebKit/537.36 (KHTML, like Gecko; compatible; ClaudeBot/1.0; +claudebot@anthropic.com)"
216.73.216.29 - - [16/Jun/2025:09:09:16 -0500] "GET /vendor/symfony/polyfill-php81/Resources/stubs/?C=D&O=A HTTP/2.0" 200 915 "-" "Mozilla/5.0 AppleWebKit/537.36 (KHTML, like Gecko; compatible; ClaudeBot/1.0; +claudebot@anthropic.com)"
216.73.216.29 - - [16/Jun/2025:09:09:16 -0500] "GET /vendor/symfony/serializer/Mapping/Factory/?C=M&O=A HTTP/2.0" 200 1901 "-" "Mozilla/5.0 AppleWebKit/537.36 (KHTML, like Gecko; compatible; ClaudeBot/1.0; +claudebot@anthropic.com)"
216.73.216.29 - - [16/Jun/2025:09:09:16 -0500] "GET /vendor/jetbrains/phpstorm-stubs/gd/?C=S&O=D HTTP/2.0" 200 864 "-" "Mozilla/5.0 AppleWebKit/537.36 (KHTML, like Gecko; compatible; ClaudeBot/1.0; +claudebot@anthropic.com)"
216.73.216.29 - - [16/Jun/2025:09:09:16 -0500] "GET /vendor/jetbrains/phpstorm-stubs/apache/?C=D&O=D HTTP/2.0" 200 876 "-" "Mozilla/5.0 AppleWebKit/537.36 (KHTML, like Gecko; compatible; ClaudeBot/1.0; +claudebot@anthropic.com)"
216.73.216.29 - - [16/Jun/2025:09:09:16 -0500] "GET /vendor/jetbrains/phpstorm-stubs/memcached/?C=N&O=A HTTP/2.0" 200 885 "-" "Mozilla/5.0 AppleWebKit/537.36 (KHTML, like Gecko; compatible; ClaudeBot/1.0; +claudebot@anthropic.com)"
20.171.207.246 - - [16/Jun/2025:09:09:43 -0500] "GET /vendor/google/apiclient-services/src/Sheets/IterativeCalculationSettings.php HTTP/2.0" 500 - "-" "Mozilla/5.0 AppleWebKit/537.36 (KHTML, like Gecko; compatible; GPTBot/1.2; +https://openai.com/gptbot)"
20.171.207.195 - - [16/Jun/2025:09:09:44 -0500] "GET /vendor/google/apiclient-services/src/Classroom/SharedDriveFile.php HTTP/2.0" 500 - "-" "Mozilla/5.0 AppleWebKit/537.36 (KHTML, like Gecko; compatible; GPTBot/1.2; +https://openai.com/gptbot)"
216.73.216.29 - - [16/Jun/2025:09:09:48 -0500] "GET /vendor/laravel/serializable-closure/src/Exceptions/?C=D&O=A HTTP/2.0" 200 1336 "-" "Mozilla/5.0 AppleWebKit/537.36 (KHTML, like Gecko; compatible; ClaudeBot/1.0; +claudebot@anthropic.com)"
216.73.216.29 - - [16/Jun/2025:09:09:48 -0500] "GET /vendor/jetbrains/phpstorm-stubs/solr/Utils/?C=D&O=A HTTP/2.0" 200 1074 "-" "Mozilla/5.0 AppleWebKit/537.36 (KHTML, like Gecko; compatible; ClaudeBot/1.0; +claudebot@anthropic.com)"
216.73.216.29 - - [16/Jun/2025:09:09:48 -0500] "GET /vendor/symfony/serializer/Mapping/Factory/?C=D&O=A HTTP/2.0" 200 1901 "-" "Mozilla/5.0 AppleWebKit/537.36 (KHTML, like Gecko; compatible; ClaudeBot/1.0; +claudebot@anthropic.com)"
216.73.216.29 - - [16/Jun/2025:09:09:48 -0500] "GET /vendor/jetbrains/phpstorm-stubs/bz2/?C=S&O=D HTTP/2.0" 200 867 "-" "Mozilla/5.0 AppleWebKit/537.36 (KHTML, like Gecko; compatible; ClaudeBot/1.0; +claudebot@anthropic.com)"
216.73.216.29 - - [16/Jun/2025:09:09:48 -0500] "GET /vendor/omnipay/stripe/tests/?C=N&O=A HTTP/2.0" 200 1404 "-" "Mozilla/5.0 AppleWebKit/537.36 (KHTML, like Gecko; compatible; ClaudeBot/1.0; +claudebot@anthropic.com)"
216.73.216.29 - - [16/Jun/2025:09:09:49 -0500] "GET /vendor/laravel/serializable-closure/src/Serializers/?C=N&O=D HTTP/2.0" 200 1088 "-" "Mozilla/5.0 AppleWebKit/537.36 (KHTML, like Gecko; compatible; ClaudeBot/1.0; +claudebot@anthropic.com)"
216.73.216.29 - - [16/Jun/2025:09:09:49 -0500] "GET /vendor/jetbrains/phpstorm-stubs/pspell/?C=S&O=D HTTP/2.0" 200 876 "-" "Mozilla/5.0 AppleWebKit/537.36 (KHTML, like Gecko; compatible; ClaudeBot/1.0; +claudebot@anthropic.com)"
216.73.216.29 - - [16/Jun/2025:09:09:49 -0500] "GET /vendor/symfony/console/Input/?C=N&O=A HTTP/2.0" 200 2523 "-" "Mozilla/5.0 AppleWebKit/537.36 (KHTML, like Gecko; compatible; ClaudeBot/1.0; +claudebot@anthropic.com)"
216.73.216.29 - - [16/Jun/2025:09:09:49 -0500] "GET /vendor/symfony/var-dumper/Command/Descriptor/?C=D&O=A HTTP/2.0" 200 1281 "-" "Mozilla/5.0 AppleWebKit/537.36 (KHTML, like Gecko; compatible; ClaudeBot/1.0; +claudebot@anthropic.com)"
216.73.216.29 - - [16/Jun/2025:09:09:49 -0500] "GET /vendor/jetbrains/phpstorm-stubs/gettext/?C=M&O=D HTTP/2.0" 200 879 "-" "Mozilla/5.0 AppleWebKit/537.36 (KHTML, like Gecko; compatible; ClaudeBot/1.0; +claudebot@anthropic.com)"
216.73.216.29 - - [16/Jun/2025:09:09:49 -0500] "GET /vendor/ongr/elasticsearch-dsl/src/?C=D&O=D HTTP/2.0" 200 3598 "-" "Mozilla/5.0 AppleWebKit/537.36 (KHTML, like Gecko; compatible; ClaudeBot/1.0; +claudebot@anthropic.com)"
85.208.96.205 - - [16/Jun/2025:09:10:01 -0500] "GET /vendor/aws/aws-sdk-php/src/data/models.lex.v2/ HTTP/1.1" 200 891 "-" "Mozilla/5.0 (compatible; SemrushBot/7~bl; +http://www.semrush.com/bot.html)"
185.191.171.9 - - [16/Jun/2025:09:10:08 -0500] "GET /vendor/aws/aws-sdk-php/src/imagebuilder/imagebuilderClient.php HTTP/1.1" 500 - "-" "Mozilla/5.0 (compatible; SemrushBot/7~bl; +http://www.semrush.com/bot.html)"
85.208.96.207 - - [16/Jun/2025:09:10:21 -0500] "GET /vendor/google/apiclient-services/src/CloudRetail/GoogleCloudRetailV2alphaPurgeMetadata.php HTTP/1.1" 500 - "-" "Mozilla/5.0 (compatible; SemrushBot/7~bl; +http://www.semrush.com/bot.html)"
216.73.216.29 - - [16/Jun/2025:09:10:28 -0500] "GET /vendor/sentry/sentry-laravel/config/?C=M&O=D HTTP/2.0" 200 867 "-" "Mozilla/5.0 AppleWebKit/537.36 (KHTML, like Gecko; compatible; ClaudeBot/1.0; +claudebot@anthropic.com)"
216.73.216.29 - - [16/Jun/2025:09:10:28 -0500] "GET /vendor/meilisearch/meilisearch-php/tests/Exceptions/?C=N&O=D HTTP/2.0" 200 921 "-" "Mozilla/5.0 AppleWebKit/537.36 (KHTML, like Gecko; compatible; ClaudeBot/1.0; +claudebot@anthropic.com)"
216.73.216.29 - - [16/Jun/2025:09:10:28 -0500] "GET /vendor/symfony/routing/Loader/Configurator/?C=S&O=A HTTP/2.0" 200 1835 "-" "Mozilla/5.0 AppleWebKit/537.36 (KHTML, like Gecko; compatible; ClaudeBot/1.0; +claudebot@anthropic.com)"
216.73.216.29 - - [16/Jun/2025:09:10:28 -0500] "GET /vendor/symfony/serializer/Extractor/?C=N&O=A HTTP/2.0" 200 1099 "-" "Mozilla/5.0 AppleWebKit/537.36 (KHTML, like Gecko; compatible; ClaudeBot/1.0; +claudebot@anthropic.com)"
216.73.216.29 - - [16/Jun/2025:09:10:28 -0500] "GET /vendor/vlucas/phpdotenv/src/Exception/?C=M&O=A HTTP/2.0" 200 1662 "-" "Mozilla/5.0 AppleWebKit/537.36 (KHTML, like Gecko; compatible; ClaudeBot/1.0; +claudebot@anthropic.com)"
216.73.216.29 - - [16/Jun/2025:09:10:28 -0500] "GET /vendor/symfony/console/Command/?C=N&O=A HTTP/2.0" 200 2170 "-" "Mozilla/5.0 AppleWebKit/537.36 (KHTML, like Gecko; compatible; ClaudeBot/1.0; +claudebot@anthropic.com)"
216.73.216.29 - - [16/Jun/2025:09:10:28 -0500] "GET /vendor/kreait/laravel-firebase/src/?C=N&O=A HTTP/2.0" 200 1436 "-" "Mozilla/5.0 AppleWebKit/537.36 (KHTML, like Gecko; compatible; ClaudeBot/1.0; +claudebot@anthropic.com)"
216.73.216.29 - - [16/Jun/2025:09:10:28 -0500] "GET /vendor/vlucas/phpdotenv/src/Store/?C=S&O=A HTTP/2.0" 200 1591 "-" "Mozilla/5.0 AppleWebKit/537.36 (KHTML, like Gecko; compatible; ClaudeBot/1.0; +claudebot@anthropic.com)"
216.73.216.29 - - [16/Jun/2025:09:10:28 -0500] "GET /vendor/jetbrains/phpstorm-stubs/libxml/?C=N&O=A HTTP/2.0" 200 876 "-" "Mozilla/5.0 AppleWebKit/537.36 (KHTML, like Gecko; compatible; ClaudeBot/1.0; +claudebot@anthropic.com)"
216.73.216.29 - - [16/Jun/2025:09:10:28 -0500] "GET /vendor/nikic/php-parser/lib/?C=N&O=A HTTP/2.0" 200 846 "-" "Mozilla/5.0 AppleWebKit/537.36 (KHTML, like Gecko; compatible; ClaudeBot/1.0; +claudebot@anthropic.com)"
216.73.216.29 - - [16/Jun/2025:09:10:28 -0500] "GET /vendor/jetbrains/phpstorm-stubs/curl/?C=S&O=A HTTP/2.0" 200 1048 "-" "Mozilla/5.0 AppleWebKit/537.36 (KHTML, like Gecko; compatible; ClaudeBot/1.0; +claudebot@anthropic.com)"
20.171.207.246 - - [16/Jun/2025:09:10:45 -0500] "GET /vendor/google/apiclient-services/src/Blogger/CommentBlog.php HTTP/2.0" 500 - "-" "Mozilla/5.0 AppleWebKit/537.36 (KHTML, like Gecko; compatible; GPTBot/1.2; +https://openai.com/gptbot)"
20.171.207.195 - - [16/Jun/2025:09:10:46 -0500] "GET /vendor/google/apiclient-services/src/Datastore/PropertyFilter.php HTTP/2.0" 500 - "-" "Mozilla/5.0 AppleWebKit/537.36 (KHTML, like Gecko; compatible; GPTBot/1.2; +https://openai.com/gptbot)"
216.73.216.29 - - [16/Jun/2025:09:11:00 -0500] "GET /vendor/sentry/sentry-laravel/config/?C=D&O=D HTTP/2.0" 200 867 "-" "Mozilla/5.0 AppleWebKit/537.36 (KHTML, like Gecko; compatible; ClaudeBot/1.0; +claudebot@anthropic.com)"
216.73.216.29 - - [16/Jun/2025:09:11:00 -0500] "GET /vendor/jetbrains/phpstorm-stubs/mssql/?C=M&O=A HTTP/2.0" 200 873 "-" "Mozilla/5.0 AppleWebKit/537.36 (KHTML, like Gecko; compatible; ClaudeBot/1.0; +claudebot@anthropic.com)"
216.73.216.29 - - [16/Jun/2025:09:11:00 -0500] "GET /vendor/jetbrains/phpstorm-stubs/cassandra/?C=S&O=A HTTP/2.0" 200 885 "-" "Mozilla/5.0 AppleWebKit/537.36 (KHTML, like Gecko; compatible; ClaudeBot/1.0; +claudebot@anthropic.com)"
216.73.216.29 - - [16/Jun/2025:09:11:00 -0500] "GET /vendor/symfony/error-handler/Resources/bin/?C=S&O=A HTTP/2.0" 200 1109 "-" "Mozilla/5.0 AppleWebKit/537.36 (KHTML, like Gecko; compatible; ClaudeBot/1.0; +claudebot@anthropic.com)"
216.73.216.29 - - [16/Jun/2025:09:11:00 -0500] "GET /vendor/vlucas/phpdotenv/src/Exception/?C=D&O=A HTTP/2.0" 200 1662 "-" "Mozilla/5.0 AppleWebKit/537.36 (KHTML, like Gecko; compatible; ClaudeBot/1.0; +claudebot@anthropic.com)"
216.73.216.29 - - [16/Jun/2025:09:11:00 -0500] "GET /vendor/composer/package-versions-deprecated/src/?C=D&O=D HTTP/2.0" 200 912 "-" "Mozilla/5.0 AppleWebKit/537.36 (KHTML, like Gecko; compatible; ClaudeBot/1.0; +claudebot@anthropic.com)"
216.73.216.29 - - [16/Jun/2025:09:11:00 -0500] "GET /vendor/spatie/laravel-analytics/src/?C=M&O=D HTTP/2.0" 200 2000 "-" "Mozilla/5.0 AppleWebKit/537.36 (KHTML, like Gecko; compatible; ClaudeBot/1.0; +claudebot@anthropic.com)"
216.73.216.29 - - [16/Jun/2025:09:11:00 -0500] "GET /vendor/symfony/var-dumper/Resources/functions/?C=M&O=A HTTP/2.0" 200 892 "-" "Mozilla/5.0 AppleWebKit/537.36 (KHTML, like Gecko; compatible; ClaudeBot/1.0; +claudebot@anthropic.com)"
216.73.216.29 - - [16/Jun/2025:09:11:00 -0500] "GET /vendor/symfony/cache/DependencyInjection/?C=S&O=D HTTP/2.0" 200 1452 "-" "Mozilla/5.0 AppleWebKit/537.36 (KHTML, like Gecko; compatible; ClaudeBot/1.0; +claudebot@anthropic.com)"
216.73.216.29 - - [16/Jun/2025:09:11:00 -0500] "GET /vendor/laravel/serializable-closure/src/?C=N&O=A HTTP/2.0" 200 1784 "-" "Mozilla/5.0 AppleWebKit/537.36 (KHTML, like Gecko; compatible; ClaudeBot/1.0; +claudebot@anthropic.com)"
216.73.216.29 - - [16/Jun/2025:09:11:00 -0500] "GET /vendor/composer/package-versions-deprecated/src/?C=M&O=D HTTP/2.0" 200 912 "-" "Mozilla/5.0 AppleWebKit/537.36 (KHTML, like Gecko; compatible; ClaudeBot/1.0; +claudebot@anthropic.com)"
85.208.96.195 - - [16/Jun/2025:09:11:08 -0500] "GET /vendor/google/apiclient-services/src/Doubleclicksearch/ReportRequestTimeRange.php HTTP/1.1" 500 - "-" "Mozilla/5.0 (compatible; SemrushBot/7~bl; +http://www.semrush.com/bot.html)"
185.191.171.17 - - [16/Jun/2025:09:11:24 -0500] "GET /vendor/google/apiclient-services/src/CloudFilestore/ HTTP/1.1" 200 8078 "-" "Mozilla/5.0 (compatible; SemrushBot/7~bl; +http://www.semrush.com/bot.html)"
216.73.216.29 - - [16/Jun/2025:09:11:36 -0500] "GET /vendor/jetbrains/phpstorm-stubs/tests/Model/?C=D&O=A HTTP/2.0" 200 2923 "-" "Mozilla/5.0 AppleWebKit/537.36 (KHTML, like Gecko; compatible; ClaudeBot/1.0; +claudebot@anthropic.com)"
216.73.216.29 - - [16/Jun/2025:09:11:36 -0500] "GET /vendor/symfony/routing/DependencyInjection/?C=N&O=A HTTP/2.0" 200 888 "-" "Mozilla/5.0 AppleWebKit/537.36 (KHTML, like Gecko; compatible; ClaudeBot/1.0; +claudebot@anthropic.com)"
216.73.216.29 - - [16/Jun/2025:09:11:36 -0500] "GET /vendor/symfony/var-dumper/Resources/functions/?C=D&O=A HTTP/2.0" 200 892 "-" "Mozilla/5.0 AppleWebKit/537.36 (KHTML, like Gecko; compatible; ClaudeBot/1.0; +claudebot@anthropic.com)"
216.73.216.29 - - [16/Jun/2025:09:11:36 -0500] "GET /vendor/symfony/console/Exception/?C=N&O=A HTTP/2.0" 200 2233 "-" "Mozilla/5.0 AppleWebKit/537.36 (KHTML, like Gecko; compatible; ClaudeBot/1.0; +claudebot@anthropic.com)"
216.73.216.29 - - [16/Jun/2025:09:11:36 -0500] "GET /vendor/jetbrains/phpstorm-stubs/mssql/?C=D&O=A HTTP/2.0" 200 873 "-" "Mozilla/5.0 AppleWebKit/537.36 (KHTML, like Gecko; compatible; ClaudeBot/1.0; +claudebot@anthropic.com)"
216.73.216.29 - - [16/Jun/2025:09:11:36 -0500] "GET /vendor/matchish/laravel-scout-elasticsearch/src/Console/?C=M&O=A HTTP/2.0" 200 925 "-" "Mozilla/5.0 AppleWebKit/537.36 (KHTML, like Gecko; compatible; ClaudeBot/1.0; +claudebot@anthropic.com)"
216.73.216.29 - - [16/Jun/2025:09:11:36 -0500] "GET /vendor/symfony/routing/Loader/schema/?C=S&O=A HTTP/2.0" 200 868 "-" "Mozilla/5.0 AppleWebKit/537.36 (KHTML, like Gecko; compatible; ClaudeBot/1.0; +claudebot@anthropic.com)"
216.73.216.29 - - [16/Jun/2025:09:11:36 -0500] "GET /vendor/spatie/laravel-analytics/src/?C=D&O=D HTTP/2.0" 200 2000 "-" "Mozilla/5.0 AppleWebKit/537.36 (KHTML, like Gecko; compatible; ClaudeBot/1.0; +claudebot@anthropic.com)"
216.73.216.29 - - [16/Jun/2025:09:11:36 -0500] "GET /vendor/rackspace/php-opencloud/samples/Identity/?C=M&O=A HTTP/2.0" 200 2206 "-" "Mozilla/5.0 AppleWebKit/537.36 (KHTML, like Gecko; compatible; ClaudeBot/1.0; +claudebot@anthropic.com)"
216.73.216.29 - - [16/Jun/2025:09:11:36 -0500] "GET /vendor/symfony/serializer/Mapping/?C=N&O=A HTTP/2.0" 200 2425 "-" "Mozilla/5.0 AppleWebKit/537.36 (KHTML, like Gecko; compatible; ClaudeBot/1.0; +claudebot@anthropic.com)"
216.73.216.29 - - [16/Jun/2025:09:11:36 -0500] "GET /vendor/jetbrains/phpstorm-stubs/tests/Model/?C=M&O=A HTTP/2.0" 200 2923 "-" "Mozilla/5.0 AppleWebKit/537.36 (KHTML, like Gecko; compatible; ClaudeBot/1.0; +claudebot@anthropic.com)"
85.208.96.201 - - [16/Jun/2025:09:11:45 -0500] "GET /vendor/google/apiclient-services/src/TrafficDirectorService/DynamicListenerState.php HTTP/1.1" 500 - "-" "Mozilla/5.0 (compatible; SemrushBot/7~bl; +http://www.semrush.com/bot.html)"
20.171.207.246 - - [16/Jun/2025:09:11:45 -0500] "GET /vendor/google/apiclient-services/src/Sheets/GradientRule.php HTTP/2.0" 500 - "-" "Mozilla/5.0 AppleWebKit/537.36 (KHTML, like Gecko; compatible; GPTBot/1.2; +https://openai.com/gptbot)"
20.171.207.195 - - [16/Jun/2025:09:11:47 -0500] "GET /vendor/google/apiclient-services/src/Appengine/ErrorHandler.php HTTP/2.0" 500 - "-" "Mozilla/5.0 AppleWebKit/537.36 (KHTML, like Gecko; compatible; GPTBot/1.2; +https://openai.com/gptbot)"
85.208.96.195 - - [16/Jun/2025:09:12:00 -0500] "GET /vendor/aws/aws-sdk-php/src/LexModelsV2/ HTTP/1.1" 200 1060 "-" "Mozilla/5.0 (compatible; SemrushBot/7~bl; +http://www.semrush.com/bot.html)"
216.73.216.29 - - [16/Jun/2025:09:12:18 -0500] "GET /vendor/symfony/serializer/Exception/?C=N&O=A HTTP/2.0" 200 3450 "-" "Mozilla/5.0 AppleWebKit/537.36 (KHTML, like Gecko; compatible; ClaudeBot/1.0; +claudebot@anthropic.com)"
216.73.216.29 - - [16/Jun/2025:09:12:18 -0500] "GET /vendor/jetbrains/phpstorm-stubs/libsodium/?C=N&O=A HTTP/2.0" 200 885 "-" "Mozilla/5.0 AppleWebKit/537.36 (KHTML, like Gecko; compatible; ClaudeBot/1.0; +claudebot@anthropic.com)"
216.73.216.29 - - [16/Jun/2025:09:12:18 -0500] "GET /vendor/symfony/serializer/Annotation/?C=N&O=A HTTP/2.0" 200 1777 "-" "Mozilla/5.0 AppleWebKit/537.36 (KHTML, like Gecko; compatible; ClaudeBot/1.0; +claudebot@anthropic.com)"
216.73.216.29 - - [16/Jun/2025:09:12:18 -0500] "GET /vendor/symfony/http-client/Internal/?C=N&O=A HTTP/2.0" 200 2521 "-" "Mozilla/5.0 AppleWebKit/537.36 (KHTML, like Gecko; compatible; ClaudeBot/1.0; +claudebot@anthropic.com)"
216.73.216.29 - - [16/Jun/2025:09:12:18 -0500] "GET /vendor/ongr/elasticsearch-dsl/src/Query/?C=S&O=A HTTP/2.0" 200 2120 "-" "Mozilla/5.0 AppleWebKit/537.36 (KHTML, like Gecko; compatible; ClaudeBot/1.0; +claudebot@anthropic.com)"
216.73.216.29 - - [16/Jun/2025:09:12:18 -0500] "GET /vendor/vlucas/phpdotenv/src/Util/?C=M&O=A HTTP/2.0" 200 1034 "-" "Mozilla/5.0 AppleWebKit/537.36 (KHTML, like Gecko; compatible; ClaudeBot/1.0; +claudebot@anthropic.com)"
216.73.216.29 - - [16/Jun/2025:09:12:18 -0500] "GET /vendor/jetbrains/phpstorm-stubs/v8js/?C=N&O=A HTTP/2.0" 200 870 "-" "Mozilla/5.0 AppleWebKit/537.36 (KHTML, like Gecko; compatible; ClaudeBot/1.0; +claudebot@anthropic.com)"
216.73.216.29 - - [16/Jun/2025:09:12:19 -0500] "GET /vendor/jetbrains/phpstorm-stubs/oauth/?C=M&O=A HTTP/2.0" 200 873 "-" "Mozilla/5.0 AppleWebKit/537.36 (KHTML, like Gecko; compatible; ClaudeBot/1.0; +claudebot@anthropic.com)"
216.73.216.29 - - [16/Jun/2025:09:12:19 -0500] "GET /vendor/jetbrains/phpstorm-stubs/tests/Parsers/?C=S&O=A HTTP/2.0" 200 2242 "-" "Mozilla/5.0 AppleWebKit/537.36 (KHTML, like Gecko; compatible; ClaudeBot/1.0; +claudebot@anthropic.com)"
216.73.216.29 - - [16/Jun/2025:09:12:19 -0500] "GET /vendor/vlucas/phpdotenv/src/Loader/?C=S&O=A HTTP/2.0" 200 1231 "-" "Mozilla/5.0 AppleWebKit/537.36 (KHTML, like Gecko; compatible; ClaudeBot/1.0; +claudebot@anthropic.com)"
216.73.216.29 - - [16/Jun/2025:09:12:19 -0500] "GET /vendor/symfony/string/Inflector/?C=M&O=D HTTP/2.0" 200 1239 "-" "Mozilla/5.0 AppleWebKit/537.36 (KHTML, like Gecko; compatible; ClaudeBot/1.0; +claudebot@anthropic.com)"
85.208.96.205 - - [16/Jun/2025:09:12:19 -0500] "GET /vendor/teamtnt/tntsearch/src/Stopwords/croatian.json HTTP/1.1" 200 1423 "-" "Mozilla/5.0 (compatible; SemrushBot/7~bl; +http://www.semrush.com/bot.html)"
85.208.96.210 - - [16/Jun/2025:09:12:39 -0500] "GET /vendor/aws/aws-sdk-php/src/AugmentedAIRuntime/AugmentedAIRuntimeClient.php HTTP/1.1" 500 - "-" "Mozilla/5.0 (compatible; SemrushBot/7~bl; +http://www.semrush.com/bot.html)"
20.171.207.246 - - [16/Jun/2025:09:12:48 -0500] "GET /vendor/google/apiclient-services/src/Sheets/DateTimeRule.php HTTP/2.0" 500 - "-" "Mozilla/5.0 AppleWebKit/537.36 (KHTML, like Gecko; compatible; GPTBot/1.2; +https://openai.com/gptbot)"
20.171.207.195 - - [16/Jun/2025:09:12:53 -0500] "GET /vendor/google/apiclient-services/src/Container/ClusterUpdate.php HTTP/2.0" 500 - "-" "Mozilla/5.0 AppleWebKit/537.36 (KHTML, like Gecko; compatible; GPTBot/1.2; +https://openai.com/gptbot)"
216.73.216.29 - - [16/Jun/2025:09:12:56 -0500] "GET /vendor/rackspace/php-opencloud/samples/Queues/?C=M&O=A HTTP/2.0" 200 1456 "-" "Mozilla/5.0 AppleWebKit/537.36 (KHTML, like Gecko; compatible; ClaudeBot/1.0; +claudebot@anthropic.com)"
216.73.216.29 - - [16/Jun/2025:09:12:56 -0500] "GET /vendor/symfony/cache/Exception/?C=S&O=D HTTP/2.0" 200 1242 "-" "Mozilla/5.0 AppleWebKit/537.36 (KHTML, like Gecko; compatible; ClaudeBot/1.0; +claudebot@anthropic.com)"
216.73.216.29 - - [16/Jun/2025:09:12:56 -0500] "GET /vendor/symfony/error-handler/Resources/?C=N&O=A HTTP/2.0" 200 1216 "-" "Mozilla/5.0 AppleWebKit/537.36 (KHTML, like Gecko; compatible; ClaudeBot/1.0; +claudebot@anthropic.com)"
216.73.216.29 - - [16/Jun/2025:09:12:56 -0500] "GET /vendor/symfony/routing/Matcher/Dumper/?C=S&O=A HTTP/2.0" 200 1473 "-" "Mozilla/5.0 AppleWebKit/537.36 (KHTML, like Gecko; compatible; ClaudeBot/1.0; +claudebot@anthropic.com)"
216.73.216.29 - - [16/Jun/2025:09:12:56 -0500] "GET /vendor/symfony/polyfill-mbstring/Resources/?C=N&O=A HTTP/2.0" 200 883 "-" "Mozilla/5.0 AppleWebKit/537.36 (KHTML, like Gecko; compatible; ClaudeBot/1.0; +claudebot@anthropic.com)"
216.73.216.29 - - [16/Jun/2025:09:12:57 -0500] "GET /vendor/symfony/var-dumper/Resources/js/?C=S&O=A HTTP/2.0" 200 887 "-" "Mozilla/5.0 AppleWebKit/537.36 (KHTML, like Gecko; compatible; ClaudeBot/1.0; +claudebot@anthropic.com)"
