216.73.216.29 - - [16/Jun/2025:08:50:25 -0500] "GET /vendor/omnipay/stripe/src/?C=M&O=D HTTP/2.0" 200 1767 "-" "Mozilla/5.0 AppleWebKit/537.36 (KHTML, like Gecko; compatible; ClaudeBot/1.0; +claudebot@anthropic.com)"
216.73.216.29 - - [16/Jun/2025:08:50:30 -0500] "GET /vendor/league/flysystem/src/FilesystemNotFoundException.php HTTP/2.0" 500 - "-" "Mozilla/5.0 AppleWebKit/537.36 (KHTML, like Gecko; compatible; ClaudeBot/1.0; +claudebot@anthropic.com)"
216.73.216.29 - - [16/Jun/2025:08:50:38 -0500] "GET /vendor/php-http/message/src/Decorator/?C=D&O=A HTTP/2.0" 200 1444 "-" "Mozilla/5.0 AppleWebKit/537.36 (KHTML, like Gecko; compatible; ClaudeBot/1.0; +claudebot@anthropic.com)"
85.208.96.208 - - [16/Jun/2025:08:50:38 -0500] "GET /vendor/google/apiclient-services/src/CloudSupport/ HTTP/1.1" 200 5825 "-" "Mozilla/5.0 (compatible; SemrushBot/7~bl; +http://www.semrush.com/bot.html)"
216.73.216.29 - - [16/Jun/2025:08:50:40 -0500] "GET /vendor/league/flysystem/src/ConnectionErrorException.php HTTP/2.0" 500 - "-" "Mozilla/5.0 AppleWebKit/537.36 (KHTML, like Gecko; compatible; ClaudeBot/1.0; +claudebot@anthropic.com)"
20.171.207.195 - - [16/Jun/2025:08:50:44 -0500] "GET /vendor/google/apiclient-services/src/Classroom/CourseAlias.php HTTP/2.0" 500 - "-" "Mozilla/5.0 AppleWebKit/537.36 (KHTML, like Gecko; compatible; GPTBot/1.2; +https://openai.com/gptbot)"
216.73.216.29 - - [16/Jun/2025:08:50:45 -0500] "GET /vendor/jetbrains/phpstorm-stubs/SQLite/?C=M&O=A HTTP/2.0" 200 876 "-" "Mozilla/5.0 AppleWebKit/537.36 (KHTML, like Gecko; compatible; ClaudeBot/1.0; +claudebot@anthropic.com)"
20.171.207.246 - - [16/Jun/2025:08:50:48 -0500] "GET /vendor/google/apiclient-services/src/YouTube/CdnSettings.php HTTP/2.0" 500 - "-" "Mozilla/5.0 AppleWebKit/537.36 (KHTML, like Gecko; compatible; GPTBot/1.2; +https://openai.com/gptbot)"
216.73.216.29 - - [16/Jun/2025:08:50:50 -0500] "GET /vendor/laravel/slack-notification-channel/src/Messages HTTP/2.0" 301 303 "-" "Mozilla/5.0 AppleWebKit/537.36 (KHTML, like Gecko; compatible; ClaudeBot/1.0; +claudebot@anthropic.com)"
216.73.216.29 - - [16/Jun/2025:08:50:50 -0500] "GET /vendor/laravel/slack-notification-channel/src/Messages/ HTTP/2.0" 200 1310 "https://www.vebto.graphicdesigncash.com/vendor/laravel/slack-notification-channel/src/Messages" "Mozilla/5.0 AppleWebKit/537.36 (KHTML, like Gecko; compatible; ClaudeBot/1.0; +claudebot@anthropic.com)"
216.73.216.29 - - [16/Jun/2025:08:50:55 -0500] "GET /vendor/doctrine/dbal/src/Result.php HTTP/2.0" 200 - "-" "Mozilla/5.0 AppleWebKit/537.36 (KHTML, like Gecko; compatible; ClaudeBot/1.0; +claudebot@anthropic.com)"
85.208.96.201 - - [16/Jun/2025:08:51:00 -0500] "GET /vendor/google/apiclient-services/src/Digitalassetlinks/CheckResponse.php HTTP/1.1" 500 - "-" "Mozilla/5.0 (compatible; SemrushBot/7~bl; +http://www.semrush.com/bot.html)"
216.73.216.29 - - [16/Jun/2025:08:51:00 -0500] "GET /vendor/vlucas/phpdotenv/src/Repository/?C=S&O=A HTTP/2.0" 200 1439 "-" "Mozilla/5.0 AppleWebKit/537.36 (KHTML, like Gecko; compatible; ClaudeBot/1.0; +claudebot@anthropic.com)"
216.73.216.29 - - [16/Jun/2025:08:51:05 -0500] "GET /vendor/omnipay/stripe/src/?C=D&O=D HTTP/2.0" 200 1767 "-" "Mozilla/5.0 AppleWebKit/537.36 (KHTML, like Gecko; compatible; ClaudeBot/1.0; +claudebot@anthropic.com)"
216.73.216.29 - - [16/Jun/2025:08:51:10 -0500] "GET /vendor/symfony/http-client/Chunk/?C=S&O=D HTTP/2.0" 200 1784 "-" "Mozilla/5.0 AppleWebKit/537.36 (KHTML, like Gecko; compatible; ClaudeBot/1.0; +claudebot@anthropic.com)"
216.73.216.29 - - [16/Jun/2025:08:51:15 -0500] "GET /vendor/php-http/message/src/UriFactory/?C=N&O=D HTTP/2.0" 200 1259 "-" "Mozilla/5.0 AppleWebKit/537.36 (KHTML, like Gecko; compatible; ClaudeBot/1.0; +claudebot@anthropic.com)"
216.73.216.29 - - [16/Jun/2025:08:51:21 -0500] "GET /vendor/php-http/discovery/src/?C=M&O=D HTTP/2.0" 200 2952 "-" "Mozilla/5.0 AppleWebKit/537.36 (KHTML, like Gecko; compatible; ClaudeBot/1.0; +claudebot@anthropic.com)"
216.73.216.29 - - [16/Jun/2025:08:51:25 -0500] "GET /vendor/symfony/string/Slugger/?C=S&O=D HTTP/2.0" 200 1042 "-" "Mozilla/5.0 AppleWebKit/537.36 (KHTML, like Gecko; compatible; ClaudeBot/1.0; +claudebot@anthropic.com)"
216.73.216.29 - - [16/Jun/2025:08:51:30 -0500] "GET /vendor/jetbrains/phpstorm-stubs/pthreads/?C=S&O=D HTTP/2.0" 200 882 "-" "Mozilla/5.0 AppleWebKit/537.36 (KHTML, like Gecko; compatible; ClaudeBot/1.0; +claudebot@anthropic.com)"
216.73.216.29 - - [16/Jun/2025:08:51:35 -0500] "GET /vendor/psy/psysh/src/Readline/HoaConsole.php HTTP/2.0" 500 - "-" "Mozilla/5.0 AppleWebKit/537.36 (KHTML, like Gecko; compatible; ClaudeBot/1.0; +claudebot@anthropic.com)"
185.191.171.8 - - [16/Jun/2025:08:51:39 -0500] "GET /vendor/google/apiclient-services/src/CloudIAP/ HTTP/1.1" 200 5818 "-" "Mozilla/5.0 (compatible; SemrushBot/7~bl; +http://www.semrush.com/bot.html)"
185.191.171.19 - - [16/Jun/2025:08:51:40 -0500] "GET /vendor/aws/aws-sdk-php/src/data/rekognition/ HTTP/1.1" 200 887 "-" "Mozilla/5.0 (compatible; SemrushBot/7~bl; +http://www.semrush.com/bot.html)"
216.73.216.29 - - [16/Jun/2025:08:51:40 -0500] "GET /vendor/jetbrains/phpstorm-stubs/regex/?C=M&O=D HTTP/2.0" 200 872 "-" "Mozilla/5.0 AppleWebKit/537.36 (KHTML, like Gecko; compatible; ClaudeBot/1.0; +claudebot@anthropic.com)"
216.73.216.29 - - [16/Jun/2025:08:51:45 -0500] "GET /vendor/doctrine/dbal/src/Portability HTTP/2.0" 301 285 "-" "Mozilla/5.0 AppleWebKit/537.36 (KHTML, like Gecko; compatible; ClaudeBot/1.0; +claudebot@anthropic.com)"
216.73.216.29 - - [16/Jun/2025:08:51:45 -0500] "GET /vendor/doctrine/dbal/src/Portability/ HTTP/2.0" 200 1954 "https://www.vebto.graphicdesigncash.com/vendor/doctrine/dbal/src/Portability" "Mozilla/5.0 AppleWebKit/537.36 (KHTML, like Gecko; compatible; ClaudeBot/1.0; +claudebot@anthropic.com)"
20.171.207.195 - - [16/Jun/2025:08:51:49 -0500] "GET /vendor/google/apiclient-services/src/Analytics/AccountTicket.php HTTP/2.0" 500 - "-" "Mozilla/5.0 AppleWebKit/537.36 (KHTML, like Gecko; compatible; GPTBot/1.2; +https://openai.com/gptbot)"
216.73.216.29 - - [16/Jun/2025:08:51:50 -0500] "GET /vendor/opis/closure/src/ClosureContext.php HTTP/2.0" 200 - "-" "Mozilla/5.0 AppleWebKit/537.36 (KHTML, like Gecko; compatible; ClaudeBot/1.0; +claudebot@anthropic.com)"
20.171.207.246 - - [16/Jun/2025:08:51:50 -0500] "GET /vendor/google/apiclient-services/src/YouTube/LanguageTag.php HTTP/2.0" 500 - "-" "Mozilla/5.0 AppleWebKit/537.36 (KHTML, like Gecko; compatible; GPTBot/1.2; +https://openai.com/gptbot)"
216.73.216.29 - - [16/Jun/2025:08:51:57 -0500] "GET /vendor/jetbrains/phpstorm-stubs/mysql/?C=N&O=A HTTP/2.0" 200 873 "-" "Mozilla/5.0 AppleWebKit/537.36 (KHTML, like Gecko; compatible; ClaudeBot/1.0; +claudebot@anthropic.com)"
216.73.216.29 - - [16/Jun/2025:08:52:01 -0500] "GET /vendor/jetbrains/phpstorm-stubs/com_dotnet/?C=N&O=D HTTP/2.0" 200 888 "-" "Mozilla/5.0 AppleWebKit/537.36 (KHTML, like Gecko; compatible; ClaudeBot/1.0; +claudebot@anthropic.com)"
216.73.216.29 - - [16/Jun/2025:08:52:11 -0500] "GET /vendor/rackspace/php-opencloud/samples/Database/?C=M&O=A HTTP/2.0" 200 3593 "-" "Mozilla/5.0 AppleWebKit/537.36 (KHTML, like Gecko; compatible; ClaudeBot/1.0; +claudebot@anthropic.com)"
216.73.216.29 - - [16/Jun/2025:08:52:16 -0500] "GET /vendor/psy/psysh/src/Readline/Transient.php HTTP/2.0" 500 - "-" "Mozilla/5.0 AppleWebKit/537.36 (KHTML, like Gecko; compatible; ClaudeBot/1.0; +claudebot@anthropic.com)"
85.208.96.208 - - [16/Jun/2025:08:52:20 -0500] "GET /vendor/ongr/elasticsearch-dsl/docs/Aggregation/Metric/GeoCentroid.md HTTP/1.1" 200 1833 "-" "Mozilla/5.0 (compatible; SemrushBot/7~bl; +http://www.semrush.com/bot.html)"
216.73.216.29 - - [16/Jun/2025:08:52:21 -0500] "GET /vendor/vlucas/phpdotenv/src/?C=N&O=D HTTP/2.0" 200 2081 "-" "Mozilla/5.0 AppleWebKit/537.36 (KHTML, like Gecko; compatible; ClaudeBot/1.0; +claudebot@anthropic.com)"
216.73.216.29 - - [16/Jun/2025:08:52:31 -0500] "GET /vendor/laravel/sanctum/src/Events HTTP/2.0" 301 282 "-" "Mozilla/5.0 AppleWebKit/537.36 (KHTML, like Gecko; compatible; ClaudeBot/1.0; +claudebot@anthropic.com)"
216.73.216.29 - - [16/Jun/2025:08:52:31 -0500] "GET /vendor/laravel/sanctum/src/Events/ HTTP/2.0" 200 873 "https://www.vebto.graphicdesigncash.com/vendor/laravel/sanctum/src/Events" "Mozilla/5.0 AppleWebKit/537.36 (KHTML, like Gecko; compatible; ClaudeBot/1.0; +claudebot@anthropic.com)"
216.73.216.29 - - [16/Jun/2025:08:52:36 -0500] "GET /vendor/league/oauth1-client/src/Credentials HTTP/2.0" 301 292 "-" "Mozilla/5.0 AppleWebKit/537.36 (KHTML, like Gecko; compatible; ClaudeBot/1.0; +claudebot@anthropic.com)"
216.73.216.29 - - [16/Jun/2025:08:52:36 -0500] "GET /vendor/league/oauth1-client/src/Credentials/ HTTP/2.0" 200 2249 "https://www.vebto.graphicdesigncash.com/vendor/league/oauth1-client/src/Credentials" "Mozilla/5.0 AppleWebKit/537.36 (KHTML, like Gecko; compatible; ClaudeBot/1.0; +claudebot@anthropic.com)"
85.208.96.201 - - [16/Jun/2025:08:52:37 -0500] "GET /vendor/google/apiclient-services/src/Logging/Resource/ HTTP/1.1" 200 741 "-" "Mozilla/5.0 (compatible; SemrushBot/7~bl; +http://www.semrush.com/bot.html)"
216.73.216.29 - - [16/Jun/2025:08:52:41 -0500] "GET /vendor/rackspace/php-opencloud/samples/Database/?C=D&O=A HTTP/2.0" 200 3593 "-" "Mozilla/5.0 AppleWebKit/537.36 (KHTML, like Gecko; compatible; ClaudeBot/1.0; +claudebot@anthropic.com)"
216.73.216.29 - - [16/Jun/2025:08:52:46 -0500] "GET /vendor/php-http/guzzle7-adapter/src/Exception/?C=D&O=A HTTP/2.0" 200 915 "-" "Mozilla/5.0 AppleWebKit/537.36 (KHTML, like Gecko; compatible; ClaudeBot/1.0; +claudebot@anthropic.com)"
216.73.216.29 - - [16/Jun/2025:08:52:51 -0500] "GET /vendor/paragonie/constant_time_encoding/src/Base32.php HTTP/2.0" 500 - "-" "Mozilla/5.0 AppleWebKit/537.36 (KHTML, like Gecko; compatible; ClaudeBot/1.0; +claudebot@anthropic.com)"
20.171.207.195 - - [16/Jun/2025:08:52:52 -0500] "GET /vendor/google/apiclient-services/src/Datastore/LookupResponse.php HTTP/2.0" 500 - "-" "Mozilla/5.0 AppleWebKit/537.36 (KHTML, like Gecko; compatible; GPTBot/1.2; +https://openai.com/gptbot)"
20.171.207.246 - - [16/Jun/2025:08:52:52 -0500] "GET /vendor/google/apiclient-services/src/YouTube/AbuseReport.php HTTP/2.0" 500 - "-" "Mozilla/5.0 AppleWebKit/537.36 (KHTML, like Gecko; compatible; GPTBot/1.2; +https://openai.com/gptbot)"
216.73.216.29 - - [16/Jun/2025:08:52:56 -0500] "GET /vendor/omnipay/paypal/src/Message/?C=S&O=A HTTP/2.0" 200 9745 "-" "Mozilla/5.0 AppleWebKit/537.36 (KHTML, like Gecko; compatible; ClaudeBot/1.0; +claudebot@anthropic.com)"
216.73.216.29 - - [16/Jun/2025:08:53:01 -0500] "GET /vendor/firebase/php-jwt/?C=M&O=D HTTP/2.0" 200 1180 "-" "Mozilla/5.0 AppleWebKit/537.36 (KHTML, like Gecko; compatible; ClaudeBot/1.0; +claudebot@anthropic.com)"
216.73.216.29 - - [16/Jun/2025:08:53:09 -0500] "GET /vendor/symfony/console/Command/?C=S&O=D HTTP/2.0" 200 2170 "-" "Mozilla/5.0 AppleWebKit/537.36 (KHTML, like Gecko; compatible; ClaudeBot/1.0; +claudebot@anthropic.com)"
216.73.216.29 - - [16/Jun/2025:08:53:11 -0500] "GET /vendor/symfony/http-client/DataCollector/?C=S&O=D HTTP/2.0" 200 895 "-" "Mozilla/5.0 AppleWebKit/537.36 (KHTML, like Gecko; compatible; ClaudeBot/1.0; +claudebot@anthropic.com)"
216.73.216.29 - - [16/Jun/2025:08:53:16 -0500] "GET /vendor/php-http/message/src/Stream/?C=M&O=A HTTP/2.0" 200 872 "-" "Mozilla/5.0 AppleWebKit/537.36 (KHTML, like Gecko; compatible; ClaudeBot/1.0; +claudebot@anthropic.com)"
216.73.216.29 - - [16/Jun/2025:08:53:21 -0500] "GET /vendor/symfony/serializer/Mapping/Factory/?C=N&O=D HTTP/2.0" 200 1901 "-" "Mozilla/5.0 AppleWebKit/537.36 (KHTML, like Gecko; compatible; ClaudeBot/1.0; +claudebot@anthropic.com)"
216.73.216.29 - - [16/Jun/2025:08:53:26 -0500] "GET /vendor/omnipay/common/?C=D&O=D HTTP/2.0" 200 1536 "-" "Mozilla/5.0 AppleWebKit/537.36 (KHTML, like Gecko; compatible; ClaudeBot/1.0; +claudebot@anthropic.com)"
216.73.216.29 - - [16/Jun/2025:08:53:31 -0500] "GET /vendor/omnipay/stripe/tests/?C=S&O=D HTTP/2.0" 200 1404 "-" "Mozilla/5.0 AppleWebKit/537.36 (KHTML, like Gecko; compatible; ClaudeBot/1.0; +claudebot@anthropic.com)"
216.73.216.29 - - [16/Jun/2025:08:53:36 -0500] "GET /vendor/guzzlehttp/guzzle/src/Cookie/FileCookieJar.php HTTP/2.0" 500 - "-" "Mozilla/5.0 AppleWebKit/537.36 (KHTML, like Gecko; compatible; ClaudeBot/1.0; +claudebot@anthropic.com)"
216.73.216.29 - - [16/Jun/2025:08:53:41 -0500] "GET /vendor/symfony/mime/Encoder/?C=D&O=D HTTP/2.0" 200 3159 "-" "Mozilla/5.0 AppleWebKit/537.36 (KHTML, like Gecko; compatible; ClaudeBot/1.0; +claudebot@anthropic.com)"
216.73.216.29 - - [16/Jun/2025:08:53:46 -0500] "GET /vendor/jetbrains/phpstorm-stubs/ibm_db2/?C=S&O=A HTTP/2.0" 200 879 "-" "Mozilla/5.0 AppleWebKit/537.36 (KHTML, like Gecko; compatible; ClaudeBot/1.0; +claudebot@anthropic.com)"
216.73.216.29 - - [16/Jun/2025:08:53:51 -0500] "GET /vendor/rackspace/php-opencloud/samples/Compute/?C=S&O=A HTTP/2.0" 200 4397 "-" "Mozilla/5.0 AppleWebKit/537.36 (KHTML, like Gecko; compatible; ClaudeBot/1.0; +claudebot@anthropic.com)"
20.171.207.195 - - [16/Jun/2025:08:53:53 -0500] "GET /vendor/google/apiclient-services/src/Firestore/QueryTarget.php HTTP/2.0" 500 - "-" "Mozilla/5.0 AppleWebKit/537.36 (KHTML, like Gecko; compatible; GPTBot/1.2; +https://openai.com/gptbot)"
216.73.216.29 - - [16/Jun/2025:08:53:56 -0500] "GET /vendor/omnipay/paypal/tests/Message/?C=S&O=A HTTP/2.0" 200 7571 "-" "Mozilla/5.0 AppleWebKit/537.36 (KHTML, like Gecko; compatible; ClaudeBot/1.0; +claudebot@anthropic.com)"
20.171.207.246 - - [16/Jun/2025:08:53:58 -0500] "GET /vendor/google/apiclient-services/src/YouTube/VideoStatus.php HTTP/2.0" 500 - "-" "Mozilla/5.0 AppleWebKit/537.36 (KHTML, like Gecko; compatible; GPTBot/1.2; +https://openai.com/gptbot)"
216.73.216.29 - - [16/Jun/2025:08:54:06 -0500] "GET /vendor/symfony/polyfill-php81/Resources/stubs/?C=N&O=D HTTP/2.0" 200 915 "-" "Mozilla/5.0 AppleWebKit/537.36 (KHTML, like Gecko; compatible; ClaudeBot/1.0; +claudebot@anthropic.com)"
185.191.171.2 - - [16/Jun/2025:08:54:09 -0500] "GET /vendor/php-http/httplug/src/Exception/ HTTP/1.1" 200 1631 "-" "Mozilla/5.0 (compatible; SemrushBot/7~bl; +http://www.semrush.com/bot.html)"
216.73.216.29 - - [16/Jun/2025:08:54:11 -0500] "GET /vendor/omnipay/paypal/src/Support/?C=M&O=A HTTP/2.0" 200 867 "-" "Mozilla/5.0 AppleWebKit/537.36 (KHTML, like Gecko; compatible; ClaudeBot/1.0; +claudebot@anthropic.com)"
216.73.216.29 - - [16/Jun/2025:08:54:16 -0500] "GET /vendor/laravel-notification-channels/fcm/src/?C=N&O=D HTTP/2.0" 200 1630 "-" "Mozilla/5.0 AppleWebKit/537.36 (KHTML, like Gecko; compatible; ClaudeBot/1.0; +claudebot@anthropic.com)"
216.73.216.29 - - [16/Jun/2025:08:54:21 -0500] "GET /vendor/jetbrains/phpstorm-stubs/xml/?C=S&O=D HTTP/2.0" 200 867 "-" "Mozilla/5.0 AppleWebKit/537.36 (KHTML, like Gecko; compatible; ClaudeBot/1.0; +claudebot@anthropic.com)"
216.73.216.29 - - [16/Jun/2025:08:54:26 -0500] "GET /vendor/rackspace/php-opencloud/docs/?C=N&O=A HTTP/2.0" 200 1611 "-" "Mozilla/5.0 AppleWebKit/537.36 (KHTML, like Gecko; compatible; ClaudeBot/1.0; +claudebot@anthropic.com)"
85.208.96.210 - - [16/Jun/2025:08:54:30 -0500] "GET /vendor/aws/aws-sdk-php/src/Sfn/ HTTP/1.1" 200 1036 "-" "Mozilla/5.0 (compatible; SemrushBot/7~bl; +http://www.semrush.com/bot.html)"
216.73.216.29 - - [16/Jun/2025:08:54:32 -0500] "GET /vendor/vlucas/phpdotenv/src/Exception/?C=N&O=D HTTP/2.0" 200 1662 "-" "Mozilla/5.0 AppleWebKit/537.36 (KHTML, like Gecko; compatible; ClaudeBot/1.0; +claudebot@anthropic.com)"
216.73.216.29 - - [16/Jun/2025:08:54:37 -0500] "GET /vendor/php-http/message/src/Stream/?C=D&O=A HTTP/2.0" 200 872 "-" "Mozilla/5.0 AppleWebKit/537.36 (KHTML, like Gecko; compatible; ClaudeBot/1.0; +claudebot@anthropic.com)"
216.73.216.29 - - [16/Jun/2025:08:54:42 -0500] "GET /vendor/symfony/serializer/Extractor/?C=S&O=D HTTP/2.0" 200 1099 "-" "Mozilla/5.0 AppleWebKit/537.36 (KHTML, like Gecko; compatible; ClaudeBot/1.0; +claudebot@anthropic.com)"
216.73.216.29 - - [16/Jun/2025:08:54:47 -0500] "GET /vendor/omnipay/paypal/src/Support/?C=D&O=A HTTP/2.0" 200 867 "-" "Mozilla/5.0 AppleWebKit/537.36 (KHTML, like Gecko; compatible; ClaudeBot/1.0; +claudebot@anthropic.com)"
216.73.216.29 - - [16/Jun/2025:08:54:52 -0500] "GET /vendor/laravel/serializable-closure/src/Exceptions/?C=N&O=D HTTP/2.0" 200 1336 "-" "Mozilla/5.0 AppleWebKit/537.36 (KHTML, like Gecko; compatible; ClaudeBot/1.0; +claudebot@anthropic.com)"
20.171.207.195 - - [16/Jun/2025:08:54:56 -0500] "GET /vendor/google/apiclient-services/src/Appengine/ManualScaling.php HTTP/2.0" 500 - "-" "Mozilla/5.0 AppleWebKit/537.36 (KHTML, like Gecko; compatible; GPTBot/1.2; +https://openai.com/gptbot)"
216.73.216.29 - - [16/Jun/2025:08:54:57 -0500] "GET /vendor/jetbrains/phpstorm-stubs/memcached/?C=S&O=D HTTP/2.0" 200 885 "-" "Mozilla/5.0 AppleWebKit/537.36 (KHTML, like Gecko; compatible; ClaudeBot/1.0; +claudebot@anthropic.com)"
185.191.171.17 - - [16/Jun/2025:08:55:01 -0500] "GET /vendor/google/apiclient-services/src/Dataflow/StructuredMessage.php HTTP/1.1" 500 - "-" "Mozilla/5.0 (compatible; SemrushBot/7~bl; +http://www.semrush.com/bot.html)"
216.73.216.29 - - [16/Jun/2025:08:55:02 -0500] "GET /vendor/laravel/horizon/config/horizon.php HTTP/2.0" 500 - "-" "Mozilla/5.0 AppleWebKit/537.36 (KHTML, like Gecko; compatible; ClaudeBot/1.0; +claudebot@anthropic.com)"
20.171.207.246 - - [16/Jun/2025:08:55:03 -0500] "GET /vendor/google/apiclient-services/src/Sheets/NumberFormat.php HTTP/2.0" 500 - "-" "Mozilla/5.0 AppleWebKit/537.36 (KHTML, like Gecko; compatible; GPTBot/1.2; +https://openai.com/gptbot)"
216.73.216.29 - - [16/Jun/2025:08:55:06 -0500] "GET /robots.txt HTTP/2.0" 404 - "-" "Mozilla/5.0 AppleWebKit/537.36 (KHTML, like Gecko; compatible; ClaudeBot/1.0; +claudebot@anthropic.com)"
216.73.216.29 - - [16/Jun/2025:08:55:07 -0500] "GET /vendor/jetbrains/phpstorm-stubs/sysvshm/?C=N&O=D HTTP/2.0" 200 879 "-" "Mozilla/5.0 AppleWebKit/537.36 (KHTML, like Gecko; compatible; ClaudeBot/1.0; +claudebot@anthropic.com)"
216.73.216.29 - - [16/Jun/2025:08:55:12 -0500] "GET /vendor/jetbrains/phpstorm-stubs/tests/TestData/?C=S&O=A HTTP/2.0" 200 1084 "-" "Mozilla/5.0 AppleWebKit/537.36 (KHTML, like Gecko; compatible; ClaudeBot/1.0; +claudebot@anthropic.com)"
216.73.216.29 - - [16/Jun/2025:08:55:17 -0500] "GET /vendor/jetbrains/phpstorm-stubs/solr/Utils/?C=N&O=D HTTP/2.0" 200 1074 "-" "Mozilla/5.0 AppleWebKit/537.36 (KHTML, like Gecko; compatible; ClaudeBot/1.0; +claudebot@anthropic.com)"
216.73.216.29 - - [16/Jun/2025:08:55:22 -0500] "GET /vendor/sentry/sentry-laravel/src/?C=M&O=D HTTP/2.0" 200 858 "-" "Mozilla/5.0 AppleWebKit/537.36 (KHTML, like Gecko; compatible; ClaudeBot/1.0; +claudebot@anthropic.com)"
216.73.216.29 - - [16/Jun/2025:08:55:27 -0500] "GET /vendor/jetbrains/phpstorm-stubs/libxml/?C=S&O=D HTTP/2.0" 200 876 "-" "Mozilla/5.0 AppleWebKit/537.36 (KHTML, like Gecko; compatible; ClaudeBot/1.0; +claudebot@anthropic.com)"
216.73.216.29 - - [16/Jun/2025:08:55:32 -0500] "GET /vendor/symfony/http-foundation/File/Exception/?C=S&O=A HTTP/2.0" 200 3043 "-" "Mozilla/5.0 AppleWebKit/537.36 (KHTML, like Gecko; compatible; ClaudeBot/1.0; +claudebot@anthropic.com)"
185.191.171.3 - - [16/Jun/2025:08:55:36 -0500] "GET /vendor/google/apiclient-services/src/Dfareporting/PopupWindowProperties.php HTTP/1.1" 500 - "-" "Mozilla/5.0 (compatible; SemrushBot/7~bl; +http://www.semrush.com/bot.html)"
216.73.216.29 - - [16/Jun/2025:08:55:37 -0500] "GET /vendor/jetbrains/phpstorm-stubs/pdo_pgsql/?C=M&O=D HTTP/2.0" 200 885 "-" "Mozilla/5.0 AppleWebKit/537.36 (KHTML, like Gecko; compatible; ClaudeBot/1.0; +claudebot@anthropic.com)"
185.191.171.10 - - [16/Jun/2025:08:55:40 -0500] "GET /vendor/google/apiclient-services/src/Transcoder/ListJobTemplatesResponse.php HTTP/1.1" 500 - "-" "Mozilla/5.0 (compatible; SemrushBot/7~bl; +http://www.semrush.com/bot.html)"
216.73.216.29 - - [16/Jun/2025:08:55:42 -0500] "GET /vendor/symfony/http-foundation/Test/Constraint/?C=M&O=A HTTP/2.0" 200 2659 "-" "Mozilla/5.0 AppleWebKit/537.36 (KHTML, like Gecko; compatible; ClaudeBot/1.0; +claudebot@anthropic.com)"
216.73.216.29 - - [16/Jun/2025:08:55:47 -0500] "GET /vendor/ongr/elasticsearch-dsl/docs/InnerHits/?C=M&O=A HTTP/2.0" 200 1067 "-" "Mozilla/5.0 AppleWebKit/537.36 (KHTML, like Gecko; compatible; ClaudeBot/1.0; +claudebot@anthropic.com)"
216.73.216.29 - - [16/Jun/2025:08:55:52 -0500] "GET /vendor/psr/event-dispatcher HTTP/2.0" 301 276 "-" "Mozilla/5.0 AppleWebKit/537.36 (KHTML, like Gecko; compatible; ClaudeBot/1.0; +claudebot@anthropic.com)"
216.73.216.29 - - [16/Jun/2025:08:55:52 -0500] "GET /vendor/psr/event-dispatcher/ HTTP/2.0" 200 1183 "https://www.vebto.graphicdesigncash.com/vendor/psr/event-dispatcher" "Mozilla/5.0 AppleWebKit/537.36 (KHTML, like Gecko; compatible; ClaudeBot/1.0; +claudebot@anthropic.com)"
20.171.207.195 - - [16/Jun/2025:08:55:57 -0500] "GET /vendor/google/apiclient-services/src/Container/ReleaseChannel.php HTTP/2.0" 500 - "-" "Mozilla/5.0 AppleWebKit/537.36 (KHTML, like Gecko; compatible; GPTBot/1.2; +https://openai.com/gptbot)"
216.73.216.29 - - [16/Jun/2025:08:55:57 -0500] "GET /vendor/jetbrains/phpstorm-stubs/solr/Exceptions/?C=S&O=A HTTP/2.0" 200 1908 "-" "Mozilla/5.0 AppleWebKit/537.36 (KHTML, like Gecko; compatible; ClaudeBot/1.0; +claudebot@anthropic.com)"
216.73.216.29 - - [16/Jun/2025:08:56:04 -0500] "GET /vendor/symfony/http-client/DependencyInjection/?C=S&O=A HTTP/2.0" 200 895 "-" "Mozilla/5.0 AppleWebKit/537.36 (KHTML, like Gecko; compatible; ClaudeBot/1.0; +claudebot@anthropic.com)"
20.171.207.246 - - [16/Jun/2025:08:56:05 -0500] "GET /vendor/google/apiclient-services/src/Sheets/UpdateSpreadsheetPropertiesRequest.php HTTP/2.0" 500 - "-" "Mozilla/5.0 AppleWebKit/537.36 (KHTML, like Gecko; compatible; GPTBot/1.2; +https://openai.com/gptbot)"
216.73.216.29 - - [16/Jun/2025:08:56:07 -0500] "GET /vendor/jetbrains/phpstorm-stubs/ibm_db2/?C=N&O=A HTTP/2.0" 200 879 "-" "Mozilla/5.0 AppleWebKit/537.36 (KHTML, like Gecko; compatible; ClaudeBot/1.0; +claudebot@anthropic.com)"
216.73.216.29 - - [16/Jun/2025:08:56:12 -0500] "GET /vendor/symfony/http-foundation/Test/Constraint/?C=D&O=A HTTP/2.0" 200 2659 "-" "Mozilla/5.0 AppleWebKit/537.36 (KHTML, like Gecko; compatible; ClaudeBot/1.0; +claudebot@anthropic.com)"
85.208.96.194 - - [16/Jun/2025:08:56:15 -0500] "GET /vendor/google/apiclient-services/src/AndroidEnterprise/AdministratorWebTokenSpecManagedConfigurations.php HTTP/1.1" 500 - "-" "Mozilla/5.0 (compatible; SemrushBot/7~bl; +http://www.semrush.com/bot.html)"
216.73.216.29 - - [16/Jun/2025:08:56:17 -0500] "GET /vendor/symfony/error-handler/ErrorRenderer/?C=D&O=A HTTP/2.0" 200 1475 "-" "Mozilla/5.0 AppleWebKit/537.36 (KHTML, like Gecko; compatible; ClaudeBot/1.0; +claudebot@anthropic.com)"
216.73.216.29 - - [16/Jun/2025:08:56:22 -0500] "GET /vendor/ongr/elasticsearch-dsl/docs/InnerHits/?C=D&O=A HTTP/2.0" 200 1067 "-" "Mozilla/5.0 AppleWebKit/537.36 (KHTML, like Gecko; compatible; ClaudeBot/1.0; +claudebot@anthropic.com)"
216.73.216.29 - - [16/Jun/2025:08:56:27 -0500] "GET /vendor/symfony/polyfill-php81/?C=M&O=D HTTP/2.0" 200 1555 "-" "Mozilla/5.0 AppleWebKit/537.36 (KHTML, like Gecko; compatible; ClaudeBot/1.0; +claudebot@anthropic.com)"
216.73.216.29 - - [16/Jun/2025:08:56:32 -0500] "GET /vendor/laravel/socialite/src/Two HTTP/2.0" 301 281 "-" "Mozilla/5.0 AppleWebKit/537.36 (KHTML, like Gecko; compatible; ClaudeBot/1.0; +claudebot@anthropic.com)"
216.73.216.29 - - [16/Jun/2025:08:56:32 -0500] "GET /vendor/laravel/socialite/src/Two/ HTTP/2.0" 200 2555 "https://www.vebto.graphicdesigncash.com/vendor/laravel/socialite/src/Two" "Mozilla/5.0 AppleWebKit/537.36 (KHTML, like Gecko; compatible; ClaudeBot/1.0; +claudebot@anthropic.com)"
216.73.216.29 - - [16/Jun/2025:08:56:37 -0500] "GET /vendor/jetbrains/phpstorm-stubs/regex/?C=S&O=A HTTP/2.0" 200 872 "-" "Mozilla/5.0 AppleWebKit/537.36 (KHTML, like Gecko; compatible; ClaudeBot/1.0; +claudebot@anthropic.com)"
216.73.216.29 - - [16/Jun/2025:08:56:42 -0500] "GET /vendor/ongr/elasticsearch-dsl/docs/Query/?C=M&O=A HTTP/2.0" 200 2117 "-" "Mozilla/5.0 AppleWebKit/537.36 (KHTML, like Gecko; compatible; ClaudeBot/1.0; +claudebot@anthropic.com)"
216.73.216.29 - - [16/Jun/2025:08:56:47 -0500] "GET /vendor/jetbrains/phpstorm-stubs/parallel/?C=N&O=D HTTP/2.0" 200 1059 "-" "Mozilla/5.0 AppleWebKit/537.36 (KHTML, like Gecko; compatible; ClaudeBot/1.0; +claudebot@anthropic.com)"
216.73.216.29 - - [16/Jun/2025:08:56:54 -0500] "GET /vendor/jetbrains/phpstorm-stubs/pdo_ibm/?C=N&O=A HTTP/2.0" 200 879 "-" "Mozilla/5.0 AppleWebKit/537.36 (KHTML, like Gecko; compatible; ClaudeBot/1.0; +claudebot@anthropic.com)"
216.73.216.29 - - [16/Jun/2025:08:56:57 -0500] "GET /vendor/rackspace/php-opencloud/samples/LoadBalancer/?C=S&O=A HTTP/2.0" 200 2051 "-" "Mozilla/5.0 AppleWebKit/537.36 (KHTML, like Gecko; compatible; ClaudeBot/1.0; +claudebot@anthropic.com)"
20.171.207.195 - - [16/Jun/2025:08:57:00 -0500] "GET /vendor/google/apiclient-services/src/Firestore/CommitResponse.php HTTP/2.0" 500 - "-" "Mozilla/5.0 AppleWebKit/537.36 (KHTML, like Gecko; compatible; GPTBot/1.2; +https://openai.com/gptbot)"
216.73.216.29 - - [16/Jun/2025:08:57:02 -0500] "GET /vendor/matchish/laravel-scout-elasticsearch/src/Database/?C=S&O=A HTTP/2.0" 200 925 "-" "Mozilla/5.0 AppleWebKit/537.36 (KHTML, like Gecko; compatible; ClaudeBot/1.0; +claudebot@anthropic.com)"
216.73.216.29 - - [16/Jun/2025:08:57:07 -0500] "GET /vendor/jetbrains/phpstorm-stubs/mssql/?C=N&O=D HTTP/2.0" 200 873 "-" "Mozilla/5.0 AppleWebKit/537.36 (KHTML, like Gecko; compatible; ClaudeBot/1.0; +claudebot@anthropic.com)"
20.171.207.246 - - [16/Jun/2025:08:57:08 -0500] "GET /vendor/google/apiclient-services/src/Slides/ReplaceAllShapesWithSheetsChartResponse.php HTTP/2.0" 500 - "-" "Mozilla/5.0 AppleWebKit/537.36 (KHTML, like Gecko; compatible; GPTBot/1.2; +https://openai.com/gptbot)"
216.73.216.29 - - [16/Jun/2025:08:57:12 -0500] "GET /vendor/jetbrains/phpstorm-stubs/pdo_pgsql/?C=D&O=D HTTP/2.0" 200 885 "-" "Mozilla/5.0 AppleWebKit/537.36 (KHTML, like Gecko; compatible; ClaudeBot/1.0; +claudebot@anthropic.com)"
216.73.216.29 - - [16/Jun/2025:08:57:17 -0500] "GET /vendor/jetbrains/phpstorm-stubs/redis/?C=N&O=D HTTP/2.0" 200 1057 "-" "Mozilla/5.0 AppleWebKit/537.36 (KHTML, like Gecko; compatible; ClaudeBot/1.0; +claudebot@anthropic.com)"
216.73.216.29 - - [16/Jun/2025:08:57:22 -0500] "GET /vendor/omnipay/paypal/tests/Mock/?C=S&O=A HTTP/2.0" 200 6202 "-" "Mozilla/5.0 AppleWebKit/537.36 (KHTML, like Gecko; compatible; ClaudeBot/1.0; +claudebot@anthropic.com)"
216.73.216.29 - - [16/Jun/2025:08:57:27 -0500] "GET /vendor/league/oauth1-client/src/Server HTTP/2.0" 301 287 "-" "Mozilla/5.0 AppleWebKit/537.36 (KHTML, like Gecko; compatible; ClaudeBot/1.0; +claudebot@anthropic.com)"
216.73.216.29 - - [16/Jun/2025:08:57:27 -0500] "GET /vendor/league/oauth1-client/src/Server/ HTTP/2.0" 200 2304 "https://www.vebto.graphicdesigncash.com/vendor/league/oauth1-client/src/Server" "Mozilla/5.0 AppleWebKit/537.36 (KHTML, like Gecko; compatible; ClaudeBot/1.0; +claudebot@anthropic.com)"
216.73.216.29 - - [16/Jun/2025:08:57:33 -0500] "GET /vendor/matchish/laravel-scout-elasticsearch/src/ElasticSearch/?C=S&O=A HTTP/2.0" 200 2425 "-" "Mozilla/5.0 AppleWebKit/537.36 (KHTML, like Gecko; compatible; ClaudeBot/1.0; +claudebot@anthropic.com)"
216.73.216.29 - - [16/Jun/2025:08:57:37 -0500] "GET /vendor/vlucas/phpdotenv/src/Repository/?C=M&O=A HTTP/2.0" 200 1439 "-" "Mozilla/5.0 AppleWebKit/537.36 (KHTML, like Gecko; compatible; ClaudeBot/1.0; +claudebot@anthropic.com)"
216.73.216.29 - - [16/Jun/2025:08:57:42 -0500] "GET /vendor/psy/psysh/src/Readline/Readline.php HTTP/2.0" 200 - "-" "Mozilla/5.0 AppleWebKit/537.36 (KHTML, like Gecko; compatible; ClaudeBot/1.0; +claudebot@anthropic.com)"
216.73.216.29 - - [16/Jun/2025:08:57:47 -0500] "GET /vendor/symfony/routing/DependencyInjection/?C=S&O=D HTTP/2.0" 200 888 "-" "Mozilla/5.0 AppleWebKit/537.36 (KHTML, like Gecko; compatible; ClaudeBot/1.0; +claudebot@anthropic.com)"
216.73.216.29 - - [16/Jun/2025:08:57:52 -0500] "GET /vendor/rackspace/php-opencloud/doc/?C=S&O=D HTTP/2.0" 200 3970 "-" "Mozilla/5.0 AppleWebKit/537.36 (KHTML, like Gecko; compatible; ClaudeBot/1.0; +claudebot@anthropic.com)"
216.73.216.29 - - [16/Jun/2025:08:57:57 -0500] "GET /vendor/jetbrains/phpstorm-stubs/tests/Model/?C=N&O=D HTTP/2.0" 200 2923 "-" "Mozilla/5.0 AppleWebKit/537.36 (KHTML, like Gecko; compatible; ClaudeBot/1.0; +claudebot@anthropic.com)"
20.171.207.195 - - [16/Jun/2025:08:58:01 -0500] "GET /vendor/google/apiclient-services/src/Datastore/CommitResponse.php HTTP/2.0" 500 - "-" "Mozilla/5.0 AppleWebKit/537.36 (KHTML, like Gecko; compatible; GPTBot/1.2; +https://openai.com/gptbot)"
216.73.216.29 - - [16/Jun/2025:08:58:02 -0500] "GET /vendor/jetbrains/phpstorm-stubs/SimpleXML/?C=D&O=A HTTP/2.0" 200 885 "-" "Mozilla/5.0 AppleWebKit/537.36 (KHTML, like Gecko; compatible; ClaudeBot/1.0; +claudebot@anthropic.com)"
216.73.216.29 - - [16/Jun/2025:08:58:09 -0500] "GET /vendor/mikey179/vfsstream/src/test HTTP/2.0" 301 283 "-" "Mozilla/5.0 AppleWebKit/537.36 (KHTML, like Gecko; compatible; ClaudeBot/1.0; +claudebot@anthropic.com)"
216.73.216.29 - - [16/Jun/2025:08:58:09 -0500] "GET /vendor/mikey179/vfsstream/src/test/ HTTP/2.0" 200 1568 "https://www.vebto.graphicdesigncash.com/vendor/mikey179/vfsstream/src/test" "Mozilla/5.0 AppleWebKit/537.36 (KHTML, like Gecko; compatible; ClaudeBot/1.0; +claudebot@anthropic.com)"
20.171.207.246 - - [16/Jun/2025:08:58:11 -0500] "GET /vendor/google/apiclient-services/src/YouTube/LiveChatBan.php HTTP/2.0" 500 - "-" "Mozilla/5.0 AppleWebKit/537.36 (KHTML, like Gecko; compatible; GPTBot/1.2; +https://openai.com/gptbot)"
216.73.216.29 - - [16/Jun/2025:08:58:13 -0500] "GET /vendor/rackspace/php-opencloud/docs/?C=D&O=A HTTP/2.0" 200 1611 "-" "Mozilla/5.0 AppleWebKit/537.36 (KHTML, like Gecko; compatible; ClaudeBot/1.0; +claudebot@anthropic.com)"
185.191.171.13 - - [16/Jun/2025:08:58:17 -0500] "GET /vendor/laravel/horizon/src/Events/MasterSupervisorDeployed.php HTTP/1.1" 200 - "-" "Mozilla/5.0 (compatible; SemrushBot/7~bl; +http://www.semrush.com/bot.html)"
216.73.216.29 - - [16/Jun/2025:08:58:18 -0500] "GET /vendor/vlucas/phpdotenv/src/Repository/?C=D&O=A HTTP/2.0" 200 1439 "-" "Mozilla/5.0 AppleWebKit/537.36 (KHTML, like Gecko; compatible; ClaudeBot/1.0; +claudebot@anthropic.com)"
216.73.216.29 - - [16/Jun/2025:08:58:23 -0500] "GET /vendor/laravel/sanctum/config/sanctum.php HTTP/2.0" 500 - "-" "Mozilla/5.0 AppleWebKit/537.36 (KHTML, like Gecko; compatible; ClaudeBot/1.0; +claudebot@anthropic.com)"
216.73.216.29 - - [16/Jun/2025:08:58:28 -0500] "GET /vendor/php-http/message/src/UriFactory/?C=S&O=A HTTP/2.0" 200 1259 "-" "Mozilla/5.0 AppleWebKit/537.36 (KHTML, like Gecko; compatible; ClaudeBot/1.0; +claudebot@anthropic.com)"
85.208.96.199 - - [16/Jun/2025:08:58:31 -0500] "GET /vendor/omnipay/stripe/tests/Message/FetchChargeRequestTest.php HTTP/1.1" 500 - "-" "Mozilla/5.0 (compatible; SemrushBot/7~bl; +http://www.semrush.com/bot.html)"
216.73.216.29 - - [16/Jun/2025:08:58:33 -0500] "GET /vendor/symfony/http-client/Retry/?C=N&O=D HTTP/2.0" 200 1073 "-" "Mozilla/5.0 AppleWebKit/537.36 (KHTML, like Gecko; compatible; ClaudeBot/1.0; +claudebot@anthropic.com)"
216.73.216.29 - - [16/Jun/2025:08:58:38 -0500] "GET /vendor/vlucas/phpdotenv/src/Util/?C=N&O=D HTTP/2.0" 200 1034 "-" "Mozilla/5.0 AppleWebKit/537.36 (KHTML, like Gecko; compatible; ClaudeBot/1.0; +claudebot@anthropic.com)"
216.73.216.29 - - [16/Jun/2025:08:58:43 -0500] "GET /vendor/jetbrains/phpstorm-stubs/oauth/?C=N&O=D HTTP/2.0" 200 873 "-" "Mozilla/5.0 AppleWebKit/537.36 (KHTML, like Gecko; compatible; ClaudeBot/1.0; +claudebot@anthropic.com)"
216.73.216.29 - - [16/Jun/2025:08:58:48 -0500] "GET /vendor/rackspace/php-opencloud/samples/Queues/?C=N&O=D HTTP/2.0" 200 1456 "-" "Mozilla/5.0 AppleWebKit/537.36 (KHTML, like Gecko; compatible; ClaudeBot/1.0; +claudebot@anthropic.com)"
216.73.216.29 - - [16/Jun/2025:08:58:53 -0500] "GET /vendor/jetbrains/phpstorm-stubs/regex/?C=N&O=A HTTP/2.0" 200 872 "-" "Mozilla/5.0 AppleWebKit/537.36 (KHTML, like Gecko; compatible; ClaudeBot/1.0; +claudebot@anthropic.com)"
216.73.216.29 - - [16/Jun/2025:08:58:58 -0500] "GET /vendor/symfony/string/Exception/?C=M&O=D HTTP/2.0" 200 1251 "-" "Mozilla/5.0 AppleWebKit/537.36 (KHTML, like Gecko; compatible; ClaudeBot/1.0; +claudebot@anthropic.com)"
85.208.96.196 - - [16/Jun/2025:08:58:58 -0500] "GET /vendor/laravel/framework/src/Illuminate/Foundation/Support/Providers/ HTTP/1.1" 200 785 "-" "Mozilla/5.0 (compatible; SemrushBot/7~bl; +http://www.semrush.com/bot.html)"
216.73.216.29 - - [16/Jun/2025:08:59:03 -0500] "GET /vendor/rackspace/php-opencloud/samples/?C=N&O=D HTTP/2.0" 200 2471 "-" "Mozilla/5.0 AppleWebKit/537.36 (KHTML, like Gecko; compatible; ClaudeBot/1.0; +claudebot@anthropic.com)"
20.171.207.195 - - [16/Jun/2025:08:59:06 -0500] "GET /vendor/google/apiclient-services/src/Classroom/CourseMaterial.php HTTP/2.0" 500 - "-" "Mozilla/5.0 AppleWebKit/537.36 (KHTML, like Gecko; compatible; GPTBot/1.2; +https://openai.com/gptbot)"
216.73.216.29 - - [16/Jun/2025:08:59:08 -0500] "GET /vendor/sentry/sentry-laravel/?C=S&O=D HTTP/2.0" 200 2073 "-" "Mozilla/5.0 AppleWebKit/537.36 (KHTML, like Gecko; compatible; ClaudeBot/1.0; +claudebot@anthropic.com)"
216.73.216.29 - - [16/Jun/2025:08:59:13 -0500] "GET /vendor/symfony/routing/Annotation/?C=S&O=D HTTP/2.0" 200 856 "-" "Mozilla/5.0 AppleWebKit/537.36 (KHTML, like Gecko; compatible; ClaudeBot/1.0; +claudebot@anthropic.com)"
20.171.207.246 - - [16/Jun/2025:08:59:17 -0500] "GET /vendor/google/apiclient-services/src/Speech/LongRunningRecognizeRequest.php HTTP/2.0" 500 - "-" "Mozilla/5.0 AppleWebKit/537.36 (KHTML, like Gecko; compatible; GPTBot/1.2; +https://openai.com/gptbot)"
216.73.216.29 - - [16/Jun/2025:08:59:18 -0500] "GET /vendor/symfony/console/Exception/?C=N&O=D HTTP/2.0" 200 2233 "-" "Mozilla/5.0 AppleWebKit/537.36 (KHTML, like Gecko; compatible; ClaudeBot/1.0; +claudebot@anthropic.com)"
85.208.96.212 - - [16/Jun/2025:08:59:18 -0500] "GET /vendor/google/apiclient-services/src/Document/GoogleCloudDocumentaiV1beta1DocumentPageMatrix.php HTTP/1.1" 500 - "-" "Mozilla/5.0 (compatible; SemrushBot/7~bl; +http://www.semrush.com/bot.html)"
216.73.216.29 - - [16/Jun/2025:08:59:23 -0500] "GET /vendor/symfony/polyfill-intl-normalizer/Resources/?C=M&O=D HTTP/2.0" 200 1078 "-" "Mozilla/5.0 AppleWebKit/537.36 (KHTML, like Gecko; compatible; ClaudeBot/1.0; +claudebot@anthropic.com)"
216.73.216.29 - - [16/Jun/2025:08:59:28 -0500] "GET /vendor/jetbrains/phpstorm-stubs/mongodb/?C=M&O=A HTTP/2.0" 200 879 "-" "Mozilla/5.0 AppleWebKit/537.36 (KHTML, like Gecko; compatible; ClaudeBot/1.0; +claudebot@anthropic.com)"
216.73.216.29 - - [16/Jun/2025:08:59:28 -0500] "GET /vendor/jetbrains/phpstorm-stubs/sysvsem/?C=N&O=D HTTP/2.0" 200 879 "-" "Mozilla/5.0 AppleWebKit/537.36 (KHTML, like Gecko; compatible; ClaudeBot/1.0; +claudebot@anthropic.com)"
216.73.216.29 - - [16/Jun/2025:08:59:29 -0500] "GET /vendor/sentry/sentry-laravel/src/?C=S&O=A HTTP/2.0" 200 858 "-" "Mozilla/5.0 AppleWebKit/537.36 (KHTML, like Gecko; compatible; ClaudeBot/1.0; +claudebot@anthropic.com)"
216.73.216.29 - - [16/Jun/2025:08:59:29 -0500] "GET /vendor/symfony/http-client-contracts/Exception/?C=D&O=A HTTP/2.0" 200 2311 "-" "Mozilla/5.0 AppleWebKit/537.36 (KHTML, like Gecko; compatible; ClaudeBot/1.0; +claudebot@anthropic.com)"
216.73.216.29 - - [16/Jun/2025:08:59:29 -0500] "GET /vendor/symfony/string/Slugger/?C=M&O=D HTTP/2.0" 200 1042 "-" "Mozilla/5.0 AppleWebKit/537.36 (KHTML, like Gecko; compatible; ClaudeBot/1.0; +claudebot@anthropic.com)"
216.73.216.29 - - [16/Jun/2025:08:59:29 -0500] "GET /vendor/laravel/tinker/src/?C=M&O=D HTTP/2.0" 200 1413 "-" "Mozilla/5.0 AppleWebKit/537.36 (KHTML, like Gecko; compatible; ClaudeBot/1.0; +claudebot@anthropic.com)"
216.73.216.29 - - [16/Jun/2025:08:59:29 -0500] "GET /vendor/egulias/email-validator/src/Parser HTTP/2.0" 301 290 "-" "Mozilla/5.0 AppleWebKit/537.36 (KHTML, like Gecko; compatible; ClaudeBot/1.0; +claudebot@anthropic.com)"
216.73.216.29 - - [16/Jun/2025:08:59:29 -0500] "GET /vendor/egulias/email-validator/src/Parser/ HTTP/2.0" 200 1248 "https://www.vebto.graphicdesigncash.com/vendor/egulias/email-validator/src/Parser" "Mozilla/5.0 AppleWebKit/537.36 (KHTML, like Gecko; compatible; ClaudeBot/1.0; +claudebot@anthropic.com)"
216.73.216.29 - - [16/Jun/2025:08:59:29 -0500] "GET /vendor/symfony/serializer/DependencyInjection/?C=N&O=D HTTP/2.0" 200 892 "-" "Mozilla/5.0 AppleWebKit/537.36 (KHTML, like Gecko; compatible; ClaudeBot/1.0; +claudebot@anthropic.com)"
216.73.216.29 - - [16/Jun/2025:08:59:30 -0500] "GET /vendor/vlucas/phpdotenv/src/Parser/?C=N&O=D HTTP/2.0" 200 1942 "-" "Mozilla/5.0 AppleWebKit/537.36 (KHTML, like Gecko; compatible; ClaudeBot/1.0; +claudebot@anthropic.com)"
216.73.216.29 - - [16/Jun/2025:08:59:30 -0500] "GET /vendor/fig/http-message-util/src/?C=N&O=D HTTP/2.0" 200 1071 "-" "Mozilla/5.0 AppleWebKit/537.36 (KHTML, like Gecko; compatible; ClaudeBot/1.0; +claudebot@anthropic.com)"
216.73.216.29 - - [16/Jun/2025:08:59:30 -0500] "GET /vendor/symfony/console/CommandLoader/?C=M&O=D HTTP/2.0" 200 1274 "-" "Mozilla/5.0 AppleWebKit/537.36 (KHTML, like Gecko; compatible; ClaudeBot/1.0; +claudebot@anthropic.com)"
85.208.96.210 - - [16/Jun/2025:08:59:44 -0500] "GET /vendor/google/apiclient-services/src/CloudRun/EnvVar.php HTTP/1.1" 500 - "-" "Mozilla/5.0 (compatible; SemrushBot/7~bl; +http://www.semrush.com/bot.html)"
85.208.96.199 - - [16/Jun/2025:08:59:51 -0500] "GET /vendor/aws/aws-sdk-php/src/DynamoDb/WriteRequestBatch.php HTTP/1.1" 200 - "-" "Mozilla/5.0 (compatible; SemrushBot/7~bl; +http://www.semrush.com/bot.html)"
185.191.171.5 - - [16/Jun/2025:08:59:54 -0500] "GET /vendor/google/apiclient-services/src/AndroidEnterprise/WebApp.php HTTP/1.1" 500 - "-" "Mozilla/5.0 (compatible; SemrushBot/7~bl; +http://www.semrush.com/bot.html)"
20.171.207.195 - - [16/Jun/2025:09:00:12 -0500] "GET /vendor/google/apiclient-services/src/Firestore/ListenResponse.php HTTP/2.0" 500 - "-" "Mozilla/5.0 AppleWebKit/537.36 (KHTML, like Gecko; compatible; GPTBot/1.2; +https://openai.com/gptbot)"
216.73.216.29 - - [16/Jun/2025:09:00:17 -0500] "GET /vendor/symfony/string/Slugger/?C=D&O=D HTTP/2.0" 200 1042 "-" "Mozilla/5.0 AppleWebKit/537.36 (KHTML, like Gecko; compatible; ClaudeBot/1.0; +claudebot@anthropic.com)"
216.73.216.29 - - [16/Jun/2025:09:00:17 -0500] "GET /vendor/php-http/discovery/src/?C=N&O=A HTTP/2.0" 200 2952 "-" "Mozilla/5.0 AppleWebKit/537.36 (KHTML, like Gecko; compatible; ClaudeBot/1.0; +claudebot@anthropic.com)"
216.73.216.29 - - [16/Jun/2025:09:00:17 -0500] "GET /vendor/rackspace/php-opencloud/samples/Orchestration/?C=S&O=A HTTP/2.0" 200 5982 "-" "Mozilla/5.0 AppleWebKit/537.36 (KHTML, like Gecko; compatible; ClaudeBot/1.0; +claudebot@anthropic.com)"
216.73.216.29 - - [16/Jun/2025:09:00:17 -0500] "GET /vendor/rackspace/php-opencloud/samples/Networking/?C=S&O=A HTTP/2.0" 200 6219 "-" "Mozilla/5.0 AppleWebKit/537.36 (KHTML, like Gecko; compatible; ClaudeBot/1.0; +claudebot@anthropic.com)"
216.73.216.29 - - [16/Jun/2025:09:00:17 -0500] "GET /vendor/jetbrains/phpstorm-stubs/solr/Exceptions/?C=M&O=A HTTP/2.0" 200 1908 "-" "Mozilla/5.0 AppleWebKit/537.36 (KHTML, like Gecko; compatible; ClaudeBot/1.0; +claudebot@anthropic.com)"
216.73.216.29 - - [16/Jun/2025:09:00:17 -0500] "GET /vendor/omnipay/paypal/src/Message/?C=M&O=A HTTP/2.0" 200 9745 "-" "Mozilla/5.0 AppleWebKit/537.36 (KHTML, like Gecko; compatible; ClaudeBot/1.0; +claudebot@anthropic.com)"
216.73.216.29 - - [16/Jun/2025:09:00:17 -0500] "GET /vendor/symfony/http-foundation/Test/?C=D&O=D HTTP/2.0" 200 870 "-" "Mozilla/5.0 AppleWebKit/537.36 (KHTML, like Gecko; compatible; ClaudeBot/1.0; +claudebot@anthropic.com)"
216.73.216.29 - - [16/Jun/2025:09:00:17 -0500] "GET /vendor/jetbrains/phpstorm-stubs/pdo_pgsql/?C=S&O=A HTTP/2.0" 200 885 "-" "Mozilla/5.0 AppleWebKit/537.36 (KHTML, like Gecko; compatible; ClaudeBot/1.0; +claudebot@anthropic.com)"
216.73.216.29 - - [16/Jun/2025:09:00:17 -0500] "GET /vendor/jetbrains/phpstorm-stubs/com_dotnet/?C=S&O=A HTTP/2.0" 200 888 "-" "Mozilla/5.0 AppleWebKit/537.36 (KHTML, like Gecko; compatible; ClaudeBot/1.0; +claudebot@anthropic.com)"
216.73.216.29 - - [16/Jun/2025:09:00:17 -0500] "GET /vendor/symfony/serializer/Mapping/Loader/?C=N&O=D HTTP/2.0" 200 1990 "-" "Mozilla/5.0 AppleWebKit/537.36 (KHTML, like Gecko; compatible; ClaudeBot/1.0; +claudebot@anthropic.com)"
216.73.216.29 - - [16/Jun/2025:09:00:17 -0500] "GET /vendor/omnipay/paypal/?C=D&O=D HTTP/2.0" 200 2073 "-" "Mozilla/5.0 AppleWebKit/537.36 (KHTML, like Gecko; compatible; ClaudeBot/1.0; +claudebot@anthropic.com)"
20.171.207.246 - - [16/Jun/2025:09:00:18 -0500] "GET /vendor/google/apiclient-services/src/Slides/UpdatePagePropertiesRequest.php HTTP/2.0" 500 - "-" "Mozilla/5.0 AppleWebKit/537.36 (KHTML, like Gecko; compatible; GPTBot/1.2; +https://openai.com/gptbot)"
216.73.216.29 - - [16/Jun/2025:09:00:55 -0500] "GET /vendor/teamtnt/tntsearch/src/Exceptions HTTP/2.0" 301 288 "-" "Mozilla/5.0 AppleWebKit/537.36 (KHTML, like Gecko; compatible; ClaudeBot/1.0; +claudebot@anthropic.com)"
216.73.216.29 - - [16/Jun/2025:09:00:55 -0500] "GET /vendor/jetbrains/phpstorm-stubs/tokenizer/?C=S&O=D HTTP/2.0" 200 885 "-" "Mozilla/5.0 AppleWebKit/537.36 (KHTML, like Gecko; compatible; ClaudeBot/1.0; +claudebot@anthropic.com)"
216.73.216.29 - - [16/Jun/2025:09:00:55 -0500] "GET /vendor/teamtnt/tntsearch/src/Exceptions/ HTTP/2.0" 200 894 "https://www.vebto.graphicdesigncash.com/vendor/teamtnt/tntsearch/src/Exceptions" "Mozilla/5.0 AppleWebKit/537.36 (KHTML, like Gecko; compatible; ClaudeBot/1.0; +claudebot@anthropic.com)"
216.73.216.29 - - [16/Jun/2025:09:00:55 -0500] "GET /vendor/symfony/http-foundation/RateLimiter/?C=N&O=D HTTP/2.0" 200 1108 "-" "Mozilla/5.0 AppleWebKit/537.36 (KHTML, like Gecko; compatible; ClaudeBot/1.0; +claudebot@anthropic.com)"
216.73.216.29 - - [16/Jun/2025:09:00:55 -0500] "GET /vendor/jetbrains/phpstorm-stubs/zend/?C=M&O=D HTTP/2.0" 200 1226 "-" "Mozilla/5.0 AppleWebKit/537.36 (KHTML, like Gecko; compatible; ClaudeBot/1.0; +claudebot@anthropic.com)"
216.73.216.29 - - [16/Jun/2025:09:00:55 -0500] "GET /vendor/symfony/http-client/DataCollector/?C=M&O=D HTTP/2.0" 200 895 "-" "Mozilla/5.0 AppleWebKit/537.36 (KHTML, like Gecko; compatible; ClaudeBot/1.0; +claudebot@anthropic.com)"
216.73.216.29 - - [16/Jun/2025:09:00:55 -0500] "GET /vendor/rackspace/php-opencloud/samples/CDN/?C=N&O=D HTTP/2.0" 200 2778 "-" "Mozilla/5.0 AppleWebKit/537.36 (KHTML, like Gecko; compatible; ClaudeBot/1.0; +claudebot@anthropic.com)"
216.73.216.29 - - [16/Jun/2025:09:00:55 -0500] "GET /vendor/jetbrains/phpstorm-stubs/sysvmsg/?C=S&O=A HTTP/2.0" 200 879 "-" "Mozilla/5.0 AppleWebKit/537.36 (KHTML, like Gecko; compatible; ClaudeBot/1.0; +claudebot@anthropic.com)"
216.73.216.29 - - [16/Jun/2025:09:00:56 -0500] "GET /vendor/rackspace/php-opencloud/samples/Compute/?C=M&O=A HTTP/2.0" 200 4397 "-" "Mozilla/5.0 AppleWebKit/537.36 (KHTML, like Gecko; compatible; ClaudeBot/1.0; +claudebot@anthropic.com)"
216.73.216.29 - - [16/Jun/2025:09:00:56 -0500] "GET /vendor/jetbrains/phpstorm-stubs/apache/?C=S&O=D HTTP/2.0" 200 876 "-" "Mozilla/5.0 AppleWebKit/537.36 (KHTML, like Gecko; compatible; ClaudeBot/1.0; +claudebot@anthropic.com)"
216.73.216.29 - - [16/Jun/2025:09:00:56 -0500] "GET /vendor/symfony/mime/Encoder/?C=N&O=A HTTP/2.0" 200 3159 "-" "Mozilla/5.0 AppleWebKit/537.36 (KHTML, like Gecko; compatible; ClaudeBot/1.0; +claudebot@anthropic.com)"
216.73.216.29 - - [16/Jun/2025:09:00:56 -0500] "GET /vendor/symfony/polyfill-php73/Resources/?C=N&O=A HTTP/2.0" 200 872 "-" "Mozilla/5.0 AppleWebKit/537.36 (KHTML, like Gecko; compatible; ClaudeBot/1.0; +claudebot@anthropic.com)"
20.171.207.195 - - [16/Jun/2025:09:01:15 -0500] "GET /vendor/google/apiclient-services/src/Datastore/ReadOptions.php HTTP/2.0" 500 - "-" "Mozilla/5.0 AppleWebKit/537.36 (KHTML, like Gecko; compatible; GPTBot/1.2; +https://openai.com/gptbot)"
20.171.207.246 - - [16/Jun/2025:09:01:22 -0500] "GET /vendor/google/apiclient-services/src/Slides/UpdateShapePropertiesRequest.php HTTP/2.0" 500 - "-" "Mozilla/5.0 AppleWebKit/537.36 (KHTML, like Gecko; compatible; GPTBot/1.2; +https://openai.com/gptbot)"
216.73.216.29 - - [16/Jun/2025:09:01:35 -0500] "GET /vendor/symfony/polyfill-php81/Resources/stubs/?C=S&O=A HTTP/2.0" 200 915 "-" "Mozilla/5.0 AppleWebKit/537.36 (KHTML, like Gecko; compatible; ClaudeBot/1.0; +claudebot@anthropic.com)"
216.73.216.29 - - [16/Jun/2025:09:01:35 -0500] "GET /vendor/omnipay/paypal/tests/Message/?C=M&O=A HTTP/2.0" 200 7571 "-" "Mozilla/5.0 AppleWebKit/537.36 (KHTML, like Gecko; compatible; ClaudeBot/1.0; +claudebot@anthropic.com)"
216.73.216.29 - - [16/Jun/2025:09:01:35 -0500] "GET /vendor/omnipay/paypal/src/Message/?C=D&O=A HTTP/2.0" 200 9745 "-" "Mozilla/5.0 AppleWebKit/537.36 (KHTML, like Gecko; compatible; ClaudeBot/1.0; +claudebot@anthropic.com)"
216.73.216.29 - - [16/Jun/2025:09:01:35 -0500] "GET /vendor/symfony/cache-contracts/?C=D&O=D HTTP/2.0" 200 2140 "-" "Mozilla/5.0 AppleWebKit/537.36 (KHTML, like Gecko; compatible; ClaudeBot/1.0; +claudebot@anthropic.com)"
216.73.216.29 - - [16/Jun/2025:09:01:35 -0500] "GET /vendor/omnipay/stripe/tests/?C=M&O=D HTTP/2.0" 200 1404 "-" "Mozilla/5.0 AppleWebKit/537.36 (KHTML, like Gecko; compatible; ClaudeBot/1.0; +claudebot@anthropic.com)"
216.73.216.29 - - [16/Jun/2025:09:01:35 -0500] "GET /vendor/guzzlehttp/guzzle/src/TransferStats.php HTTP/2.0" 200 - "-" "Mozilla/5.0 AppleWebKit/537.36 (KHTML, like Gecko; compatible; ClaudeBot/1.0; +claudebot@anthropic.com)"
216.73.216.29 - - [16/Jun/2025:09:01:36 -0500] "GET /vendor/jetbrains/phpstorm-stubs/mapscript/?C=S&O=A HTTP/2.0" 200 885 "-" "Mozilla/5.0 AppleWebKit/537.36 (KHTML, like Gecko; compatible; ClaudeBot/1.0; +claudebot@anthropic.com)"
216.73.216.29 - - [16/Jun/2025:09:01:36 -0500] "GET /vendor/algolia/algoliasearch-client-php/src/Exceptions/?C=N&O=D HTTP/2.0" 200 2661 "-" "Mozilla/5.0 AppleWebKit/537.36 (KHTML, like Gecko; compatible; ClaudeBot/1.0; +claudebot@anthropic.com)"
216.73.216.29 - - [16/Jun/2025:09:01:36 -0500] "GET /vendor/symfony/error-handler/Error/?C=S&O=A HTTP/2.0" 200 1639 "-" "Mozilla/5.0 AppleWebKit/537.36 (KHTML, like Gecko; compatible; ClaudeBot/1.0; +claudebot@anthropic.com)"
216.73.216.29 - - [16/Jun/2025:09:01:36 -0500] "GET /vendor/symfony/polyfill-php73/Resources/stubs/?C=S&O=A HTTP/2.0" 200 905 "-" "Mozilla/5.0 AppleWebKit/537.36 (KHTML, like Gecko; compatible; ClaudeBot/1.0; +claudebot@anthropic.com)"
216.73.216.29 - - [16/Jun/2025:09:01:36 -0500] "GET /vendor/jetbrains/phpstorm-stubs/Reflection/?C=D&O=D HTTP/2.0" 200 888 "-" "Mozilla/5.0 AppleWebKit/537.36 (KHTML, like Gecko; compatible; ClaudeBot/1.0; +claudebot@anthropic.com)"
85.208.96.211 - - [16/Jun/2025:09:02:09 -0500] "GET /vendor/google/apiclient-services/src/CloudDomains/RegisterDomainRequest.php HTTP/1.1" 500 - "-" "Mozilla/5.0 (compatible; SemrushBot/7~bl; +http://www.semrush.com/bot.html)"
216.73.216.29 - - [16/Jun/2025:09:02:21 -0500] "GET /vendor/vlucas/phpdotenv/src/Store/?C=N&O=D HTTP/2.0" 200 1591 "-" "Mozilla/5.0 AppleWebKit/537.36 (KHTML, like Gecko; compatible; ClaudeBot/1.0; +claudebot@anthropic.com)"
216.73.216.29 - - [16/Jun/2025:09:02:21 -0500] "GET /vendor/jetbrains/phpstorm-stubs/recode/?C=N&O=A HTTP/2.0" 200 876 "-" "Mozilla/5.0 AppleWebKit/537.36 (KHTML, like Gecko; compatible; ClaudeBot/1.0; +claudebot@anthropic.com)"
216.73.216.29 - - [16/Jun/2025:09:02:21 -0500] "GET /vendor/rackspace/php-opencloud/samples/Compute/?C=D&O=A HTTP/2.0" 200 4397 "-" "Mozilla/5.0 AppleWebKit/537.36 (KHTML, like Gecko; compatible; ClaudeBot/1.0; +claudebot@anthropic.com)"
216.73.216.29 - - [16/Jun/2025:09:02:21 -0500] "GET /vendor/jetbrains/phpstorm-stubs/solr/Exceptions/?C=D&O=A HTTP/2.0" 200 1908 "-" "Mozilla/5.0 AppleWebKit/537.36 (KHTML, like Gecko; compatible; ClaudeBot/1.0; +claudebot@anthropic.com)"
216.73.216.29 - - [16/Jun/2025:09:02:21 -0500] "GET /vendor/jetbrains/phpstorm-stubs/curl/?C=N&O=D HTTP/2.0" 200 1048 "-" "Mozilla/5.0 AppleWebKit/537.36 (KHTML, like Gecko; compatible; ClaudeBot/1.0; +claudebot@anthropic.com)"
216.73.216.29 - - [16/Jun/2025:09:02:21 -0500] "GET /vendor/jetbrains/phpstorm-stubs/tests/TestData/?C=M&O=A HTTP/2.0" 200 1084 "-" "Mozilla/5.0 AppleWebKit/537.36 (KHTML, like Gecko; compatible; ClaudeBot/1.0; +claudebot@anthropic.com)"
216.73.216.29 - - [16/Jun/2025:09:02:21 -0500] "GET /vendor/omnipay/stripe/tests/?C=D&O=D HTTP/2.0" 200 1404 "-" "Mozilla/5.0 AppleWebKit/537.36 (KHTML, like Gecko; compatible; ClaudeBot/1.0; +claudebot@anthropic.com)"
216.73.216.29 - - [16/Jun/2025:09:02:21 -0500] "GET /vendor/symfony/var-dumper/Command/Descriptor/?C=S&O=A HTTP/2.0" 200 1281 "-" "Mozilla/5.0 AppleWebKit/537.36 (KHTML, like Gecko; compatible; ClaudeBot/1.0; +claudebot@anthropic.com)"
216.73.216.29 - - [16/Jun/2025:09:02:21 -0500] "GET /vendor/nikic/php-parser/lib/?C=M&O=D HTTP/2.0" 200 846 "-" "Mozilla/5.0 AppleWebKit/537.36 (KHTML, like Gecko; compatible; ClaudeBot/1.0; +claudebot@anthropic.com)"
216.73.216.29 - - [16/Jun/2025:09:02:21 -0500] "GET /vendor/symfony/serializer/Mapping/Factory/?C=S&O=A HTTP/2.0" 200 1901 "-" "Mozilla/5.0 AppleWebKit/537.36 (KHTML, like Gecko; compatible; ClaudeBot/1.0; +claudebot@anthropic.com)"
20.171.207.195 - - [16/Jun/2025:09:02:21 -0500] "GET /vendor/google/apiclient-services/src/Directory/FailureInfo.php HTTP/2.0" 500 - "-" "Mozilla/5.0 AppleWebKit/537.36 (KHTML, like Gecko; compatible; GPTBot/1.2; +https://openai.com/gptbot)"
216.73.216.29 - - [16/Jun/2025:09:02:21 -0500] "GET /vendor/jetbrains/phpstorm-stubs/ZendDebugger/?C=M&O=D HTTP/2.0" 200 894 "-" "Mozilla/5.0 AppleWebKit/537.36 (KHTML, like Gecko; compatible; ClaudeBot/1.0; +claudebot@anthropic.com)"
