%PDF- %PDF-
Mini Shell

Mini Shell

Direktori : /home/graphicd/access-logs/
Upload File :
Create Path :
Current File : /home/graphicd/access-logs/vebto.graphicdesigncash.com-ssl_log

20.171.207.246 - - [16/Jun/2025:07:04:09 -0500] "GET /vendor/google/apiclient-services/src/Slides/CropProperties.php HTTP/2.0" 500 - "-" "Mozilla/5.0 AppleWebKit/537.36 (KHTML, like Gecko; compatible; GPTBot/1.2; +https://openai.com/gptbot)"
85.208.96.210 - - [16/Jun/2025:07:04:15 -0500] "GET /vendor/google/apiclient-services/src/Iam.php HTTP/1.1" 500 - "-" "Mozilla/5.0 (compatible; SemrushBot/7~bl; +http://www.semrush.com/bot.html)"
216.73.216.29 - - [16/Jun/2025:07:04:26 -0500] "GET /vendor/spatie/laravel-analytics/src/Exceptions/?C=M&O=A HTTP/2.0" 200 1098 "-" "Mozilla/5.0 AppleWebKit/537.36 (KHTML, like Gecko; compatible; ClaudeBot/1.0; +claudebot@anthropic.com)"
216.73.216.29 - - [16/Jun/2025:07:04:26 -0500] "GET /vendor/jetbrains/phpstorm-stubs/grpc/?C=M&O=A HTTP/2.0" 200 870 "-" "Mozilla/5.0 AppleWebKit/537.36 (KHTML, like Gecko; compatible; ClaudeBot/1.0; +claudebot@anthropic.com)"
216.73.216.29 - - [16/Jun/2025:07:04:26 -0500] "GET /vendor/league/commonmark/src/Reference HTTP/2.0" 301 287 "-" "Mozilla/5.0 AppleWebKit/537.36 (KHTML, like Gecko; compatible; ClaudeBot/1.0; +claudebot@anthropic.com)"
216.73.216.29 - - [16/Jun/2025:07:04:26 -0500] "GET /vendor/league/commonmark/src/Reference/ HTTP/2.0" 200 1633 "https://www.vebto.graphicdesigncash.com/vendor/league/commonmark/src/Reference" "Mozilla/5.0 AppleWebKit/537.36 (KHTML, like Gecko; compatible; ClaudeBot/1.0; +claudebot@anthropic.com)"
216.73.216.29 - - [16/Jun/2025:07:04:26 -0500] "GET /vendor/league/commonmark/src/MarkdownConverter.php HTTP/2.0" 500 - "-" "Mozilla/5.0 AppleWebKit/537.36 (KHTML, like Gecko; compatible; ClaudeBot/1.0; +claudebot@anthropic.com)"
216.73.216.29 - - [16/Jun/2025:07:04:27 -0500] "GET /vendor/league/commonmark/src/Converter.php HTTP/2.0" 500 - "-" "Mozilla/5.0 AppleWebKit/537.36 (KHTML, like Gecko; compatible; ClaudeBot/1.0; +claudebot@anthropic.com)"
185.191.171.13 - - [16/Jun/2025:07:04:55 -0500] "GET /vendor/ramsey/uuid/src/Converter/Number/ HTTP/1.1" 200 701 "-" "Mozilla/5.0 (compatible; SemrushBot/7~bl; +http://www.semrush.com/bot.html)"
85.208.96.209 - - [16/Jun/2025:07:04:56 -0500] "GET /vendor/google/apiclient-services/src/FirebaseDynamicLinks/DesktopInfo.php HTTP/1.1" 500 - "-" "Mozilla/5.0 (compatible; SemrushBot/7~bl; +http://www.semrush.com/bot.html)"
20.171.207.195 - - [16/Jun/2025:07:05:02 -0500] "GET /vendor/google/apiclient-services/src/Datastore/RollbackResponse.php HTTP/2.0" 500 - "-" "Mozilla/5.0 AppleWebKit/537.36 (KHTML, like Gecko; compatible; GPTBot/1.2; +https://openai.com/gptbot)"
85.208.96.206 - - [16/Jun/2025:07:05:06 -0500] "GET /vendor/google/apiclient-services/src/AndroidPublisher/VoidedPurchase.php HTTP/1.1" 500 - "-" "Mozilla/5.0 (compatible; SemrushBot/7~bl; +http://www.semrush.com/bot.html)"
20.171.207.246 - - [16/Jun/2025:07:05:12 -0500] "GET /vendor/google/apiclient-services/src/Slides/CreateShapeRequest.php HTTP/2.0" 500 - "-" "Mozilla/5.0 AppleWebKit/537.36 (KHTML, like Gecko; compatible; GPTBot/1.2; +https://openai.com/gptbot)"
216.73.216.29 - - [16/Jun/2025:07:05:14 -0500] "GET /vendor/jetbrains/phpstorm-stubs/ncurses/?C=S&O=A HTTP/2.0" 200 879 "-" "Mozilla/5.0 AppleWebKit/537.36 (KHTML, like Gecko; compatible; ClaudeBot/1.0; +claudebot@anthropic.com)"
216.73.216.29 - - [16/Jun/2025:07:05:14 -0500] "GET /vendor/spatie/laravel-analytics/src/Exceptions/?C=D&O=A HTTP/2.0" 200 1098 "-" "Mozilla/5.0 AppleWebKit/537.36 (KHTML, like Gecko; compatible; ClaudeBot/1.0; +claudebot@anthropic.com)"
216.73.216.29 - - [16/Jun/2025:07:05:14 -0500] "GET /vendor/paragonie/sodium_compat/src/SodiumException.php HTTP/2.0" 200 - "-" "Mozilla/5.0 AppleWebKit/537.36 (KHTML, like Gecko; compatible; ClaudeBot/1.0; +claudebot@anthropic.com)"
216.73.216.29 - - [16/Jun/2025:07:05:14 -0500] "GET /vendor/jetbrains/phpstorm-stubs/pdflib/?C=S&O=A HTTP/2.0" 200 876 "-" "Mozilla/5.0 AppleWebKit/537.36 (KHTML, like Gecko; compatible; ClaudeBot/1.0; +claudebot@anthropic.com)"
216.73.216.29 - - [16/Jun/2025:07:05:15 -0500] "GET /vendor/jetbrains/phpstorm-stubs/grpc/?C=D&O=A HTTP/2.0" 200 870 "-" "Mozilla/5.0 AppleWebKit/537.36 (KHTML, like Gecko; compatible; ClaudeBot/1.0; +claudebot@anthropic.com)"
85.208.96.196 - - [16/Jun/2025:07:05:19 -0500] "GET /vendor/rackspace/php-opencloud/tests/OpenCloud/Tests/LoadBalancer/ HTTP/1.1" 200 1128 "-" "Mozilla/5.0 (compatible; SemrushBot/7~bl; +http://www.semrush.com/bot.html)"
216.73.216.29 - - [16/Jun/2025:07:06:03 -0500] "GET /vendor/symfony/string/Resources/bin/?C=M&O=A HTTP/2.0" 200 692 "-" "Mozilla/5.0 AppleWebKit/537.36 (KHTML, like Gecko; compatible; ClaudeBot/1.0; +claudebot@anthropic.com)"
216.73.216.29 - - [16/Jun/2025:07:06:03 -0500] "GET /vendor/league/commonmark/src/Context.php HTTP/2.0" 500 - "-" "Mozilla/5.0 AppleWebKit/537.36 (KHTML, like Gecko; compatible; ClaudeBot/1.0; +claudebot@anthropic.com)"
216.73.216.29 - - [16/Jun/2025:07:06:03 -0500] "GET /vendor/spatie/laravel-analytics/src/?C=N&O=A HTTP/2.0" 200 2000 "-" "Mozilla/5.0 AppleWebKit/537.36 (KHTML, like Gecko; compatible; ClaudeBot/1.0; +claudebot@anthropic.com)"
20.171.207.195 - - [16/Jun/2025:07:06:03 -0500] "GET /vendor/google/apiclient-services/src/Datastore/RunQueryResponse.php HTTP/2.0" 500 - "-" "Mozilla/5.0 AppleWebKit/537.36 (KHTML, like Gecko; compatible; GPTBot/1.2; +https://openai.com/gptbot)"
216.73.216.29 - - [16/Jun/2025:07:06:03 -0500] "GET /vendor/rackspace/php-opencloud/doc/_build/?C=M&O=A HTTP/2.0" 200 1057 "-" "Mozilla/5.0 AppleWebKit/537.36 (KHTML, like Gecko; compatible; ClaudeBot/1.0; +claudebot@anthropic.com)"
85.208.96.194 - - [16/Jun/2025:07:06:10 -0500] "GET /vendor/google/apiclient-services/src/FirebaseManagement/WebAppConfig.php HTTP/1.1" 500 - "-" "Mozilla/5.0 (compatible; SemrushBot/7~bl; +http://www.semrush.com/bot.html)"
20.171.207.246 - - [16/Jun/2025:07:06:12 -0500] "GET /vendor/google/apiclient-services/src/Slides/ImageProperties.php HTTP/2.0" 500 - "-" "Mozilla/5.0 AppleWebKit/537.36 (KHTML, like Gecko; compatible; GPTBot/1.2; +https://openai.com/gptbot)"
216.73.216.29 - - [16/Jun/2025:07:06:50 -0500] "GET /vendor/symfony/string/Resources/bin/?C=D&O=A HTTP/2.0" 200 692 "-" "Mozilla/5.0 AppleWebKit/537.36 (KHTML, like Gecko; compatible; ClaudeBot/1.0; +claudebot@anthropic.com)"
216.73.216.29 - - [16/Jun/2025:07:06:50 -0500] "GET /vendor/jetbrains/phpstorm-stubs/rrd/?C=S&O=A HTTP/2.0" 200 867 "-" "Mozilla/5.0 AppleWebKit/537.36 (KHTML, like Gecko; compatible; ClaudeBot/1.0; +claudebot@anthropic.com)"
216.73.216.29 - - [16/Jun/2025:07:06:50 -0500] "GET /vendor/symfony/dom-crawler/Test/?C=M&O=A HTTP/2.0" 200 858 "-" "Mozilla/5.0 AppleWebKit/537.36 (KHTML, like Gecko; compatible; ClaudeBot/1.0; +claudebot@anthropic.com)"
216.73.216.29 - - [16/Jun/2025:07:06:51 -0500] "GET /vendor/rackspace/php-opencloud/doc/_build/?C=D&O=A HTTP/2.0" 200 1057 "-" "Mozilla/5.0 AppleWebKit/537.36 (KHTML, like Gecko; compatible; ClaudeBot/1.0; +claudebot@anthropic.com)"
85.208.96.194 - - [16/Jun/2025:07:06:52 -0500] "GET /vendor/rackspace/php-opencloud/tests/OpenCloud/Tests/Autoscale/_response/Policy.resp HTTP/1.1" 200 767 "-" "Mozilla/5.0 (compatible; SemrushBot/7~bl; +http://www.semrush.com/bot.html)"
20.171.207.195 - - [16/Jun/2025:07:07:06 -0500] "GET /vendor/google/apiclient-services/src/Translate/LanguageCodesSet.php HTTP/2.0" 500 - "-" "Mozilla/5.0 AppleWebKit/537.36 (KHTML, like Gecko; compatible; GPTBot/1.2; +https://openai.com/gptbot)"
20.171.207.246 - - [16/Jun/2025:07:07:14 -0500] "GET /vendor/google/apiclient-services/src/Blogger/CommentAuthor.php HTTP/2.0" 500 - "-" "Mozilla/5.0 AppleWebKit/537.36 (KHTML, like Gecko; compatible; GPTBot/1.2; +https://openai.com/gptbot)"
85.208.96.210 - - [16/Jun/2025:07:07:19 -0500] "GET /vendor/google/apiclient-services/src/Dfareporting/Site.php HTTP/1.1" 500 - "-" "Mozilla/5.0 (compatible; SemrushBot/7~bl; +http://www.semrush.com/bot.html)"
216.73.216.29 - - [16/Jun/2025:07:07:40 -0500] "GET /vendor/league/commonmark/src/Exception HTTP/2.0" 301 287 "-" "Mozilla/5.0 AppleWebKit/537.36 (KHTML, like Gecko; compatible; ClaudeBot/1.0; +claudebot@anthropic.com)"
216.73.216.29 - - [16/Jun/2025:07:07:40 -0500] "GET /vendor/paragonie/sodium_compat/lib/ristretto255.php HTTP/2.0" 500 - "-" "Mozilla/5.0 AppleWebKit/537.36 (KHTML, like Gecko; compatible; ClaudeBot/1.0; +claudebot@anthropic.com)"
216.73.216.29 - - [16/Jun/2025:07:07:40 -0500] "GET /vendor/league/commonmark/src/Exception/ HTTP/2.0" 200 1094 "https://www.vebto.graphicdesigncash.com/vendor/league/commonmark/src/Exception" "Mozilla/5.0 AppleWebKit/537.36 (KHTML, like Gecko; compatible; ClaudeBot/1.0; +claudebot@anthropic.com)"
216.73.216.29 - - [16/Jun/2025:07:07:40 -0500] "GET /vendor/composer/package-versions-deprecated/src/PackageVersions/?C=S&O=A HTTP/2.0" 200 1313 "-" "Mozilla/5.0 AppleWebKit/537.36 (KHTML, like Gecko; compatible; ClaudeBot/1.0; +claudebot@anthropic.com)"
216.73.216.29 - - [16/Jun/2025:07:07:40 -0500] "GET /vendor/symfony/dom-crawler/Test/?C=D&O=A HTTP/2.0" 200 858 "-" "Mozilla/5.0 AppleWebKit/537.36 (KHTML, like Gecko; compatible; ClaudeBot/1.0; +claudebot@anthropic.com)"
85.208.96.200 - - [16/Jun/2025:07:07:44 -0500] "GET /vendor/google/apiclient-services/src/PolicyTroubleshooter/GoogleIamV1Policy.php HTTP/1.1" 500 - "-" "Mozilla/5.0 (compatible; SemrushBot/7~bl; +http://www.semrush.com/bot.html)"
20.171.207.195 - - [16/Jun/2025:07:08:12 -0500] "GET /vendor/google/apiclient-services/src/Directory/CalendarResources.php HTTP/2.0" 500 - "-" "Mozilla/5.0 AppleWebKit/537.36 (KHTML, like Gecko; compatible; GPTBot/1.2; +https://openai.com/gptbot)"
20.171.207.246 - - [16/Jun/2025:07:08:17 -0500] "GET /vendor/google/apiclient-services/src/Slides/DeleteTextRequest.php HTTP/2.0" 500 - "-" "Mozilla/5.0 AppleWebKit/537.36 (KHTML, like Gecko; compatible; GPTBot/1.2; +https://openai.com/gptbot)"
216.73.216.29 - - [16/Jun/2025:07:08:32 -0500] "GET /vendor/jetbrains/phpstorm-stubs/pdflib/?C=D&O=A HTTP/2.0" 200 876 "-" "Mozilla/5.0 AppleWebKit/537.36 (KHTML, like Gecko; compatible; ClaudeBot/1.0; +claudebot@anthropic.com)"
216.73.216.29 - - [16/Jun/2025:07:08:32 -0500] "GET /vendor/symfony/var-dumper/Exception/?C=S&O=A HTTP/2.0" 200 884 "-" "Mozilla/5.0 AppleWebKit/537.36 (KHTML, like Gecko; compatible; ClaudeBot/1.0; +claudebot@anthropic.com)"
216.73.216.29 - - [16/Jun/2025:07:08:33 -0500] "GET /vendor/league/commonmark/src/Node HTTP/2.0" 301 282 "-" "Mozilla/5.0 AppleWebKit/537.36 (KHTML, like Gecko; compatible; ClaudeBot/1.0; +claudebot@anthropic.com)"
216.73.216.29 - - [16/Jun/2025:07:08:33 -0500] "GET /vendor/league/commonmark/src/Node/ HTTP/2.0" 200 1230 "https://www.vebto.graphicdesigncash.com/vendor/league/commonmark/src/Node" "Mozilla/5.0 AppleWebKit/537.36 (KHTML, like Gecko; compatible; ClaudeBot/1.0; +claudebot@anthropic.com)"
216.73.216.29 - - [16/Jun/2025:07:08:33 -0500] "GET /vendor/jetbrains/phpstorm-stubs/pdflib/?C=M&O=A HTTP/2.0" 200 876 "-" "Mozilla/5.0 AppleWebKit/537.36 (KHTML, like Gecko; compatible; ClaudeBot/1.0; +claudebot@anthropic.com)"
85.208.96.204 - - [16/Jun/2025:07:08:51 -0500] "GET /vendor/aws/aws-sdk-php/src/data/forecastquery/ HTTP/1.1" 200 891 "-" "Mozilla/5.0 (compatible; SemrushBot/7~bl; +http://www.semrush.com/bot.html)"
20.171.207.195 - - [16/Jun/2025:07:09:13 -0500] "GET /vendor/google/apiclient-services/src/Firestore/BeginTransactionRequest.php HTTP/2.0" 500 - "-" "Mozilla/5.0 AppleWebKit/537.36 (KHTML, like Gecko; compatible; GPTBot/1.2; +https://openai.com/gptbot)"
20.171.207.246 - - [16/Jun/2025:07:09:20 -0500] "GET /vendor/google/apiclient-services/src/Slides/PageProperties.php HTTP/2.0" 500 - "-" "Mozilla/5.0 AppleWebKit/537.36 (KHTML, like Gecko; compatible; GPTBot/1.2; +https://openai.com/gptbot)"
185.191.171.15 - - [16/Jun/2025:07:09:23 -0500] "GET /vendor/aws/aws-sdk-php/src/AppRegistry/ HTTP/1.1" 200 1060 "-" "Mozilla/5.0 (compatible; SemrushBot/7~bl; +http://www.semrush.com/bot.html)"
216.73.216.29 - - [16/Jun/2025:07:09:41 -0500] "GET /vendor/paragonie/sodium_compat/namespaced/Core HTTP/2.0" 301 295 "-" "Mozilla/5.0 AppleWebKit/537.36 (KHTML, like Gecko; compatible; ClaudeBot/1.0; +claudebot@anthropic.com)"
216.73.216.29 - - [16/Jun/2025:07:09:41 -0500] "GET /vendor/paragonie/sodium_compat/namespaced/Core/ HTTP/2.0" 200 3591 "https://www.vebto.graphicdesigncash.com/vendor/paragonie/sodium_compat/namespaced/Core" "Mozilla/5.0 AppleWebKit/537.36 (KHTML, like Gecko; compatible; ClaudeBot/1.0; +claudebot@anthropic.com)"
216.73.216.29 - - [16/Jun/2025:07:09:41 -0500] "GET /vendor/league/commonmark/src/Environment.php HTTP/2.0" 500 - "-" "Mozilla/5.0 AppleWebKit/537.36 (KHTML, like Gecko; compatible; ClaudeBot/1.0; +claudebot@anthropic.com)"
216.73.216.29 - - [16/Jun/2025:07:09:41 -0500] "GET /vendor/paragonie/sodium_compat/src/Core HTTP/2.0" 301 288 "-" "Mozilla/5.0 AppleWebKit/537.36 (KHTML, like Gecko; compatible; ClaudeBot/1.0; +claudebot@anthropic.com)"
216.73.216.29 - - [16/Jun/2025:07:09:41 -0500] "GET /vendor/paragonie/sodium_compat/src/Core/ HTTP/2.0" 200 4110 "https://www.vebto.graphicdesigncash.com/vendor/paragonie/sodium_compat/src/Core" "Mozilla/5.0 AppleWebKit/537.36 (KHTML, like Gecko; compatible; ClaudeBot/1.0; +claudebot@anthropic.com)"
216.73.216.29 - - [16/Jun/2025:07:09:41 -0500] "GET /vendor/jetbrains/phpstorm-stubs/ncurses/?C=M&O=A HTTP/2.0" 200 879 "-" "Mozilla/5.0 AppleWebKit/537.36 (KHTML, like Gecko; compatible; ClaudeBot/1.0; +claudebot@anthropic.com)"
185.191.171.12 - - [16/Jun/2025:07:10:05 -0500] "GET /vendor/google/apiclient-services/src/Storage/ObjectAccessControls.php HTTP/1.1" 500 - "-" "Mozilla/5.0 (compatible; SemrushBot/7~bl; +http://www.semrush.com/bot.html)"
20.171.207.195 - - [16/Jun/2025:07:10:14 -0500] "GET /vendor/google/apiclient-services/src/Container/LoggingComponentConfig.php HTTP/2.0" 500 - "-" "Mozilla/5.0 AppleWebKit/537.36 (KHTML, like Gecko; compatible; GPTBot/1.2; +https://openai.com/gptbot)"
20.171.207.246 - - [16/Jun/2025:07:10:20 -0500] "GET /vendor/google/apiclient-services/src/Slides/RerouteLineRequest.php HTTP/2.0" 500 - "-" "Mozilla/5.0 AppleWebKit/537.36 (KHTML, like Gecko; compatible; GPTBot/1.2; +https://openai.com/gptbot)"
4.227.36.68 - - [16/Jun/2025:07:10:21 -0500] "GET /robots.txt HTTP/2.0" 404 - "-" "Mozilla/5.0 AppleWebKit/537.36 (KHTML, like Gecko; compatible; GPTBot/1.2; +https://openai.com/gptbot)"
85.208.96.206 - - [16/Jun/2025:07:10:29 -0500] "GET /vendor/google/apiclient-services/src/SecurityCommandCenter/Policy.php HTTP/1.1" 500 - "-" "Mozilla/5.0 (compatible; SemrushBot/7~bl; +http://www.semrush.com/bot.html)"
216.73.216.29 - - [16/Jun/2025:07:10:57 -0500] "GET /vendor/paragonie/sodium_compat/src/Core32 HTTP/2.0" 301 290 "-" "Mozilla/5.0 AppleWebKit/537.36 (KHTML, like Gecko; compatible; ClaudeBot/1.0; +claudebot@anthropic.com)"
216.73.216.29 - - [16/Jun/2025:07:10:57 -0500] "GET /vendor/jetbrains/phpstorm-stubs/rrd/?C=M&O=A HTTP/2.0" 200 867 "-" "Mozilla/5.0 AppleWebKit/537.36 (KHTML, like Gecko; compatible; ClaudeBot/1.0; +claudebot@anthropic.com)"
216.73.216.29 - - [16/Jun/2025:07:10:57 -0500] "GET /vendor/paragonie/sodium_compat/src/Core32/ HTTP/2.0" 200 4109 "https://www.vebto.graphicdesigncash.com/vendor/paragonie/sodium_compat/src/Core32" "Mozilla/5.0 AppleWebKit/537.36 (KHTML, like Gecko; compatible; ClaudeBot/1.0; +claudebot@anthropic.com)"
216.73.216.29 - - [16/Jun/2025:07:10:57 -0500] "GET /vendor/jetbrains/phpstorm-stubs/ncurses/?C=D&O=A HTTP/2.0" 200 879 "-" "Mozilla/5.0 AppleWebKit/537.36 (KHTML, like Gecko; compatible; ClaudeBot/1.0; +claudebot@anthropic.com)"
216.73.216.29 - - [16/Jun/2025:07:10:58 -0500] "GET /vendor/paragonie/sodium_compat/namespaced/Crypto.php HTTP/2.0" 500 - "-" "Mozilla/5.0 AppleWebKit/537.36 (KHTML, like Gecko; compatible; ClaudeBot/1.0; +claudebot@anthropic.com)"
20.171.207.195 - - [16/Jun/2025:07:11:17 -0500] "GET /vendor/google/apiclient-services/src/Directory/VerificationCode.php HTTP/2.0" 500 - "-" "Mozilla/5.0 AppleWebKit/537.36 (KHTML, like Gecko; compatible; GPTBot/1.2; +https://openai.com/gptbot)"
20.171.207.246 - - [16/Jun/2025:07:11:22 -0500] "GET /vendor/google/apiclient-services/src/Slides/TableBorderRow.php HTTP/2.0" 500 - "-" "Mozilla/5.0 AppleWebKit/537.36 (KHTML, like Gecko; compatible; GPTBot/1.2; +https://openai.com/gptbot)"
216.73.216.29 - - [16/Jun/2025:07:11:59 -0500] "GET /vendor/composer/package-versions-deprecated/src/PackageVersions/?C=M&O=A HTTP/2.0" 200 1313 "-" "Mozilla/5.0 AppleWebKit/537.36 (KHTML, like Gecko; compatible; ClaudeBot/1.0; +claudebot@anthropic.com)"
216.73.216.29 - - [16/Jun/2025:07:11:59 -0500] "GET /vendor/paragonie/sodium_compat/src/Compat.php HTTP/2.0" 200 - "-" "Mozilla/5.0 AppleWebKit/537.36 (KHTML, like Gecko; compatible; ClaudeBot/1.0; +claudebot@anthropic.com)"
216.73.216.29 - - [16/Jun/2025:07:11:59 -0500] "GET /vendor/jetbrains/phpstorm-stubs/rrd/?C=D&O=A HTTP/2.0" 200 867 "-" "Mozilla/5.0 AppleWebKit/537.36 (KHTML, like Gecko; compatible; ClaudeBot/1.0; +claudebot@anthropic.com)"
216.73.216.29 - - [16/Jun/2025:07:12:00 -0500] "GET /vendor/league/commonmark/src/Util HTTP/2.0" 301 282 "-" "Mozilla/5.0 AppleWebKit/537.36 (KHTML, like Gecko; compatible; ClaudeBot/1.0; +claudebot@anthropic.com)"
216.73.216.29 - - [16/Jun/2025:07:12:00 -0500] "GET /vendor/league/commonmark/src/Util/ HTTP/2.0" 200 2746 "https://www.vebto.graphicdesigncash.com/vendor/league/commonmark/src/Util" "Mozilla/5.0 AppleWebKit/537.36 (KHTML, like Gecko; compatible; ClaudeBot/1.0; +claudebot@anthropic.com)"
185.191.171.18 - - [16/Jun/2025:07:12:01 -0500] "GET /vendor/league/commonmark/src/Extension/TableOfContents/ HTTP/1.1" 200 1089 "-" "Mozilla/5.0 (compatible; SemrushBot/7~bl; +http://www.semrush.com/bot.html)"
20.171.207.195 - - [16/Jun/2025:07:12:22 -0500] "GET /vendor/google/apiclient-services/src/Container/ShieldedInstanceConfig.php HTTP/2.0" 500 - "-" "Mozilla/5.0 AppleWebKit/537.36 (KHTML, like Gecko; compatible; GPTBot/1.2; +https://openai.com/gptbot)"
20.171.207.246 - - [16/Jun/2025:07:12:26 -0500] "GET /vendor/google/apiclient-services/src/Slides/LineProperties.php HTTP/2.0" 500 - "-" "Mozilla/5.0 AppleWebKit/537.36 (KHTML, like Gecko; compatible; GPTBot/1.2; +https://openai.com/gptbot)"
185.191.171.15 - - [16/Jun/2025:07:12:56 -0500] "GET /vendor/aws/aws-sdk-php/src/data/elastictranscoder/ HTTP/1.1" 200 899 "-" "Mozilla/5.0 (compatible; SemrushBot/7~bl; +http://www.semrush.com/bot.html)"
216.73.216.29 - - [16/Jun/2025:07:12:59 -0500] "GET /vendor/symfony/var-dumper/Exception/?C=M&O=A HTTP/2.0" 200 884 "-" "Mozilla/5.0 AppleWebKit/537.36 (KHTML, like Gecko; compatible; ClaudeBot/1.0; +claudebot@anthropic.com)"
216.73.216.29 - - [16/Jun/2025:07:12:59 -0500] "GET /vendor/composer/package-versions-deprecated/src/PackageVersions/?C=D&O=A HTTP/2.0" 200 1313 "-" "Mozilla/5.0 AppleWebKit/537.36 (KHTML, like Gecko; compatible; ClaudeBot/1.0; +claudebot@anthropic.com)"
216.73.216.29 - - [16/Jun/2025:07:12:59 -0500] "GET /vendor/paragonie/sodium_compat/src/Crypto32.php HTTP/2.0" 200 - "-" "Mozilla/5.0 AppleWebKit/537.36 (KHTML, like Gecko; compatible; ClaudeBot/1.0; +claudebot@anthropic.com)"
216.73.216.29 - - [16/Jun/2025:07:12:59 -0500] "GET /vendor/paragonie/sodium_compat/namespaced/Compat.php HTTP/2.0" 500 - "-" "Mozilla/5.0 AppleWebKit/537.36 (KHTML, like Gecko; compatible; ClaudeBot/1.0; +claudebot@anthropic.com)"
85.208.96.195 - - [16/Jun/2025:07:13:10 -0500] "GET /vendor/google/apiclient-services/src/ManufacturerCenter/Capacity.php HTTP/1.1" 500 - "-" "Mozilla/5.0 (compatible; SemrushBot/7~bl; +http://www.semrush.com/bot.html)"
20.171.207.195 - - [16/Jun/2025:07:13:23 -0500] "GET /vendor/google/apiclient-services/src/Appengine/ApiEndpointHandler.php HTTP/2.0" 500 - "-" "Mozilla/5.0 AppleWebKit/537.36 (KHTML, like Gecko; compatible; GPTBot/1.2; +https://openai.com/gptbot)"
20.171.207.246 - - [16/Jun/2025:07:13:29 -0500] "GET /vendor/google/apiclient-services/src/Slides/LineConnection.php HTTP/2.0" 500 - "-" "Mozilla/5.0 AppleWebKit/537.36 (KHTML, like Gecko; compatible; GPTBot/1.2; +https://openai.com/gptbot)"
216.73.216.29 - - [16/Jun/2025:07:13:55 -0500] "GET /vendor/league/commonmark/src/Delimiter HTTP/2.0" 301 287 "-" "Mozilla/5.0 AppleWebKit/537.36 (KHTML, like Gecko; compatible; ClaudeBot/1.0; +claudebot@anthropic.com)"
216.73.216.29 - - [16/Jun/2025:07:13:56 -0500] "GET /vendor/league/commonmark/src/Event HTTP/2.0" 301 283 "-" "Mozilla/5.0 AppleWebKit/537.36 (KHTML, like Gecko; compatible; ClaudeBot/1.0; +claudebot@anthropic.com)"
216.73.216.29 - - [16/Jun/2025:07:13:56 -0500] "GET /vendor/league/commonmark/src/Event/ HTTP/2.0" 200 1260 "https://www.vebto.graphicdesigncash.com/vendor/league/commonmark/src/Event" "Mozilla/5.0 AppleWebKit/537.36 (KHTML, like Gecko; compatible; ClaudeBot/1.0; +claudebot@anthropic.com)"
216.73.216.29 - - [16/Jun/2025:07:13:56 -0500] "GET /vendor/league/commonmark/src/Delimiter/ HTTP/2.0" 200 1430 "https://www.vebto.graphicdesigncash.com/vendor/league/commonmark/src/Delimiter" "Mozilla/5.0 AppleWebKit/537.36 (KHTML, like Gecko; compatible; ClaudeBot/1.0; +claudebot@anthropic.com)"
216.73.216.29 - - [16/Jun/2025:07:13:56 -0500] "GET /vendor/symfony/var-dumper/Exception/?C=D&O=A HTTP/2.0" 200 884 "-" "Mozilla/5.0 AppleWebKit/537.36 (KHTML, like Gecko; compatible; ClaudeBot/1.0; +claudebot@anthropic.com)"
216.73.216.29 - - [16/Jun/2025:07:13:56 -0500] "GET /vendor/league/commonmark/src/Inline HTTP/2.0" 301 284 "-" "Mozilla/5.0 AppleWebKit/537.36 (KHTML, like Gecko; compatible; ClaudeBot/1.0; +claudebot@anthropic.com)"
216.73.216.29 - - [16/Jun/2025:07:13:56 -0500] "GET /vendor/league/commonmark/src/Inline/ HTTP/2.0" 200 1407 "https://www.vebto.graphicdesigncash.com/vendor/league/commonmark/src/Inline" "Mozilla/5.0 AppleWebKit/537.36 (KHTML, like Gecko; compatible; ClaudeBot/1.0; +claudebot@anthropic.com)"
85.208.96.212 - - [16/Jun/2025:07:14:04 -0500] "GET /vendor/google/apiclient-services/src/Dns/ResponsePoliciesUpdateResponse.php HTTP/1.1" 500 - "-" "Mozilla/5.0 (compatible; SemrushBot/7~bl; +http://www.semrush.com/bot.html)"
185.191.171.7 - - [16/Jun/2025:07:14:08 -0500] "GET /vendor/google/apiclient-services/src/AlertCenter/AppsOutage.php HTTP/1.1" 500 - "-" "Mozilla/5.0 (compatible; SemrushBot/7~bl; +http://www.semrush.com/bot.html)"
20.171.207.195 - - [16/Jun/2025:07:14:25 -0500] "GET /vendor/google/apiclient-services/src/Directory/BuildingCoordinates.php HTTP/2.0" 500 - "-" "Mozilla/5.0 AppleWebKit/537.36 (KHTML, like Gecko; compatible; GPTBot/1.2; +https://openai.com/gptbot)"
20.171.207.246 - - [16/Jun/2025:07:14:31 -0500] "GET /vendor/google/apiclient-services/src/Slides/VideoProperties.php HTTP/2.0" 500 - "-" "Mozilla/5.0 AppleWebKit/537.36 (KHTML, like Gecko; compatible; GPTBot/1.2; +https://openai.com/gptbot)"
185.191.171.19 - - [16/Jun/2025:07:15:01 -0500] "GET /vendor/teamtnt/tntsearch/src/Stopwords/german.json HTTP/1.1" 200 2090 "-" "Mozilla/5.0 (compatible; SemrushBot/7~bl; +http://www.semrush.com/bot.html)"
216.73.216.29 - - [16/Jun/2025:07:15:10 -0500] "GET /vendor/league/commonmark/src/Block HTTP/2.0" 301 283 "-" "Mozilla/5.0 AppleWebKit/537.36 (KHTML, like Gecko; compatible; ClaudeBot/1.0; +claudebot@anthropic.com)"
216.73.216.29 - - [16/Jun/2025:07:15:10 -0500] "GET /vendor/lcobucci/jwt/?C=D&O=D HTTP/2.0" 200 1347 "-" "Mozilla/5.0 AppleWebKit/537.36 (KHTML, like Gecko; compatible; ClaudeBot/1.0; +claudebot@anthropic.com)"
216.73.216.29 - - [16/Jun/2025:07:15:10 -0500] "GET /vendor/willdurand/negotiation/src/Negotiation HTTP/2.0" 301 294 "-" "Mozilla/5.0 AppleWebKit/537.36 (KHTML, like Gecko; compatible; ClaudeBot/1.0; +claudebot@anthropic.com)"
216.73.216.29 - - [16/Jun/2025:07:15:10 -0500] "GET /vendor/lcobucci/jwt/?C=M&O=D HTTP/2.0" 200 1347 "-" "Mozilla/5.0 AppleWebKit/537.36 (KHTML, like Gecko; compatible; ClaudeBot/1.0; +claudebot@anthropic.com)"
216.73.216.29 - - [16/Jun/2025:07:15:10 -0500] "GET /vendor/willdurand/negotiation/src/Negotiation/ HTTP/2.0" 200 3117 "https://www.vebto.graphicdesigncash.com/vendor/willdurand/negotiation/src/Negotiation" "Mozilla/5.0 AppleWebKit/537.36 (KHTML, like Gecko; compatible; ClaudeBot/1.0; +claudebot@anthropic.com)"
216.73.216.29 - - [16/Jun/2025:07:15:10 -0500] "GET /vendor/league/commonmark/src/Block/ HTTP/2.0" 200 1215 "https://www.vebto.graphicdesigncash.com/vendor/league/commonmark/src/Block" "Mozilla/5.0 AppleWebKit/537.36 (KHTML, like Gecko; compatible; ClaudeBot/1.0; +claudebot@anthropic.com)"
20.171.207.195 - - [16/Jun/2025:07:15:29 -0500] "GET /vendor/google/apiclient-services/src/Analytics/ExperimentVariations.php HTTP/2.0" 500 - "-" "Mozilla/5.0 AppleWebKit/537.36 (KHTML, like Gecko; compatible; GPTBot/1.2; +https://openai.com/gptbot)"
20.171.207.246 - - [16/Jun/2025:07:15:32 -0500] "GET /vendor/google/apiclient-services/src/Blogger/PostPerUserInfo.php HTTP/2.0" 500 - "-" "Mozilla/5.0 AppleWebKit/537.36 (KHTML, like Gecko; compatible; GPTBot/1.2; +https://openai.com/gptbot)"
216.73.216.29 - - [16/Jun/2025:07:15:48 -0500] "GET /vendor/paragonie/sodium_compat/src/?C=N&O=D HTTP/2.0" 200 2110 "-" "Mozilla/5.0 AppleWebKit/537.36 (KHTML, like Gecko; compatible; ClaudeBot/1.0; +claudebot@anthropic.com)"
216.73.216.29 - - [16/Jun/2025:07:15:48 -0500] "GET /vendor/doctrine/event-manager/?C=D&O=D HTTP/2.0" 200 1192 "-" "Mozilla/5.0 AppleWebKit/537.36 (KHTML, like Gecko; compatible; ClaudeBot/1.0; +claudebot@anthropic.com)"
216.73.216.29 - - [16/Jun/2025:07:15:48 -0500] "GET /vendor/doctrine/cache/lib/?C=N&O=D HTTP/2.0" 200 839 "-" "Mozilla/5.0 AppleWebKit/537.36 (KHTML, like Gecko; compatible; ClaudeBot/1.0; +claudebot@anthropic.com)"
216.73.216.29 - - [16/Jun/2025:07:15:48 -0500] "GET /vendor/doctrine/cache/?C=S&O=D HTTP/2.0" 200 1541 "-" "Mozilla/5.0 AppleWebKit/537.36 (KHTML, like Gecko; compatible; ClaudeBot/1.0; +claudebot@anthropic.com)"
185.191.171.15 - - [16/Jun/2025:07:16:07 -0500] "GET /vendor/mikey179/vfsstream/src/test/php/org/ HTTP/1.1" 200 888 "-" "Mozilla/5.0 (compatible; SemrushBot/7~bl; +http://www.semrush.com/bot.html)"
85.208.96.197 - - [16/Jun/2025:07:16:13 -0500] "GET /vendor/php-http/discovery/src/Exception/PuliUnavailableException.php HTTP/1.1" 500 - "-" "Mozilla/5.0 (compatible; SemrushBot/7~bl; +http://www.semrush.com/bot.html)"
85.208.96.201 - - [16/Jun/2025:07:16:28 -0500] "GET /vendor/aws/aws-sdk-php/src/CloudFormation/ HTTP/1.1" 200 1072 "-" "Mozilla/5.0 (compatible; SemrushBot/7~bl; +http://www.semrush.com/bot.html)"
20.171.207.195 - - [16/Jun/2025:07:16:35 -0500] "GET /vendor/google/apiclient-services/src/Appengine/ListLocationsResponse.php HTTP/2.0" 500 - "-" "Mozilla/5.0 AppleWebKit/537.36 (KHTML, like Gecko; compatible; GPTBot/1.2; +https://openai.com/gptbot)"
20.171.207.246 - - [16/Jun/2025:07:16:37 -0500] "GET /vendor/google/apiclient-services/src/Slides/CreateLineResponse.php HTTP/2.0" 500 - "-" "Mozilla/5.0 AppleWebKit/537.36 (KHTML, like Gecko; compatible; GPTBot/1.2; +https://openai.com/gptbot)"
85.208.96.211 - - [16/Jun/2025:07:16:47 -0500] "GET /vendor/google/apiclient-services/src/ShoppingContent/OrderreturnsProcessRequest.php HTTP/1.1" 500 - "-" "Mozilla/5.0 (compatible; SemrushBot/7~bl; +http://www.semrush.com/bot.html)"
216.73.216.29 - - [16/Jun/2025:07:17:02 -0500] "GET /vendor/paragonie/sodium_compat/src/?C=S&O=A HTTP/2.0" 200 2110 "-" "Mozilla/5.0 AppleWebKit/537.36 (KHTML, like Gecko; compatible; ClaudeBot/1.0; +claudebot@anthropic.com)"
216.73.216.29 - - [16/Jun/2025:07:17:02 -0500] "GET /vendor/willdurand/negotiation/src/?C=N&O=D HTTP/2.0" 200 866 "-" "Mozilla/5.0 AppleWebKit/537.36 (KHTML, like Gecko; compatible; ClaudeBot/1.0; +claudebot@anthropic.com)"
216.73.216.29 - - [16/Jun/2025:07:17:02 -0500] "GET /vendor/league/commonmark/src/?C=N&O=D HTTP/2.0" 200 6606 "-" "Mozilla/5.0 AppleWebKit/537.36 (KHTML, like Gecko; compatible; ClaudeBot/1.0; +claudebot@anthropic.com)"
216.73.216.29 - - [16/Jun/2025:07:17:02 -0500] "GET /vendor/doctrine/cache/lib/?C=S&O=A HTTP/2.0" 200 839 "-" "Mozilla/5.0 AppleWebKit/537.36 (KHTML, like Gecko; compatible; ClaudeBot/1.0; +claudebot@anthropic.com)"
185.191.171.18 - - [16/Jun/2025:07:17:04 -0500] "GET /vendor/rackspace/php-opencloud/tests/OpenCloud/Tests/ HTTP/1.1" 200 3576 "-" "Mozilla/5.0 (compatible; SemrushBot/7~bl; +http://www.semrush.com/bot.html)"
20.171.207.195 - - [16/Jun/2025:07:17:39 -0500] "GET /vendor/google/apiclient-services/src/Firestore/ListDocumentsResponse.php HTTP/2.0" 500 - "-" "Mozilla/5.0 AppleWebKit/537.36 (KHTML, like Gecko; compatible; GPTBot/1.2; +https://openai.com/gptbot)"
216.73.216.29 - - [16/Jun/2025:07:17:40 -0500] "GET /vendor/doctrine/cache/lib/?C=D&O=A HTTP/2.0" 200 839 "-" "Mozilla/5.0 AppleWebKit/537.36 (KHTML, like Gecko; compatible; ClaudeBot/1.0; +claudebot@anthropic.com)"
216.73.216.29 - - [16/Jun/2025:07:17:40 -0500] "GET /vendor/doctrine/cache/lib/?C=M&O=A HTTP/2.0" 200 839 "-" "Mozilla/5.0 AppleWebKit/537.36 (KHTML, like Gecko; compatible; ClaudeBot/1.0; +claudebot@anthropic.com)"
216.73.216.29 - - [16/Jun/2025:07:17:40 -0500] "GET /vendor/paragonie/sodium_compat/lib/?C=N&O=D HTTP/2.0" 200 1981 "-" "Mozilla/5.0 AppleWebKit/537.36 (KHTML, like Gecko; compatible; ClaudeBot/1.0; +claudebot@anthropic.com)"
216.73.216.29 - - [16/Jun/2025:07:17:40 -0500] "GET /vendor/paragonie/sodium_compat/namespaced/?C=N&O=D HTTP/2.0" 200 1408 "-" "Mozilla/5.0 AppleWebKit/537.36 (KHTML, like Gecko; compatible; ClaudeBot/1.0; +claudebot@anthropic.com)"
20.171.207.246 - - [16/Jun/2025:07:17:41 -0500] "GET /vendor/google/apiclient-services/src/Slides/LayoutProperties.php HTTP/2.0" 500 - "-" "Mozilla/5.0 AppleWebKit/537.36 (KHTML, like Gecko; compatible; GPTBot/1.2; +https://openai.com/gptbot)"
185.191.171.4 - - [16/Jun/2025:07:18:05 -0500] "GET /vendor/rackspace/php-opencloud/docs/userguide/Debugging.md HTTP/1.1" 200 119 "-" "Mozilla/5.0 (compatible; SemrushBot/7~bl; +http://www.semrush.com/bot.html)"
216.73.216.29 - - [16/Jun/2025:07:18:23 -0500] "GET /vendor/paragonie/sodium_compat/src/?C=M&O=A HTTP/2.0" 200 2110 "-" "Mozilla/5.0 AppleWebKit/537.36 (KHTML, like Gecko; compatible; ClaudeBot/1.0; +claudebot@anthropic.com)"
216.73.216.29 - - [16/Jun/2025:07:18:23 -0500] "GET /vendor/willdurand/negotiation/src/?C=S&O=A HTTP/2.0" 200 866 "-" "Mozilla/5.0 AppleWebKit/537.36 (KHTML, like Gecko; compatible; ClaudeBot/1.0; +claudebot@anthropic.com)"
216.73.216.29 - - [16/Jun/2025:07:18:23 -0500] "GET /vendor/paragonie/sodium_compat/dist/Makefile HTTP/2.0" 200 1096 "-" "Mozilla/5.0 AppleWebKit/537.36 (KHTML, like Gecko; compatible; ClaudeBot/1.0; +claudebot@anthropic.com)"
216.73.216.29 - - [16/Jun/2025:07:18:24 -0500] "GET /vendor/league/commonmark/src/?C=S&O=A HTTP/2.0" 200 6606 "-" "Mozilla/5.0 AppleWebKit/537.36 (KHTML, like Gecko; compatible; ClaudeBot/1.0; +claudebot@anthropic.com)"
20.171.207.195 - - [16/Jun/2025:07:18:39 -0500] "GET /vendor/google/apiclient-services/src/Appengine/ListInstancesResponse.php HTTP/2.0" 500 - "-" "Mozilla/5.0 AppleWebKit/537.36 (KHTML, like Gecko; compatible; GPTBot/1.2; +https://openai.com/gptbot)"
20.171.207.246 - - [16/Jun/2025:07:18:44 -0500] "GET /vendor/google/apiclient-services/src/Slides/MasterProperties.php HTTP/2.0" 500 - "-" "Mozilla/5.0 AppleWebKit/537.36 (KHTML, like Gecko; compatible; GPTBot/1.2; +https://openai.com/gptbot)"
216.73.216.29 - - [16/Jun/2025:07:19:08 -0500] "GET /vendor/paragonie/sodium_compat/lib/?C=S&O=A HTTP/2.0" 200 1981 "-" "Mozilla/5.0 AppleWebKit/537.36 (KHTML, like Gecko; compatible; ClaudeBot/1.0; +claudebot@anthropic.com)"
216.73.216.29 - - [16/Jun/2025:07:19:08 -0500] "GET /vendor/paragonie/sodium_compat/?C=S&O=D HTTP/2.0" 200 3748 "-" "Mozilla/5.0 AppleWebKit/537.36 (KHTML, like Gecko; compatible; ClaudeBot/1.0; +claudebot@anthropic.com)"
216.73.216.29 - - [16/Jun/2025:07:19:08 -0500] "GET /vendor/paragonie/sodium_compat/namespaced/?C=S&O=A HTTP/2.0" 200 1408 "-" "Mozilla/5.0 AppleWebKit/537.36 (KHTML, like Gecko; compatible; ClaudeBot/1.0; +claudebot@anthropic.com)"
216.73.216.29 - - [16/Jun/2025:07:19:08 -0500] "GET /vendor/paragonie/sodium_compat/src/?C=D&O=A HTTP/2.0" 200 2110 "-" "Mozilla/5.0 AppleWebKit/537.36 (KHTML, like Gecko; compatible; ClaudeBot/1.0; +claudebot@anthropic.com)"
185.191.171.8 - - [16/Jun/2025:07:19:30 -0500] "GET /vendor/omnipay/stripe/src/Message/CreateSourceRequest.php HTTP/1.1" 500 - "-" "Mozilla/5.0 (compatible; SemrushBot/7~bl; +http://www.semrush.com/bot.html)"
20.171.207.195 - - [16/Jun/2025:07:19:42 -0500] "GET /vendor/google/apiclient-services/src/Container/SecurityBulletinEvent.php HTTP/2.0" 500 - "-" "Mozilla/5.0 AppleWebKit/537.36 (KHTML, like Gecko; compatible; GPTBot/1.2; +https://openai.com/gptbot)"
20.171.207.246 - - [16/Jun/2025:07:19:46 -0500] "GET /vendor/google/apiclient-services/src/Slides/ParagraphStyle.php HTTP/2.0" 500 - "-" "Mozilla/5.0 AppleWebKit/537.36 (KHTML, like Gecko; compatible; GPTBot/1.2; +https://openai.com/gptbot)"
216.73.216.29 - - [16/Jun/2025:07:20:01 -0500] "GET /vendor/willdurand/negotiation/src/?C=D&O=A HTTP/2.0" 200 866 "-" "Mozilla/5.0 AppleWebKit/537.36 (KHTML, like Gecko; compatible; ClaudeBot/1.0; +claudebot@anthropic.com)"
216.73.216.29 - - [16/Jun/2025:07:20:01 -0500] "GET /vendor/willdurand/negotiation/src/?C=M&O=A HTTP/2.0" 200 866 "-" "Mozilla/5.0 AppleWebKit/537.36 (KHTML, like Gecko; compatible; ClaudeBot/1.0; +claudebot@anthropic.com)"
216.73.216.29 - - [16/Jun/2025:07:20:01 -0500] "GET /vendor/league/commonmark/src/?C=D&O=A HTTP/2.0" 200 6606 "-" "Mozilla/5.0 AppleWebKit/537.36 (KHTML, like Gecko; compatible; ClaudeBot/1.0; +claudebot@anthropic.com)"
216.73.216.29 - - [16/Jun/2025:07:20:01 -0500] "GET /vendor/league/commonmark/src/?C=M&O=A HTTP/2.0" 200 6606 "-" "Mozilla/5.0 AppleWebKit/537.36 (KHTML, like Gecko; compatible; ClaudeBot/1.0; +claudebot@anthropic.com)"
185.191.171.9 - - [16/Jun/2025:07:20:44 -0500] "GET /vendor/google/apiclient-services/src/ShoppingContent/RegionalinventoryCustomBatchResponseEntry.php HTTP/1.1" 500 - "-" "Mozilla/5.0 (compatible; SemrushBot/7~bl; +http://www.semrush.com/bot.html)"
85.208.96.202 - - [16/Jun/2025:07:20:45 -0500] "GET /vendor/ongr/elasticsearch-dsl/docs/Aggregation/Bucketing/SignificantTerms.md HTTP/1.1" 200 2652 "-" "Mozilla/5.0 (compatible; SemrushBot/7~bl; +http://www.semrush.com/bot.html)"
85.208.96.194 - - [16/Jun/2025:07:20:46 -0500] "GET /vendor/google/apiclient-services/src/Sheets/DateTimeRule.php HTTP/1.1" 500 - "-" "Mozilla/5.0 (compatible; SemrushBot/7~bl; +http://www.semrush.com/bot.html)"
20.171.207.195 - - [16/Jun/2025:07:20:47 -0500] "GET /vendor/google/apiclient-services/src/Firestore/PartitionQueryRequest.php HTTP/2.0" 500 - "-" "Mozilla/5.0 AppleWebKit/537.36 (KHTML, like Gecko; compatible; GPTBot/1.2; +https://openai.com/gptbot)"
20.171.207.246 - - [16/Jun/2025:07:20:49 -0500] "GET /vendor/google/apiclient-services/src/Blogger/PostUserInfosList.php HTTP/2.0" 500 - "-" "Mozilla/5.0 AppleWebKit/537.36 (KHTML, like Gecko; compatible; GPTBot/1.2; +https://openai.com/gptbot)"
185.191.171.17 - - [16/Jun/2025:07:21:18 -0500] "GET /vendor/google/apiclient-services/src/Logging/Operation.php HTTP/1.1" 500 - "-" "Mozilla/5.0 (compatible; SemrushBot/7~bl; +http://www.semrush.com/bot.html)"
216.73.216.29 - - [16/Jun/2025:07:21:21 -0500] "GET /vendor/paragonie/sodium_compat/dist/?C=N&O=D HTTP/2.0" 200 1043 "-" "Mozilla/5.0 AppleWebKit/537.36 (KHTML, like Gecko; compatible; ClaudeBot/1.0; +claudebot@anthropic.com)"
216.73.216.29 - - [16/Jun/2025:07:21:21 -0500] "GET /vendor/paragonie/sodium_compat/namespaced/?C=D&O=A HTTP/2.0" 200 1408 "-" "Mozilla/5.0 AppleWebKit/537.36 (KHTML, like Gecko; compatible; ClaudeBot/1.0; +claudebot@anthropic.com)"
216.73.216.29 - - [16/Jun/2025:07:21:21 -0500] "GET /vendor/paragonie/sodium_compat/lib/?C=M&O=A HTTP/2.0" 200 1981 "-" "Mozilla/5.0 AppleWebKit/537.36 (KHTML, like Gecko; compatible; ClaudeBot/1.0; +claudebot@anthropic.com)"
216.73.216.29 - - [16/Jun/2025:07:21:21 -0500] "GET /vendor/paragonie/sodium_compat/?C=M&O=D HTTP/2.0" 200 3748 "-" "Mozilla/5.0 AppleWebKit/537.36 (KHTML, like Gecko; compatible; ClaudeBot/1.0; +claudebot@anthropic.com)"
85.208.96.200 - - [16/Jun/2025:07:21:29 -0500] "GET /vendor/google/apiclient-services/src/AndroidPublisher/ProductPurchasesAcknowledgeRequest.php HTTP/1.1" 500 - "-" "Mozilla/5.0 (compatible; SemrushBot/7~bl; +http://www.semrush.com/bot.html)"
85.208.96.200 - - [16/Jun/2025:07:21:35 -0500] "GET /vendor/google/apiclient-services/src/CloudIdentity/Resource/ HTTP/1.1" 200 759 "-" "Mozilla/5.0 (compatible; SemrushBot/7~bl; +http://www.semrush.com/bot.html)"
185.191.171.19 - - [16/Jun/2025:07:21:44 -0500] "GET /vendor/google/apiclient-services/src/Sasportal/SasPortalDeviceAirInterface.php HTTP/1.1" 500 - "-" "Mozilla/5.0 (compatible; SemrushBot/7~bl; +http://www.semrush.com/bot.html)"
20.171.207.195 - - [16/Jun/2025:07:21:47 -0500] "GET /vendor/google/apiclient-services/src/Classroom/ListInvitationsResponse.php HTTP/2.0" 500 - "-" "Mozilla/5.0 AppleWebKit/537.36 (KHTML, like Gecko; compatible; GPTBot/1.2; +https://openai.com/gptbot)"
20.171.207.246 - - [16/Jun/2025:07:21:52 -0500] "GET /vendor/google/apiclient-services/src/Slides/InsertTextRequest.php HTTP/2.0" 500 - "-" "Mozilla/5.0 AppleWebKit/537.36 (KHTML, like Gecko; compatible; GPTBot/1.2; +https://openai.com/gptbot)"
216.73.216.29 - - [16/Jun/2025:07:22:46 -0500] "GET /vendor/paragonie/sodium_compat/lib/?C=D&O=A HTTP/2.0" 200 1981 "-" "Mozilla/5.0 AppleWebKit/537.36 (KHTML, like Gecko; compatible; ClaudeBot/1.0; +claudebot@anthropic.com)"
216.73.216.29 - - [16/Jun/2025:07:22:46 -0500] "GET /vendor/league/commonmark/?C=M&O=D HTTP/2.0" 200 1716 "-" "Mozilla/5.0 AppleWebKit/537.36 (KHTML, like Gecko; compatible; ClaudeBot/1.0; +claudebot@anthropic.com)"
216.73.216.29 - - [16/Jun/2025:07:22:46 -0500] "GET /vendor/paragonie/sodium_compat/?C=N&O=A HTTP/2.0" 200 3748 "-" "Mozilla/5.0 AppleWebKit/537.36 (KHTML, like Gecko; compatible; ClaudeBot/1.0; +claudebot@anthropic.com)"
216.73.216.29 - - [16/Jun/2025:07:22:46 -0500] "GET /vendor/paragonie/sodium_compat/?C=D&O=D HTTP/2.0" 200 3748 "-" "Mozilla/5.0 AppleWebKit/537.36 (KHTML, like Gecko; compatible; ClaudeBot/1.0; +claudebot@anthropic.com)"
20.171.207.195 - - [16/Jun/2025:07:22:49 -0500] "GET /vendor/google/apiclient-services/src/Container/VerticalPodAutoscaling.php HTTP/2.0" 500 - "-" "Mozilla/5.0 AppleWebKit/537.36 (KHTML, like Gecko; compatible; GPTBot/1.2; +https://openai.com/gptbot)"
20.171.207.246 - - [16/Jun/2025:07:22:52 -0500] "GET /vendor/google/apiclient-services/src/Slides/AffineTransform.php HTTP/2.0" 500 - "-" "Mozilla/5.0 AppleWebKit/537.36 (KHTML, like Gecko; compatible; GPTBot/1.2; +https://openai.com/gptbot)"
85.208.96.193 - - [16/Jun/2025:07:23:01 -0500] "GET /vendor/aws/aws-sdk-php/src/data/cloudsearch/ HTTP/1.1" 200 887 "-" "Mozilla/5.0 (compatible; SemrushBot/7~bl; +http://www.semrush.com/bot.html)"
85.208.96.206 - - [16/Jun/2025:07:23:23 -0500] "GET /vendor/google/apiclient-services/src/Dataflow/MetricStructuredName.php HTTP/1.1" 500 - "-" "Mozilla/5.0 (compatible; SemrushBot/7~bl; +http://www.semrush.com/bot.html)"
85.208.96.195 - - [16/Jun/2025:07:23:50 -0500] "GET /vendor/google/apiclient-services/src/Document/GoogleCloudDocumentaiV1beta2OutputConfig.php HTTP/1.1" 500 - "-" "Mozilla/5.0 (compatible; SemrushBot/7~bl; +http://www.semrush.com/bot.html)"
20.171.207.195 - - [16/Jun/2025:07:23:52 -0500] "GET /vendor/google/apiclient-services/src/Container/ReleaseChannelConfig.php HTTP/2.0" 500 - "-" "Mozilla/5.0 AppleWebKit/537.36 (KHTML, like Gecko; compatible; GPTBot/1.2; +https://openai.com/gptbot)"
20.171.207.246 - - [16/Jun/2025:07:23:58 -0500] "GET /vendor/google/apiclient-services/src/Slides/LayoutReference.php HTTP/2.0" 500 - "-" "Mozilla/5.0 AppleWebKit/537.36 (KHTML, like Gecko; compatible; GPTBot/1.2; +https://openai.com/gptbot)"
216.73.216.29 - - [16/Jun/2025:07:24:01 -0500] "GET /vendor/paragonie/sodium_compat/dist/?C=M&O=A HTTP/2.0" 200 1043 "-" "Mozilla/5.0 AppleWebKit/537.36 (KHTML, like Gecko; compatible; ClaudeBot/1.0; +claudebot@anthropic.com)"
216.73.216.29 - - [16/Jun/2025:07:24:01 -0500] "GET /vendor/paragonie/sodium_compat/dist/box.json HTTP/2.0" 200 622 "-" "Mozilla/5.0 AppleWebKit/537.36 (KHTML, like Gecko; compatible; ClaudeBot/1.0; +claudebot@anthropic.com)"
216.73.216.29 - - [16/Jun/2025:07:24:01 -0500] "GET /vendor/paragonie/sodium_compat/dist/?C=S&O=A HTTP/2.0" 200 1043 "-" "Mozilla/5.0 AppleWebKit/537.36 (KHTML, like Gecko; compatible; ClaudeBot/1.0; +claudebot@anthropic.com)"
216.73.216.29 - - [16/Jun/2025:07:24:02 -0500] "GET /vendor/willdurand/negotiation/?C=M&O=D HTTP/2.0" 200 1915 "-" "Mozilla/5.0 AppleWebKit/537.36 (KHTML, like Gecko; compatible; ClaudeBot/1.0; +claudebot@anthropic.com)"
85.208.96.212 - - [16/Jun/2025:07:24:24 -0500] "GET /vendor/roave/better-reflection/src/Util/Exception/ HTTP/1.1" 200 728 "-" "Mozilla/5.0 (compatible; SemrushBot/7~bl; +http://www.semrush.com/bot.html)"
85.208.96.196 - - [16/Jun/2025:07:24:26 -0500] "GET /vendor/google/apiclient-services/src/DataCatalog/GoogleCloudDatacatalogV1beta1ColumnSchema.php HTTP/1.1" 500 - "-" "Mozilla/5.0 (compatible; SemrushBot/7~bl; +http://www.semrush.com/bot.html)"
85.208.96.199 - - [16/Jun/2025:07:24:47 -0500] "GET /vendor/aws/aws-sdk-php/src/MarketplaceCommerceAnalytics/MarketplaceCommerceAnalyticsClient.php HTTP/1.1" 500 - "-" "Mozilla/5.0 (compatible; SemrushBot/7~bl; +http://www.semrush.com/bot.html)"
85.208.96.206 - - [16/Jun/2025:07:24:51 -0500] "GET /vendor/aws/aws-sdk-php/src/Glacier/ HTTP/1.1" 200 1417 "-" "Mozilla/5.0 (compatible; SemrushBot/7~bl; +http://www.semrush.com/bot.html)"
20.171.207.195 - - [16/Jun/2025:07:24:55 -0500] "GET /vendor/google/apiclient-services/src/Container/NodeNetworkConfig.php HTTP/2.0" 500 - "-" "Mozilla/5.0 AppleWebKit/537.36 (KHTML, like Gecko; compatible; GPTBot/1.2; +https://openai.com/gptbot)"
20.171.207.246 - - [16/Jun/2025:07:24:58 -0500] "GET /vendor/google/apiclient-services/src/Slides/TableBorderCell.php HTTP/2.0" 500 - "-" "Mozilla/5.0 AppleWebKit/537.36 (KHTML, like Gecko; compatible; GPTBot/1.2; +https://openai.com/gptbot)"
216.73.216.29 - - [16/Jun/2025:07:25:27 -0500] "GET /vendor/rackspace/php-opencloud/docs/userguide/ObjectStore HTTP/2.0" 301 306 "-" "Mozilla/5.0 AppleWebKit/537.36 (KHTML, like Gecko; compatible; ClaudeBot/1.0; +claudebot@anthropic.com)"
216.73.216.29 - - [16/Jun/2025:07:25:27 -0500] "GET /vendor/rackspace/php-opencloud/samples/ObjectStore/delete-container-recursive.php HTTP/2.0" 500 - "-" "Mozilla/5.0 AppleWebKit/537.36 (KHTML, like Gecko; compatible; ClaudeBot/1.0; +claudebot@anthropic.com)"
216.73.216.29 - - [16/Jun/2025:07:25:27 -0500] "GET /vendor/rackspace/php-opencloud/docs/userguide/ObjectStore/ HTTP/2.0" 200 1633 "https://www.vebto.graphicdesigncash.com/vendor/rackspace/php-opencloud/docs/userguide/ObjectStore" "Mozilla/5.0 AppleWebKit/537.36 (KHTML, like Gecko; compatible; ClaudeBot/1.0; +claudebot@anthropic.com)"
216.73.216.29 - - [16/Jun/2025:07:25:27 -0500] "GET /vendor/rackspace/php-opencloud/samples/ObjectStore/delete-object-without-download.php HTTP/2.0" 500 - "-" "Mozilla/5.0 AppleWebKit/537.36 (KHTML, like Gecko; compatible; ClaudeBot/1.0; +claudebot@anthropic.com)"
216.73.216.29 - - [16/Jun/2025:07:25:28 -0500] "GET /vendor/rackspace/php-opencloud/samples/ObjectStore/upload-multiple-objects-with-metadata.php HTTP/2.0" 500 - "-" "Mozilla/5.0 AppleWebKit/537.36 (KHTML, like Gecko; compatible; ClaudeBot/1.0; +claudebot@anthropic.com)"
216.73.216.29 - - [16/Jun/2025:07:25:28 -0500] "GET /vendor/php-http/client-common/src/Exception/HttpClientNotFoundException.php HTTP/2.0" 500 - "-" "Mozilla/5.0 AppleWebKit/537.36 (KHTML, like Gecko; compatible; ClaudeBot/1.0; +claudebot@anthropic.com)"
216.73.216.29 - - [16/Jun/2025:07:25:28 -0500] "GET /vendor/rackspace/php-opencloud/samples/Database/patch-configuration.php HTTP/2.0" 500 - "-" "Mozilla/5.0 AppleWebKit/537.36 (KHTML, like Gecko; compatible; ClaudeBot/1.0; +claudebot@anthropic.com)"
216.73.216.29 - - [16/Jun/2025:07:25:28 -0500] "GET /vendor/php-http/client-common/src/Plugin/DecoderPlugin.php HTTP/2.0" 500 - "-" "Mozilla/5.0 AppleWebKit/537.36 (KHTML, like Gecko; compatible; ClaudeBot/1.0; +claudebot@anthropic.com)"
216.73.216.29 - - [16/Jun/2025:07:25:28 -0500] "GET /vendor/php-http/client-common/src/HttpClientPool/RandomClientPool.php HTTP/2.0" 500 - "-" "Mozilla/5.0 AppleWebKit/537.36 (KHTML, like Gecko; compatible; ClaudeBot/1.0; +claudebot@anthropic.com)"
216.73.216.29 - - [16/Jun/2025:07:25:29 -0500] "GET /vendor/jetbrains/phpstorm-stubs/event/?filesrc=%2Fhome%2Fgraphicd%2Fpublic_html%2Fvebto%2Fvendor%2Fautoload.php&path=%2Fhome%2Fgraphicd%2Fpublic_html%2Fvebto%2Fvendor HTTP/2.0" 200 2214 "-" "Mozilla/5.0 AppleWebKit/537.36 (KHTML, like Gecko; compatible; ClaudeBot/1.0; +claudebot@anthropic.com)"
216.73.216.29 - - [16/Jun/2025:07:25:29 -0500] "GET /vendor/php-http/client-common/src/HttpClientPool/HttpClientPoolItem.php HTTP/2.0" 500 - "-" "Mozilla/5.0 AppleWebKit/537.36 (KHTML, like Gecko; compatible; ClaudeBot/1.0; +claudebot@anthropic.com)"
216.73.216.29 - - [16/Jun/2025:07:25:29 -0500] "GET /vendor/php-http/client-common/src/HttpClientPool/HttpClientPool.php HTTP/2.0" 500 - "-" "Mozilla/5.0 AppleWebKit/537.36 (KHTML, like Gecko; compatible; ClaudeBot/1.0; +claudebot@anthropic.com)"
216.73.216.29 - - [16/Jun/2025:07:25:29 -0500] "GET /vendor/rackspace/php-opencloud/samples/ObjectStore/upload-multiple-objects.php HTTP/2.0" 500 - "-" "Mozilla/5.0 AppleWebKit/537.36 (KHTML, like Gecko; compatible; ClaudeBot/1.0; +claudebot@anthropic.com)"
185.191.171.13 - - [16/Jun/2025:07:25:51 -0500] "GET /vendor/aws/aws-sdk-php/src/CognitoSync/ HTTP/1.1" 200 1060 "-" "Mozilla/5.0 (compatible; SemrushBot/7~bl; +http://www.semrush.com/bot.html)"
20.171.207.195 - - [16/Jun/2025:07:25:55 -0500] "GET /vendor/google/apiclient-services/src/Firestore/BatchWriteRequest.php HTTP/2.0" 500 - "-" "Mozilla/5.0 AppleWebKit/537.36 (KHTML, like Gecko; compatible; GPTBot/1.2; +https://openai.com/gptbot)"
20.171.207.246 - - [16/Jun/2025:07:26:02 -0500] "GET /vendor/google/apiclient-services/src/Slides/TableCellLocation.php HTTP/2.0" 500 - "-" "Mozilla/5.0 AppleWebKit/537.36 (KHTML, like Gecko; compatible; GPTBot/1.2; +https://openai.com/gptbot)"
216.73.216.29 - - [16/Jun/2025:07:26:20 -0500] "GET /vendor/rackspace/php-opencloud/samples/ObjectStore/upload-object-with-content-type.php HTTP/2.0" 500 - "-" "Mozilla/5.0 AppleWebKit/537.36 (KHTML, like Gecko; compatible; ClaudeBot/1.0; +claudebot@anthropic.com)"
216.73.216.29 - - [16/Jun/2025:07:26:20 -0500] "GET /vendor/php-http/message/src/Authentication/RequestConditional.php HTTP/2.0" 500 - "-" "Mozilla/5.0 AppleWebKit/537.36 (KHTML, like Gecko; compatible; ClaudeBot/1.0; +claudebot@anthropic.com)"
216.73.216.29 - - [16/Jun/2025:07:26:20 -0500] "GET /vendor/php-http/client-common/src/Plugin/HeaderDefaultsPlugin.php HTTP/2.0" 500 - "-" "Mozilla/5.0 AppleWebKit/537.36 (KHTML, like Gecko; compatible; ClaudeBot/1.0; +claudebot@anthropic.com)"
185.191.171.7 - - [16/Jun/2025:07:26:22 -0500] "GET /vendor/aws/aws-sdk-php/src/MarketplaceMetering/Exception/ HTTP/1.1" 200 749 "-" "Mozilla/5.0 (compatible; SemrushBot/7~bl; +http://www.semrush.com/bot.html)"
216.73.216.29 - - [16/Jun/2025:07:26:25 -0500] "GET /vendor/rackspace/php-opencloud/samples/ObjectStore/list-objects-with-limit-and-prefix.php HTTP/2.0" 500 - "-" "Mozilla/5.0 AppleWebKit/537.36 (KHTML, like Gecko; compatible; ClaudeBot/1.0; +claudebot@anthropic.com)"
85.208.96.194 - - [16/Jun/2025:07:26:29 -0500] "GET /vendor/google/apiclient-services/src/ServiceConsumerManagement/HttpRule.php HTTP/1.1" 500 - "-" "Mozilla/5.0 (compatible; SemrushBot/7~bl; +http://www.semrush.com/bot.html)"
216.73.216.29 - - [16/Jun/2025:07:26:30 -0500] "GET /vendor/php-http/client-common/src/Plugin/HeaderSetPlugin.php HTTP/2.0" 500 - "-" "Mozilla/5.0 AppleWebKit/537.36 (KHTML, like Gecko; compatible; ClaudeBot/1.0; +claudebot@anthropic.com)"
216.73.216.29 - - [16/Jun/2025:07:26:35 -0500] "GET /vendor/symfony/http-foundation/File/Exception/CannotWriteFileException.php HTTP/2.0" 500 - "-" "Mozilla/5.0 AppleWebKit/537.36 (KHTML, like Gecko; compatible; ClaudeBot/1.0; +claudebot@anthropic.com)"
216.73.216.29 - - [16/Jun/2025:07:26:40 -0500] "GET /vendor/php-http/message/src/Encoding/GzipEncodeStream.php HTTP/2.0" 500 - "-" "Mozilla/5.0 AppleWebKit/537.36 (KHTML, like Gecko; compatible; ClaudeBot/1.0; +claudebot@anthropic.com)"
216.73.216.29 - - [16/Jun/2025:07:26:45 -0500] "GET /vendor/rackspace/php-opencloud/samples/Database/create-instance.php HTTP/2.0" 500 - "-" "Mozilla/5.0 AppleWebKit/537.36 (KHTML, like Gecko; compatible; ClaudeBot/1.0; +claudebot@anthropic.com)"
216.73.216.29 - - [16/Jun/2025:07:26:50 -0500] "GET /vendor/rackspace/php-opencloud/docs/userguide/Database HTTP/2.0" 301 303 "-" "Mozilla/5.0 AppleWebKit/537.36 (KHTML, like Gecko; compatible; ClaudeBot/1.0; +claudebot@anthropic.com)"
216.73.216.29 - - [16/Jun/2025:07:26:50 -0500] "GET /vendor/rackspace/php-opencloud/docs/userguide/Database/ HTTP/2.0" 200 744 "https://www.vebto.graphicdesigncash.com/vendor/rackspace/php-opencloud/docs/userguide/Database" "Mozilla/5.0 AppleWebKit/537.36 (KHTML, like Gecko; compatible; ClaudeBot/1.0; +claudebot@anthropic.com)"
216.73.216.29 - - [16/Jun/2025:07:26:55 -0500] "GET /vendor/php-http/client-common/src/HttpClientPool/RoundRobinClientPool.php HTTP/2.0" 500 - "-" "Mozilla/5.0 AppleWebKit/537.36 (KHTML, like Gecko; compatible; ClaudeBot/1.0; +claudebot@anthropic.com)"
20.171.207.195 - - [16/Jun/2025:07:26:58 -0500] "GET /vendor/google/apiclient-services/src/Container/UpgradeAvailableEvent.php HTTP/2.0" 500 - "-" "Mozilla/5.0 AppleWebKit/537.36 (KHTML, like Gecko; compatible; GPTBot/1.2; +https://openai.com/gptbot)"
