216.73.216.29 - - [16/Jun/2025:10:28:58 -0500] "GET /vendor/aws/aws-sdk-php/src/Route53RecoveryCluster/?C=N&O=D HTTP/2.0" 200 1096 "-" "Mozilla/5.0 AppleWebKit/537.36 (KHTML, like Gecko; compatible; ClaudeBot/1.0; +claudebot@anthropic.com)"
216.73.216.29 - - [16/Jun/2025:10:29:03 -0500] "GET /vendor/jetbrains/phpstorm-stubs/SPL/?C=D&O=D HTTP/2.0" 200 1222 "-" "Mozilla/5.0 AppleWebKit/537.36 (KHTML, like Gecko; compatible; ClaudeBot/1.0; +claudebot@anthropic.com)"
216.73.216.29 - - [16/Jun/2025:10:29:10 -0500] "GET /vendor/ezimuel/ringphp/src/Exception/CancelledException.php HTTP/2.0" 200 - "-" "Mozilla/5.0 AppleWebKit/537.36 (KHTML, like Gecko; compatible; ClaudeBot/1.0; +claudebot@anthropic.com)"
216.73.216.29 - - [16/Jun/2025:10:29:13 -0500] "GET /vendor/jetbrains/phpstorm-stubs/xcache/?C=D&O=D HTTP/2.0" 200 876 "-" "Mozilla/5.0 AppleWebKit/537.36 (KHTML, like Gecko; compatible; ClaudeBot/1.0; +claudebot@anthropic.com)"
216.73.216.29 - - [16/Jun/2025:10:29:18 -0500] "GET /vendor/jetbrains/phpstorm-stubs/imap/?C=D&O=D HTTP/2.0" 200 870 "-" "Mozilla/5.0 AppleWebKit/537.36 (KHTML, like Gecko; compatible; ClaudeBot/1.0; +claudebot@anthropic.com)"
20.171.207.195 - - [16/Jun/2025:10:29:22 -0500] "GET /vendor/google/apiclient-services/src/Container/SandboxConfig.php HTTP/2.0" 500 - "-" "Mozilla/5.0 AppleWebKit/537.36 (KHTML, like Gecko; compatible; GPTBot/1.2; +https://openai.com/gptbot)"
216.73.216.29 - - [16/Jun/2025:10:29:23 -0500] "GET /vendor/symfony/console/CI/?C=D&O=D HTTP/2.0" 200 858 "-" "Mozilla/5.0 AppleWebKit/537.36 (KHTML, like Gecko; compatible; ClaudeBot/1.0; +claudebot@anthropic.com)"
20.171.207.246 - - [16/Jun/2025:10:29:26 -0500] "GET /vendor/google/apiclient-services/src/Sheets/AddSheetRequest.php HTTP/2.0" 500 - "-" "Mozilla/5.0 AppleWebKit/537.36 (KHTML, like Gecko; compatible; GPTBot/1.2; +https://openai.com/gptbot)"
216.73.216.29 - - [16/Jun/2025:10:29:28 -0500] "GET /vendor/aws/aws-sdk-php/src/BackupGateway/?C=N&O=D HTTP/2.0" 200 1066 "-" "Mozilla/5.0 AppleWebKit/537.36 (KHTML, like Gecko; compatible; ClaudeBot/1.0; +claudebot@anthropic.com)"
216.73.216.29 - - [16/Jun/2025:10:29:33 -0500] "GET /vendor/algolia/algoliasearch-client-php/src/Iterators/?C=N&O=D HTTP/2.0" 200 1495 "-" "Mozilla/5.0 AppleWebKit/537.36 (KHTML, like Gecko; compatible; ClaudeBot/1.0; +claudebot@anthropic.com)"
185.191.171.14 - - [16/Jun/2025:10:29:34 -0500] "GET /vendor/psy/psysh/src/Exception/Exception.php HTTP/1.1" 200 - "-" "Mozilla/5.0 (compatible; SemrushBot/7~bl; +http://www.semrush.com/bot.html)"
216.73.216.29 - - [16/Jun/2025:10:29:38 -0500] "GET /vendor/jetbrains/phpstorm-stubs/gnupg/?C=N&O=A HTTP/2.0" 200 873 "-" "Mozilla/5.0 AppleWebKit/537.36 (KHTML, like Gecko; compatible; ClaudeBot/1.0; +claudebot@anthropic.com)"
216.73.216.29 - - [16/Jun/2025:10:29:43 -0500] "GET /vendor/aws/aws-sdk-php/src/IoTAnalytics/?C=S&O=A HTTP/2.0" 200 1241 "-" "Mozilla/5.0 AppleWebKit/537.36 (KHTML, like Gecko; compatible; ClaudeBot/1.0; +claudebot@anthropic.com)"
216.73.216.29 - - [16/Jun/2025:10:29:48 -0500] "GET /vendor/symfony/console/Formatter/?C=N&O=A HTTP/2.0" 200 2260 "-" "Mozilla/5.0 AppleWebKit/537.36 (KHTML, like Gecko; compatible; ClaudeBot/1.0; +claudebot@anthropic.com)"
185.191.171.15 - - [16/Jun/2025:10:29:50 -0500] "GET /vendor/google/apiclient-services/src/AndroidManagement/EnrollmentToken.php HTTP/1.1" 500 - "-" "Mozilla/5.0 (compatible; SemrushBot/7~bl; +http://www.semrush.com/bot.html)"
216.73.216.29 - - [16/Jun/2025:10:29:55 -0500] "GET /vendor/aws/aws-sdk-php/src/ResourceGroups/?C=N&O=D HTTP/2.0" 200 1072 "-" "Mozilla/5.0 AppleWebKit/537.36 (KHTML, like Gecko; compatible; ClaudeBot/1.0; +claudebot@anthropic.com)"
216.73.216.29 - - [16/Jun/2025:10:29:58 -0500] "GET /vendor/aws/aws-sdk-php/src/CodeBuild/?C=M&O=A HTTP/2.0" 200 1054 "-" "Mozilla/5.0 AppleWebKit/537.36 (KHTML, like Gecko; compatible; ClaudeBot/1.0; +claudebot@anthropic.com)"
216.73.216.29 - - [16/Jun/2025:10:30:03 -0500] "GET /vendor/jetbrains/phpstorm-stubs/posix/?C=M&O=D HTTP/2.0" 200 873 "-" "Mozilla/5.0 AppleWebKit/537.36 (KHTML, like Gecko; compatible; ClaudeBot/1.0; +claudebot@anthropic.com)"
185.191.171.12 - - [16/Jun/2025:10:30:05 -0500] "GET /vendor/aws/aws-sdk-php/src/LexModelBuildingService/Exception/ HTTP/1.1" 200 761 "-" "Mozilla/5.0 (compatible; SemrushBot/7~bl; +http://www.semrush.com/bot.html)"
216.73.216.29 - - [16/Jun/2025:10:30:08 -0500] "GET /vendor/aws/aws-sdk-php/src/DynamoDbStreams/?C=N&O=D HTTP/2.0" 200 1075 "-" "Mozilla/5.0 AppleWebKit/537.36 (KHTML, like Gecko; compatible; ClaudeBot/1.0; +claudebot@anthropic.com)"
216.73.216.29 - - [16/Jun/2025:10:30:13 -0500] "GET /vendor/ramsey/collection/src/DoubleEndedQueue.php HTTP/2.0" 500 - "-" "Mozilla/5.0 AppleWebKit/537.36 (KHTML, like Gecko; compatible; ClaudeBot/1.0; +claudebot@anthropic.com)"
216.73.216.29 - - [16/Jun/2025:10:30:18 -0500] "GET /vendor/symfony/console/Question/?C=D&O=D HTTP/2.0" 200 1236 "-" "Mozilla/5.0 AppleWebKit/537.36 (KHTML, like Gecko; compatible; ClaudeBot/1.0; +claudebot@anthropic.com)"
216.73.216.29 - - [16/Jun/2025:10:30:23 -0500] "GET /vendor/algolia/algoliasearch-client-php/src/Cache/?C=S&O=A HTTP/2.0" 200 1106 "-" "Mozilla/5.0 AppleWebKit/537.36 (KHTML, like Gecko; compatible; ClaudeBot/1.0; +claudebot@anthropic.com)"
20.171.207.195 - - [16/Jun/2025:10:30:25 -0500] "GET /vendor/google/apiclient-services/src/Directory/UserExternalId.php HTTP/2.0" 500 - "-" "Mozilla/5.0 AppleWebKit/537.36 (KHTML, like Gecko; compatible; GPTBot/1.2; +https://openai.com/gptbot)"
20.171.207.246 - - [16/Jun/2025:10:30:26 -0500] "GET /vendor/google/apiclient-services/src/Blogger/BlogPerUserInfo.php HTTP/2.0" 500 - "-" "Mozilla/5.0 AppleWebKit/537.36 (KHTML, like Gecko; compatible; GPTBot/1.2; +https://openai.com/gptbot)"
216.73.216.29 - - [16/Jun/2025:10:30:28 -0500] "GET /vendor/jetbrains/phpstorm-stubs/radius/?C=M&O=D HTTP/2.0" 200 876 "-" "Mozilla/5.0 AppleWebKit/537.36 (KHTML, like Gecko; compatible; ClaudeBot/1.0; +claudebot@anthropic.com)"
216.73.216.29 - - [16/Jun/2025:10:30:33 -0500] "GET /vendor/symfony/var-dumper/Test/?C=S&O=D HTTP/2.0" 200 866 "-" "Mozilla/5.0 AppleWebKit/537.36 (KHTML, like Gecko; compatible; ClaudeBot/1.0; +claudebot@anthropic.com)"
216.73.216.29 - - [16/Jun/2025:10:30:38 -0500] "GET /vendor/aws/aws-sdk-php/src/LookoutMetrics/?C=N&O=D HTTP/2.0" 200 1072 "-" "Mozilla/5.0 AppleWebKit/537.36 (KHTML, like Gecko; compatible; ClaudeBot/1.0; +claudebot@anthropic.com)"
185.191.171.14 - - [16/Jun/2025:10:30:42 -0500] "GET /vendor/google/apiclient-services/src/AdExperienceReport/Resource/ HTTP/1.1" 200 774 "-" "Mozilla/5.0 (compatible; SemrushBot/7~bl; +http://www.semrush.com/bot.html)"
216.73.216.29 - - [16/Jun/2025:10:30:46 -0500] "GET /vendor/jetbrains/phpstorm-stubs/zookeeper/?C=D&O=D HTTP/2.0" 200 885 "-" "Mozilla/5.0 AppleWebKit/537.36 (KHTML, like Gecko; compatible; ClaudeBot/1.0; +claudebot@anthropic.com)"
216.73.216.29 - - [16/Jun/2025:10:30:48 -0500] "GET /vendor/aws/aws-sdk-php/src/CodeStar/?C=S&O=A HTTP/2.0" 200 1051 "-" "Mozilla/5.0 AppleWebKit/537.36 (KHTML, like Gecko; compatible; ClaudeBot/1.0; +claudebot@anthropic.com)"
85.208.96.193 - - [16/Jun/2025:10:30:55 -0500] "GET /vendor/aws/aws-sdk-php/src/Kafka/ HTTP/1.1" 200 1042 "-" "Mozilla/5.0 (compatible; SemrushBot/7~bl; +http://www.semrush.com/bot.html)"
216.73.216.29 - - [16/Jun/2025:10:30:58 -0500] "GET /vendor/aws/aws-sdk-php/src/IotDataPlane/?C=N&O=D HTTP/2.0" 200 1063 "-" "Mozilla/5.0 AppleWebKit/537.36 (KHTML, like Gecko; compatible; ClaudeBot/1.0; +claudebot@anthropic.com)"
216.73.216.29 - - [16/Jun/2025:10:31:03 -0500] "GET /vendor/jetbrains/phpstorm-stubs/win32service/?C=D&O=D HTTP/2.0" 200 894 "-" "Mozilla/5.0 AppleWebKit/537.36 (KHTML, like Gecko; compatible; ClaudeBot/1.0; +claudebot@anthropic.com)"
216.73.216.29 - - [16/Jun/2025:10:31:08 -0500] "GET /vendor/aws/aws-sdk-php/src/ElasticBeanstalk/?C=S&O=A HTTP/2.0" 200 1078 "-" "Mozilla/5.0 AppleWebKit/537.36 (KHTML, like Gecko; compatible; ClaudeBot/1.0; +claudebot@anthropic.com)"
216.73.216.29 - - [16/Jun/2025:10:31:13 -0500] "GET /vendor/aws/aws-sdk-php/src/CodeCommit/?C=D&O=A HTTP/2.0" 200 1057 "-" "Mozilla/5.0 AppleWebKit/537.36 (KHTML, like Gecko; compatible; ClaudeBot/1.0; +claudebot@anthropic.com)"
216.73.216.29 - - [16/Jun/2025:10:31:18 -0500] "GET /vendor/jetbrains/phpstorm-stubs/amqp/?C=S&O=D HTTP/2.0" 200 870 "-" "Mozilla/5.0 AppleWebKit/537.36 (KHTML, like Gecko; compatible; ClaudeBot/1.0; +claudebot@anthropic.com)"
216.73.216.29 - - [16/Jun/2025:10:31:24 -0500] "GET /vendor/jetbrains/phpstorm-stubs/mbstring/?C=D&O=A HTTP/2.0" 200 882 "-" "Mozilla/5.0 AppleWebKit/537.36 (KHTML, like Gecko; compatible; ClaudeBot/1.0; +claudebot@anthropic.com)"
20.171.207.195 - - [16/Jun/2025:10:31:27 -0500] "GET /vendor/google/apiclient-services/src/Firestore/DocumentChange.php HTTP/2.0" 500 - "-" "Mozilla/5.0 AppleWebKit/537.36 (KHTML, like Gecko; compatible; GPTBot/1.2; +https://openai.com/gptbot)"
216.73.216.29 - - [16/Jun/2025:10:31:28 -0500] "GET /vendor/aws/aws-sdk-php/src/DevOpsGuru/?C=N&O=D HTTP/2.0" 200 1057 "-" "Mozilla/5.0 AppleWebKit/537.36 (KHTML, like Gecko; compatible; ClaudeBot/1.0; +claudebot@anthropic.com)"
20.171.207.246 - - [16/Jun/2025:10:31:32 -0500] "GET /vendor/google/apiclient-services/src/Apigee/GoogleRpcStatus.php HTTP/2.0" 500 - "-" "Mozilla/5.0 AppleWebKit/537.36 (KHTML, like Gecko; compatible; GPTBot/1.2; +https://openai.com/gptbot)"
216.73.216.29 - - [16/Jun/2025:10:31:33 -0500] "GET /vendor/aws/aws-sdk-php/src/PrometheusService/?C=S&O=A HTTP/2.0" 200 1081 "-" "Mozilla/5.0 AppleWebKit/537.36 (KHTML, like Gecko; compatible; ClaudeBot/1.0; +claudebot@anthropic.com)"
216.73.216.29 - - [16/Jun/2025:10:31:38 -0500] "GET /vendor/aws/aws-sdk-php/src/KafkaConnect/?C=S&O=A HTTP/2.0" 200 1063 "-" "Mozilla/5.0 AppleWebKit/537.36 (KHTML, like Gecko; compatible; ClaudeBot/1.0; +claudebot@anthropic.com)"
185.191.171.18 - - [16/Jun/2025:10:31:40 -0500] "GET /vendor/google/apiclient-services/src/DeploymentManager/DeploymentsListResponse.php HTTP/1.1" 500 - "-" "Mozilla/5.0 (compatible; SemrushBot/7~bl; +http://www.semrush.com/bot.html)"
216.73.216.29 - - [16/Jun/2025:10:31:49 -0500] "GET /vendor/nesbot/carbon/src/Carbon/CarbonConverterInterface.php HTTP/2.0" 200 - "-" "Mozilla/5.0 AppleWebKit/537.36 (KHTML, like Gecko; compatible; ClaudeBot/1.0; +claudebot@anthropic.com)"
216.73.216.29 - - [16/Jun/2025:10:31:53 -0500] "GET /vendor/jetbrains/phpstorm-stubs/zip/?C=M&O=D HTTP/2.0" 200 867 "-" "Mozilla/5.0 AppleWebKit/537.36 (KHTML, like Gecko; compatible; ClaudeBot/1.0; +claudebot@anthropic.com)"
185.191.171.11 - - [16/Jun/2025:10:31:54 -0500] "GET /vendor/google/apiclient-services/src/Contactcenterinsights/GoogleCloudContactcenterinsightsV1ListPhraseMatchersResponse.php HTTP/1.1" 500 - "-" "Mozilla/5.0 (compatible; SemrushBot/7~bl; +http://www.semrush.com/bot.html)"
216.73.216.29 - - [16/Jun/2025:10:31:58 -0500] "GET /vendor/aws/aws-sdk-php/src/LexModelsV2/?C=D&O=A HTTP/2.0" 200 1060 "-" "Mozilla/5.0 AppleWebKit/537.36 (KHTML, like Gecko; compatible; ClaudeBot/1.0; +claudebot@anthropic.com)"
216.73.216.29 - - [16/Jun/2025:10:32:03 -0500] "GET /vendor/jetbrains/phpstorm-stubs/Parle/?C=M&O=D HTTP/2.0" 200 2316 "-" "Mozilla/5.0 AppleWebKit/537.36 (KHTML, like Gecko; compatible; ClaudeBot/1.0; +claudebot@anthropic.com)"
185.191.171.3 - - [16/Jun/2025:10:32:05 -0500] "GET /vendor/google/apiclient-services/src/Contactcenterinsights/GoogleCloudContactcenterinsightsV1CalculateStatsResponseTimeSeriesInterval.php HTTP/1.1" 500 - "-" "Mozilla/5.0 (compatible; SemrushBot/7~bl; +http://www.semrush.com/bot.html)"
216.73.216.29 - - [16/Jun/2025:10:32:08 -0500] "GET /vendor/jetbrains/phpstorm-stubs/posix/?C=D&O=D HTTP/2.0" 200 873 "-" "Mozilla/5.0 AppleWebKit/537.36 (KHTML, like Gecko; compatible; ClaudeBot/1.0; +claudebot@anthropic.com)"
216.73.216.29 - - [16/Jun/2025:10:32:13 -0500] "GET /vendor/league/flysystem/src/Util/MimeType.php HTTP/2.0" 200 - "-" "Mozilla/5.0 AppleWebKit/537.36 (KHTML, like Gecko; compatible; ClaudeBot/1.0; +claudebot@anthropic.com)"
216.73.216.29 - - [16/Jun/2025:10:32:18 -0500] "GET /vendor/aws/aws-sdk-php/src/MachineLearning/?C=D&O=A HTTP/2.0" 200 1075 "-" "Mozilla/5.0 AppleWebKit/537.36 (KHTML, like Gecko; compatible; ClaudeBot/1.0; +claudebot@anthropic.com)"
216.73.216.29 - - [16/Jun/2025:10:32:24 -0500] "GET /vendor/aws/aws-sdk-php/src/CodeBuild/?C=D&O=A HTTP/2.0" 200 1054 "-" "Mozilla/5.0 AppleWebKit/537.36 (KHTML, like Gecko; compatible; ClaudeBot/1.0; +claudebot@anthropic.com)"
20.171.207.195 - - [16/Jun/2025:10:32:29 -0500] "GET /vendor/google/apiclient-services/src/Directory/RoleAssignments.php HTTP/2.0" 500 - "-" "Mozilla/5.0 AppleWebKit/537.36 (KHTML, like Gecko; compatible; GPTBot/1.2; +https://openai.com/gptbot)"
216.73.216.29 - - [16/Jun/2025:10:32:30 -0500] "GET /vendor/jetbrains/phpstorm-stubs/meminfo/?C=S&O=D HTTP/2.0" 200 879 "-" "Mozilla/5.0 AppleWebKit/537.36 (KHTML, like Gecko; compatible; ClaudeBot/1.0; +claudebot@anthropic.com)"
185.191.171.11 - - [16/Jun/2025:10:32:30 -0500] "GET /vendor/google/apiclient-services/src/ManufacturerCenter/Count.php HTTP/1.1" 500 - "-" "Mozilla/5.0 (compatible; SemrushBot/7~bl; +http://www.semrush.com/bot.html)"
20.171.207.246 - - [16/Jun/2025:10:32:33 -0500] "GET /vendor/google/apiclient-services/src/Slides/Thumbnail.php HTTP/2.0" 500 - "-" "Mozilla/5.0 AppleWebKit/537.36 (KHTML, like Gecko; compatible; GPTBot/1.2; +https://openai.com/gptbot)"
216.73.216.29 - - [16/Jun/2025:10:32:34 -0500] "GET /vendor/nyholm/psr7/src/Factory/Psr17Factory.php HTTP/2.0" 500 - "-" "Mozilla/5.0 AppleWebKit/537.36 (KHTML, like Gecko; compatible; ClaudeBot/1.0; +claudebot@anthropic.com)"
216.73.216.29 - - [16/Jun/2025:10:32:39 -0500] "GET /vendor/doctrine/dbal/src/SQL/?C=M&O=A HTTP/2.0" 200 1024 "-" "Mozilla/5.0 AppleWebKit/537.36 (KHTML, like Gecko; compatible; ClaudeBot/1.0; +claudebot@anthropic.com)"
216.73.216.29 - - [16/Jun/2025:10:32:44 -0500] "GET /vendor/aws/aws-sdk-php/src/SagemakerEdgeManager/?C=S&O=A HTTP/2.0" 200 1090 "-" "Mozilla/5.0 AppleWebKit/537.36 (KHTML, like Gecko; compatible; ClaudeBot/1.0; +claudebot@anthropic.com)"
216.73.216.29 - - [16/Jun/2025:10:32:49 -0500] "GET /vendor/aws/aws-sdk-php/src/Credentials/?C=N&O=D HTTP/2.0" 200 2076 "-" "Mozilla/5.0 AppleWebKit/537.36 (KHTML, like Gecko; compatible; ClaudeBot/1.0; +claudebot@anthropic.com)"
216.73.216.29 - - [16/Jun/2025:10:32:54 -0500] "GET /vendor/jetbrains/phpstorm-stubs/odbc/?C=M&O=D HTTP/2.0" 200 870 "-" "Mozilla/5.0 AppleWebKit/537.36 (KHTML, like Gecko; compatible; ClaudeBot/1.0; +claudebot@anthropic.com)"
216.73.216.29 - - [16/Jun/2025:10:33:04 -0500] "GET /vendor/aws/aws-sdk-php/src/EMRContainers/?C=N&O=D HTTP/2.0" 200 1066 "-" "Mozilla/5.0 AppleWebKit/537.36 (KHTML, like Gecko; compatible; ClaudeBot/1.0; +claudebot@anthropic.com)"
216.73.216.29 - - [16/Jun/2025:10:33:09 -0500] "GET /vendor/jetbrains/phpstorm-stubs/intl/?C=D&O=D HTTP/2.0" 200 1050 "-" "Mozilla/5.0 AppleWebKit/537.36 (KHTML, like Gecko; compatible; ClaudeBot/1.0; +claudebot@anthropic.com)"
216.73.216.29 - - [16/Jun/2025:10:33:14 -0500] "GET /vendor/aws/aws-sdk-php/src/SecurityHub/?C=N&O=D HTTP/2.0" 200 1060 "-" "Mozilla/5.0 AppleWebKit/537.36 (KHTML, like Gecko; compatible; ClaudeBot/1.0; +claudebot@anthropic.com)"
216.73.216.29 - - [16/Jun/2025:10:33:19 -0500] "GET /vendor/aws/aws-sdk-php/src/ApiGateway/?C=S&O=A HTTP/2.0" 200 1057 "-" "Mozilla/5.0 AppleWebKit/537.36 (KHTML, like Gecko; compatible; ClaudeBot/1.0; +claudebot@anthropic.com)"
216.73.216.29 - - [16/Jun/2025:10:33:24 -0500] "GET /vendor/aws/aws-sdk-php/src/WorkMail/?C=N&O=D HTTP/2.0" 200 1051 "-" "Mozilla/5.0 AppleWebKit/537.36 (KHTML, like Gecko; compatible; ClaudeBot/1.0; +claudebot@anthropic.com)"
216.73.216.29 - - [16/Jun/2025:10:33:29 -0500] "GET /vendor/symfony/polyfill-iconv/Resources/?C=N&O=D HTTP/2.0" 200 874 "-" "Mozilla/5.0 AppleWebKit/537.36 (KHTML, like Gecko; compatible; ClaudeBot/1.0; +claudebot@anthropic.com)"
20.171.207.195 - - [16/Jun/2025:10:33:29 -0500] "GET /vendor/google/apiclient-services/src/Classroom/Attachment.php HTTP/2.0" 500 - "-" "Mozilla/5.0 AppleWebKit/537.36 (KHTML, like Gecko; compatible; GPTBot/1.2; +https://openai.com/gptbot)"
216.73.216.29 - - [16/Jun/2025:10:33:34 -0500] "GET /vendor/doctrine/event-manager/lib/Doctrine/?C=S&O=A HTTP/2.0" 200 883 "-" "Mozilla/5.0 AppleWebKit/537.36 (KHTML, like Gecko; compatible; ClaudeBot/1.0; +claudebot@anthropic.com)"
20.171.207.246 - - [16/Jun/2025:10:33:37 -0500] "GET /vendor/google/apiclient-services/src/Sheets/SheetProperties.php HTTP/2.0" 500 - "-" "Mozilla/5.0 AppleWebKit/537.36 (KHTML, like Gecko; compatible; GPTBot/1.2; +https://openai.com/gptbot)"
216.73.216.29 - - [16/Jun/2025:10:33:39 -0500] "GET /vendor/symfony/error-handler/Resources/assets/?C=S&O=A HTTP/2.0" 200 1237 "-" "Mozilla/5.0 AppleWebKit/537.36 (KHTML, like Gecko; compatible; ClaudeBot/1.0; +claudebot@anthropic.com)"
216.73.216.29 - - [16/Jun/2025:10:33:44 -0500] "GET /vendor/jetbrains/phpstorm-stubs/zip/?C=D&O=D HTTP/2.0" 200 867 "-" "Mozilla/5.0 AppleWebKit/537.36 (KHTML, like Gecko; compatible; ClaudeBot/1.0; +claudebot@anthropic.com)"
185.191.171.5 - - [16/Jun/2025:10:33:49 -0500] "GET /vendor/google/apiclient-services/src/CloudResourceManager/ListTagBindingsResponse.php HTTP/1.1" 500 - "-" "Mozilla/5.0 (compatible; SemrushBot/7~bl; +http://www.semrush.com/bot.html)"
216.73.216.29 - - [16/Jun/2025:10:33:50 -0500] "GET /vendor/aws/aws-sdk-php/src/LexRuntimeV2/?C=S&O=A HTTP/2.0" 200 1063 "-" "Mozilla/5.0 AppleWebKit/537.36 (KHTML, like Gecko; compatible; ClaudeBot/1.0; +claudebot@anthropic.com)"
216.73.216.29 - - [16/Jun/2025:10:33:54 -0500] "GET /vendor/aws/aws-sdk-php/src/ForecastQueryService/?C=M&O=A HTTP/2.0" 200 1267 "-" "Mozilla/5.0 AppleWebKit/537.36 (KHTML, like Gecko; compatible; ClaudeBot/1.0; +claudebot@anthropic.com)"
216.73.216.29 - - [16/Jun/2025:10:33:59 -0500] "GET /vendor/jetbrains/phpstorm-stubs/sodium/?C=S&O=D HTTP/2.0" 200 876 "-" "Mozilla/5.0 AppleWebKit/537.36 (KHTML, like Gecko; compatible; ClaudeBot/1.0; +claudebot@anthropic.com)"
216.73.216.29 - - [16/Jun/2025:10:34:04 -0500] "GET /vendor/symfony/console/Attribute/?C=D&O=D HTTP/2.0" 200 858 "-" "Mozilla/5.0 AppleWebKit/537.36 (KHTML, like Gecko; compatible; ClaudeBot/1.0; +claudebot@anthropic.com)"
216.73.216.29 - - [16/Jun/2025:10:34:09 -0500] "GET /vendor/teamtnt/laravel-scout-tntsearch-driver/tests/?C=D&O=D HTTP/2.0" 200 929 "-" "Mozilla/5.0 AppleWebKit/537.36 (KHTML, like Gecko; compatible; ClaudeBot/1.0; +claudebot@anthropic.com)"
216.73.216.29 - - [16/Jun/2025:10:34:14 -0500] "GET /vendor/meilisearch/meilisearch-php/scripts/?C=D&O=D HTTP/2.0" 200 885 "-" "Mozilla/5.0 AppleWebKit/537.36 (KHTML, like Gecko; compatible; ClaudeBot/1.0; +claudebot@anthropic.com)"
216.73.216.29 - - [16/Jun/2025:10:34:19 -0500] "GET /vendor/jetbrains/phpstorm-stubs/iconv/?C=S&O=D HTTP/2.0" 200 696 "-" "Mozilla/5.0 AppleWebKit/537.36 (KHTML, like Gecko; compatible; ClaudeBot/1.0; +claudebot@anthropic.com)"
216.73.216.29 - - [16/Jun/2025:10:34:24 -0500] "GET /vendor/ramsey/uuid/src/Math HTTP/2.0" 301 276 "-" "Mozilla/5.0 AppleWebKit/537.36 (KHTML, like Gecko; compatible; ClaudeBot/1.0; +claudebot@anthropic.com)"
216.73.216.29 - - [16/Jun/2025:10:34:24 -0500] "GET /vendor/ramsey/uuid/src/Math/ HTTP/2.0" 200 1233 "https://www.vebto.graphicdesigncash.com/vendor/ramsey/uuid/src/Math" "Mozilla/5.0 AppleWebKit/537.36 (KHTML, like Gecko; compatible; ClaudeBot/1.0; +claudebot@anthropic.com)"
20.171.207.195 - - [16/Jun/2025:10:34:31 -0500] "GET /vendor/google/apiclient-services/src/Classroom/Announcement.php HTTP/2.0" 500 - "-" "Mozilla/5.0 AppleWebKit/537.36 (KHTML, like Gecko; compatible; GPTBot/1.2; +https://openai.com/gptbot)"
216.73.216.29 - - [16/Jun/2025:10:34:33 -0500] "GET /vendor/aws/aws-sdk-php/src/QLDB/?C=N&O=D HTTP/2.0" 200 1039 "-" "Mozilla/5.0 AppleWebKit/537.36 (KHTML, like Gecko; compatible; ClaudeBot/1.0; +claudebot@anthropic.com)"
216.73.216.29 - - [16/Jun/2025:10:34:34 -0500] "GET /vendor/ramsey/uuid/src/Rfc4122/UuidBuilder.php HTTP/2.0" 500 - "-" "Mozilla/5.0 AppleWebKit/537.36 (KHTML, like Gecko; compatible; ClaudeBot/1.0; +claudebot@anthropic.com)"
216.73.216.29 - - [16/Jun/2025:10:34:39 -0500] "GET /vendor/algolia/algoliasearch-client-php/?C=M&O=D HTTP/2.0" 200 2284 "-" "Mozilla/5.0 AppleWebKit/537.36 (KHTML, like Gecko; compatible; ClaudeBot/1.0; +claudebot@anthropic.com)"
20.171.207.246 - - [16/Jun/2025:10:34:39 -0500] "GET /vendor/google/apiclient-services/src/Slides/SlideProperties.php HTTP/2.0" 500 - "-" "Mozilla/5.0 AppleWebKit/537.36 (KHTML, like Gecko; compatible; GPTBot/1.2; +https://openai.com/gptbot)"
216.73.216.29 - - [16/Jun/2025:10:34:44 -0500] "GET /vendor/jetbrains/phpstorm-stubs/Core/?C=N&O=A HTTP/2.0" 200 1226 "-" "Mozilla/5.0 AppleWebKit/537.36 (KHTML, like Gecko; compatible; ClaudeBot/1.0; +claudebot@anthropic.com)"
216.73.216.29 - - [16/Jun/2025:10:34:49 -0500] "GET /vendor/aws/aws-sdk-php/src/IoTFleetHub/?C=D&O=A HTTP/2.0" 200 1060 "-" "Mozilla/5.0 AppleWebKit/537.36 (KHTML, like Gecko; compatible; ClaudeBot/1.0; +claudebot@anthropic.com)"
216.73.216.29 - - [16/Jun/2025:10:34:59 -0500] "GET /vendor/laravel-notification-channels/fcm/src/Resources/?C=M&O=A HTTP/2.0" 200 3535 "-" "Mozilla/5.0 AppleWebKit/537.36 (KHTML, like Gecko; compatible; ClaudeBot/1.0; +claudebot@anthropic.com)"
216.73.216.29 - - [16/Jun/2025:10:35:04 -0500] "GET /vendor/jetbrains/phpstorm-stubs/PDO/?C=M&O=D HTTP/2.0" 200 867 "-" "Mozilla/5.0 AppleWebKit/537.36 (KHTML, like Gecko; compatible; ClaudeBot/1.0; +claudebot@anthropic.com)"
216.73.216.29 - - [16/Jun/2025:10:35:09 -0500] "GET /vendor/jetbrains/phpstorm-stubs/imap/?C=S&O=A HTTP/2.0" 200 870 "-" "Mozilla/5.0 AppleWebKit/537.36 (KHTML, like Gecko; compatible; ClaudeBot/1.0; +claudebot@anthropic.com)"
216.73.216.29 - - [16/Jun/2025:10:35:14 -0500] "GET /vendor/jetbrains/phpstorm-stubs/libevent/?C=N&O=A HTTP/2.0" 200 882 "-" "Mozilla/5.0 AppleWebKit/537.36 (KHTML, like Gecko; compatible; ClaudeBot/1.0; +claudebot@anthropic.com)"
216.73.216.29 - - [16/Jun/2025:10:35:19 -0500] "GET /vendor/aws/aws-sdk-php/src/AppSync/?C=N&O=D HTTP/2.0" 200 1048 "-" "Mozilla/5.0 AppleWebKit/537.36 (KHTML, like Gecko; compatible; ClaudeBot/1.0; +claudebot@anthropic.com)"
85.208.96.206 - - [16/Jun/2025:10:35:19 -0500] "GET /vendor/google/apiclient-services/src/CloudIdentity/GoogleAppsCloudidentityDevicesV1AndroidAttributes.php HTTP/1.1" 500 - "-" "Mozilla/5.0 (compatible; SemrushBot/7~bl; +http://www.semrush.com/bot.html)"
216.73.216.29 - - [16/Jun/2025:10:35:24 -0500] "GET /vendor/aws/aws-sdk-php/src/AccessAnalyzer/?C=N&O=D HTTP/2.0" 200 1072 "-" "Mozilla/5.0 AppleWebKit/537.36 (KHTML, like Gecko; compatible; ClaudeBot/1.0; +claudebot@anthropic.com)"
216.73.216.29 - - [16/Jun/2025:10:35:29 -0500] "GET /vendor/tijsverkoyen/css-to-inline-styles/src/?C=D&O=D HTTP/2.0" 200 1080 "-" "Mozilla/5.0 AppleWebKit/537.36 (KHTML, like Gecko; compatible; ClaudeBot/1.0; +claudebot@anthropic.com)"
216.73.216.29 - - [16/Jun/2025:10:35:34 -0500] "GET /vendor/jetbrains/phpstorm-stubs/tidy/?C=M&O=A HTTP/2.0" 200 870 "-" "Mozilla/5.0 AppleWebKit/537.36 (KHTML, like Gecko; compatible; ClaudeBot/1.0; +claudebot@anthropic.com)"
20.171.207.195 - - [16/Jun/2025:10:35:34 -0500] "GET /vendor/google/apiclient-services/src/Classroom/UserProfile.php HTTP/2.0" 500 - "-" "Mozilla/5.0 AppleWebKit/537.36 (KHTML, like Gecko; compatible; GPTBot/1.2; +https://openai.com/gptbot)"
216.73.216.29 - - [16/Jun/2025:10:35:39 -0500] "GET /vendor/jetbrains/phpstorm-stubs/Ev/?C=S&O=D HTTP/2.0" 200 864 "-" "Mozilla/5.0 AppleWebKit/537.36 (KHTML, like Gecko; compatible; ClaudeBot/1.0; +claudebot@anthropic.com)"
216.73.216.29 - - [16/Jun/2025:10:35:44 -0500] "GET /vendor/symfony/http-client/Retry/?C=D&O=A HTTP/2.0" 200 1073 "-" "Mozilla/5.0 AppleWebKit/537.36 (KHTML, like Gecko; compatible; ClaudeBot/1.0; +claudebot@anthropic.com)"
20.171.207.246 - - [16/Jun/2025:10:35:45 -0500] "GET /vendor/google/apiclient-services/src/Sheets/TimeOfDay.php HTTP/2.0" 500 - "-" "Mozilla/5.0 AppleWebKit/537.36 (KHTML, like Gecko; compatible; GPTBot/1.2; +https://openai.com/gptbot)"
216.73.216.29 - - [16/Jun/2025:10:35:54 -0500] "GET /vendor/aws/aws-sdk-php/src/KinesisAnalyticsV2/?C=S&O=A HTTP/2.0" 200 1084 "-" "Mozilla/5.0 AppleWebKit/537.36 (KHTML, like Gecko; compatible; ClaudeBot/1.0; +claudebot@anthropic.com)"
216.73.216.29 - - [16/Jun/2025:10:35:55 -0500] "GET /vendor/aws/aws-sdk-php/src/CloudFormation/?C=N&O=D HTTP/2.0" 200 1072 "-" "Mozilla/5.0 AppleWebKit/537.36 (KHTML, like Gecko; compatible; ClaudeBot/1.0; +claudebot@anthropic.com)"
216.73.216.29 - - [16/Jun/2025:10:36:00 -0500] "GET /vendor/aws/aws-sdk-php/src/ForecastQueryService/?C=D&O=A HTTP/2.0" 200 1267 "-" "Mozilla/5.0 AppleWebKit/537.36 (KHTML, like Gecko; compatible; ClaudeBot/1.0; +claudebot@anthropic.com)"
216.73.216.29 - - [16/Jun/2025:10:36:05 -0500] "GET /vendor/aws/aws-sdk-php/src/Kafka/?C=S&O=A HTTP/2.0" 200 1042 "-" "Mozilla/5.0 AppleWebKit/537.36 (KHTML, like Gecko; compatible; ClaudeBot/1.0; +claudebot@anthropic.com)"
216.73.216.29 - - [16/Jun/2025:10:36:10 -0500] "GET /vendor/rackspace/php-opencloud/tests/OpenCloud/?C=D&O=A HTTP/2.0" 200 1067 "-" "Mozilla/5.0 AppleWebKit/537.36 (KHTML, like Gecko; compatible; ClaudeBot/1.0; +claudebot@anthropic.com)"
216.73.216.29 - - [16/Jun/2025:10:36:20 -0500] "GET /vendor/aws/aws-sdk-php/src/LookoutforVision/?C=N&O=D HTTP/2.0" 200 1078 "-" "Mozilla/5.0 AppleWebKit/537.36 (KHTML, like Gecko; compatible; ClaudeBot/1.0; +claudebot@anthropic.com)"
216.73.216.29 - - [16/Jun/2025:10:36:25 -0500] "GET /vendor/aws/aws-sdk-php/src/NetworkManager/?C=N&O=D HTTP/2.0" 200 1072 "-" "Mozilla/5.0 AppleWebKit/537.36 (KHTML, like Gecko; compatible; ClaudeBot/1.0; +claudebot@anthropic.com)"
216.73.216.29 - - [16/Jun/2025:10:36:31 -0500] "GET /vendor/teamtnt/laravel-scout-tntsearch-driver/src/Console/?C=D&O=A HTTP/2.0" 200 1124 "-" "Mozilla/5.0 AppleWebKit/537.36 (KHTML, like Gecko; compatible; ClaudeBot/1.0; +claudebot@anthropic.com)"
85.208.96.203 - - [16/Jun/2025:10:36:31 -0500] "GET /vendor/google/apiclient-services/src/CloudRedis/Cluster.php HTTP/1.1" 500 - "-" "Mozilla/5.0 (compatible; SemrushBot/7~bl; +http://www.semrush.com/bot.html)"
20.171.207.195 - - [16/Jun/2025:10:36:34 -0500] "GET /vendor/google/apiclient-services/src/Directory/UserUndelete.php HTTP/2.0" 500 - "-" "Mozilla/5.0 AppleWebKit/537.36 (KHTML, like Gecko; compatible; GPTBot/1.2; +https://openai.com/gptbot)"
216.73.216.29 - - [16/Jun/2025:10:36:35 -0500] "GET /vendor/jetbrains/phpstorm-stubs/bcmath/?C=N&O=A HTTP/2.0" 200 876 "-" "Mozilla/5.0 AppleWebKit/537.36 (KHTML, like Gecko; compatible; ClaudeBot/1.0; +claudebot@anthropic.com)"
85.208.96.207 - - [16/Jun/2025:10:36:40 -0500] "GET /vendor/google/apiclient-services/src/Digitalassetlinks/Resource/ HTTP/1.1" 200 771 "-" "Mozilla/5.0 (compatible; SemrushBot/7~bl; +http://www.semrush.com/bot.html)"
216.73.216.29 - - [16/Jun/2025:10:36:40 -0500] "GET /vendor/jetbrains/phpstorm-stubs/readline/?C=D&O=D HTTP/2.0" 200 882 "-" "Mozilla/5.0 AppleWebKit/537.36 (KHTML, like Gecko; compatible; ClaudeBot/1.0; +claudebot@anthropic.com)"
216.73.216.29 - - [16/Jun/2025:10:36:45 -0500] "GET /vendor/ramsey/uuid/src/Provider/Node HTTP/2.0" 301 285 "-" "Mozilla/5.0 AppleWebKit/537.36 (KHTML, like Gecko; compatible; ClaudeBot/1.0; +claudebot@anthropic.com)"
216.73.216.29 - - [16/Jun/2025:10:36:45 -0500] "GET /vendor/ramsey/uuid/src/Provider/Node/ HTTP/2.0" 200 694 "https://www.vebto.graphicdesigncash.com/vendor/ramsey/uuid/src/Provider/Node" "Mozilla/5.0 AppleWebKit/537.36 (KHTML, like Gecko; compatible; ClaudeBot/1.0; +claudebot@anthropic.com)"
20.171.207.246 - - [16/Jun/2025:10:36:46 -0500] "GET /vendor/google/apiclient-services/src/YouTube/ActivityContentDetailsChannelItem.php HTTP/2.0" 500 - "-" "Mozilla/5.0 AppleWebKit/537.36 (KHTML, like Gecko; compatible; GPTBot/1.2; +https://openai.com/gptbot)"
216.73.216.29 - - [16/Jun/2025:10:36:50 -0500] "GET /vendor/aws/aws-sdk-php/src/ClientSideMonitoring/?C=M&O=A HTTP/2.0" 200 2285 "-" "Mozilla/5.0 AppleWebKit/537.36 (KHTML, like Gecko; compatible; ClaudeBot/1.0; +claudebot@anthropic.com)"
185.191.171.19 - - [16/Jun/2025:10:36:55 -0500] "GET /vendor/google/apiclient-services/src/Dfareporting/Language.php HTTP/1.1" 500 - "-" "Mozilla/5.0 (compatible; SemrushBot/7~bl; +http://www.semrush.com/bot.html)"
216.73.216.29 - - [16/Jun/2025:10:36:55 -0500] "GET /vendor/jetbrains/phpstorm-stubs/shmop/?C=S&O=D HTTP/2.0" 200 873 "-" "Mozilla/5.0 AppleWebKit/537.36 (KHTML, like Gecko; compatible; ClaudeBot/1.0; +claudebot@anthropic.com)"
216.73.216.29 - - [16/Jun/2025:10:37:00 -0500] "GET /vendor/symfony/dom-crawler/Field/?C=M&O=D HTTP/2.0" 200 1609 "-" "Mozilla/5.0 AppleWebKit/537.36 (KHTML, like Gecko; compatible; ClaudeBot/1.0; +claudebot@anthropic.com)"
85.208.96.201 - - [16/Jun/2025:10:37:00 -0500] "GET /vendor/google/apiclient-services/src/ShoppingContent/ShippingsettingsGetSupportedPickupServicesResponse.php HTTP/1.1" 500 - "-" "Mozilla/5.0 (compatible; SemrushBot/7~bl; +http://www.semrush.com/bot.html)"
216.73.216.29 - - [16/Jun/2025:10:37:05 -0500] "GET /vendor/symfony/translation/Formatter/?C=S&O=D HTTP/2.0" 200 1459 "-" "Mozilla/5.0 AppleWebKit/537.36 (KHTML, like Gecko; compatible; ClaudeBot/1.0; +claudebot@anthropic.com)"
216.73.216.29 - - [16/Jun/2025:10:37:10 -0500] "GET /vendor/aws/aws-sdk-php/src/Honeycode/?C=S&O=A HTTP/2.0" 200 1054 "-" "Mozilla/5.0 AppleWebKit/537.36 (KHTML, like Gecko; compatible; ClaudeBot/1.0; +claudebot@anthropic.com)"
216.73.216.29 - - [16/Jun/2025:10:37:15 -0500] "GET /vendor/nesbot/carbon/src/Carbon/CarbonInterface.php HTTP/2.0" 200 - "-" "Mozilla/5.0 AppleWebKit/537.36 (KHTML, like Gecko; compatible; ClaudeBot/1.0; +claudebot@anthropic.com)"
216.73.216.29 - - [16/Jun/2025:10:37:20 -0500] "GET /vendor/laravel/sanctum/database/?C=S&O=D HTTP/2.0" 200 854 "-" "Mozilla/5.0 AppleWebKit/537.36 (KHTML, like Gecko; compatible; ClaudeBot/1.0; +claudebot@anthropic.com)"
216.73.216.29 - - [16/Jun/2025:10:37:31 -0500] "GET /vendor/symfony/service-contracts/Attribute/?C=D&O=D HTTP/2.0" 200 1076 "-" "Mozilla/5.0 AppleWebKit/537.36 (KHTML, like Gecko; compatible; ClaudeBot/1.0; +claudebot@anthropic.com)"
216.73.216.29 - - [16/Jun/2025:10:37:31 -0500] "GET /vendor/aws/aws-sdk-php/src/WellArchitected/?C=N&O=D HTTP/2.0" 200 1075 "-" "Mozilla/5.0 AppleWebKit/537.36 (KHTML, like Gecko; compatible; ClaudeBot/1.0; +claudebot@anthropic.com)"
216.73.216.29 - - [16/Jun/2025:10:37:36 -0500] "GET /vendor/matchish/laravel-scout-elasticsearch/src/Engines/?C=S&O=A HTTP/2.0" 200 939 "-" "Mozilla/5.0 AppleWebKit/537.36 (KHTML, like Gecko; compatible; ClaudeBot/1.0; +claudebot@anthropic.com)"
20.171.207.195 - - [16/Jun/2025:10:37:39 -0500] "GET /vendor/google/apiclient-services/src/Firestore/RunQueryRequest.php HTTP/2.0" 500 - "-" "Mozilla/5.0 AppleWebKit/537.36 (KHTML, like Gecko; compatible; GPTBot/1.2; +https://openai.com/gptbot)"
216.73.216.29 - - [16/Jun/2025:10:37:41 -0500] "GET /vendor/aws/aws-sdk-php/src/Comprehend/?C=S&O=A HTTP/2.0" 200 1057 "-" "Mozilla/5.0 AppleWebKit/537.36 (KHTML, like Gecko; compatible; ClaudeBot/1.0; +claudebot@anthropic.com)"
216.73.216.29 - - [16/Jun/2025:10:37:46 -0500] "GET /vendor/jetbrains/phpstorm-stubs/uv/?C=M&O=D HTTP/2.0" 200 1048 "-" "Mozilla/5.0 AppleWebKit/537.36 (KHTML, like Gecko; compatible; ClaudeBot/1.0; +claudebot@anthropic.com)"
20.171.207.246 - - [16/Jun/2025:10:37:49 -0500] "GET /vendor/google/apiclient-services/src/Apigee/GoogleIamV1AuditLogConfig.php HTTP/2.0" 500 - "-" "Mozilla/5.0 AppleWebKit/537.36 (KHTML, like Gecko; compatible; GPTBot/1.2; +https://openai.com/gptbot)"
185.191.171.3 - - [16/Jun/2025:10:37:50 -0500] "GET /vendor/google/apiclient-services/src/YouTube/VideoFileDetailsAudioStream.php HTTP/1.1" 500 - "-" "Mozilla/5.0 (compatible; SemrushBot/7~bl; +http://www.semrush.com/bot.html)"
216.73.216.29 - - [16/Jun/2025:10:37:51 -0500] "GET /vendor/laravel/sanctum/src/?C=S&O=D HTTP/2.0" 200 2670 "-" "Mozilla/5.0 AppleWebKit/537.36 (KHTML, like Gecko; compatible; ClaudeBot/1.0; +claudebot@anthropic.com)"
185.191.171.13 - - [16/Jun/2025:10:37:52 -0500] "GET /vendor/laravel/framework/src/Illuminate/Database/Migrations/stubs/migration.stub HTTP/1.1" 200 418 "-" "Mozilla/5.0 (compatible; SemrushBot/7~bl; +http://www.semrush.com/bot.html)"
216.73.216.29 - - [16/Jun/2025:10:37:56 -0500] "GET /vendor/aws/aws-sdk-php/src/CloudHSMV2/?C=N&O=D HTTP/2.0" 200 1057 "-" "Mozilla/5.0 AppleWebKit/537.36 (KHTML, like Gecko; compatible; ClaudeBot/1.0; +claudebot@anthropic.com)"
216.73.216.29 - - [16/Jun/2025:10:38:01 -0500] "GET /vendor/symfony/translation/Exception/?C=S&O=D HTTP/2.0" 200 2844 "-" "Mozilla/5.0 AppleWebKit/537.36 (KHTML, like Gecko; compatible; ClaudeBot/1.0; +claudebot@anthropic.com)"
216.73.216.29 - - [16/Jun/2025:10:38:10 -0500] "GET /vendor/jetbrains/phpstorm-stubs/gd/?C=D&O=D HTTP/2.0" 200 864 "-" "Mozilla/5.0 AppleWebKit/537.36 (KHTML, like Gecko; compatible; ClaudeBot/1.0; +claudebot@anthropic.com)"
216.73.216.29 - - [16/Jun/2025:10:38:11 -0500] "GET /vendor/laravel/horizon/src/Repositories/?C=N&O=D HTTP/2.0" 200 2073 "-" "Mozilla/5.0 AppleWebKit/537.36 (KHTML, like Gecko; compatible; ClaudeBot/1.0; +claudebot@anthropic.com)"
216.73.216.29 - - [16/Jun/2025:10:38:16 -0500] "GET /vendor/maennchen/zipstream-php/src/?C=S&O=D HTTP/2.0" 200 2121 "-" "Mozilla/5.0 AppleWebKit/537.36 (KHTML, like Gecko; compatible; ClaudeBot/1.0; +claudebot@anthropic.com)"
185.191.171.9 - - [16/Jun/2025:10:38:18 -0500] "GET /vendor/aws/aws-sdk-php/src/CloudHSMV2/Exception/ HTTP/1.1" 200 722 "-" "Mozilla/5.0 (compatible; SemrushBot/7~bl; +http://www.semrush.com/bot.html)"
85.208.96.203 - - [16/Jun/2025:10:38:20 -0500] "GET /vendor/google/apiclient-services/src/Dfareporting/MeasurementPartnerAdvertiserLink.php HTTP/1.1" 500 - "-" "Mozilla/5.0 (compatible; SemrushBot/7~bl; +http://www.semrush.com/bot.html)"
216.73.216.29 - - [16/Jun/2025:10:38:21 -0500] "GET /vendor/aws/aws-sdk-php/src/imagebuilder/?C=N&O=D HTTP/2.0" 200 1063 "-" "Mozilla/5.0 AppleWebKit/537.36 (KHTML, like Gecko; compatible; ClaudeBot/1.0; +claudebot@anthropic.com)"
216.73.216.29 - - [16/Jun/2025:10:38:26 -0500] "GET /vendor/symfony/console/Completion/?C=D&O=D HTTP/2.0" 200 1419 "-" "Mozilla/5.0 AppleWebKit/537.36 (KHTML, like Gecko; compatible; ClaudeBot/1.0; +claudebot@anthropic.com)"
85.208.96.206 - - [16/Jun/2025:10:38:28 -0500] "GET /vendor/google/apiclient-services/src/DoubleClickBidManager/ReportStatus.php HTTP/1.1" 500 - "-" "Mozilla/5.0 (compatible; SemrushBot/7~bl; +http://www.semrush.com/bot.html)"
216.73.216.29 - - [16/Jun/2025:10:38:31 -0500] "GET /vendor/ezimuel/ringphp/src/Future/FutureInterface.php HTTP/2.0" 500 - "-" "Mozilla/5.0 AppleWebKit/537.36 (KHTML, like Gecko; compatible; ClaudeBot/1.0; +claudebot@anthropic.com)"
216.73.216.29 - - [16/Jun/2025:10:38:36 -0500] "GET /vendor/aws/aws-sdk-php/src/PI/?C=S&O=A HTTP/2.0" 200 1033 "-" "Mozilla/5.0 AppleWebKit/537.36 (KHTML, like Gecko; compatible; ClaudeBot/1.0; +claudebot@anthropic.com)"
20.171.207.195 - - [16/Jun/2025:10:38:39 -0500] "GET /vendor/google/apiclient-services/src/Classroom/Assignment.php HTTP/2.0" 500 - "-" "Mozilla/5.0 AppleWebKit/537.36 (KHTML, like Gecko; compatible; GPTBot/1.2; +https://openai.com/gptbot)"
216.73.216.29 - - [16/Jun/2025:10:38:41 -0500] "GET /vendor/aws/aws-sdk-php/src/Transfer/?C=N&O=D HTTP/2.0" 200 1051 "-" "Mozilla/5.0 AppleWebKit/537.36 (KHTML, like Gecko; compatible; ClaudeBot/1.0; +claudebot@anthropic.com)"
185.191.171.19 - - [16/Jun/2025:10:38:43 -0500] "GET /vendor/aws/aws-sdk-php/src/LookoutEquipment/ HTTP/1.1" 200 1078 "-" "Mozilla/5.0 (compatible; SemrushBot/7~bl; +http://www.semrush.com/bot.html)"
216.73.216.29 - - [16/Jun/2025:10:38:46 -0500] "GET /vendor/symfony/routing/Loader/?C=M&O=D HTTP/2.0" 200 3103 "-" "Mozilla/5.0 AppleWebKit/537.36 (KHTML, like Gecko; compatible; ClaudeBot/1.0; +claudebot@anthropic.com)"
216.73.216.29 - - [16/Jun/2025:10:38:51 -0500] "GET /vendor/aws/aws-sdk-php/src/CodeStarconnections/?C=N&O=D HTTP/2.0" 200 1087 "-" "Mozilla/5.0 AppleWebKit/537.36 (KHTML, like Gecko; compatible; ClaudeBot/1.0; +claudebot@anthropic.com)"
20.171.207.246 - - [16/Jun/2025:10:38:55 -0500] "GET /vendor/google/apiclient-services/src/Apigee/GoogleIamV1AuditConfig.php HTTP/2.0" 500 - "-" "Mozilla/5.0 AppleWebKit/537.36 (KHTML, like Gecko; compatible; GPTBot/1.2; +https://openai.com/gptbot)"
216.73.216.29 - - [16/Jun/2025:10:39:01 -0500] "GET /vendor/jetbrains/phpstorm-stubs/gmagick/?C=D&O=D HTTP/2.0" 200 879 "-" "Mozilla/5.0 AppleWebKit/537.36 (KHTML, like Gecko; compatible; ClaudeBot/1.0; +claudebot@anthropic.com)"
216.73.216.29 - - [16/Jun/2025:10:39:02 -0500] "GET /vendor/aws/aws-sdk-php/src/AmplifyUIBuilder/?C=D&O=A HTTP/2.0" 200 1078 "-" "Mozilla/5.0 AppleWebKit/537.36 (KHTML, like Gecko; compatible; ClaudeBot/1.0; +claudebot@anthropic.com)"
216.73.216.29 - - [16/Jun/2025:10:39:07 -0500] "GET /vendor/matchish/laravel-scout-elasticsearch/resources/?C=N&O=A HTTP/2.0" 200 913 "-" "Mozilla/5.0 AppleWebKit/537.36 (KHTML, like Gecko; compatible; ClaudeBot/1.0; +claudebot@anthropic.com)"
185.191.171.18 - - [16/Jun/2025:10:39:11 -0500] "GET /vendor/google/apiclient-services/src/CloudRetail/GoogleCloudRetailV2alphaExportProductsResponse.php HTTP/1.1" 500 - "-" "Mozilla/5.0 (compatible; SemrushBot/7~bl; +http://www.semrush.com/bot.html)"
216.73.216.29 - - [16/Jun/2025:10:39:12 -0500] "GET /vendor/symfony/var-dumper/Command/?C=M&O=D HTTP/2.0" 200 1050 "-" "Mozilla/5.0 AppleWebKit/537.36 (KHTML, like Gecko; compatible; ClaudeBot/1.0; +claudebot@anthropic.com)"
85.208.96.198 - - [16/Jun/2025:10:39:15 -0500] "GET /vendor/rackspace/php-opencloud/doc/services/ HTTP/1.1" 200 3193 "-" "Mozilla/5.0 (compatible; SemrushBot/7~bl; +http://www.semrush.com/bot.html)"
216.73.216.29 - - [16/Jun/2025:10:39:17 -0500] "GET /vendor/aws/aws-sdk-php/src/MigrationHubStrategyRecommendations/?C=S&O=A HTTP/2.0" 200 1135 "-" "Mozilla/5.0 AppleWebKit/537.36 (KHTML, like Gecko; compatible; ClaudeBot/1.0; +claudebot@anthropic.com)"
216.73.216.29 - - [16/Jun/2025:10:39:22 -0500] "GET /vendor/jetbrains/phpstorm-stubs/gmp/?C=M&O=D HTTP/2.0" 200 867 "-" "Mozilla/5.0 AppleWebKit/537.36 (KHTML, like Gecko; compatible; ClaudeBot/1.0; +claudebot@anthropic.com)"
185.191.171.7 - - [16/Jun/2025:10:39:26 -0500] "GET /vendor/google/apiclient-services/src/Dfareporting/AdBlockingConfiguration.php HTTP/1.1" 500 - "-" "Mozilla/5.0 (compatible; SemrushBot/7~bl; +http://www.semrush.com/bot.html)"
216.73.216.29 - - [16/Jun/2025:10:39:27 -0500] "GET /vendor/jetbrains/phpstorm-stubs/SPL/?C=N&O=A HTTP/2.0" 200 1222 "-" "Mozilla/5.0 AppleWebKit/537.36 (KHTML, like Gecko; compatible; ClaudeBot/1.0; +claudebot@anthropic.com)"
216.73.216.29 - - [16/Jun/2025:10:39:32 -0500] "GET /vendor/aws/aws-sdk-php/src/KinesisVideoArchivedMedia/?C=N&O=D HTTP/2.0" 200 1105 "-" "Mozilla/5.0 AppleWebKit/537.36 (KHTML, like Gecko; compatible; ClaudeBot/1.0; +claudebot@anthropic.com)"
216.73.216.29 - - [16/Jun/2025:10:39:37 -0500] "GET /vendor/aws/aws-sdk-php/src/ElasticInference/?C=D&O=A HTTP/2.0" 200 1078 "-" "Mozilla/5.0 AppleWebKit/537.36 (KHTML, like Gecko; compatible; ClaudeBot/1.0; +claudebot@anthropic.com)"
85.208.96.201 - - [16/Jun/2025:10:39:37 -0500] "GET /vendor/aws/aws-sdk-php/src/S3/ HTTP/1.1" 200 6359 "-" "Mozilla/5.0 (compatible; SemrushBot/7~bl; +http://www.semrush.com/bot.html)"
216.73.216.29 - - [16/Jun/2025:10:39:42 -0500] "GET /vendor/jetbrains/phpstorm-stubs/bz2/?C=D&O=D HTTP/2.0" 200 867 "-" "Mozilla/5.0 AppleWebKit/537.36 (KHTML, like Gecko; compatible; ClaudeBot/1.0; +claudebot@anthropic.com)"
20.171.207.195 - - [16/Jun/2025:10:39:45 -0500] "GET /vendor/google/apiclient-services/src/Appengine/Deployment.php HTTP/2.0" 500 - "-" "Mozilla/5.0 AppleWebKit/537.36 (KHTML, like Gecko; compatible; GPTBot/1.2; +https://openai.com/gptbot)"
216.73.216.29 - - [16/Jun/2025:10:39:49 -0500] "GET /vendor/symfony/console/Style/?C=N&O=A HTTP/2.0" 200 1222 "-" "Mozilla/5.0 AppleWebKit/537.36 (KHTML, like Gecko; compatible; ClaudeBot/1.0; +claudebot@anthropic.com)"
216.73.216.29 - - [16/Jun/2025:10:39:52 -0500] "GET /vendor/symfony/routing/Loader/?C=D&O=D HTTP/2.0" 200 3103 "-" "Mozilla/5.0 AppleWebKit/537.36 (KHTML, like Gecko; compatible; ClaudeBot/1.0; +claudebot@anthropic.com)"
216.73.216.29 - - [16/Jun/2025:10:39:57 -0500] "GET /vendor/jetbrains/phpstorm-stubs/winbinder/?C=D&O=D HTTP/2.0" 200 885 "-" "Mozilla/5.0 AppleWebKit/537.36 (KHTML, like Gecko; compatible; ClaudeBot/1.0; +claudebot@anthropic.com)"
20.171.207.246 - - [16/Jun/2025:10:40:00 -0500] "GET /vendor/google/apiclient-services/src/Slides/ColorStop.php HTTP/2.0" 500 - "-" "Mozilla/5.0 AppleWebKit/537.36 (KHTML, like Gecko; compatible; GPTBot/1.2; +https://openai.com/gptbot)"
216.73.216.29 - - [16/Jun/2025:10:40:02 -0500] "GET /vendor/aws/aws-sdk-php/src/ConfigService/?C=S&O=A HTTP/2.0" 200 1066 "-" "Mozilla/5.0 AppleWebKit/537.36 (KHTML, like Gecko; compatible; ClaudeBot/1.0; +claudebot@anthropic.com)"
216.73.216.29 - - [16/Jun/2025:10:40:07 -0500] "GET /vendor/aws/aws-sdk-php/src/ApplicationDiscoveryService/?C=S&O=A HTTP/2.0" 200 1111 "-" "Mozilla/5.0 AppleWebKit/537.36 (KHTML, like Gecko; compatible; ClaudeBot/1.0; +claudebot@anthropic.com)"
216.73.216.29 - - [16/Jun/2025:10:40:12 -0500] "GET /vendor/aws/aws-sdk-php/src/CodeGuruReviewer/?C=D&O=A HTTP/2.0" 200 1078 "-" "Mozilla/5.0 AppleWebKit/537.36 (KHTML, like Gecko; compatible; ClaudeBot/1.0; +claudebot@anthropic.com)"
216.73.216.29 - - [16/Jun/2025:10:40:17 -0500] "GET /vendor/algolia/algoliasearch-client-php/src/Config/?C=S&O=A HTTP/2.0" 200 2239 "-" "Mozilla/5.0 AppleWebKit/537.36 (KHTML, like Gecko; compatible; ClaudeBot/1.0; +claudebot@anthropic.com)"
216.73.216.29 - - [16/Jun/2025:10:40:27 -0500] "GET /vendor/aws/aws-sdk-php/src/Route53RecoveryCluster/?C=S&O=A HTTP/2.0" 200 1096 "-" "Mozilla/5.0 AppleWebKit/537.36 (KHTML, like Gecko; compatible; ClaudeBot/1.0; +claudebot@anthropic.com)"
85.208.96.206 - - [16/Jun/2025:10:40:33 -0500] "GET /vendor/google/apiclient-services/src/GameServices/OperationMetadata.php HTTP/1.1" 500 - "-" "Mozilla/5.0 (compatible; SemrushBot/7~bl; +http://www.semrush.com/bot.html)"
216.73.216.29 - - [16/Jun/2025:10:40:37 -0500] "GET /vendor/meilisearch/meilisearch-php/src/?C=M&O=D HTTP/2.0" 200 2123 "-" "Mozilla/5.0 AppleWebKit/537.36 (KHTML, like Gecko; compatible; ClaudeBot/1.0; +claudebot@anthropic.com)"
216.73.216.29 - - [16/Jun/2025:10:40:37 -0500] "GET /vendor/aws/aws-sdk-php/src/CodeGuruProfiler/?C=D&O=A HTTP/2.0" 200 1078 "-" "Mozilla/5.0 AppleWebKit/537.36 (KHTML, like Gecko; compatible; ClaudeBot/1.0; +claudebot@anthropic.com)"
216.73.216.29 - - [16/Jun/2025:10:40:42 -0500] "GET /vendor/psr/log/?C=S&O=A HTTP/2.0" 200 1157 "-" "Mozilla/5.0 AppleWebKit/537.36 (KHTML, like Gecko; compatible; ClaudeBot/1.0; +claudebot@anthropic.com)"
85.208.96.207 - - [16/Jun/2025:10:40:44 -0500] "GET /vendor/google/apiclient-services/src/DataCatalog/GoogleCloudDatacatalogV1ListEntryGroupsResponse.php HTTP/1.1" 500 - "-" "Mozilla/5.0 (compatible; SemrushBot/7~bl; +http://www.semrush.com/bot.html)"
216.73.216.29 - - [16/Jun/2025:10:40:47 -0500] "GET /vendor/jetbrains/phpstorm-stubs/geos/?C=N&O=A HTTP/2.0" 200 870 "-" "Mozilla/5.0 AppleWebKit/537.36 (KHTML, like Gecko; compatible; ClaudeBot/1.0; +claudebot@anthropic.com)"
20.171.207.195 - - [16/Jun/2025:10:40:48 -0500] "GET /vendor/google/apiclient-services/src/Firestore/WriteRequest.php HTTP/2.0" 500 - "-" "Mozilla/5.0 AppleWebKit/537.36 (KHTML, like Gecko; compatible; GPTBot/1.2; +https://openai.com/gptbot)"
185.191.171.9 - - [16/Jun/2025:10:40:49 -0500] "GET /vendor/google/apiclient-services/src/Dfareporting/PlacementGroup.php HTTP/1.1" 500 - "-" "Mozilla/5.0 (compatible; SemrushBot/7~bl; +http://www.semrush.com/bot.html)"
216.73.216.29 - - [16/Jun/2025:10:40:52 -0500] "GET /vendor/aws/aws-sdk-php/src/WorkDocs/?C=D&O=A HTTP/2.0" 200 1051 "-" "Mozilla/5.0 AppleWebKit/537.36 (KHTML, like Gecko; compatible; ClaudeBot/1.0; +claudebot@anthropic.com)"
85.208.96.207 - - [16/Jun/2025:10:40:57 -0500] "GET /vendor/google/apiclient-services/src/CloudIdentity/DeleteMembershipMetadata.php HTTP/1.1" 500 - "-" "Mozilla/5.0 (compatible; SemrushBot/7~bl; +http://www.semrush.com/bot.html)"
216.73.216.29 - - [16/Jun/2025:10:40:57 -0500] "GET /vendor/jetbrains/phpstorm-stubs/fileinfo/?C=M&O=D HTTP/2.0" 200 882 "-" "Mozilla/5.0 AppleWebKit/537.36 (KHTML, like Gecko; compatible; ClaudeBot/1.0; +claudebot@anthropic.com)"
20.171.207.246 - - [16/Jun/2025:10:41:01 -0500] "GET /vendor/google/apiclient-services/src/Slides/ColorScheme.php HTTP/2.0" 500 - "-" "Mozilla/5.0 AppleWebKit/537.36 (KHTML, like Gecko; compatible; GPTBot/1.2; +https://openai.com/gptbot)"
216.73.216.29 - - [16/Jun/2025:10:41:02 -0500] "GET /vendor/jetbrains/phpstorm-stubs/snmp/?C=M&O=D HTTP/2.0" 200 870 "-" "Mozilla/5.0 AppleWebKit/537.36 (KHTML, like Gecko; compatible; ClaudeBot/1.0; +claudebot@anthropic.com)"
216.73.216.29 - - [16/Jun/2025:10:41:07 -0500] "GET /vendor/laravel/ui/tests/?C=M&O=D HTTP/2.0" 200 1014 "-" "Mozilla/5.0 AppleWebKit/537.36 (KHTML, like Gecko; compatible; ClaudeBot/1.0; +claudebot@anthropic.com)"
216.73.216.29 - - [16/Jun/2025:10:41:12 -0500] "GET /vendor/aws/aws-sdk-php/src/CloudFront/?C=N&O=D HTTP/2.0" 200 1600 "-" "Mozilla/5.0 AppleWebKit/537.36 (KHTML, like Gecko; compatible; ClaudeBot/1.0; +claudebot@anthropic.com)"
185.191.171.7 - - [16/Jun/2025:10:41:15 -0500] "GET /vendor/google/apiclient-services/src/YouTube/LiveStreamConfigurationIssue.php HTTP/1.1" 500 - "-" "Mozilla/5.0 (compatible; SemrushBot/7~bl; +http://www.semrush.com/bot.html)"
216.73.216.29 - - [16/Jun/2025:10:41:17 -0500] "GET /vendor/jetbrains/phpstorm-stubs/exif/?C=D&O=D HTTP/2.0" 200 870 "-" "Mozilla/5.0 AppleWebKit/537.36 (KHTML, like Gecko; compatible; ClaudeBot/1.0; +claudebot@anthropic.com)"
216.73.216.29 - - [16/Jun/2025:10:41:22 -0500] "GET /vendor/ramsey/uuid/src/Rfc4122/UuidV5.php HTTP/2.0" 500 - "-" "Mozilla/5.0 AppleWebKit/537.36 (KHTML, like Gecko; compatible; ClaudeBot/1.0; +claudebot@anthropic.com)"
216.73.216.29 - - [16/Jun/2025:10:41:27 -0500] "GET /vendor/jetbrains/phpstorm-stubs/uopz/?C=N&O=A HTTP/2.0" 200 870 "-" "Mozilla/5.0 AppleWebKit/537.36 (KHTML, like Gecko; compatible; ClaudeBot/1.0; +claudebot@anthropic.com)"
216.73.216.29 - - [16/Jun/2025:10:41:37 -0500] "GET /vendor/jetbrains/phpstorm-stubs/FFI/?C=D&O=D HTTP/2.0" 200 867 "-" "Mozilla/5.0 AppleWebKit/537.36 (KHTML, like Gecko; compatible; ClaudeBot/1.0; +claudebot@anthropic.com)"
216.73.216.29 - - [16/Jun/2025:10:41:42 -0500] "GET /vendor/symfony/translation/Reader/?C=S&O=D HTTP/2.0" 200 1073 "-" "Mozilla/5.0 AppleWebKit/537.36 (KHTML, like Gecko; compatible; ClaudeBot/1.0; +claudebot@anthropic.com)"
216.73.216.29 - - [16/Jun/2025:10:41:47 -0500] "GET /vendor/jetbrains/phpstorm-stubs/http/?C=S&O=D HTTP/2.0" 200 1047 "-" "Mozilla/5.0 AppleWebKit/537.36 (KHTML, like Gecko; compatible; ClaudeBot/1.0; +claudebot@anthropic.com)"
216.73.216.29 - - [16/Jun/2025:10:41:52 -0500] "GET /vendor/ramsey/uuid/src/Rfc4122/Fields.php HTTP/2.0" 500 - "-" "Mozilla/5.0 AppleWebKit/537.36 (KHTML, like Gecko; compatible; ClaudeBot/1.0; +claudebot@anthropic.com)"
20.171.207.195 - - [16/Jun/2025:10:41:53 -0500] "GET /vendor/google/apiclient-services/src/Container/NodeManagement.php HTTP/2.0" 500 - "-" "Mozilla/5.0 AppleWebKit/537.36 (KHTML, like Gecko; compatible; GPTBot/1.2; +https://openai.com/gptbot)"
216.73.216.29 - - [16/Jun/2025:10:41:59 -0500] "GET /vendor/symfony/console/Event/?C=N&O=A HTTP/2.0" 200 1619 "-" "Mozilla/5.0 AppleWebKit/537.36 (KHTML, like Gecko; compatible; ClaudeBot/1.0; +claudebot@anthropic.com)"
20.171.207.246 - - [16/Jun/2025:10:42:02 -0500] "GET /vendor/google/apiclient-services/src/Blogger/UserLocale.php HTTP/2.0" 500 - "-" "Mozilla/5.0 AppleWebKit/537.36 (KHTML, like Gecko; compatible; GPTBot/1.2; +https://openai.com/gptbot)"
216.73.216.29 - - [16/Jun/2025:10:42:02 -0500] "GET /vendor/jetbrains/phpstorm-stubs/solr/?C=N&O=A HTTP/2.0" 200 2123 "-" "Mozilla/5.0 AppleWebKit/537.36 (KHTML, like Gecko; compatible; ClaudeBot/1.0; +claudebot@anthropic.com)"
216.73.216.29 - - [16/Jun/2025:10:42:07 -0500] "GET /vendor/aws/aws-sdk-php/src/DynamoDbStreams/?C=S&O=A HTTP/2.0" 200 1075 "-" "Mozilla/5.0 AppleWebKit/537.36 (KHTML, like Gecko; compatible; ClaudeBot/1.0; +claudebot@anthropic.com)"
216.73.216.29 - - [16/Jun/2025:10:42:12 -0500] "GET /vendor/jetbrains/phpstorm-stubs/enchant/?C=M&O=D HTTP/2.0" 200 879 "-" "Mozilla/5.0 AppleWebKit/537.36 (KHTML, like Gecko; compatible; ClaudeBot/1.0; +claudebot@anthropic.com)"
216.73.216.29 - - [16/Jun/2025:10:42:17 -0500] "GET /vendor/symfony/process/Pipes/?C=S&O=D HTTP/2.0" 200 1405 "-" "Mozilla/5.0 AppleWebKit/537.36 (KHTML, like Gecko; compatible; ClaudeBot/1.0; +claudebot@anthropic.com)"
216.73.216.29 - - [16/Jun/2025:10:42:27 -0500] "GET /vendor/symfony/var-dumper/Command/?C=D&O=D HTTP/2.0" 200 1050 "-" "Mozilla/5.0 AppleWebKit/537.36 (KHTML, like Gecko; compatible; ClaudeBot/1.0; +claudebot@anthropic.com)"
216.73.216.29 - - [16/Jun/2025:10:42:32 -0500] "GET /vendor/aws/aws-sdk-php/src/ElasticBeanstalk/?C=M&O=A HTTP/2.0" 200 1078 "-" "Mozilla/5.0 AppleWebKit/537.36 (KHTML, like Gecko; compatible; ClaudeBot/1.0; +claudebot@anthropic.com)"
216.73.216.29 - - [16/Jun/2025:10:42:37 -0500] "GET /vendor/aws/aws-sdk-php/src/BackupGateway/?C=S&O=A HTTP/2.0" 200 1066 "-" "Mozilla/5.0 AppleWebKit/537.36 (KHTML, like Gecko; compatible; ClaudeBot/1.0; +claudebot@anthropic.com)"
216.73.216.29 - - [16/Jun/2025:10:42:42 -0500] "GET /vendor/aws/aws-sdk-php/src/AppRegistry/?C=N&O=D HTTP/2.0" 200 1060 "-" "Mozilla/5.0 AppleWebKit/537.36 (KHTML, like Gecko; compatible; ClaudeBot/1.0; +claudebot@anthropic.com)"
