216.73.216.29 - - [16/Jun/2025:09:45:29 -0500] "GET /vendor/meilisearch/meilisearch-php/src/Endpoints/Indexes.php HTTP/2.0" 500 - "-" "Mozilla/5.0 AppleWebKit/537.36 (KHTML, like Gecko; compatible; ClaudeBot/1.0; +claudebot@anthropic.com)"
216.73.216.29 - - [16/Jun/2025:09:45:34 -0500] "GET /vendor/roave/better-reflection/src/Reflector/ClassReflector.php HTTP/2.0" 500 - "-" "Mozilla/5.0 AppleWebKit/537.36 (KHTML, like Gecko; compatible; ClaudeBot/1.0; +claudebot@anthropic.com)"
216.73.216.29 - - [16/Jun/2025:09:45:39 -0500] "GET /vendor/aws/aws-sdk-php/src/RecycleBin/Exception HTTP/2.0" 301 296 "-" "Mozilla/5.0 AppleWebKit/537.36 (KHTML, like Gecko; compatible; ClaudeBot/1.0; +claudebot@anthropic.com)"
216.73.216.29 - - [16/Jun/2025:09:45:39 -0500] "GET /vendor/aws/aws-sdk-php/src/RecycleBin/Exception/ HTTP/2.0" 200 722 "https://www.vebto.graphicdesigncash.com/vendor/aws/aws-sdk-php/src/RecycleBin/Exception" "Mozilla/5.0 AppleWebKit/537.36 (KHTML, like Gecko; compatible; ClaudeBot/1.0; +claudebot@anthropic.com)"
216.73.216.29 - - [16/Jun/2025:09:45:44 -0500] "GET /vendor/laravel/ui/src/Presets/bootstrap-stubs HTTP/2.0" 301 294 "-" "Mozilla/5.0 AppleWebKit/537.36 (KHTML, like Gecko; compatible; ClaudeBot/1.0; +claudebot@anthropic.com)"
216.73.216.29 - - [16/Jun/2025:09:45:44 -0500] "GET /vendor/laravel/ui/src/Presets/bootstrap-stubs/ HTTP/2.0" 200 1431 "https://www.vebto.graphicdesigncash.com/vendor/laravel/ui/src/Presets/bootstrap-stubs" "Mozilla/5.0 AppleWebKit/537.36 (KHTML, like Gecko; compatible; ClaudeBot/1.0; +claudebot@anthropic.com)"
216.73.216.29 - - [16/Jun/2025:09:45:51 -0500] "GET /vendor/aws/aws-sdk-php/src/GuardDuty/GuardDutyClient.php HTTP/2.0" 500 - "-" "Mozilla/5.0 AppleWebKit/537.36 (KHTML, like Gecko; compatible; ClaudeBot/1.0; +claudebot@anthropic.com)"
216.73.216.29 - - [16/Jun/2025:09:45:54 -0500] "GET /vendor/aws/aws-sdk-php/src/Crypto/KmsMaterialsProvider.php HTTP/2.0" 500 - "-" "Mozilla/5.0 AppleWebKit/537.36 (KHTML, like Gecko; compatible; ClaudeBot/1.0; +claudebot@anthropic.com)"
216.73.216.29 - - [16/Jun/2025:09:45:59 -0500] "GET /vendor/doctrine/dbal/src/Platforms/PostgreSQL94Platform.php HTTP/2.0" 500 - "-" "Mozilla/5.0 AppleWebKit/537.36 (KHTML, like Gecko; compatible; ClaudeBot/1.0; +claudebot@anthropic.com)"
216.73.216.29 - - [16/Jun/2025:09:46:04 -0500] "GET /vendor/aws/aws-sdk-php/src/Crypto/MaterialsProvider.php HTTP/2.0" 500 - "-" "Mozilla/5.0 AppleWebKit/537.36 (KHTML, like Gecko; compatible; ClaudeBot/1.0; +claudebot@anthropic.com)"
216.73.216.29 - - [16/Jun/2025:09:46:09 -0500] "GET /vendor/aws/aws-sdk-php/src/Endpoint/PartitionEndpointProvider.php HTTP/2.0" 200 - "-" "Mozilla/5.0 AppleWebKit/537.36 (KHTML, like Gecko; compatible; ClaudeBot/1.0; +claudebot@anthropic.com)"
216.73.216.29 - - [16/Jun/2025:09:46:14 -0500] "GET /vendor/aws/aws-sdk-php/src/MediaStoreData/Exception HTTP/2.0" 301 300 "-" "Mozilla/5.0 AppleWebKit/537.36 (KHTML, like Gecko; compatible; ClaudeBot/1.0; +claudebot@anthropic.com)"
216.73.216.29 - - [16/Jun/2025:09:46:14 -0500] "GET /vendor/aws/aws-sdk-php/src/MediaStoreData/Exception/ HTTP/2.0" 200 734 "https://www.vebto.graphicdesigncash.com/vendor/aws/aws-sdk-php/src/MediaStoreData/Exception" "Mozilla/5.0 AppleWebKit/537.36 (KHTML, like Gecko; compatible; ClaudeBot/1.0; +claudebot@anthropic.com)"
216.73.216.29 - - [16/Jun/2025:09:46:19 -0500] "GET /vendor/doctrine/dbal/src/Schema/SchemaConfig.php HTTP/2.0" 200 - "-" "Mozilla/5.0 AppleWebKit/537.36 (KHTML, like Gecko; compatible; ClaudeBot/1.0; +claudebot@anthropic.com)"
20.171.207.246 - - [16/Jun/2025:09:46:20 -0500] "GET /vendor/google/apiclient-services/src/Blogger/PostImages.php HTTP/2.0" 500 - "-" "Mozilla/5.0 AppleWebKit/537.36 (KHTML, like Gecko; compatible; GPTBot/1.2; +https://openai.com/gptbot)"
216.73.216.29 - - [16/Jun/2025:09:46:24 -0500] "GET /vendor/aws/aws-sdk-php/src/SnowDeviceManagement/Exception HTTP/2.0" 301 306 "-" "Mozilla/5.0 AppleWebKit/537.36 (KHTML, like Gecko; compatible; ClaudeBot/1.0; +claudebot@anthropic.com)"
216.73.216.29 - - [16/Jun/2025:09:46:24 -0500] "GET /vendor/aws/aws-sdk-php/src/SnowDeviceManagement/Exception/ HTTP/2.0" 200 752 "https://www.vebto.graphicdesigncash.com/vendor/aws/aws-sdk-php/src/SnowDeviceManagement/Exception" "Mozilla/5.0 AppleWebKit/537.36 (KHTML, like Gecko; compatible; ClaudeBot/1.0; +claudebot@anthropic.com)"
20.171.207.195 - - [16/Jun/2025:09:46:29 -0500] "GET /vendor/google/apiclient-services/src/Datastore/CompositeFilter.php HTTP/2.0" 500 - "-" "Mozilla/5.0 AppleWebKit/537.36 (KHTML, like Gecko; compatible; GPTBot/1.2; +https://openai.com/gptbot)"
216.73.216.29 - - [16/Jun/2025:09:46:29 -0500] "GET /vendor/tijsverkoyen/css-to-inline-styles/src/Css/Rule HTTP/2.0" 301 302 "-" "Mozilla/5.0 AppleWebKit/537.36 (KHTML, like Gecko; compatible; ClaudeBot/1.0; +claudebot@anthropic.com)"
216.73.216.29 - - [16/Jun/2025:09:46:30 -0500] "GET /vendor/tijsverkoyen/css-to-inline-styles/src/Css/Rule/ HTTP/2.0" 200 745 "https://www.vebto.graphicdesigncash.com/vendor/tijsverkoyen/css-to-inline-styles/src/Css/Rule" "Mozilla/5.0 AppleWebKit/537.36 (KHTML, like Gecko; compatible; ClaudeBot/1.0; +claudebot@anthropic.com)"
216.73.216.29 - - [16/Jun/2025:09:46:34 -0500] "GET /vendor/pda/pheanstalk/src/Contract/SocketInterface.php HTTP/2.0" 200 - "-" "Mozilla/5.0 AppleWebKit/537.36 (KHTML, like Gecko; compatible; ClaudeBot/1.0; +claudebot@anthropic.com)"
216.73.216.29 - - [16/Jun/2025:09:46:39 -0500] "GET /vendor/psy/psysh/src/CodeCleaner/InstanceOfPass.php HTTP/2.0" 500 - "-" "Mozilla/5.0 AppleWebKit/537.36 (KHTML, like Gecko; compatible; ClaudeBot/1.0; +claudebot@anthropic.com)"
185.191.171.4 - - [16/Jun/2025:09:46:43 -0500] "GET /vendor/google/apiclient-services/src/ShoppingContent/OrderLineItemProduct.php HTTP/1.1" 500 - "-" "Mozilla/5.0 (compatible; SemrushBot/7~bl; +http://www.semrush.com/bot.html)"
216.73.216.29 - - [16/Jun/2025:09:46:44 -0500] "GET /vendor/aws/aws-sdk-php/src/Sns/Exception HTTP/2.0" 301 289 "-" "Mozilla/5.0 AppleWebKit/537.36 (KHTML, like Gecko; compatible; ClaudeBot/1.0; +claudebot@anthropic.com)"
216.73.216.29 - - [16/Jun/2025:09:46:44 -0500] "GET /vendor/aws/aws-sdk-php/src/Sns/Exception/ HTTP/2.0" 200 701 "https://www.vebto.graphicdesigncash.com/vendor/aws/aws-sdk-php/src/Sns/Exception" "Mozilla/5.0 AppleWebKit/537.36 (KHTML, like Gecko; compatible; ClaudeBot/1.0; +claudebot@anthropic.com)"
185.191.171.2 - - [16/Jun/2025:09:46:45 -0500] "GET /vendor/aws/aws-sdk-php/src/CloudControlApi/ HTTP/1.1" 200 1075 "-" "Mozilla/5.0 (compatible; SemrushBot/7~bl; +http://www.semrush.com/bot.html)"
216.73.216.29 - - [16/Jun/2025:09:46:49 -0500] "GET /vendor/aws/aws-sdk-php/src/Signature/SignatureV4.php HTTP/2.0" 500 - "-" "Mozilla/5.0 AppleWebKit/537.36 (KHTML, like Gecko; compatible; ClaudeBot/1.0; +claudebot@anthropic.com)"
216.73.216.29 - - [16/Jun/2025:09:46:54 -0500] "GET /vendor/riverline/multipart-parser/tests/Converters/GlobalsTest.php HTTP/2.0" 500 - "-" "Mozilla/5.0 AppleWebKit/537.36 (KHTML, like Gecko; compatible; ClaudeBot/1.0; +claudebot@anthropic.com)"
216.73.216.29 - - [16/Jun/2025:09:46:59 -0500] "GET /vendor/ramsey/uuid/src/Generator/RandomGeneratorFactory.php HTTP/2.0" 200 - "-" "Mozilla/5.0 AppleWebKit/537.36 (KHTML, like Gecko; compatible; ClaudeBot/1.0; +claudebot@anthropic.com)"
216.73.216.29 - - [16/Jun/2025:09:47:04 -0500] "GET /vendor/aws/aws-sdk-php/src/Emr/Exception HTTP/2.0" 301 289 "-" "Mozilla/5.0 AppleWebKit/537.36 (KHTML, like Gecko; compatible; ClaudeBot/1.0; +claudebot@anthropic.com)"
216.73.216.29 - - [16/Jun/2025:09:47:05 -0500] "GET /vendor/aws/aws-sdk-php/src/Emr/Exception/ HTTP/2.0" 200 701 "https://www.vebto.graphicdesigncash.com/vendor/aws/aws-sdk-php/src/Emr/Exception" "Mozilla/5.0 AppleWebKit/537.36 (KHTML, like Gecko; compatible; ClaudeBot/1.0; +claudebot@anthropic.com)"
216.73.216.29 - - [16/Jun/2025:09:47:09 -0500] "GET /vendor/pda/pheanstalk/src/Exception/JobTooBigException.php HTTP/2.0" 500 - "-" "Mozilla/5.0 AppleWebKit/537.36 (KHTML, like Gecko; compatible; ClaudeBot/1.0; +claudebot@anthropic.com)"
216.73.216.29 - - [16/Jun/2025:09:47:14 -0500] "GET /vendor/kreait/firebase-php/src/Firebase/Project HTTP/2.0" 301 296 "-" "Mozilla/5.0 AppleWebKit/537.36 (KHTML, like Gecko; compatible; ClaudeBot/1.0; +claudebot@anthropic.com)"
216.73.216.29 - - [16/Jun/2025:09:47:15 -0500] "GET /vendor/kreait/firebase-php/src/Firebase/Project/ HTTP/2.0" 200 724 "https://www.vebto.graphicdesigncash.com/vendor/kreait/firebase-php/src/Firebase/Project" "Mozilla/5.0 AppleWebKit/537.36 (KHTML, like Gecko; compatible; ClaudeBot/1.0; +claudebot@anthropic.com)"
20.171.207.246 - - [16/Jun/2025:09:47:20 -0500] "GET /vendor/google/apiclient-services/src/Sheets/NamedRange.php HTTP/2.0" 500 - "-" "Mozilla/5.0 AppleWebKit/537.36 (KHTML, like Gecko; compatible; GPTBot/1.2; +https://openai.com/gptbot)"
216.73.216.29 - - [16/Jun/2025:09:47:20 -0500] "GET /vendor/aws/aws-sdk-php/src/IdentityStore/Exception HTTP/2.0" 301 299 "-" "Mozilla/5.0 AppleWebKit/537.36 (KHTML, like Gecko; compatible; ClaudeBot/1.0; +claudebot@anthropic.com)"
216.73.216.29 - - [16/Jun/2025:09:47:20 -0500] "GET /vendor/aws/aws-sdk-php/src/IdentityStore/Exception/ HTTP/2.0" 200 731 "https://www.vebto.graphicdesigncash.com/vendor/aws/aws-sdk-php/src/IdentityStore/Exception" "Mozilla/5.0 AppleWebKit/537.36 (KHTML, like Gecko; compatible; ClaudeBot/1.0; +claudebot@anthropic.com)"
216.73.216.29 - - [16/Jun/2025:09:47:25 -0500] "GET /vendor/symfony/polyfill-iconv/Resources/charset/from.cp875.php HTTP/2.0" 200 - "-" "Mozilla/5.0 AppleWebKit/537.36 (KHTML, like Gecko; compatible; ClaudeBot/1.0; +claudebot@anthropic.com)"
216.73.216.29 - - [16/Jun/2025:09:47:30 -0500] "GET /vendor/guzzlehttp/guzzle/src/Handler/StreamHandler.php HTTP/2.0" 200 - "-" "Mozilla/5.0 AppleWebKit/537.36 (KHTML, like Gecko; compatible; ClaudeBot/1.0; +claudebot@anthropic.com)"
20.171.207.195 - - [16/Jun/2025:09:47:30 -0500] "GET /vendor/google/apiclient-services/src/Directory/FeatureRename.php HTTP/2.0" 500 - "-" "Mozilla/5.0 AppleWebKit/537.36 (KHTML, like Gecko; compatible; GPTBot/1.2; +https://openai.com/gptbot)"
216.73.216.29 - - [16/Jun/2025:09:47:35 -0500] "GET /vendor/psy/psysh/src/Reflection/ReflectionConstant_.php HTTP/2.0" 200 - "-" "Mozilla/5.0 AppleWebKit/537.36 (KHTML, like Gecko; compatible; ClaudeBot/1.0; +claudebot@anthropic.com)"
216.73.216.29 - - [16/Jun/2025:09:47:40 -0500] "GET /vendor/symfony/polyfill-iconv/Resources/charset/from.cp852.php HTTP/2.0" 200 - "-" "Mozilla/5.0 AppleWebKit/537.36 (KHTML, like Gecko; compatible; ClaudeBot/1.0; +claudebot@anthropic.com)"
216.73.216.29 - - [16/Jun/2025:09:47:45 -0500] "GET /vendor/aws/aws-sdk-php/src/Swf/Exception HTTP/2.0" 301 289 "-" "Mozilla/5.0 AppleWebKit/537.36 (KHTML, like Gecko; compatible; ClaudeBot/1.0; +claudebot@anthropic.com)"
216.73.216.29 - - [16/Jun/2025:09:47:45 -0500] "GET /vendor/aws/aws-sdk-php/src/Swf/Exception/ HTTP/2.0" 200 701 "https://www.vebto.graphicdesigncash.com/vendor/aws/aws-sdk-php/src/Swf/Exception" "Mozilla/5.0 AppleWebKit/537.36 (KHTML, like Gecko; compatible; ClaudeBot/1.0; +claudebot@anthropic.com)"
216.73.216.29 - - [16/Jun/2025:09:47:50 -0500] "GET /vendor/ongr/elasticsearch-dsl/src/Suggest/Suggest.php HTTP/2.0" 500 - "-" "Mozilla/5.0 AppleWebKit/537.36 (KHTML, like Gecko; compatible; ClaudeBot/1.0; +claudebot@anthropic.com)"
216.73.216.29 - - [16/Jun/2025:09:47:55 -0500] "GET /vendor/roave/signature/src/Encoder/HmacEncoder.php HTTP/2.0" 500 - "-" "Mozilla/5.0 AppleWebKit/537.36 (KHTML, like Gecko; compatible; ClaudeBot/1.0; +claudebot@anthropic.com)"
216.73.216.29 - - [16/Jun/2025:09:48:00 -0500] "GET /vendor/pda/pheanstalk/src/Contract/ResponseParserInterface.php HTTP/2.0" 200 - "-" "Mozilla/5.0 AppleWebKit/537.36 (KHTML, like Gecko; compatible; ClaudeBot/1.0; +claudebot@anthropic.com)"
216.73.216.29 - - [16/Jun/2025:09:48:05 -0500] "GET /vendor/aws/aws-sdk-php/src/IoTSecureTunneling/Exception HTTP/2.0" 301 304 "-" "Mozilla/5.0 AppleWebKit/537.36 (KHTML, like Gecko; compatible; ClaudeBot/1.0; +claudebot@anthropic.com)"
216.73.216.29 - - [16/Jun/2025:09:48:05 -0500] "GET /vendor/aws/aws-sdk-php/src/IoTSecureTunneling/Exception/ HTTP/2.0" 200 746 "https://www.vebto.graphicdesigncash.com/vendor/aws/aws-sdk-php/src/IoTSecureTunneling/Exception" "Mozilla/5.0 AppleWebKit/537.36 (KHTML, like Gecko; compatible; ClaudeBot/1.0; +claudebot@anthropic.com)"
216.73.216.29 - - [16/Jun/2025:09:48:10 -0500] "GET /vendor/psy/psysh/src/Output/ProcOutputPager.php HTTP/2.0" 500 - "-" "Mozilla/5.0 AppleWebKit/537.36 (KHTML, like Gecko; compatible; ClaudeBot/1.0; +claudebot@anthropic.com)"
216.73.216.29 - - [16/Jun/2025:09:48:15 -0500] "GET /vendor/meilisearch/meilisearch-php/src/Endpoints/Delegates HTTP/2.0" 301 307 "-" "Mozilla/5.0 AppleWebKit/537.36 (KHTML, like Gecko; compatible; ClaudeBot/1.0; +claudebot@anthropic.com)"
216.73.216.29 - - [16/Jun/2025:09:48:15 -0500] "GET /vendor/meilisearch/meilisearch-php/src/Endpoints/Delegates/ HTTP/2.0" 200 755 "https://www.vebto.graphicdesigncash.com/vendor/meilisearch/meilisearch-php/src/Endpoints/Delegates" "Mozilla/5.0 AppleWebKit/537.36 (KHTML, like Gecko; compatible; ClaudeBot/1.0; +claudebot@anthropic.com)"
216.73.216.29 - - [16/Jun/2025:09:48:20 -0500] "GET /vendor/symfony/polyfill-iconv/Resources/charset/from.iso-8859-16.php HTTP/2.0" 200 - "-" "Mozilla/5.0 AppleWebKit/537.36 (KHTML, like Gecko; compatible; ClaudeBot/1.0; +claudebot@anthropic.com)"
185.191.171.2 - - [16/Jun/2025:09:48:23 -0500] "GET /vendor/google/apiclient-services/src/Iam/Role.php HTTP/1.1" 500 - "-" "Mozilla/5.0 (compatible; SemrushBot/7~bl; +http://www.semrush.com/bot.html)"
85.208.96.204 - - [16/Jun/2025:09:48:24 -0500] "GET /vendor/google/apiclient-services/src/Document/GoogleCloudDocumentaiV1beta2DocumentPageParagraph.php HTTP/1.1" 500 - "-" "Mozilla/5.0 (compatible; SemrushBot/7~bl; +http://www.semrush.com/bot.html)"
20.171.207.246 - - [16/Jun/2025:09:48:24 -0500] "GET /vendor/google/apiclient-services/src/Sheets/PivotValue.php HTTP/2.0" 500 - "-" "Mozilla/5.0 AppleWebKit/537.36 (KHTML, like Gecko; compatible; GPTBot/1.2; +https://openai.com/gptbot)"
216.73.216.29 - - [16/Jun/2025:09:48:25 -0500] "GET /vendor/aws/aws-sdk-php/src/CognitoIdentity/CognitoIdentityClient.php HTTP/2.0" 500 - "-" "Mozilla/5.0 AppleWebKit/537.36 (KHTML, like Gecko; compatible; ClaudeBot/1.0; +claudebot@anthropic.com)"
85.208.96.200 - - [16/Jun/2025:09:48:25 -0500] "GET /vendor/aws/aws-sdk-php/src/Comprehend/ HTTP/1.1" 200 1057 "-" "Mozilla/5.0 (compatible; SemrushBot/7~bl; +http://www.semrush.com/bot.html)"
216.73.216.29 - - [16/Jun/2025:09:48:30 -0500] "GET /vendor/kreait/firebase-php/src/Firebase/ServiceAccount.php HTTP/2.0" 200 - "-" "Mozilla/5.0 AppleWebKit/537.36 (KHTML, like Gecko; compatible; ClaudeBot/1.0; +claudebot@anthropic.com)"
20.171.207.195 - - [16/Jun/2025:09:48:31 -0500] "GET /vendor/google/apiclient-services/src/Datastore/ArrayValue.php HTTP/2.0" 500 - "-" "Mozilla/5.0 AppleWebKit/537.36 (KHTML, like Gecko; compatible; GPTBot/1.2; +https://openai.com/gptbot)"
216.73.216.29 - - [16/Jun/2025:09:48:35 -0500] "GET /vendor/psy/psysh/src/Exception/ErrorException.php HTTP/2.0" 500 - "-" "Mozilla/5.0 AppleWebKit/537.36 (KHTML, like Gecko; compatible; ClaudeBot/1.0; +claudebot@anthropic.com)"
216.73.216.29 - - [16/Jun/2025:09:48:40 -0500] "GET /vendor/psy/psysh/src/Exception/RuntimeException.php HTTP/2.0" 500 - "-" "Mozilla/5.0 AppleWebKit/537.36 (KHTML, like Gecko; compatible; ClaudeBot/1.0; +claudebot@anthropic.com)"
216.73.216.29 - - [16/Jun/2025:09:48:45 -0500] "GET /vendor/aws/aws-sdk-php/src/CloudHSMV2/Exception HTTP/2.0" 301 296 "-" "Mozilla/5.0 AppleWebKit/537.36 (KHTML, like Gecko; compatible; ClaudeBot/1.0; +claudebot@anthropic.com)"
216.73.216.29 - - [16/Jun/2025:09:48:45 -0500] "GET /vendor/aws/aws-sdk-php/src/CloudHSMV2/Exception/ HTTP/2.0" 200 722 "https://www.vebto.graphicdesigncash.com/vendor/aws/aws-sdk-php/src/CloudHSMV2/Exception" "Mozilla/5.0 AppleWebKit/537.36 (KHTML, like Gecko; compatible; ClaudeBot/1.0; +claudebot@anthropic.com)"
216.73.216.29 - - [16/Jun/2025:09:48:50 -0500] "GET /vendor/symfony/polyfill-iconv/Resources/charset/from.iso-8859-9.php HTTP/2.0" 200 - "-" "Mozilla/5.0 AppleWebKit/537.36 (KHTML, like Gecko; compatible; ClaudeBot/1.0; +claudebot@anthropic.com)"
216.73.216.29 - - [16/Jun/2025:09:48:55 -0500] "GET /vendor/aws/aws-sdk-php/src/ChimeSDKIdentity/Exception HTTP/2.0" 301 302 "-" "Mozilla/5.0 AppleWebKit/537.36 (KHTML, like Gecko; compatible; ClaudeBot/1.0; +claudebot@anthropic.com)"
216.73.216.29 - - [16/Jun/2025:09:48:55 -0500] "GET /vendor/aws/aws-sdk-php/src/ChimeSDKIdentity/Exception/ HTTP/2.0" 200 740 "https://www.vebto.graphicdesigncash.com/vendor/aws/aws-sdk-php/src/ChimeSDKIdentity/Exception" "Mozilla/5.0 AppleWebKit/537.36 (KHTML, like Gecko; compatible; ClaudeBot/1.0; +claudebot@anthropic.com)"
216.73.216.29 - - [16/Jun/2025:09:49:00 -0500] "GET /vendor/doctrine/dbal/src/Schema/AbstractAsset.php HTTP/2.0" 200 - "-" "Mozilla/5.0 AppleWebKit/537.36 (KHTML, like Gecko; compatible; ClaudeBot/1.0; +claudebot@anthropic.com)"
216.73.216.29 - - [16/Jun/2025:09:49:05 -0500] "GET /vendor/aws/aws-sdk-php/src/AppSync/Exception HTTP/2.0" 301 293 "-" "Mozilla/5.0 AppleWebKit/537.36 (KHTML, like Gecko; compatible; ClaudeBot/1.0; +claudebot@anthropic.com)"
216.73.216.29 - - [16/Jun/2025:09:49:05 -0500] "GET /vendor/aws/aws-sdk-php/src/AppSync/Exception/ HTTP/2.0" 200 713 "https://www.vebto.graphicdesigncash.com/vendor/aws/aws-sdk-php/src/AppSync/Exception" "Mozilla/5.0 AppleWebKit/537.36 (KHTML, like Gecko; compatible; ClaudeBot/1.0; +claudebot@anthropic.com)"
216.73.216.29 - - [16/Jun/2025:09:49:10 -0500] "GET /vendor/aws/aws-sdk-php/src/Honeycode/Exception HTTP/2.0" 301 295 "-" "Mozilla/5.0 AppleWebKit/537.36 (KHTML, like Gecko; compatible; ClaudeBot/1.0; +claudebot@anthropic.com)"
216.73.216.29 - - [16/Jun/2025:09:49:10 -0500] "GET /vendor/aws/aws-sdk-php/src/Honeycode/Exception/ HTTP/2.0" 200 719 "https://www.vebto.graphicdesigncash.com/vendor/aws/aws-sdk-php/src/Honeycode/Exception" "Mozilla/5.0 AppleWebKit/537.36 (KHTML, like Gecko; compatible; ClaudeBot/1.0; +claudebot@anthropic.com)"
216.73.216.29 - - [16/Jun/2025:09:49:15 -0500] "GET /vendor/algolia/algoliasearch-client-php/src/Response/DictionaryResponse.php HTTP/2.0" 500 - "-" "Mozilla/5.0 AppleWebKit/537.36 (KHTML, like Gecko; compatible; ClaudeBot/1.0; +claudebot@anthropic.com)"
216.73.216.29 - - [16/Jun/2025:09:49:20 -0500] "GET /vendor/aws/aws-sdk-php/src/DAX/Exception HTTP/2.0" 301 289 "-" "Mozilla/5.0 AppleWebKit/537.36 (KHTML, like Gecko; compatible; ClaudeBot/1.0; +claudebot@anthropic.com)"
216.73.216.29 - - [16/Jun/2025:09:49:20 -0500] "GET /vendor/aws/aws-sdk-php/src/DAX/Exception/ HTTP/2.0" 200 701 "https://www.vebto.graphicdesigncash.com/vendor/aws/aws-sdk-php/src/DAX/Exception" "Mozilla/5.0 AppleWebKit/537.36 (KHTML, like Gecko; compatible; ClaudeBot/1.0; +claudebot@anthropic.com)"
216.73.216.29 - - [16/Jun/2025:09:49:26 -0500] "GET /vendor/symfony/polyfill-iconv/Resources/charset/from.koi8-u.php HTTP/2.0" 200 - "-" "Mozilla/5.0 AppleWebKit/537.36 (KHTML, like Gecko; compatible; ClaudeBot/1.0; +claudebot@anthropic.com)"
20.171.207.246 - - [16/Jun/2025:09:49:27 -0500] "GET /vendor/google/apiclient-services/src/Blogger/PostList.php HTTP/2.0" 500 - "-" "Mozilla/5.0 AppleWebKit/537.36 (KHTML, like Gecko; compatible; GPTBot/1.2; +https://openai.com/gptbot)"
216.73.216.29 - - [16/Jun/2025:09:49:30 -0500] "GET /vendor/laravel/socialite/src/One/TwitterProvider.php HTTP/2.0" 500 - "-" "Mozilla/5.0 AppleWebKit/537.36 (KHTML, like Gecko; compatible; ClaudeBot/1.0; +claudebot@anthropic.com)"
216.73.216.29 - - [16/Jun/2025:09:49:35 -0500] "GET /vendor/aws/aws-sdk-php/src/Macie2/Exception HTTP/2.0" 301 292 "-" "Mozilla/5.0 AppleWebKit/537.36 (KHTML, like Gecko; compatible; ClaudeBot/1.0; +claudebot@anthropic.com)"
216.73.216.29 - - [16/Jun/2025:09:49:35 -0500] "GET /vendor/aws/aws-sdk-php/src/Macie2/Exception/ HTTP/2.0" 200 710 "https://www.vebto.graphicdesigncash.com/vendor/aws/aws-sdk-php/src/Macie2/Exception" "Mozilla/5.0 AppleWebKit/537.36 (KHTML, like Gecko; compatible; ClaudeBot/1.0; +claudebot@anthropic.com)"
20.171.207.195 - - [16/Jun/2025:09:49:36 -0500] "GET /vendor/google/apiclient-services/src/Analytics/Webproperties.php HTTP/2.0" 500 - "-" "Mozilla/5.0 AppleWebKit/537.36 (KHTML, like Gecko; compatible; GPTBot/1.2; +https://openai.com/gptbot)"
216.73.216.29 - - [16/Jun/2025:09:49:40 -0500] "GET /vendor/aws/aws-sdk-php/src/Mobile/MobileClient.php HTTP/2.0" 500 - "-" "Mozilla/5.0 AppleWebKit/537.36 (KHTML, like Gecko; compatible; ClaudeBot/1.0; +claudebot@anthropic.com)"
85.208.96.204 - - [16/Jun/2025:09:49:44 -0500] "GET /vendor/google/apiclient-services/src/YouTube/CommentThreadListResponse.php HTTP/1.1" 500 - "-" "Mozilla/5.0 (compatible; SemrushBot/7~bl; +http://www.semrush.com/bot.html)"
216.73.216.29 - - [16/Jun/2025:09:49:45 -0500] "GET /vendor/psy/psysh/src/CodeCleaner/ImplicitReturnPass.php HTTP/2.0" 500 - "-" "Mozilla/5.0 AppleWebKit/537.36 (KHTML, like Gecko; compatible; ClaudeBot/1.0; +claudebot@anthropic.com)"
216.73.216.29 - - [16/Jun/2025:09:49:50 -0500] "GET /vendor/psy/psysh/src/Exception/FatalErrorException.php HTTP/2.0" 500 - "-" "Mozilla/5.0 AppleWebKit/537.36 (KHTML, like Gecko; compatible; ClaudeBot/1.0; +claudebot@anthropic.com)"
216.73.216.29 - - [16/Jun/2025:09:49:55 -0500] "GET /vendor/symfony/polyfill-iconv/Resources/charset/from.cp863.php HTTP/2.0" 200 - "-" "Mozilla/5.0 AppleWebKit/537.36 (KHTML, like Gecko; compatible; ClaudeBot/1.0; +claudebot@anthropic.com)"
216.73.216.29 - - [16/Jun/2025:09:50:00 -0500] "GET /vendor/aws/aws-sdk-php/src/Transfer/Exception HTTP/2.0" 301 294 "-" "Mozilla/5.0 AppleWebKit/537.36 (KHTML, like Gecko; compatible; ClaudeBot/1.0; +claudebot@anthropic.com)"
216.73.216.29 - - [16/Jun/2025:09:50:00 -0500] "GET /vendor/aws/aws-sdk-php/src/Transfer/Exception/ HTTP/2.0" 200 716 "https://www.vebto.graphicdesigncash.com/vendor/aws/aws-sdk-php/src/Transfer/Exception" "Mozilla/5.0 AppleWebKit/537.36 (KHTML, like Gecko; compatible; ClaudeBot/1.0; +claudebot@anthropic.com)"
216.73.216.29 - - [16/Jun/2025:09:50:05 -0500] "GET /vendor/aws/aws-sdk-php/src/PersonalizeEvents/Exception HTTP/2.0" 301 303 "-" "Mozilla/5.0 AppleWebKit/537.36 (KHTML, like Gecko; compatible; ClaudeBot/1.0; +claudebot@anthropic.com)"
216.73.216.29 - - [16/Jun/2025:09:50:05 -0500] "GET /vendor/aws/aws-sdk-php/src/PersonalizeEvents/Exception/ HTTP/2.0" 200 743 "https://www.vebto.graphicdesigncash.com/vendor/aws/aws-sdk-php/src/PersonalizeEvents/Exception" "Mozilla/5.0 AppleWebKit/537.36 (KHTML, like Gecko; compatible; ClaudeBot/1.0; +claudebot@anthropic.com)"
216.73.216.29 - - [16/Jun/2025:09:50:12 -0500] "GET /vendor/psr/http-client/src HTTP/2.0" 301 275 "-" "Mozilla/5.0 AppleWebKit/537.36 (KHTML, like Gecko; compatible; ClaudeBot/1.0; +claudebot@anthropic.com)"
216.73.216.29 - - [16/Jun/2025:09:50:12 -0500] "GET /vendor/psr/http-client/src/ HTTP/2.0" 200 1451 "https://www.vebto.graphicdesigncash.com/vendor/psr/http-client/src" "Mozilla/5.0 AppleWebKit/537.36 (KHTML, like Gecko; compatible; ClaudeBot/1.0; +claudebot@anthropic.com)"
216.73.216.29 - - [16/Jun/2025:09:50:15 -0500] "GET /vendor/aws/aws-sdk-php/src/AppRegistry/Exception HTTP/2.0" 301 297 "-" "Mozilla/5.0 AppleWebKit/537.36 (KHTML, like Gecko; compatible; ClaudeBot/1.0; +claudebot@anthropic.com)"
216.73.216.29 - - [16/Jun/2025:09:50:15 -0500] "GET /vendor/aws/aws-sdk-php/src/AppRegistry/Exception/ HTTP/2.0" 200 725 "https://www.vebto.graphicdesigncash.com/vendor/aws/aws-sdk-php/src/AppRegistry/Exception" "Mozilla/5.0 AppleWebKit/537.36 (KHTML, like Gecko; compatible; ClaudeBot/1.0; +claudebot@anthropic.com)"
216.73.216.29 - - [16/Jun/2025:09:50:20 -0500] "GET /vendor/aws/aws-sdk-php/src/Sts/Exception HTTP/2.0" 301 289 "-" "Mozilla/5.0 AppleWebKit/537.36 (KHTML, like Gecko; compatible; ClaudeBot/1.0; +claudebot@anthropic.com)"
216.73.216.29 - - [16/Jun/2025:09:50:20 -0500] "GET /vendor/aws/aws-sdk-php/src/Sts/Exception/ HTTP/2.0" 200 701 "https://www.vebto.graphicdesigncash.com/vendor/aws/aws-sdk-php/src/Sts/Exception" "Mozilla/5.0 AppleWebKit/537.36 (KHTML, like Gecko; compatible; ClaudeBot/1.0; +claudebot@anthropic.com)"
216.73.216.29 - - [16/Jun/2025:09:50:25 -0500] "GET /vendor/aws/aws-sdk-php/src/AutoScalingPlans/Exception HTTP/2.0" 301 302 "-" "Mozilla/5.0 AppleWebKit/537.36 (KHTML, like Gecko; compatible; ClaudeBot/1.0; +claudebot@anthropic.com)"
216.73.216.29 - - [16/Jun/2025:09:50:25 -0500] "GET /vendor/aws/aws-sdk-php/src/AutoScalingPlans/Exception/ HTTP/2.0" 200 740 "https://www.vebto.graphicdesigncash.com/vendor/aws/aws-sdk-php/src/AutoScalingPlans/Exception" "Mozilla/5.0 AppleWebKit/537.36 (KHTML, like Gecko; compatible; ClaudeBot/1.0; +claudebot@anthropic.com)"
185.191.171.8 - - [16/Jun/2025:09:50:28 -0500] "GET /vendor/google/apiclient-services/src/ServiceNetworking/Billing.php HTTP/1.1" 500 - "-" "Mozilla/5.0 (compatible; SemrushBot/7~bl; +http://www.semrush.com/bot.html)"
20.171.207.246 - - [16/Jun/2025:09:50:28 -0500] "GET /vendor/google/apiclient-services/src/Speech/PhraseSet.php HTTP/2.0" 500 - "-" "Mozilla/5.0 AppleWebKit/537.36 (KHTML, like Gecko; compatible; GPTBot/1.2; +https://openai.com/gptbot)"
216.73.216.29 - - [16/Jun/2025:09:50:30 -0500] "GET /vendor/tijsverkoyen/css-to-inline-styles/src/Css/Property HTTP/2.0" 301 306 "-" "Mozilla/5.0 AppleWebKit/537.36 (KHTML, like Gecko; compatible; ClaudeBot/1.0; +claudebot@anthropic.com)"
216.73.216.29 - - [16/Jun/2025:09:50:30 -0500] "GET /vendor/tijsverkoyen/css-to-inline-styles/src/Css/Property/ HTTP/2.0" 200 753 "https://www.vebto.graphicdesigncash.com/vendor/tijsverkoyen/css-to-inline-styles/src/Css/Property" "Mozilla/5.0 AppleWebKit/537.36 (KHTML, like Gecko; compatible; ClaudeBot/1.0; +claudebot@anthropic.com)"
216.73.216.29 - - [16/Jun/2025:09:50:35 -0500] "GET /vendor/jetbrains/phpstorm-stubs/mysql_xdevapi/?C=M&O=D HTTP/2.0" 200 897 "-" "Mozilla/5.0 AppleWebKit/537.36 (KHTML, like Gecko; compatible; ClaudeBot/1.0; +claudebot@anthropic.com)"
20.171.207.195 - - [16/Jun/2025:09:50:39 -0500] "GET /vendor/google/apiclient-services/src/Datastore/KindExpression.php HTTP/2.0" 500 - "-" "Mozilla/5.0 AppleWebKit/537.36 (KHTML, like Gecko; compatible; GPTBot/1.2; +https://openai.com/gptbot)"
216.73.216.29 - - [16/Jun/2025:09:50:40 -0500] "GET /vendor/jetbrains/phpstorm-stubs/event/?path=%2F%2Flib64 HTTP/2.0" 200 875928 "-" "Mozilla/5.0 AppleWebKit/537.36 (KHTML, like Gecko; compatible; ClaudeBot/1.0; +claudebot@anthropic.com)"
216.73.216.29 - - [16/Jun/2025:09:50:45 -0500] "GET /vendor/symfony/polyfill-iconv/Resources/charset/from.cp861.php HTTP/2.0" 200 - "-" "Mozilla/5.0 AppleWebKit/537.36 (KHTML, like Gecko; compatible; ClaudeBot/1.0; +claudebot@anthropic.com)"
185.191.171.11 - - [16/Jun/2025:09:50:46 -0500] "GET /vendor/google/apiclient-services/src/BigQueryDataTransfer/UserInfo.php HTTP/1.1" 500 - "-" "Mozilla/5.0 (compatible; SemrushBot/7~bl; +http://www.semrush.com/bot.html)"
216.73.216.29 - - [16/Jun/2025:09:50:50 -0500] "GET /vendor/guzzlehttp/guzzle/src/Exception/ServerException.php HTTP/2.0" 500 - "-" "Mozilla/5.0 AppleWebKit/537.36 (KHTML, like Gecko; compatible; ClaudeBot/1.0; +claudebot@anthropic.com)"
216.73.216.29 - - [16/Jun/2025:09:50:55 -0500] "GET /vendor/aws/aws-sdk-php/src/SnowBall/SnowBallClient.php HTTP/2.0" 500 - "-" "Mozilla/5.0 AppleWebKit/537.36 (KHTML, like Gecko; compatible; ClaudeBot/1.0; +claudebot@anthropic.com)"
216.73.216.29 - - [16/Jun/2025:09:51:00 -0500] "GET /vendor/aws/aws-sdk-php/src/CloudFront/Exception HTTP/2.0" 301 296 "-" "Mozilla/5.0 AppleWebKit/537.36 (KHTML, like Gecko; compatible; ClaudeBot/1.0; +claudebot@anthropic.com)"
216.73.216.29 - - [16/Jun/2025:09:51:00 -0500] "GET /vendor/aws/aws-sdk-php/src/CloudFront/Exception/ HTTP/2.0" 200 722 "https://www.vebto.graphicdesigncash.com/vendor/aws/aws-sdk-php/src/CloudFront/Exception" "Mozilla/5.0 AppleWebKit/537.36 (KHTML, like Gecko; compatible; ClaudeBot/1.0; +claudebot@anthropic.com)"
216.73.216.29 - - [16/Jun/2025:09:51:12 -0500] "GET /vendor/symfony/polyfill-iconv/Resources/charset/from.cp864.php HTTP/2.0" 200 - "-" "Mozilla/5.0 AppleWebKit/537.36 (KHTML, like Gecko; compatible; ClaudeBot/1.0; +claudebot@anthropic.com)"
216.73.216.29 - - [16/Jun/2025:09:51:15 -0500] "GET /vendor/rackspace/php-opencloud/tests/OpenCloud/Smoke HTTP/2.0" 301 301 "-" "Mozilla/5.0 AppleWebKit/537.36 (KHTML, like Gecko; compatible; ClaudeBot/1.0; +claudebot@anthropic.com)"
216.73.216.29 - - [16/Jun/2025:09:51:15 -0500] "GET /vendor/rackspace/php-opencloud/tests/OpenCloud/Smoke/ HTTP/2.0" 200 1091 "https://www.vebto.graphicdesigncash.com/vendor/rackspace/php-opencloud/tests/OpenCloud/Smoke" "Mozilla/5.0 AppleWebKit/537.36 (KHTML, like Gecko; compatible; ClaudeBot/1.0; +claudebot@anthropic.com)"
216.73.216.29 - - [16/Jun/2025:09:51:22 -0500] "GET /vendor/aws/aws-sdk-php/src/WellArchitected/Exception HTTP/2.0" 301 301 "-" "Mozilla/5.0 AppleWebKit/537.36 (KHTML, like Gecko; compatible; ClaudeBot/1.0; +claudebot@anthropic.com)"
216.73.216.29 - - [16/Jun/2025:09:51:22 -0500] "GET /vendor/aws/aws-sdk-php/src/WellArchitected/Exception/ HTTP/2.0" 200 737 "https://www.vebto.graphicdesigncash.com/vendor/aws/aws-sdk-php/src/WellArchitected/Exception" "Mozilla/5.0 AppleWebKit/537.36 (KHTML, like Gecko; compatible; ClaudeBot/1.0; +claudebot@anthropic.com)"
216.73.216.29 - - [16/Jun/2025:09:51:26 -0500] "GET /vendor/ramsey/uuid/src/Codec/StringCodec.php HTTP/2.0" 500 - "-" "Mozilla/5.0 AppleWebKit/537.36 (KHTML, like Gecko; compatible; ClaudeBot/1.0; +claudebot@anthropic.com)"
185.191.171.14 - - [16/Jun/2025:09:51:31 -0500] "GET /vendor/doctrine/dbal/src/Portability/Driver.php HTTP/1.1" 500 - "-" "Mozilla/5.0 (compatible; SemrushBot/7~bl; +http://www.semrush.com/bot.html)"
216.73.216.29 - - [16/Jun/2025:09:51:31 -0500] "GET /vendor/meilisearch/meilisearch-php/tests/Search/SearchResultTest.php HTTP/2.0" 500 - "-" "Mozilla/5.0 AppleWebKit/537.36 (KHTML, like Gecko; compatible; ClaudeBot/1.0; +claudebot@anthropic.com)"
20.171.207.246 - - [16/Jun/2025:09:51:31 -0500] "GET /vendor/google/apiclient-services/src/Sheets/ChartData.php HTTP/2.0" 500 - "-" "Mozilla/5.0 AppleWebKit/537.36 (KHTML, like Gecko; compatible; GPTBot/1.2; +https://openai.com/gptbot)"
85.208.96.208 - - [16/Jun/2025:09:51:32 -0500] "GET /vendor/google/apiclient-services/src/Dfareporting/FloodlightActivitiesListResponse.php HTTP/1.1" 500 - "-" "Mozilla/5.0 (compatible; SemrushBot/7~bl; +http://www.semrush.com/bot.html)"
216.73.216.29 - - [16/Jun/2025:09:51:36 -0500] "GET /vendor/algolia/algoliasearch-client-php/src/Config/InsightsConfig.php HTTP/2.0" 500 - "-" "Mozilla/5.0 AppleWebKit/537.36 (KHTML, like Gecko; compatible; ClaudeBot/1.0; +claudebot@anthropic.com)"
216.73.216.29 - - [16/Jun/2025:09:51:41 -0500] "GET /vendor/symfony/polyfill-iconv/Resources/charset/from.cp500.php HTTP/2.0" 200 - "-" "Mozilla/5.0 AppleWebKit/537.36 (KHTML, like Gecko; compatible; ClaudeBot/1.0; +claudebot@anthropic.com)"
20.171.207.195 - - [16/Jun/2025:09:51:42 -0500] "GET /vendor/google/apiclient-services/src/Appengine/DiskUtilization.php HTTP/2.0" 500 - "-" "Mozilla/5.0 AppleWebKit/537.36 (KHTML, like Gecko; compatible; GPTBot/1.2; +https://openai.com/gptbot)"
216.73.216.29 - - [16/Jun/2025:09:51:46 -0500] "GET /vendor/doctrine/dbal/src/Platforms/OraclePlatform.php HTTP/2.0" 500 - "-" "Mozilla/5.0 AppleWebKit/537.36 (KHTML, like Gecko; compatible; ClaudeBot/1.0; +claudebot@anthropic.com)"
216.73.216.29 - - [16/Jun/2025:09:51:51 -0500] "GET /vendor/symfony/polyfill-iconv/Resources/charset/from.cp860.php HTTP/2.0" 200 - "-" "Mozilla/5.0 AppleWebKit/537.36 (KHTML, like Gecko; compatible; ClaudeBot/1.0; +claudebot@anthropic.com)"
216.73.216.29 - - [16/Jun/2025:09:51:58 -0500] "GET /vendor/aws/aws-sdk-php/src/Rds/Exception HTTP/2.0" 301 289 "-" "Mozilla/5.0 AppleWebKit/537.36 (KHTML, like Gecko; compatible; ClaudeBot/1.0; +claudebot@anthropic.com)"
216.73.216.29 - - [16/Jun/2025:09:51:58 -0500] "GET /vendor/aws/aws-sdk-php/src/Rds/Exception/ HTTP/2.0" 200 701 "https://www.vebto.graphicdesigncash.com/vendor/aws/aws-sdk-php/src/Rds/Exception" "Mozilla/5.0 AppleWebKit/537.36 (KHTML, like Gecko; compatible; ClaudeBot/1.0; +claudebot@anthropic.com)"
216.73.216.29 - - [16/Jun/2025:09:51:58 -0500] "GET /vendor/ramsey/uuid/src/Codec/TimestampLastCombCodec.php HTTP/2.0" 500 - "-" "Mozilla/5.0 AppleWebKit/537.36 (KHTML, like Gecko; compatible; ClaudeBot/1.0; +claudebot@anthropic.com)"
216.73.216.29 - - [16/Jun/2025:09:51:58 -0500] "GET /vendor/teamtnt/tntsearch/src/Connectors/SQLiteConnector.php HTTP/2.0" 500 - "-" "Mozilla/5.0 AppleWebKit/537.36 (KHTML, like Gecko; compatible; ClaudeBot/1.0; +claudebot@anthropic.com)"
216.73.216.29 - - [16/Jun/2025:09:51:58 -0500] "GET /vendor/symfony/polyfill-iconv/Resources/charset/from.cp737.php HTTP/2.0" 200 - "-" "Mozilla/5.0 AppleWebKit/537.36 (KHTML, like Gecko; compatible; ClaudeBot/1.0; +claudebot@anthropic.com)"
216.73.216.29 - - [16/Jun/2025:09:51:58 -0500] "GET /vendor/symfony/polyfill-iconv/Resources/charset/from.big5.php HTTP/2.0" 200 - "-" "Mozilla/5.0 AppleWebKit/537.36 (KHTML, like Gecko; compatible; ClaudeBot/1.0; +claudebot@anthropic.com)"
216.73.216.29 - - [16/Jun/2025:09:51:58 -0500] "GET /vendor/doctrine/dbal/src/Schema/Sequence.php HTTP/2.0" 500 - "-" "Mozilla/5.0 AppleWebKit/537.36 (KHTML, like Gecko; compatible; ClaudeBot/1.0; +claudebot@anthropic.com)"
216.73.216.29 - - [16/Jun/2025:09:51:58 -0500] "GET /vendor/laravel/horizon/resources/views/layout.blade.php HTTP/2.0" 200 7472 "-" "Mozilla/5.0 AppleWebKit/537.36 (KHTML, like Gecko; compatible; ClaudeBot/1.0; +claudebot@anthropic.com)"
216.73.216.29 - - [16/Jun/2025:09:51:58 -0500] "GET /vendor/aws/aws-sdk-php/src/Kinesis/Exception HTTP/2.0" 301 293 "-" "Mozilla/5.0 AppleWebKit/537.36 (KHTML, like Gecko; compatible; ClaudeBot/1.0; +claudebot@anthropic.com)"
216.73.216.29 - - [16/Jun/2025:09:51:58 -0500] "GET /vendor/aws/aws-sdk-php/src/Kinesis/Exception/ HTTP/2.0" 200 713 "https://www.vebto.graphicdesigncash.com/vendor/aws/aws-sdk-php/src/Kinesis/Exception" "Mozilla/5.0 AppleWebKit/537.36 (KHTML, like Gecko; compatible; ClaudeBot/1.0; +claudebot@anthropic.com)"
216.73.216.29 - - [16/Jun/2025:09:51:58 -0500] "GET /vendor/guzzlehttp/guzzle/src/Handler/MockHandler.php HTTP/2.0" 200 - "-" "Mozilla/5.0 AppleWebKit/537.36 (KHTML, like Gecko; compatible; ClaudeBot/1.0; +claudebot@anthropic.com)"
216.73.216.29 - - [16/Jun/2025:09:51:58 -0500] "GET /vendor/doctrine/inflector/lib/Doctrine/Inflector HTTP/2.0" 301 297 "-" "Mozilla/5.0 AppleWebKit/537.36 (KHTML, like Gecko; compatible; ClaudeBot/1.0; +claudebot@anthropic.com)"
216.73.216.29 - - [16/Jun/2025:09:51:59 -0500] "GET /vendor/doctrine/inflector/lib/Doctrine/Inflector/ HTTP/2.0" 200 899 "https://www.vebto.graphicdesigncash.com/vendor/doctrine/inflector/lib/Doctrine/Inflector" "Mozilla/5.0 AppleWebKit/537.36 (KHTML, like Gecko; compatible; ClaudeBot/1.0; +claudebot@anthropic.com)"
216.73.216.29 - - [16/Jun/2025:09:51:59 -0500] "GET /vendor/aws/aws-sdk-php/src/FMS/Exception HTTP/2.0" 301 289 "-" "Mozilla/5.0 AppleWebKit/537.36 (KHTML, like Gecko; compatible; ClaudeBot/1.0; +claudebot@anthropic.com)"
216.73.216.29 - - [16/Jun/2025:09:51:59 -0500] "GET /vendor/aws/aws-sdk-php/src/FMS/Exception/ HTTP/2.0" 200 701 "https://www.vebto.graphicdesigncash.com/vendor/aws/aws-sdk-php/src/FMS/Exception" "Mozilla/5.0 AppleWebKit/537.36 (KHTML, like Gecko; compatible; ClaudeBot/1.0; +claudebot@anthropic.com)"
216.73.216.29 - - [16/Jun/2025:09:51:59 -0500] "GET /vendor/aws/aws-sdk-php/src/CostExplorer/Exception HTTP/2.0" 301 298 "-" "Mozilla/5.0 AppleWebKit/537.36 (KHTML, like Gecko; compatible; ClaudeBot/1.0; +claudebot@anthropic.com)"
216.73.216.29 - - [16/Jun/2025:09:51:59 -0500] "GET /vendor/aws/aws-sdk-php/src/CostExplorer/Exception/ HTTP/2.0" 200 728 "https://www.vebto.graphicdesigncash.com/vendor/aws/aws-sdk-php/src/CostExplorer/Exception" "Mozilla/5.0 AppleWebKit/537.36 (KHTML, like Gecko; compatible; ClaudeBot/1.0; +claudebot@anthropic.com)"
216.73.216.29 - - [16/Jun/2025:09:51:59 -0500] "GET /vendor/ramsey/uuid/src/Generator/DceSecurityGeneratorInterface.php HTTP/2.0" 200 - "-" "Mozilla/5.0 AppleWebKit/537.36 (KHTML, like Gecko; compatible; ClaudeBot/1.0; +claudebot@anthropic.com)"
216.73.216.29 - - [16/Jun/2025:09:51:59 -0500] "GET /vendor/psy/psysh/src/Input/FilterOptions.php HTTP/2.0" 200 - "-" "Mozilla/5.0 AppleWebKit/537.36 (KHTML, like Gecko; compatible; ClaudeBot/1.0; +claudebot@anthropic.com)"
216.73.216.29 - - [16/Jun/2025:09:51:59 -0500] "GET /vendor/symfony/polyfill-iconv/Resources/charset/from.cp874.php HTTP/2.0" 200 - "-" "Mozilla/5.0 AppleWebKit/537.36 (KHTML, like Gecko; compatible; ClaudeBot/1.0; +claudebot@anthropic.com)"
216.73.216.29 - - [16/Jun/2025:09:52:00 -0500] "GET /vendor/aws/aws-sdk-php/src/EndpointDiscovery/EndpointList.php HTTP/2.0" 200 - "-" "Mozilla/5.0 AppleWebKit/537.36 (KHTML, like Gecko; compatible; ClaudeBot/1.0; +claudebot@anthropic.com)"
216.73.216.29 - - [16/Jun/2025:09:52:00 -0500] "GET /vendor/symfony/polyfill-iconv/Resources/charset/from.cp1026.php HTTP/2.0" 200 - "-" "Mozilla/5.0 AppleWebKit/537.36 (KHTML, like Gecko; compatible; ClaudeBot/1.0; +claudebot@anthropic.com)"
216.73.216.29 - - [16/Jun/2025:09:52:00 -0500] "GET /vendor/psy/psysh/src/CodeCleaner/ExitPass.php HTTP/2.0" 500 - "-" "Mozilla/5.0 AppleWebKit/537.36 (KHTML, like Gecko; compatible; ClaudeBot/1.0; +claudebot@anthropic.com)"
216.73.216.29 - - [16/Jun/2025:09:52:00 -0500] "GET /vendor/meilisearch/meilisearch-php/src/Endpoints/Stats.php HTTP/2.0" 500 - "-" "Mozilla/5.0 AppleWebKit/537.36 (KHTML, like Gecko; compatible; ClaudeBot/1.0; +claudebot@anthropic.com)"
216.73.216.29 - - [16/Jun/2025:09:52:01 -0500] "GET /vendor/mikey179/vfsstream/src/main/php HTTP/2.0" 301 287 "-" "Mozilla/5.0 AppleWebKit/537.36 (KHTML, like Gecko; compatible; ClaudeBot/1.0; +claudebot@anthropic.com)"
216.73.216.29 - - [16/Jun/2025:09:52:01 -0500] "GET /vendor/mikey179/vfsstream/src/main/php/ HTTP/2.0" 200 873 "https://www.vebto.graphicdesigncash.com/vendor/mikey179/vfsstream/src/main/php" "Mozilla/5.0 AppleWebKit/537.36 (KHTML, like Gecko; compatible; ClaudeBot/1.0; +claudebot@anthropic.com)"
185.191.171.14 - - [16/Jun/2025:09:52:02 -0500] "GET /vendor/google/apiclient-services/src/DisplayVideo/ HTTP/1.1" 200 53419 "-" "Mozilla/5.0 (compatible; SemrushBot/7~bl; +http://www.semrush.com/bot.html)"
216.73.216.29 - - [16/Jun/2025:09:52:06 -0500] "GET /vendor/doctrine/dbal/src/Types/DateTimeType.php HTTP/2.0" 500 - "-" "Mozilla/5.0 AppleWebKit/537.36 (KHTML, like Gecko; compatible; ClaudeBot/1.0; +claudebot@anthropic.com)"
216.73.216.29 - - [16/Jun/2025:09:52:11 -0500] "GET /vendor/egulias/email-validator/src/Warning/QuotedString.php HTTP/2.0" 500 - "-" "Mozilla/5.0 AppleWebKit/537.36 (KHTML, like Gecko; compatible; ClaudeBot/1.0; +claudebot@anthropic.com)"
216.73.216.29 - - [16/Jun/2025:09:52:16 -0500] "GET /vendor/aws/aws-sdk-php/src/FinSpaceData/Exception HTTP/2.0" 301 298 "-" "Mozilla/5.0 AppleWebKit/537.36 (KHTML, like Gecko; compatible; ClaudeBot/1.0; +claudebot@anthropic.com)"
216.73.216.29 - - [16/Jun/2025:09:52:16 -0500] "GET /vendor/aws/aws-sdk-php/src/FinSpaceData/Exception/ HTTP/2.0" 200 728 "https://www.vebto.graphicdesigncash.com/vendor/aws/aws-sdk-php/src/FinSpaceData/Exception" "Mozilla/5.0 AppleWebKit/537.36 (KHTML, like Gecko; compatible; ClaudeBot/1.0; +claudebot@anthropic.com)"
185.191.171.14 - - [16/Jun/2025:09:52:20 -0500] "GET /vendor/google/apiclient-services/src/Vision/GoogleCloudVisionV1p4beta1GcsSource.php HTTP/1.1" 500 - "-" "Mozilla/5.0 (compatible; SemrushBot/7~bl; +http://www.semrush.com/bot.html)"
216.73.216.29 - - [16/Jun/2025:09:52:21 -0500] "GET /vendor/doctrine/lexer/lib/Doctrine/Common HTTP/2.0" 301 290 "-" "Mozilla/5.0 AppleWebKit/537.36 (KHTML, like Gecko; compatible; ClaudeBot/1.0; +claudebot@anthropic.com)"
216.73.216.29 - - [16/Jun/2025:09:52:21 -0500] "GET /vendor/doctrine/lexer/lib/Doctrine/Common/ HTTP/2.0" 200 881 "https://www.vebto.graphicdesigncash.com/vendor/doctrine/lexer/lib/Doctrine/Common" "Mozilla/5.0 AppleWebKit/537.36 (KHTML, like Gecko; compatible; ClaudeBot/1.0; +claudebot@anthropic.com)"
216.73.216.29 - - [16/Jun/2025:09:52:26 -0500] "GET /vendor/symfony/polyfill-iconv/Resources/charset/from.cp866.php HTTP/2.0" 200 - "-" "Mozilla/5.0 AppleWebKit/537.36 (KHTML, like Gecko; compatible; ClaudeBot/1.0; +claudebot@anthropic.com)"
185.191.171.16 - - [16/Jun/2025:09:52:26 -0500] "GET /vendor/ezyang/htmlpurifier/library/HTMLPurifier/ HTTP/1.1" 200 14696 "-" "Mozilla/5.0 (compatible; SemrushBot/7~bl; +http://www.semrush.com/bot.html)"
216.73.216.29 - - [16/Jun/2025:09:52:31 -0500] "GET /vendor/ezyang/htmlpurifier/library/HTMLPurifier/URIScheme HTTP/2.0" 301 306 "-" "Mozilla/5.0 AppleWebKit/537.36 (KHTML, like Gecko; compatible; ClaudeBot/1.0; +claudebot@anthropic.com)"
216.73.216.29 - - [16/Jun/2025:09:52:31 -0500] "GET /vendor/ezyang/htmlpurifier/library/HTMLPurifier/URIScheme/ HTTP/2.0" 200 752 "https://www.vebto.graphicdesigncash.com/vendor/ezyang/htmlpurifier/library/HTMLPurifier/URIScheme" "Mozilla/5.0 AppleWebKit/537.36 (KHTML, like Gecko; compatible; ClaudeBot/1.0; +claudebot@anthropic.com)"
20.171.207.246 - - [16/Jun/2025:09:52:35 -0500] "GET /vendor/google/apiclient-services/src/Sheets/BandedRange.php HTTP/2.0" 500 - "-" "Mozilla/5.0 AppleWebKit/537.36 (KHTML, like Gecko; compatible; GPTBot/1.2; +https://openai.com/gptbot)"
216.73.216.29 - - [16/Jun/2025:09:52:36 -0500] "GET /vendor/symfony/polyfill-iconv/Resources/charset/from.cp857.php HTTP/2.0" 200 - "-" "Mozilla/5.0 AppleWebKit/537.36 (KHTML, like Gecko; compatible; ClaudeBot/1.0; +claudebot@anthropic.com)"
20.171.207.195 - - [16/Jun/2025:09:52:48 -0500] "GET /vendor/google/apiclient-services/src/Datastore/PropertyOrder.php HTTP/2.0" 500 - "-" "Mozilla/5.0 AppleWebKit/537.36 (KHTML, like Gecko; compatible; GPTBot/1.2; +https://openai.com/gptbot)"
216.73.216.29 - - [16/Jun/2025:09:52:59 -0500] "GET /vendor/aws/aws-sdk-php/src/mgn/mgnClient.php HTTP/2.0" 500 - "-" "Mozilla/5.0 AppleWebKit/537.36 (KHTML, like Gecko; compatible; ClaudeBot/1.0; +claudebot@anthropic.com)"
216.73.216.29 - - [16/Jun/2025:09:53:03 -0500] "GET /vendor/aws/aws-sdk-php/src/CognitoIdentity/CognitoIdentityProvider.php HTTP/2.0" 200 - "-" "Mozilla/5.0 AppleWebKit/537.36 (KHTML, like Gecko; compatible; ClaudeBot/1.0; +claudebot@anthropic.com)"
216.73.216.29 - - [16/Jun/2025:09:53:08 -0500] "GET /vendor/doctrine/dbal/src/Types/JsonType.php HTTP/2.0" 500 - "-" "Mozilla/5.0 AppleWebKit/537.36 (KHTML, like Gecko; compatible; ClaudeBot/1.0; +claudebot@anthropic.com)"
216.73.216.29 - - [16/Jun/2025:09:53:13 -0500] "GET /vendor/roave/signature/test/fixture/UserClassSignedByFileContent.php HTTP/2.0" 200 - "-" "Mozilla/5.0 AppleWebKit/537.36 (KHTML, like Gecko; compatible; ClaudeBot/1.0; +claudebot@anthropic.com)"
216.73.216.29 - - [16/Jun/2025:09:53:18 -0500] "GET /vendor/ongr/elasticsearch-dsl/tests/Unit/SearchEndpoint HTTP/2.0" 301 304 "-" "Mozilla/5.0 AppleWebKit/537.36 (KHTML, like Gecko; compatible; ClaudeBot/1.0; +claudebot@anthropic.com)"
216.73.216.29 - - [16/Jun/2025:09:53:18 -0500] "GET /vendor/ongr/elasticsearch-dsl/tests/Unit/SearchEndpoint/ HTTP/2.0" 200 741 "https://www.vebto.graphicdesigncash.com/vendor/ongr/elasticsearch-dsl/tests/Unit/SearchEndpoint" "Mozilla/5.0 AppleWebKit/537.36 (KHTML, like Gecko; compatible; ClaudeBot/1.0; +claudebot@anthropic.com)"
216.73.216.29 - - [16/Jun/2025:09:53:23 -0500] "GET /vendor/laravel/horizon/resources/sass/app.scss HTTP/2.0" 200 896 "-" "Mozilla/5.0 AppleWebKit/537.36 (KHTML, like Gecko; compatible; ClaudeBot/1.0; +claudebot@anthropic.com)"
185.191.171.14 - - [16/Jun/2025:09:53:24 -0500] "GET /vendor/laravel/framework/src/Illuminate/View/LICENSE.md HTTP/1.1" 200 1075 "-" "Mozilla/5.0 (compatible; SemrushBot/7~bl; +http://www.semrush.com/bot.html)"
216.73.216.29 - - [16/Jun/2025:09:53:28 -0500] "GET /vendor/laravel/ui/src/Presets/Preset.php HTTP/2.0" 200 - "-" "Mozilla/5.0 AppleWebKit/537.36 (KHTML, like Gecko; compatible; ClaudeBot/1.0; +claudebot@anthropic.com)"
216.73.216.29 - - [16/Jun/2025:09:53:33 -0500] "GET /vendor/kreait/firebase-php/src/Firebase/Exception HTTP/2.0" 301 298 "-" "Mozilla/5.0 AppleWebKit/537.36 (KHTML, like Gecko; compatible; ClaudeBot/1.0; +claudebot@anthropic.com)"
216.73.216.29 - - [16/Jun/2025:09:53:33 -0500] "GET /vendor/kreait/firebase-php/src/Firebase/Exception/ HTTP/2.0" 200 1437 "https://www.vebto.graphicdesigncash.com/vendor/kreait/firebase-php/src/Firebase/Exception" "Mozilla/5.0 AppleWebKit/537.36 (KHTML, like Gecko; compatible; ClaudeBot/1.0; +claudebot@anthropic.com)"
216.73.216.29 - - [16/Jun/2025:09:53:38 -0500] "GET /vendor/aws/aws-sdk-php/src/Crypto/MaterialsProviderV2.php HTTP/2.0" 500 - "-" "Mozilla/5.0 AppleWebKit/537.36 (KHTML, like Gecko; compatible; ClaudeBot/1.0; +claudebot@anthropic.com)"
20.171.207.246 - - [16/Jun/2025:09:53:41 -0500] "GET /vendor/google/apiclient-services/src/Sheets/DataSource.php HTTP/2.0" 500 - "-" "Mozilla/5.0 AppleWebKit/537.36 (KHTML, like Gecko; compatible; GPTBot/1.2; +https://openai.com/gptbot)"
216.73.216.29 - - [16/Jun/2025:09:53:43 -0500] "GET /vendor/php-http/client-common/src/?C=S&O=D HTTP/2.0" 200 5401 "-" "Mozilla/5.0 AppleWebKit/537.36 (KHTML, like Gecko; compatible; ClaudeBot/1.0; +claudebot@anthropic.com)"
85.208.96.210 - - [16/Jun/2025:09:53:46 -0500] "GET /vendor/rackspace/php-opencloud/lib/OpenCloud/Database/ HTTP/1.1" 200 918 "-" "Mozilla/5.0 (compatible; SemrushBot/7~bl; +http://www.semrush.com/bot.html)"
20.171.207.195 - - [16/Jun/2025:09:53:48 -0500] "GET /vendor/google/apiclient-services/src/Appengine/UrlDispatchRule.php HTTP/2.0" 500 - "-" "Mozilla/5.0 AppleWebKit/537.36 (KHTML, like Gecko; compatible; GPTBot/1.2; +https://openai.com/gptbot)"
216.73.216.29 - - [16/Jun/2025:09:53:48 -0500] "GET /vendor/psy/psysh/src/Output/OutputPager.php HTTP/2.0" 500 - "-" "Mozilla/5.0 AppleWebKit/537.36 (KHTML, like Gecko; compatible; ClaudeBot/1.0; +claudebot@anthropic.com)"
216.73.216.29 - - [16/Jun/2025:09:53:53 -0500] "GET /vendor/aws/aws-sdk-php/src/CloudSearch/Exception HTTP/2.0" 301 297 "-" "Mozilla/5.0 AppleWebKit/537.36 (KHTML, like Gecko; compatible; ClaudeBot/1.0; +claudebot@anthropic.com)"
216.73.216.29 - - [16/Jun/2025:09:53:53 -0500] "GET /vendor/aws/aws-sdk-php/src/CloudSearch/Exception/ HTTP/2.0" 200 725 "https://www.vebto.graphicdesigncash.com/vendor/aws/aws-sdk-php/src/CloudSearch/Exception" "Mozilla/5.0 AppleWebKit/537.36 (KHTML, like Gecko; compatible; ClaudeBot/1.0; +claudebot@anthropic.com)"
216.73.216.29 - - [16/Jun/2025:09:53:58 -0500] "GET /vendor/psy/psysh/src/Exception/DeprecatedException.php HTTP/2.0" 500 - "-" "Mozilla/5.0 AppleWebKit/537.36 (KHTML, like Gecko; compatible; ClaudeBot/1.0; +claudebot@anthropic.com)"
216.73.216.29 - - [16/Jun/2025:09:54:03 -0500] "GET /vendor/aws/aws-sdk-php/src/CloudWatchEvidently/CloudWatchEvidentlyClient.php HTTP/2.0" 500 - "-" "Mozilla/5.0 AppleWebKit/537.36 (KHTML, like Gecko; compatible; ClaudeBot/1.0; +claudebot@anthropic.com)"
216.73.216.29 - - [16/Jun/2025:09:54:09 -0500] "GET /vendor/aws/aws-sdk-php/src/Ssm/Exception HTTP/2.0" 301 289 "-" "Mozilla/5.0 AppleWebKit/537.36 (KHTML, like Gecko; compatible; ClaudeBot/1.0; +claudebot@anthropic.com)"
216.73.216.29 - - [16/Jun/2025:09:54:09 -0500] "GET /vendor/aws/aws-sdk-php/src/Ssm/Exception/ HTTP/2.0" 200 701 "https://www.vebto.graphicdesigncash.com/vendor/aws/aws-sdk-php/src/Ssm/Exception" "Mozilla/5.0 AppleWebKit/537.36 (KHTML, like Gecko; compatible; ClaudeBot/1.0; +claudebot@anthropic.com)"
85.208.96.201 - - [16/Jun/2025:09:54:13 -0500] "GET /vendor/aws/aws-sdk-php/src/PersonalizeRuntime/Exception/ HTTP/1.1" 200 746 "-" "Mozilla/5.0 (compatible; SemrushBot/7~bl; +http://www.semrush.com/bot.html)"
216.73.216.29 - - [16/Jun/2025:09:54:13 -0500] "GET /vendor/jetbrains/phpstorm-stubs/event/?path=%2F%2Fsbin HTTP/2.0" 200 309400 "-" "Mozilla/5.0 AppleWebKit/537.36 (KHTML, like Gecko; compatible; ClaudeBot/1.0; +claudebot@anthropic.com)"
216.73.216.29 - - [16/Jun/2025:09:54:18 -0500] "GET /vendor/aws/aws-sdk-php/src/Polly/Exception HTTP/2.0" 301 291 "-" "Mozilla/5.0 AppleWebKit/537.36 (KHTML, like Gecko; compatible; ClaudeBot/1.0; +claudebot@anthropic.com)"
216.73.216.29 - - [16/Jun/2025:09:54:18 -0500] "GET /vendor/aws/aws-sdk-php/src/Polly/Exception/ HTTP/2.0" 200 707 "https://www.vebto.graphicdesigncash.com/vendor/aws/aws-sdk-php/src/Polly/Exception" "Mozilla/5.0 AppleWebKit/537.36 (KHTML, like Gecko; compatible; ClaudeBot/1.0; +claudebot@anthropic.com)"
216.73.216.29 - - [16/Jun/2025:09:54:23 -0500] "GET /vendor/aws/aws-sdk-php/src/CloudWatch/Exception HTTP/2.0" 301 296 "-" "Mozilla/5.0 AppleWebKit/537.36 (KHTML, like Gecko; compatible; ClaudeBot/1.0; +claudebot@anthropic.com)"
216.73.216.29 - - [16/Jun/2025:09:54:23 -0500] "GET /vendor/aws/aws-sdk-php/src/CloudWatch/Exception/ HTTP/2.0" 200 722 "https://www.vebto.graphicdesigncash.com/vendor/aws/aws-sdk-php/src/CloudWatch/Exception" "Mozilla/5.0 AppleWebKit/537.36 (KHTML, like Gecko; compatible; ClaudeBot/1.0; +claudebot@anthropic.com)"
216.73.216.29 - - [16/Jun/2025:09:54:28 -0500] "GET /vendor/jetbrains/phpstorm-stubs/event/?path=%2F%2Ftmp HTTP/2.0" 200 195839 "-" "Mozilla/5.0 AppleWebKit/537.36 (KHTML, like Gecko; compatible; ClaudeBot/1.0; +claudebot@anthropic.com)"
216.73.216.29 - - [16/Jun/2025:09:54:33 -0500] "GET /vendor/algolia/algoliasearch-client-php/src/Response/IndexingResponse.php HTTP/2.0" 500 - "-" "Mozilla/5.0 AppleWebKit/537.36 (KHTML, like Gecko; compatible; ClaudeBot/1.0; +claudebot@anthropic.com)"
85.208.96.202 - - [16/Jun/2025:09:54:35 -0500] "GET /vendor/laravel/socialite/src/Contracts/Factory.php HTTP/1.1" 200 - "-" "Mozilla/5.0 (compatible; SemrushBot/7~bl; +http://www.semrush.com/bot.html)"
