216.73.216.225 - - [16/Jun/2025:12:52:25 -0500] "GET /vendor/omnipay/stripe/tests/Mock/Transfers/?C=M&O=A HTTP/2.0" 200 2916 "-" "Mozilla/5.0 AppleWebKit/537.36 (KHTML, like Gecko; compatible; ClaudeBot/1.0; +claudebot@anthropic.com)"
216.73.216.225 - - [16/Jun/2025:12:52:26 -0500] "GET /vendor/ongr/elasticsearch-dsl/src/Serializer/?C=M&O=A HTTP/2.0" 200 1080 "-" "Mozilla/5.0 AppleWebKit/537.36 (KHTML, like Gecko; compatible; ClaudeBot/1.0; +claudebot@anthropic.com)"
216.73.216.225 - - [16/Jun/2025:12:52:26 -0500] "GET /vendor/aws/aws-sdk-php/src/CostandUsageReportService/?C=N&O=D HTTP/2.0" 200 1105 "-" "Mozilla/5.0 AppleWebKit/537.36 (KHTML, like Gecko; compatible; ClaudeBot/1.0; +claudebot@anthropic.com)"
216.73.216.225 - - [16/Jun/2025:12:52:26 -0500] "GET /vendor/aws/aws-sdk-php/src/PinpointSMSVoice/?C=S&O=A HTTP/2.0" 200 1078 "-" "Mozilla/5.0 AppleWebKit/537.36 (KHTML, like Gecko; compatible; ClaudeBot/1.0; +claudebot@anthropic.com)"
216.73.216.225 - - [16/Jun/2025:12:52:26 -0500] "GET /vendor/league/commonmark/src/Extension/Strikethrough HTTP/2.0" 301 301 "-" "Mozilla/5.0 AppleWebKit/537.36 (KHTML, like Gecko; compatible; ClaudeBot/1.0; +claudebot@anthropic.com)"
216.73.216.225 - - [16/Jun/2025:12:52:26 -0500] "GET /vendor/league/commonmark/src/Extension/Strikethrough/ HTTP/2.0" 200 733 "https://www.vebto.graphicdesigncash.com/vendor/league/commonmark/src/Extension/Strikethrough" "Mozilla/5.0 AppleWebKit/537.36 (KHTML, like Gecko; compatible; ClaudeBot/1.0; +claudebot@anthropic.com)"
20.171.207.195 - - [16/Jun/2025:12:52:33 -0500] "GET /vendor/google/apiclient-services/src/Appengine/Volume.php HTTP/2.0" 500 - "-" "Mozilla/5.0 AppleWebKit/537.36 (KHTML, like Gecko; compatible; GPTBot/1.2; +https://openai.com/gptbot)"
20.171.207.246 - - [16/Jun/2025:12:53:04 -0500] "GET /vendor/google/apiclient-services/src/Spanner/CreateInstanceRequest.php HTTP/2.0" 500 - "-" "Mozilla/5.0 AppleWebKit/537.36 (KHTML, like Gecko; compatible; GPTBot/1.2; +https://openai.com/gptbot)"
216.73.216.225 - - [16/Jun/2025:12:53:07 -0500] "GET /vendor/league/commonmark/src/Extension/Footnote HTTP/2.0" 301 296 "-" "Mozilla/5.0 AppleWebKit/537.36 (KHTML, like Gecko; compatible; ClaudeBot/1.0; +claudebot@anthropic.com)"
216.73.216.225 - - [16/Jun/2025:12:53:07 -0500] "GET /vendor/aws/aws-sdk-php/src/PinpointEmail/?C=N&O=D HTTP/2.0" 200 1066 "-" "Mozilla/5.0 AppleWebKit/537.36 (KHTML, like Gecko; compatible; ClaudeBot/1.0; +claudebot@anthropic.com)"
216.73.216.225 - - [16/Jun/2025:12:53:07 -0500] "GET /vendor/jetbrains/phpstorm-stubs/pdflib/?C=N&O=A HTTP/2.0" 200 876 "-" "Mozilla/5.0 AppleWebKit/537.36 (KHTML, like Gecko; compatible; ClaudeBot/1.0; +claudebot@anthropic.com)"
216.73.216.225 - - [16/Jun/2025:12:53:07 -0500] "GET /vendor/league/commonmark/src/Extension/Footnote/ HTTP/2.0" 200 1422 "https://www.vebto.graphicdesigncash.com/vendor/league/commonmark/src/Extension/Footnote" "Mozilla/5.0 AppleWebKit/537.36 (KHTML, like Gecko; compatible; ClaudeBot/1.0; +claudebot@anthropic.com)"
216.73.216.225 - - [16/Jun/2025:12:53:07 -0500] "GET /vendor/willdurand/negotiation/src/Negotiation/AcceptMatch.php HTTP/2.0" 200 - "-" "Mozilla/5.0 AppleWebKit/537.36 (KHTML, like Gecko; compatible; ClaudeBot/1.0; +claudebot@anthropic.com)"
216.73.216.225 - - [16/Jun/2025:12:53:07 -0500] "GET /vendor/aws/aws-sdk-php/src/WAFV2/?C=N&O=D HTTP/2.0" 200 1042 "-" "Mozilla/5.0 AppleWebKit/537.36 (KHTML, like Gecko; compatible; ClaudeBot/1.0; +claudebot@anthropic.com)"
216.73.216.225 - - [16/Jun/2025:12:53:07 -0500] "GET /vendor/aws/aws-sdk-php/src/AugmentedAIRuntime/?C=N&O=D HTTP/2.0" 200 1084 "-" "Mozilla/5.0 AppleWebKit/537.36 (KHTML, like Gecko; compatible; ClaudeBot/1.0; +claudebot@anthropic.com)"
216.73.216.225 - - [16/Jun/2025:12:53:08 -0500] "GET /vendor/aws/aws-sdk-php/src/Route53RecoveryReadiness/?C=N&O=D HTTP/2.0" 200 1102 "-" "Mozilla/5.0 AppleWebKit/537.36 (KHTML, like Gecko; compatible; ClaudeBot/1.0; +claudebot@anthropic.com)"
216.73.216.225 - - [16/Jun/2025:12:53:08 -0500] "GET /vendor/ongr/elasticsearch-dsl/src/Serializer/?C=D&O=A HTTP/2.0" 200 1080 "-" "Mozilla/5.0 AppleWebKit/537.36 (KHTML, like Gecko; compatible; ClaudeBot/1.0; +claudebot@anthropic.com)"
216.73.216.225 - - [16/Jun/2025:12:53:08 -0500] "GET /vendor/omnipay/stripe/tests/Mock/Transfers/?C=D&O=A HTTP/2.0" 200 2916 "-" "Mozilla/5.0 AppleWebKit/537.36 (KHTML, like Gecko; compatible; ClaudeBot/1.0; +claudebot@anthropic.com)"
185.191.171.3 - - [16/Jun/2025:12:53:16 -0500] "GET /vendor/omnipay/paypal/src/Message/CaptureRequest.php HTTP/1.1" 500 - "-" "Mozilla/5.0 (compatible; SemrushBot/7~bl; +http://www.semrush.com/bot.html)"
185.191.171.6 - - [16/Jun/2025:12:53:17 -0500] "GET /vendor/ongr/elasticsearch-dsl/docs/Query/Specialized/Template.md HTTP/1.1" 200 1510 "-" "Mozilla/5.0 (compatible; SemrushBot/7~bl; +http://www.semrush.com/bot.html)"
20.171.207.195 - - [16/Jun/2025:12:53:33 -0500] "GET /vendor/google/apiclient-services/src/Datastore/ReadOnly.php HTTP/2.0" 500 - "-" "Mozilla/5.0 AppleWebKit/537.36 (KHTML, like Gecko; compatible; GPTBot/1.2; +https://openai.com/gptbot)"
216.73.216.225 - - [16/Jun/2025:12:53:43 -0500] "GET /vendor/jetbrains/phpstorm-stubs/rrd/?C=N&O=A HTTP/2.0" 200 867 "-" "Mozilla/5.0 AppleWebKit/537.36 (KHTML, like Gecko; compatible; ClaudeBot/1.0; +claudebot@anthropic.com)"
216.73.216.225 - - [16/Jun/2025:12:53:43 -0500] "GET /vendor/aws/aws-sdk-php/src/S3Outposts/?C=S&O=A HTTP/2.0" 200 1057 "-" "Mozilla/5.0 AppleWebKit/537.36 (KHTML, like Gecko; compatible; ClaudeBot/1.0; +claudebot@anthropic.com)"
216.73.216.225 - - [16/Jun/2025:12:53:43 -0500] "GET /vendor/symfony/translation/Resources/schemas/?C=N&O=D HTTP/2.0" 200 1272 "-" "Mozilla/5.0 AppleWebKit/537.36 (KHTML, like Gecko; compatible; ClaudeBot/1.0; +claudebot@anthropic.com)"
216.73.216.225 - - [16/Jun/2025:12:53:43 -0500] "GET /vendor/symfony/finder/Comparator/?C=S&O=D HTTP/2.0" 200 1232 "-" "Mozilla/5.0 AppleWebKit/537.36 (KHTML, like Gecko; compatible; ClaudeBot/1.0; +claudebot@anthropic.com)"
216.73.216.225 - - [16/Jun/2025:12:53:43 -0500] "GET /vendor/aws/aws-sdk-php/src/CognitoIdentityProvider/?C=D&O=A HTTP/2.0" 200 1099 "-" "Mozilla/5.0 AppleWebKit/537.36 (KHTML, like Gecko; compatible; ClaudeBot/1.0; +claudebot@anthropic.com)"
216.73.216.225 - - [16/Jun/2025:12:53:43 -0500] "GET /vendor/willdurand/negotiation/src/Negotiation/Exception HTTP/2.0" 301 304 "-" "Mozilla/5.0 AppleWebKit/537.36 (KHTML, like Gecko; compatible; ClaudeBot/1.0; +claudebot@anthropic.com)"
216.73.216.225 - - [16/Jun/2025:12:53:44 -0500] "GET /vendor/willdurand/negotiation/src/Negotiation/Exception/ HTTP/2.0" 200 746 "https://www.vebto.graphicdesigncash.com/vendor/willdurand/negotiation/src/Negotiation/Exception" "Mozilla/5.0 AppleWebKit/537.36 (KHTML, like Gecko; compatible; ClaudeBot/1.0; +claudebot@anthropic.com)"
216.73.216.225 - - [16/Jun/2025:12:53:44 -0500] "GET /vendor/meilisearch/meilisearch-php/src/Exceptions/?C=M&O=A HTTP/2.0" 200 1697 "-" "Mozilla/5.0 AppleWebKit/537.36 (KHTML, like Gecko; compatible; ClaudeBot/1.0; +claudebot@anthropic.com)"
216.73.216.225 - - [16/Jun/2025:12:53:44 -0500] "GET /vendor/aws/aws-sdk-php/src/NimbleStudio/?C=S&O=A HTTP/2.0" 200 1063 "-" "Mozilla/5.0 AppleWebKit/537.36 (KHTML, like Gecko; compatible; ClaudeBot/1.0; +claudebot@anthropic.com)"
216.73.216.225 - - [16/Jun/2025:12:53:44 -0500] "GET /vendor/aws/aws-sdk-php/src/CognitoIdentityProvider/?C=M&O=A HTTP/2.0" 200 1099 "-" "Mozilla/5.0 AppleWebKit/537.36 (KHTML, like Gecko; compatible; ClaudeBot/1.0; +claudebot@anthropic.com)"
20.171.207.246 - - [16/Jun/2025:12:54:05 -0500] "GET /vendor/google/apiclient-services/src/Spanner/GetDatabaseDdlResponse.php HTTP/2.0" 500 - "-" "Mozilla/5.0 AppleWebKit/537.36 (KHTML, like Gecko; compatible; GPTBot/1.2; +https://openai.com/gptbot)"
216.73.216.225 - - [16/Jun/2025:12:54:21 -0500] "GET /vendor/aws/aws-sdk-php/src/ManagedGrafana/?C=D&O=A HTTP/2.0" 200 1072 "-" "Mozilla/5.0 AppleWebKit/537.36 (KHTML, like Gecko; compatible; ClaudeBot/1.0; +claudebot@anthropic.com)"
216.73.216.225 - - [16/Jun/2025:12:54:21 -0500] "GET /vendor/aws/aws-sdk-php/src/CognitoSync/?C=D&O=A HTTP/2.0" 200 1060 "-" "Mozilla/5.0 AppleWebKit/537.36 (KHTML, like Gecko; compatible; ClaudeBot/1.0; +claudebot@anthropic.com)"
216.73.216.225 - - [16/Jun/2025:12:54:21 -0500] "GET /vendor/aws/aws-sdk-php/src/OpsWorks/?C=S&O=A HTTP/2.0" 200 1051 "-" "Mozilla/5.0 AppleWebKit/537.36 (KHTML, like Gecko; compatible; ClaudeBot/1.0; +claudebot@anthropic.com)"
216.73.216.225 - - [16/Jun/2025:12:54:21 -0500] "GET /vendor/meilisearch/meilisearch-php/src/Exceptions/?C=D&O=A HTTP/2.0" 200 1697 "-" "Mozilla/5.0 AppleWebKit/537.36 (KHTML, like Gecko; compatible; ClaudeBot/1.0; +claudebot@anthropic.com)"
216.73.216.225 - - [16/Jun/2025:12:54:22 -0500] "GET /vendor/aws/aws-sdk-php/src/CognitoSync/?C=M&O=A HTTP/2.0" 200 1060 "-" "Mozilla/5.0 AppleWebKit/537.36 (KHTML, like Gecko; compatible; ClaudeBot/1.0; +claudebot@anthropic.com)"
216.73.216.225 - - [16/Jun/2025:12:54:22 -0500] "GET /vendor/aws/aws-sdk-php/src/ManagedGrafana/?C=M&O=A HTTP/2.0" 200 1072 "-" "Mozilla/5.0 AppleWebKit/537.36 (KHTML, like Gecko; compatible; ClaudeBot/1.0; +claudebot@anthropic.com)"
216.73.216.225 - - [16/Jun/2025:12:54:22 -0500] "GET /vendor/jetbrains/phpstorm-stubs/solr/Responses/?C=M&O=A HTTP/2.0" 200 1661 "-" "Mozilla/5.0 AppleWebKit/537.36 (KHTML, like Gecko; compatible; ClaudeBot/1.0; +claudebot@anthropic.com)"
216.73.216.225 - - [16/Jun/2025:12:54:22 -0500] "GET /vendor/aws/aws-crt-php/tests/?C=S&O=D HTTP/2.0" 200 2499 "-" "Mozilla/5.0 AppleWebKit/537.36 (KHTML, like Gecko; compatible; ClaudeBot/1.0; +claudebot@anthropic.com)"
216.73.216.225 - - [16/Jun/2025:12:54:22 -0500] "GET /vendor/doctrine/inflector/docs/?C=S&O=D HTTP/2.0" 200 847 "-" "Mozilla/5.0 AppleWebKit/537.36 (KHTML, like Gecko; compatible; ClaudeBot/1.0; +claudebot@anthropic.com)"
85.208.96.197 - - [16/Jun/2025:12:54:26 -0500] "GET /vendor/symfony/routing/Loader/Configurator/AliasConfigurator.php HTTP/1.1" 200 - "-" "Mozilla/5.0 (compatible; SemrushBot/7~bl; +http://www.semrush.com/bot.html)"
20.171.207.195 - - [16/Jun/2025:12:54:38 -0500] "GET /vendor/google/apiclient-services/src/Directory/Schemas.php HTTP/2.0" 500 - "-" "Mozilla/5.0 AppleWebKit/537.36 (KHTML, like Gecko; compatible; GPTBot/1.2; +https://openai.com/gptbot)"
216.73.216.225 - - [16/Jun/2025:12:54:58 -0500] "GET /vendor/algolia/algoliasearch-client-php/src/Log/?C=M&O=A HTTP/2.0" 200 911 "-" "Mozilla/5.0 AppleWebKit/537.36 (KHTML, like Gecko; compatible; ClaudeBot/1.0; +claudebot@anthropic.com)"
216.73.216.225 - - [16/Jun/2025:12:54:58 -0500] "GET /vendor/doctrine/cache/lib/Doctrine/?C=S&O=A HTTP/2.0" 200 859 "-" "Mozilla/5.0 AppleWebKit/537.36 (KHTML, like Gecko; compatible; ClaudeBot/1.0; +claudebot@anthropic.com)"
216.73.216.225 - - [16/Jun/2025:12:54:58 -0500] "GET /vendor/willdurand/negotiation/src/Negotiation/Accept.php HTTP/2.0" 500 - "-" "Mozilla/5.0 AppleWebKit/537.36 (KHTML, like Gecko; compatible; ClaudeBot/1.0; +claudebot@anthropic.com)"
216.73.216.225 - - [16/Jun/2025:12:54:58 -0500] "GET /vendor/spatie/dropbox-api/src/Exceptions/?C=S&O=A HTTP/2.0" 200 882 "-" "Mozilla/5.0 AppleWebKit/537.36 (KHTML, like Gecko; compatible; ClaudeBot/1.0; +claudebot@anthropic.com)"
216.73.216.225 - - [16/Jun/2025:12:54:59 -0500] "GET /vendor/aws/aws-sdk-php/src/PinpointSMSVoice/?C=M&O=A HTTP/2.0" 200 1078 "-" "Mozilla/5.0 AppleWebKit/537.36 (KHTML, like Gecko; compatible; ClaudeBot/1.0; +claudebot@anthropic.com)"
216.73.216.225 - - [16/Jun/2025:12:54:59 -0500] "GET /vendor/composer/package-versions-deprecated/src/PackageVersions/?C=N&O=A HTTP/2.0" 200 1313 "-" "Mozilla/5.0 AppleWebKit/537.36 (KHTML, like Gecko; compatible; ClaudeBot/1.0; +claudebot@anthropic.com)"
216.73.216.225 - - [16/Jun/2025:12:54:59 -0500] "GET /vendor/jetbrains/phpstorm-stubs/solr/Responses/?C=D&O=A HTTP/2.0" 200 1661 "-" "Mozilla/5.0 AppleWebKit/537.36 (KHTML, like Gecko; compatible; ClaudeBot/1.0; +claudebot@anthropic.com)"
216.73.216.225 - - [16/Jun/2025:12:54:59 -0500] "GET /vendor/aws/aws-sdk-php/src/OpsWorksCM/?C=S&O=A HTTP/2.0" 200 1057 "-" "Mozilla/5.0 AppleWebKit/537.36 (KHTML, like Gecko; compatible; ClaudeBot/1.0; +claudebot@anthropic.com)"
216.73.216.225 - - [16/Jun/2025:12:54:59 -0500] "GET /vendor/aws/aws-sdk-php/src/Kms/?C=N&O=D HTTP/2.0" 200 1036 "-" "Mozilla/5.0 AppleWebKit/537.36 (KHTML, like Gecko; compatible; ClaudeBot/1.0; +claudebot@anthropic.com)"
20.171.207.246 - - [16/Jun/2025:12:55:11 -0500] "GET /vendor/google/apiclient-services/src/Spanner/CreateDatabaseRequest.php HTTP/2.0" 500 - "-" "Mozilla/5.0 AppleWebKit/537.36 (KHTML, like Gecko; compatible; GPTBot/1.2; +https://openai.com/gptbot)"
185.191.171.5 - - [16/Jun/2025:12:55:20 -0500] "GET /vendor/laravel/scout/src/Jobs/RemoveableScoutCollection.php HTTP/1.1" 500 - "-" "Mozilla/5.0 (compatible; SemrushBot/7~bl; +http://www.semrush.com/bot.html)"
185.191.171.2 - - [16/Jun/2025:12:55:34 -0500] "GET /vendor/laravel/framework/src/Illuminate/Log/ HTTP/1.1" 200 1250 "-" "Mozilla/5.0 (compatible; SemrushBot/7~bl; +http://www.semrush.com/bot.html)"
85.208.96.193 - - [16/Jun/2025:12:55:54 -0500] "GET /vendor/google/apiclient-services/src/Dataproc/WorkflowTemplate.php HTTP/1.1" 500 - "-" "Mozilla/5.0 (compatible; SemrushBot/7~bl; +http://www.semrush.com/bot.html)"
85.208.96.202 - - [16/Jun/2025:12:55:58 -0500] "GET /vendor/google/apiclient-services/src/ShoppingContent/TestOrder.php HTTP/1.1" 500 - "-" "Mozilla/5.0 (compatible; SemrushBot/7~bl; +http://www.semrush.com/bot.html)"
185.191.171.2 - - [16/Jun/2025:12:56:02 -0500] "GET /vendor/phpdocumentor/type-resolver/src/Types/ HTTP/1.1" 200 6124 "-" "Mozilla/5.0 (compatible; SemrushBot/7~bl; +http://www.semrush.com/bot.html)"
216.73.216.225 - - [16/Jun/2025:12:56:04 -0500] "GET /vendor/algolia/algoliasearch-client-php/src/Log/?C=D&O=A HTTP/2.0" 200 911 "-" "Mozilla/5.0 AppleWebKit/537.36 (KHTML, like Gecko; compatible; ClaudeBot/1.0; +claudebot@anthropic.com)"
216.73.216.225 - - [16/Jun/2025:12:56:04 -0500] "GET /vendor/laravel/scout/src/Console/?C=S&O=A HTTP/2.0" 200 1422 "-" "Mozilla/5.0 AppleWebKit/537.36 (KHTML, like Gecko; compatible; ClaudeBot/1.0; +claudebot@anthropic.com)"
216.73.216.225 - - [16/Jun/2025:12:56:04 -0500] "GET /vendor/aws/aws-sdk-php/src/CostandUsageReportService/?C=S&O=A HTTP/2.0" 200 1105 "-" "Mozilla/5.0 AppleWebKit/537.36 (KHTML, like Gecko; compatible; ClaudeBot/1.0; +claudebot@anthropic.com)"
216.73.216.225 - - [16/Jun/2025:12:56:04 -0500] "GET /vendor/aws/aws-sdk-php/src/Route53RecoveryReadiness/?C=S&O=A HTTP/2.0" 200 1102 "-" "Mozilla/5.0 AppleWebKit/537.36 (KHTML, like Gecko; compatible; ClaudeBot/1.0; +claudebot@anthropic.com)"
216.73.216.225 - - [16/Jun/2025:12:56:39 -0500] "GET /vendor/teamtnt/tntsearch/src/KeywordExtraction/?C=N&O=D HTTP/2.0" 200 887 "-" "Mozilla/5.0 AppleWebKit/537.36 (KHTML, like Gecko; compatible; ClaudeBot/1.0; +claudebot@anthropic.com)"
216.73.216.225 - - [16/Jun/2025:12:56:39 -0500] "GET /vendor/doctrine/dbal/src/?C=D&O=D HTTP/2.0" 200 6439 "-" "Mozilla/5.0 AppleWebKit/537.36 (KHTML, like Gecko; compatible; ClaudeBot/1.0; +claudebot@anthropic.com)"
216.73.216.225 - - [16/Jun/2025:12:56:40 -0500] "GET /vendor/symfony/mime/Header/?C=D&O=D HTTP/2.0" 200 2528 "-" "Mozilla/5.0 AppleWebKit/537.36 (KHTML, like Gecko; compatible; ClaudeBot/1.0; +claudebot@anthropic.com)"
216.73.216.225 - - [16/Jun/2025:12:56:40 -0500] "GET /vendor/aws/aws-sdk-php/src/NimbleStudio/?C=D&O=A HTTP/2.0" 200 1063 "-" "Mozilla/5.0 AppleWebKit/537.36 (KHTML, like Gecko; compatible; ClaudeBot/1.0; +claudebot@anthropic.com)"
20.171.207.195 - - [16/Jun/2025:12:56:40 -0500] "GET /vendor/google/apiclient-services/src/Sasportal/SasPortalEmpty.php HTTP/2.0" 500 - "-" "Mozilla/5.0 AppleWebKit/537.36 (KHTML, like Gecko; compatible; GPTBot/1.2; +https://openai.com/gptbot)"
216.73.216.225 - - [16/Jun/2025:12:56:40 -0500] "GET /vendor/doctrine/dbal/src/?C=M&O=D HTTP/2.0" 200 6439 "-" "Mozilla/5.0 AppleWebKit/537.36 (KHTML, like Gecko; compatible; ClaudeBot/1.0; +claudebot@anthropic.com)"
216.73.216.225 - - [16/Jun/2025:12:56:41 -0500] "GET /vendor/aws/aws-sdk-php/src/S3Outposts/?C=M&O=A HTTP/2.0" 200 1057 "-" "Mozilla/5.0 AppleWebKit/537.36 (KHTML, like Gecko; compatible; ClaudeBot/1.0; +claudebot@anthropic.com)"
216.73.216.225 - - [16/Jun/2025:12:56:41 -0500] "GET /vendor/aws/aws-sdk-php/src/NimbleStudio/?C=M&O=A HTTP/2.0" 200 1063 "-" "Mozilla/5.0 AppleWebKit/537.36 (KHTML, like Gecko; compatible; ClaudeBot/1.0; +claudebot@anthropic.com)"
216.73.216.225 - - [16/Jun/2025:12:56:42 -0500] "GET /vendor/aws/aws-sdk-php/src/PinpointEmail/?C=S&O=A HTTP/2.0" 200 1066 "-" "Mozilla/5.0 AppleWebKit/537.36 (KHTML, like Gecko; compatible; ClaudeBot/1.0; +claudebot@anthropic.com)"
216.73.216.225 - - [16/Jun/2025:12:56:42 -0500] "GET /vendor/aws/aws-sdk-php/src/WAFV2/?C=S&O=A HTTP/2.0" 200 1042 "-" "Mozilla/5.0 AppleWebKit/537.36 (KHTML, like Gecko; compatible; ClaudeBot/1.0; +claudebot@anthropic.com)"
85.208.96.199 - - [16/Jun/2025:12:56:44 -0500] "GET /vendor/google/apiclient-services/src/CloudAsset/ConditionEvaluation.php HTTP/1.1" 500 - "-" "Mozilla/5.0 (compatible; SemrushBot/7~bl; +http://www.semrush.com/bot.html)"
216.73.216.225 - - [16/Jun/2025:12:57:11 -0500] "GET /vendor/jetbrains/phpstorm-stubs/xxtea/?C=M&O=D HTTP/2.0" 200 873 "-" "Mozilla/5.0 AppleWebKit/537.36 (KHTML, like Gecko; compatible; ClaudeBot/1.0; +claudebot@anthropic.com)"
216.73.216.225 - - [16/Jun/2025:12:57:11 -0500] "GET /vendor/symfony/translation/Resources/schemas/?C=S&O=A HTTP/2.0" 200 1272 "-" "Mozilla/5.0 AppleWebKit/537.36 (KHTML, like Gecko; compatible; ClaudeBot/1.0; +claudebot@anthropic.com)"
216.73.216.225 - - [16/Jun/2025:12:57:12 -0500] "GET /vendor/aws/aws-sdk-php/src/OpsWorks/?C=M&O=A HTTP/2.0" 200 1051 "-" "Mozilla/5.0 AppleWebKit/537.36 (KHTML, like Gecko; compatible; ClaudeBot/1.0; +claudebot@anthropic.com)"
216.73.216.225 - - [16/Jun/2025:12:57:12 -0500] "GET /vendor/spatie/flysystem-dropbox/src/?C=S&O=D HTTP/2.0" 200 878 "-" "Mozilla/5.0 AppleWebKit/537.36 (KHTML, like Gecko; compatible; ClaudeBot/1.0; +claudebot@anthropic.com)"
216.73.216.225 - - [16/Jun/2025:12:57:13 -0500] "GET /vendor/symfony/finder/Comparator/?C=M&O=D HTTP/2.0" 200 1232 "-" "Mozilla/5.0 AppleWebKit/537.36 (KHTML, like Gecko; compatible; ClaudeBot/1.0; +claudebot@anthropic.com)"
216.73.216.225 - - [16/Jun/2025:12:57:13 -0500] "GET /vendor/graham-campbell/guzzle-factory/src/?C=S&O=D HTTP/2.0" 200 895 "-" "Mozilla/5.0 AppleWebKit/537.36 (KHTML, like Gecko; compatible; ClaudeBot/1.0; +claudebot@anthropic.com)"
216.73.216.225 - - [16/Jun/2025:12:57:14 -0500] "GET /vendor/paragonie/constant_time_encoding/tests/?C=S&O=D HTTP/2.0" 200 2394 "-" "Mozilla/5.0 AppleWebKit/537.36 (KHTML, like Gecko; compatible; ClaudeBot/1.0; +claudebot@anthropic.com)"
216.73.216.225 - - [16/Jun/2025:12:57:14 -0500] "GET /vendor/aws/aws-sdk-php/src/S3Outposts/?C=D&O=A HTTP/2.0" 200 1057 "-" "Mozilla/5.0 AppleWebKit/537.36 (KHTML, like Gecko; compatible; ClaudeBot/1.0; +claudebot@anthropic.com)"
216.73.216.225 - - [16/Jun/2025:12:57:14 -0500] "GET /vendor/doctrine/event-manager/lib/?C=S&O=D HTTP/2.0" 200 863 "-" "Mozilla/5.0 AppleWebKit/537.36 (KHTML, like Gecko; compatible; ClaudeBot/1.0; +claudebot@anthropic.com)"
20.171.207.246 - - [16/Jun/2025:12:57:18 -0500] "GET /vendor/google/apiclient-services/src/Spanner/UpdateInstanceMetadata.php HTTP/2.0" 500 - "-" "Mozilla/5.0 AppleWebKit/537.36 (KHTML, like Gecko; compatible; GPTBot/1.2; +https://openai.com/gptbot)"
20.171.207.195 - - [16/Jun/2025:12:57:44 -0500] "GET /vendor/google/apiclient-services/src/Sasportal/SasPortalPolicy.php HTTP/2.0" 500 - "-" "Mozilla/5.0 AppleWebKit/537.36 (KHTML, like Gecko; compatible; GPTBot/1.2; +https://openai.com/gptbot)"
85.208.96.195 - - [16/Jun/2025:12:57:47 -0500] "GET /vendor/aws/aws-sdk-php/src/S3/RegionalEndpoint/Exception/ HTTP/1.1" 200 749 "-" "Mozilla/5.0 (compatible; SemrushBot/7~bl; +http://www.semrush.com/bot.html)"
216.73.216.225 - - [16/Jun/2025:12:57:49 -0500] "GET /robots.txt HTTP/2.0" 404 - "-" "Mozilla/5.0 AppleWebKit/537.36 (KHTML, like Gecko; compatible; ClaudeBot/1.0; +claudebot@anthropic.com)"
216.73.216.225 - - [16/Jun/2025:12:57:49 -0500] "GET /vendor/doctrine/dbal/src/Driver/?C=N&O=D HTTP/2.0" 200 4923 "-" "Mozilla/5.0 AppleWebKit/537.36 (KHTML, like Gecko; compatible; ClaudeBot/1.0; +claudebot@anthropic.com)"
216.73.216.225 - - [16/Jun/2025:12:57:49 -0500] "GET /vendor/teamtnt/tntsearch/src/Classifier/?C=N&O=D HTTP/2.0" 200 882 "-" "Mozilla/5.0 AppleWebKit/537.36 (KHTML, like Gecko; compatible; ClaudeBot/1.0; +claudebot@anthropic.com)"
216.73.216.225 - - [16/Jun/2025:12:57:50 -0500] "GET /vendor/aws/aws-sdk-php/src/CostandUsageReportService/?C=M&O=A HTTP/2.0" 200 1105 "-" "Mozilla/5.0 AppleWebKit/537.36 (KHTML, like Gecko; compatible; ClaudeBot/1.0; +claudebot@anthropic.com)"
216.73.216.225 - - [16/Jun/2025:12:57:50 -0500] "GET /vendor/spatie/dropbox-api/src/Exceptions/?C=M&O=A HTTP/2.0" 200 882 "-" "Mozilla/5.0 AppleWebKit/537.36 (KHTML, like Gecko; compatible; ClaudeBot/1.0; +claudebot@anthropic.com)"
216.73.216.225 - - [16/Jun/2025:12:57:51 -0500] "GET /vendor/aws/aws-sdk-php/src/Kms/?C=S&O=A HTTP/2.0" 200 1036 "-" "Mozilla/5.0 AppleWebKit/537.36 (KHTML, like Gecko; compatible; ClaudeBot/1.0; +claudebot@anthropic.com)"
216.73.216.225 - - [16/Jun/2025:12:57:51 -0500] "GET /vendor/aws/aws-sdk-php/src/OpsWorksCM/?C=D&O=A HTTP/2.0" 200 1057 "-" "Mozilla/5.0 AppleWebKit/537.36 (KHTML, like Gecko; compatible; ClaudeBot/1.0; +claudebot@anthropic.com)"
216.73.216.225 - - [16/Jun/2025:12:57:52 -0500] "GET /vendor/aws/aws-sdk-php/src/OpsWorks/?C=D&O=A HTTP/2.0" 200 1051 "-" "Mozilla/5.0 AppleWebKit/537.36 (KHTML, like Gecko; compatible; ClaudeBot/1.0; +claudebot@anthropic.com)"
216.73.216.225 - - [16/Jun/2025:12:57:52 -0500] "GET /vendor/aws/aws-crt-php/tests/?C=M&O=D HTTP/2.0" 200 2499 "-" "Mozilla/5.0 AppleWebKit/537.36 (KHTML, like Gecko; compatible; ClaudeBot/1.0; +claudebot@anthropic.com)"
216.73.216.225 - - [16/Jun/2025:12:57:52 -0500] "GET /vendor/aws/aws-sdk-php/src/OpsWorksCM/?C=M&O=A HTTP/2.0" 200 1057 "-" "Mozilla/5.0 AppleWebKit/537.36 (KHTML, like Gecko; compatible; ClaudeBot/1.0; +claudebot@anthropic.com)"
85.208.96.210 - - [16/Jun/2025:12:58:08 -0500] "GET /vendor/doctrine/dbal/src/Tools/Console/ HTTP/1.1" 200 1060 "-" "Mozilla/5.0 (compatible; SemrushBot/7~bl; +http://www.semrush.com/bot.html)"
20.171.207.246 - - [16/Jun/2025:12:58:20 -0500] "GET /vendor/google/apiclient-services/src/Adsense/ListUrlChannelsResponse.php HTTP/2.0" 500 - "-" "Mozilla/5.0 AppleWebKit/537.36 (KHTML, like Gecko; compatible; GPTBot/1.2; +https://openai.com/gptbot)"
216.73.216.225 - - [16/Jun/2025:12:58:30 -0500] "GET /vendor/aws/aws-sdk-php/src/Schemas/?C=M&O=A HTTP/2.0" 200 1048 "-" "Mozilla/5.0 AppleWebKit/537.36 (KHTML, like Gecko; compatible; ClaudeBot/1.0; +claudebot@anthropic.com)"
216.73.216.225 - - [16/Jun/2025:12:58:30 -0500] "GET /vendor/aws/aws-sdk-php/src/Amplify/?C=M&O=A HTTP/2.0" 200 1048 "-" "Mozilla/5.0 AppleWebKit/537.36 (KHTML, like Gecko; compatible; ClaudeBot/1.0; +claudebot@anthropic.com)"
216.73.216.225 - - [16/Jun/2025:12:58:30 -0500] "GET /vendor/aws/aws-sdk-php/src/Route53RecoveryReadiness/?C=D&O=A HTTP/2.0" 200 1102 "-" "Mozilla/5.0 AppleWebKit/537.36 (KHTML, like Gecko; compatible; ClaudeBot/1.0; +claudebot@anthropic.com)"
216.73.216.225 - - [16/Jun/2025:12:58:31 -0500] "GET /vendor/aws/aws-sdk-php/src/AugmentedAIRuntime/?C=M&O=A HTTP/2.0" 200 1084 "-" "Mozilla/5.0 AppleWebKit/537.36 (KHTML, like Gecko; compatible; ClaudeBot/1.0; +claudebot@anthropic.com)"
216.73.216.225 - - [16/Jun/2025:12:58:31 -0500] "GET /vendor/aws/aws-sdk-php/src/CostandUsageReportService/?C=D&O=A HTTP/2.0" 200 1105 "-" "Mozilla/5.0 AppleWebKit/537.36 (KHTML, like Gecko; compatible; ClaudeBot/1.0; +claudebot@anthropic.com)"
216.73.216.225 - - [16/Jun/2025:12:58:32 -0500] "GET /vendor/doctrine/cache/lib/Doctrine/?C=M&O=A HTTP/2.0" 200 859 "-" "Mozilla/5.0 AppleWebKit/537.36 (KHTML, like Gecko; compatible; ClaudeBot/1.0; +claudebot@anthropic.com)"
216.73.216.225 - - [16/Jun/2025:12:58:32 -0500] "GET /vendor/spatie/dropbox-api/src/Exceptions/?C=D&O=A HTTP/2.0" 200 882 "-" "Mozilla/5.0 AppleWebKit/537.36 (KHTML, like Gecko; compatible; ClaudeBot/1.0; +claudebot@anthropic.com)"
216.73.216.225 - - [16/Jun/2025:12:58:33 -0500] "GET /vendor/aws/aws-sdk-php/src/Route53RecoveryReadiness/?C=M&O=A HTTP/2.0" 200 1102 "-" "Mozilla/5.0 AppleWebKit/537.36 (KHTML, like Gecko; compatible; ClaudeBot/1.0; +claudebot@anthropic.com)"
216.73.216.225 - - [16/Jun/2025:12:58:33 -0500] "GET /vendor/aws/aws-sdk-php/src/Glacier/?C=N&O=D HTTP/2.0" 200 1417 "-" "Mozilla/5.0 AppleWebKit/537.36 (KHTML, like Gecko; compatible; ClaudeBot/1.0; +claudebot@anthropic.com)"
20.171.207.195 - - [16/Jun/2025:12:58:45 -0500] "GET /vendor/google/apiclient-services/src/Sasportal/SasPortalDevice.php HTTP/2.0" 500 - "-" "Mozilla/5.0 AppleWebKit/537.36 (KHTML, like Gecko; compatible; GPTBot/1.2; +https://openai.com/gptbot)"
185.191.171.12 - - [16/Jun/2025:12:59:04 -0500] "GET /vendor/phpdocumentor/reflection-docblock/src/DocBlock/Tags/ HTTP/1.1" 200 1292 "-" "Mozilla/5.0 (compatible; SemrushBot/7~bl; +http://www.semrush.com/bot.html)"
216.73.216.225 - - [16/Jun/2025:12:59:09 -0500] "GET /vendor/aws/aws-sdk-php/src/FIS/?C=D&O=A HTTP/2.0" 200 1036 "-" "Mozilla/5.0 AppleWebKit/537.36 (KHTML, like Gecko; compatible; ClaudeBot/1.0; +claudebot@anthropic.com)"
216.73.216.225 - - [16/Jun/2025:12:59:09 -0500] "GET /vendor/aws/aws-sdk-php/src/Schemas/?C=D&O=A HTTP/2.0" 200 1048 "-" "Mozilla/5.0 AppleWebKit/537.36 (KHTML, like Gecko; compatible; ClaudeBot/1.0; +claudebot@anthropic.com)"
216.73.216.225 - - [16/Jun/2025:12:59:10 -0500] "GET /vendor/aws/aws-sdk-php/src/Amplify/?C=D&O=A HTTP/2.0" 200 1048 "-" "Mozilla/5.0 AppleWebKit/537.36 (KHTML, like Gecko; compatible; ClaudeBot/1.0; +claudebot@anthropic.com)"
216.73.216.225 - - [16/Jun/2025:12:59:10 -0500] "GET /vendor/aws/aws-sdk-php/src/PinpointEmail/?C=M&O=A HTTP/2.0" 200 1066 "-" "Mozilla/5.0 AppleWebKit/537.36 (KHTML, like Gecko; compatible; ClaudeBot/1.0; +claudebot@anthropic.com)"
216.73.216.225 - - [16/Jun/2025:12:59:11 -0500] "GET /vendor/maennchen/zipstream-php/src/Option/?C=N&O=D HTTP/2.0" 200 1419 "-" "Mozilla/5.0 AppleWebKit/537.36 (KHTML, like Gecko; compatible; ClaudeBot/1.0; +claudebot@anthropic.com)"
216.73.216.225 - - [16/Jun/2025:12:59:11 -0500] "GET /vendor/aws/aws-sdk-php/src/WAFV2/?C=M&O=A HTTP/2.0" 200 1042 "-" "Mozilla/5.0 AppleWebKit/537.36 (KHTML, like Gecko; compatible; ClaudeBot/1.0; +claudebot@anthropic.com)"
216.73.216.225 - - [16/Jun/2025:12:59:12 -0500] "GET /vendor/aws/aws-sdk-php/src/FIS/?C=M&O=A HTTP/2.0" 200 1036 "-" "Mozilla/5.0 AppleWebKit/537.36 (KHTML, like Gecko; compatible; ClaudeBot/1.0; +claudebot@anthropic.com)"
216.73.216.225 - - [16/Jun/2025:12:59:12 -0500] "GET /vendor/laravel/scout/src/Console/?C=M&O=A HTTP/2.0" 200 1422 "-" "Mozilla/5.0 AppleWebKit/537.36 (KHTML, like Gecko; compatible; ClaudeBot/1.0; +claudebot@anthropic.com)"
216.73.216.225 - - [16/Jun/2025:12:59:13 -0500] "GET /vendor/aws/aws-sdk-php/src/AugmentedAIRuntime/?C=D&O=A HTTP/2.0" 200 1084 "-" "Mozilla/5.0 AppleWebKit/537.36 (KHTML, like Gecko; compatible; ClaudeBot/1.0; +claudebot@anthropic.com)"
85.208.96.208 - - [16/Jun/2025:12:59:23 -0500] "GET /vendor/google/apiclient-services/src/Dfareporting/EncryptionInfo.php HTTP/1.1" 500 - "-" "Mozilla/5.0 (compatible; SemrushBot/7~bl; +http://www.semrush.com/bot.html)"
20.171.207.246 - - [16/Jun/2025:12:59:26 -0500] "GET /vendor/google/apiclient-services/src/Adsense/ListLinkedAdUnitsResponse.php HTTP/2.0" 500 - "-" "Mozilla/5.0 AppleWebKit/537.36 (KHTML, like Gecko; compatible; GPTBot/1.2; +https://openai.com/gptbot)"
185.191.171.16 - - [16/Jun/2025:12:59:37 -0500] "GET /vendor/google/apiclient-services/src/ShoppingContent/LiasettingsGetAccessibleGmbAccountsResponse.php HTTP/1.1" 500 - "-" "Mozilla/5.0 (compatible; SemrushBot/7~bl; +http://www.semrush.com/bot.html)"
216.73.216.225 - - [16/Jun/2025:12:59:41 -0500] "GET /vendor/aws/aws-sdk-php/src/Kms/?C=M&O=A HTTP/2.0" 200 1036 "-" "Mozilla/5.0 AppleWebKit/537.36 (KHTML, like Gecko; compatible; ClaudeBot/1.0; +claudebot@anthropic.com)"
216.73.216.225 - - [16/Jun/2025:12:59:41 -0500] "GET /vendor/egulias/email-validator/src/Validation/?C=N&O=D HTTP/2.0" 200 2408 "-" "Mozilla/5.0 AppleWebKit/537.36 (KHTML, like Gecko; compatible; ClaudeBot/1.0; +claudebot@anthropic.com)"
216.73.216.225 - - [16/Jun/2025:12:59:42 -0500] "GET /vendor/symfony/translation/Resources/schemas/?C=M&O=A HTTP/2.0" 200 1272 "-" "Mozilla/5.0 AppleWebKit/537.36 (KHTML, like Gecko; compatible; ClaudeBot/1.0; +claudebot@anthropic.com)"
216.73.216.225 - - [16/Jun/2025:12:59:42 -0500] "GET /vendor/paragonie/sodium_compat/src/PHP52/?C=N&O=D HTTP/2.0" 200 890 "-" "Mozilla/5.0 AppleWebKit/537.36 (KHTML, like Gecko; compatible; ClaudeBot/1.0; +claudebot@anthropic.com)"
216.73.216.225 - - [16/Jun/2025:12:59:43 -0500] "GET /vendor/jean85/pretty-package-versions/src/Exception/?C=N&O=D HTTP/2.0" 200 1339 "-" "Mozilla/5.0 AppleWebKit/537.36 (KHTML, like Gecko; compatible; ClaudeBot/1.0; +claudebot@anthropic.com)"
216.73.216.225 - - [16/Jun/2025:12:59:43 -0500] "GET /vendor/teamtnt/tntsearch/src/KeywordExtraction/?C=S&O=A HTTP/2.0" 200 887 "-" "Mozilla/5.0 AppleWebKit/537.36 (KHTML, like Gecko; compatible; ClaudeBot/1.0; +claudebot@anthropic.com)"
216.73.216.225 - - [16/Jun/2025:12:59:44 -0500] "GET /vendor/aws/aws-sdk-php/src/PinpointEmail/?C=D&O=A HTTP/2.0" 200 1066 "-" "Mozilla/5.0 AppleWebKit/537.36 (KHTML, like Gecko; compatible; ClaudeBot/1.0; +claudebot@anthropic.com)"
216.73.216.225 - - [16/Jun/2025:12:59:44 -0500] "GET /vendor/laravel/scout/src/Console/?C=D&O=A HTTP/2.0" 200 1422 "-" "Mozilla/5.0 AppleWebKit/537.36 (KHTML, like Gecko; compatible; ClaudeBot/1.0; +claudebot@anthropic.com)"
216.73.216.225 - - [16/Jun/2025:12:59:45 -0500] "GET /vendor/aws/aws-sdk-php/src/WAFV2/?C=D&O=A HTTP/2.0" 200 1042 "-" "Mozilla/5.0 AppleWebKit/537.36 (KHTML, like Gecko; compatible; ClaudeBot/1.0; +claudebot@anthropic.com)"
20.171.207.195 - - [16/Jun/2025:12:59:50 -0500] "GET /vendor/google/apiclient-services/src/Appengine/CreateVersionMetadataV1.php HTTP/2.0" 500 - "-" "Mozilla/5.0 AppleWebKit/537.36 (KHTML, like Gecko; compatible; GPTBot/1.2; +https://openai.com/gptbot)"
216.73.216.225 - - [16/Jun/2025:13:00:19 -0500] "GET /vendor/guzzlehttp/psr7/src/?C=D&O=D HTTP/2.0" 200 6144 "-" "Mozilla/5.0 AppleWebKit/537.36 (KHTML, like Gecko; compatible; ClaudeBot/1.0; +claudebot@anthropic.com)"
216.73.216.225 - - [16/Jun/2025:13:00:19 -0500] "GET /vendor/doctrine/dbal/src/Driver/?C=S&O=A HTTP/2.0" 200 4923 "-" "Mozilla/5.0 AppleWebKit/537.36 (KHTML, like Gecko; compatible; ClaudeBot/1.0; +claudebot@anthropic.com)"
216.73.216.225 - - [16/Jun/2025:13:00:19 -0500] "GET /vendor/teamtnt/tntsearch/src/Classifier/?C=S&O=A HTTP/2.0" 200 882 "-" "Mozilla/5.0 AppleWebKit/537.36 (KHTML, like Gecko; compatible; ClaudeBot/1.0; +claudebot@anthropic.com)"
216.73.216.225 - - [16/Jun/2025:13:00:20 -0500] "GET /vendor/laravel/horizon/stubs/?C=S&O=D HTTP/2.0" 200 867 "-" "Mozilla/5.0 AppleWebKit/537.36 (KHTML, like Gecko; compatible; ClaudeBot/1.0; +claudebot@anthropic.com)"
185.191.171.13 - - [16/Jun/2025:13:00:20 -0500] "GET /vendor/ramsey/uuid/src/Codec/GuidStringCodec.php HTTP/1.1" 500 - "-" "Mozilla/5.0 (compatible; SemrushBot/7~bl; +http://www.semrush.com/bot.html)"
216.73.216.225 - - [16/Jun/2025:13:00:20 -0500] "GET /vendor/aws/aws-sdk-php/src/Glacier/?C=S&O=A HTTP/2.0" 200 1417 "-" "Mozilla/5.0 AppleWebKit/537.36 (KHTML, like Gecko; compatible; ClaudeBot/1.0; +claudebot@anthropic.com)"
216.73.216.225 - - [16/Jun/2025:13:00:21 -0500] "GET /vendor/league/commonmark/src/Extension/InlinesOnly HTTP/2.0" 301 299 "-" "Mozilla/5.0 AppleWebKit/537.36 (KHTML, like Gecko; compatible; ClaudeBot/1.0; +claudebot@anthropic.com)"
216.73.216.225 - - [16/Jun/2025:13:00:21 -0500] "GET /vendor/league/commonmark/src/Extension/InlinesOnly/ HTTP/2.0" 200 729 "https://www.vebto.graphicdesigncash.com/vendor/league/commonmark/src/Extension/InlinesOnly" "Mozilla/5.0 AppleWebKit/537.36 (KHTML, like Gecko; compatible; ClaudeBot/1.0; +claudebot@anthropic.com)"
216.73.216.225 - - [16/Jun/2025:13:00:21 -0500] "GET /vendor/aws/aws-sdk-php/src/Kms/?C=D&O=A HTTP/2.0" 200 1036 "-" "Mozilla/5.0 AppleWebKit/537.36 (KHTML, like Gecko; compatible; ClaudeBot/1.0; +claudebot@anthropic.com)"
216.73.216.225 - - [16/Jun/2025:13:00:22 -0500] "GET /vendor/egulias/email-validator/src/Exception/?C=N&O=D HTTP/2.0" 200 5548 "-" "Mozilla/5.0 AppleWebKit/537.36 (KHTML, like Gecko; compatible; ClaudeBot/1.0; +claudebot@anthropic.com)"
216.73.216.225 - - [16/Jun/2025:13:00:22 -0500] "GET /vendor/symfony/translation/Resources/schemas/?C=D&O=A HTTP/2.0" 200 1272 "-" "Mozilla/5.0 AppleWebKit/537.36 (KHTML, like Gecko; compatible; ClaudeBot/1.0; +claudebot@anthropic.com)"
85.208.96.195 - - [16/Jun/2025:13:00:22 -0500] "GET /vendor/google/apiclient-services/src/CloudIot/CloudiotEmpty.php HTTP/1.1" 500 - "-" "Mozilla/5.0 (compatible; SemrushBot/7~bl; +http://www.semrush.com/bot.html)"
20.171.207.246 - - [16/Jun/2025:13:00:27 -0500] "GET /vendor/google/apiclient-services/src/Adsense/ListAdUnitsResponse.php HTTP/2.0" 500 - "-" "Mozilla/5.0 AppleWebKit/537.36 (KHTML, like Gecko; compatible; GPTBot/1.2; +https://openai.com/gptbot)"
20.171.207.195 - - [16/Jun/2025:13:00:54 -0500] "GET /vendor/google/apiclient-services/src/Directory/ChromeOsDevices.php HTTP/2.0" 500 - "-" "Mozilla/5.0 AppleWebKit/537.36 (KHTML, like Gecko; compatible; GPTBot/1.2; +https://openai.com/gptbot)"
85.208.96.207 - - [16/Jun/2025:13:00:54 -0500] "GET /vendor/google/apiclient-services/src/MyBusinessPlaceActions/PlaceActionLink.php HTTP/1.1" 500 - "-" "Mozilla/5.0 (compatible; SemrushBot/7~bl; +http://www.semrush.com/bot.html)"
216.73.216.225 - - [16/Jun/2025:13:00:59 -0500] "GET /vendor/maennchen/zipstream-php/src/Option/?C=S&O=A HTTP/2.0" 200 1419 "-" "Mozilla/5.0 AppleWebKit/537.36 (KHTML, like Gecko; compatible; ClaudeBot/1.0; +claudebot@anthropic.com)"
216.73.216.225 - - [16/Jun/2025:13:00:59 -0500] "GET /vendor/maennchen/zipstream-php/test/?C=D&O=D HTTP/2.0" 200 1411 "-" "Mozilla/5.0 AppleWebKit/537.36 (KHTML, like Gecko; compatible; ClaudeBot/1.0; +claudebot@anthropic.com)"
216.73.216.225 - - [16/Jun/2025:13:01:00 -0500] "GET /vendor/doctrine/dbal/bin/?C=S&O=D HTTP/2.0" 200 1025 "-" "Mozilla/5.0 AppleWebKit/537.36 (KHTML, like Gecko; compatible; ClaudeBot/1.0; +claudebot@anthropic.com)"
216.73.216.225 - - [16/Jun/2025:13:01:00 -0500] "GET /vendor/ezyang/htmlpurifier/library/?C=S&O=D HTTP/2.0" 200 2798 "-" "Mozilla/5.0 AppleWebKit/537.36 (KHTML, like Gecko; compatible; ClaudeBot/1.0; +claudebot@anthropic.com)"
216.73.216.225 - - [16/Jun/2025:13:01:00 -0500] "GET /vendor/jean85/pretty-package-versions/src/?C=D&O=D HTTP/2.0" 200 1253 "-" "Mozilla/5.0 AppleWebKit/537.36 (KHTML, like Gecko; compatible; ClaudeBot/1.0; +claudebot@anthropic.com)"
216.73.216.225 - - [16/Jun/2025:13:01:01 -0500] "GET /vendor/maennchen/zipstream-php/test/?C=M&O=D HTTP/2.0" 200 1411 "-" "Mozilla/5.0 AppleWebKit/537.36 (KHTML, like Gecko; compatible; ClaudeBot/1.0; +claudebot@anthropic.com)"
216.73.216.225 - - [16/Jun/2025:13:01:01 -0500] "GET /vendor/laravel/sanctum/config/?C=D&O=D HTTP/2.0" 200 850 "-" "Mozilla/5.0 AppleWebKit/537.36 (KHTML, like Gecko; compatible; ClaudeBot/1.0; +claudebot@anthropic.com)"
216.73.216.225 - - [16/Jun/2025:13:01:02 -0500] "GET /vendor/laravel/horizon/public/?C=S&O=D HTTP/2.0" 200 1557 "-" "Mozilla/5.0 AppleWebKit/537.36 (KHTML, like Gecko; compatible; ClaudeBot/1.0; +claudebot@anthropic.com)"
85.208.96.198 - - [16/Jun/2025:13:01:02 -0500] "GET /vendor/google/apiclient-services/src/GameServices/Schedule.php HTTP/1.1" 500 - "-" "Mozilla/5.0 (compatible; SemrushBot/7~bl; +http://www.semrush.com/bot.html)"
216.73.216.225 - - [16/Jun/2025:13:01:02 -0500] "GET /vendor/doctrine/inflector/lib/?C=S&O=D HTTP/2.0" 200 851 "-" "Mozilla/5.0 AppleWebKit/537.36 (KHTML, like Gecko; compatible; ClaudeBot/1.0; +claudebot@anthropic.com)"
20.171.207.246 - - [16/Jun/2025:13:01:27 -0500] "GET /vendor/google/apiclient-services/src/Spanner/ShortRepresentation.php HTTP/2.0" 500 - "-" "Mozilla/5.0 AppleWebKit/537.36 (KHTML, like Gecko; compatible; GPTBot/1.2; +https://openai.com/gptbot)"
47.82.61.168 - - [16/Jun/2025:13:01:28 -0500] "GET /vendor/google/apiclient-services/src/ HTTP/1.1" 200 87404 "https://www.vebto.graphicdesigncash.com/vendor/google/apiclient-services/src/" "Mozilla/5.0 (Windows NT 10.0; Win64; x64) AppleWebKit/537.36 (KHTML, like Gecko) Chrome/114.0.0.0 Safari/537.36 Edg/114.0.1823.43"
216.73.216.225 - - [16/Jun/2025:13:01:42 -0500] "GET /storage/app/temp/zips/?C=S&O=D HTTP/2.0" 200 649 "-" "Mozilla/5.0 AppleWebKit/537.36 (KHTML, like Gecko; compatible; ClaudeBot/1.0; +claudebot@anthropic.com)"
216.73.216.225 - - [16/Jun/2025:13:01:42 -0500] "GET /storage/framework/cache/data/?C=S&O=D HTTP/2.0" 200 1183 "-" "Mozilla/5.0 AppleWebKit/537.36 (KHTML, like Gecko; compatible; ClaudeBot/1.0; +claudebot@anthropic.com)"
216.73.216.225 - - [16/Jun/2025:13:01:43 -0500] "GET /vendor/laravel/horizon/config/?C=D&O=D HTTP/2.0" 200 850 "-" "Mozilla/5.0 AppleWebKit/537.36 (KHTML, like Gecko; compatible; ClaudeBot/1.0; +claudebot@anthropic.com)"
216.73.216.225 - - [16/Jun/2025:13:01:43 -0500] "GET /vendor/egulias/email-validator/src/?C=M&O=D HTTP/2.0" 200 1948 "-" "Mozilla/5.0 AppleWebKit/537.36 (KHTML, like Gecko; compatible; ClaudeBot/1.0; +claudebot@anthropic.com)"
216.73.216.225 - - [16/Jun/2025:13:01:44 -0500] "GET /vendor/symfony/translation/Catalogue/?C=S&O=D HTTP/2.0" 200 1441 "-" "Mozilla/5.0 AppleWebKit/537.36 (KHTML, like Gecko; compatible; ClaudeBot/1.0; +claudebot@anthropic.com)"
216.73.216.225 - - [16/Jun/2025:13:01:44 -0500] "GET /vendor/laravel/horizon/routes/?C=S&O=D HTTP/2.0" 200 846 "-" "Mozilla/5.0 AppleWebKit/537.36 (KHTML, like Gecko; compatible; ClaudeBot/1.0; +claudebot@anthropic.com)"
216.73.216.225 - - [16/Jun/2025:13:01:45 -0500] "GET /vendor/roave/signature/src/?C=S&O=D HTTP/2.0" 200 1595 "-" "Mozilla/5.0 AppleWebKit/537.36 (KHTML, like Gecko; compatible; ClaudeBot/1.0; +claudebot@anthropic.com)"
216.73.216.225 - - [16/Jun/2025:13:01:45 -0500] "GET /vendor/laravel/horizon/config/?C=M&O=D HTTP/2.0" 200 850 "-" "Mozilla/5.0 AppleWebKit/537.36 (KHTML, like Gecko; compatible; ClaudeBot/1.0; +claudebot@anthropic.com)"
216.73.216.225 - - [16/Jun/2025:13:01:46 -0500] "GET /vendor/doctrine/dbal/src/Id/?C=N&O=D HTTP/2.0" 200 1057 "-" "Mozilla/5.0 AppleWebKit/537.36 (KHTML, like Gecko; compatible; ClaudeBot/1.0; +claudebot@anthropic.com)"
185.191.171.12 - - [16/Jun/2025:13:01:48 -0500] "GET /vendor/aws/aws-sdk-php/src/data/sagemaker-edge/ HTTP/1.1" 200 893 "-" "Mozilla/5.0 (compatible; SemrushBot/7~bl; +http://www.semrush.com/bot.html)"
20.171.207.195 - - [16/Jun/2025:13:01:54 -0500] "GET /vendor/google/apiclient-services/src/Sasportal/SasPortalNode.php HTTP/2.0" 500 - "-" "Mozilla/5.0 AppleWebKit/537.36 (KHTML, like Gecko; compatible; GPTBot/1.2; +https://openai.com/gptbot)"
85.208.96.201 - - [16/Jun/2025:13:02:10 -0500] "GET /vendor/php-http/client-common/src/Plugin/HeaderAppendPlugin.php HTTP/1.1" 500 - "-" "Mozilla/5.0 (compatible; SemrushBot/7~bl; +http://www.semrush.com/bot.html)"
185.191.171.13 - - [16/Jun/2025:13:03:06 -0500] "GET /vendor/algolia/algoliasearch-client-php/src/Http/HttpClientInterface.php HTTP/1.1" 200 - "-" "Mozilla/5.0 (compatible; SemrushBot/7~bl; +http://www.semrush.com/bot.html)"
216.73.216.225 - - [16/Jun/2025:13:03:08 -0500] "GET /vendor/egulias/email-validator/src/Validation/?C=S&O=A HTTP/2.0" 200 2408 "-" "Mozilla/5.0 AppleWebKit/537.36 (KHTML, like Gecko; compatible; ClaudeBot/1.0; +claudebot@anthropic.com)"
216.73.216.225 - - [16/Jun/2025:13:03:08 -0500] "GET /vendor/cocur/slugify/src/?C=S&O=D HTTP/2.0" 200 1382 "-" "Mozilla/5.0 AppleWebKit/537.36 (KHTML, like Gecko; compatible; ClaudeBot/1.0; +claudebot@anthropic.com)"
216.73.216.225 - - [16/Jun/2025:13:03:08 -0500] "GET /vendor/paragonie/sodium_compat/src/PHP52/?C=S&O=A HTTP/2.0" 200 890 "-" "Mozilla/5.0 AppleWebKit/537.36 (KHTML, like Gecko; compatible; ClaudeBot/1.0; +claudebot@anthropic.com)"
216.73.216.225 - - [16/Jun/2025:13:03:08 -0500] "GET /vendor/jean85/pretty-package-versions/src/Exception/?C=S&O=A HTTP/2.0" 200 1339 "-" "Mozilla/5.0 AppleWebKit/537.36 (KHTML, like Gecko; compatible; ClaudeBot/1.0; +claudebot@anthropic.com)"
216.73.216.225 - - [16/Jun/2025:13:03:08 -0500] "GET /vendor/teamtnt/tntsearch/src/KeywordExtraction/?C=D&O=A HTTP/2.0" 200 887 "-" "Mozilla/5.0 AppleWebKit/537.36 (KHTML, like Gecko; compatible; ClaudeBot/1.0; +claudebot@anthropic.com)"
216.73.216.225 - - [16/Jun/2025:13:03:09 -0500] "GET /vendor/teamtnt/tntsearch/src/KeywordExtraction/?C=M&O=A HTTP/2.0" 200 887 "-" "Mozilla/5.0 AppleWebKit/537.36 (KHTML, like Gecko; compatible; ClaudeBot/1.0; +claudebot@anthropic.com)"
216.73.216.225 - - [16/Jun/2025:13:03:10 -0500] "GET /vendor/axisofstevil/stop-words/src/?C=S&O=D HTTP/2.0" 200 1044 "-" "Mozilla/5.0 AppleWebKit/537.36 (KHTML, like Gecko; compatible; ClaudeBot/1.0; +claudebot@anthropic.com)"
216.73.216.225 - - [16/Jun/2025:13:03:20 -0500] "GET /vendor/egulias/email-validator/src/Exception/?C=S&O=A HTTP/2.0" 200 5548 "-" "Mozilla/5.0 AppleWebKit/537.36 (KHTML, like Gecko; compatible; ClaudeBot/1.0; +claudebot@anthropic.com)"
216.73.216.225 - - [16/Jun/2025:13:03:21 -0500] "GET /vendor/teamtnt/tntsearch/src/?C=D&O=D HTTP/2.0" 200 3004 "-" "Mozilla/5.0 AppleWebKit/537.36 (KHTML, like Gecko; compatible; ClaudeBot/1.0; +claudebot@anthropic.com)"
216.73.216.225 - - [16/Jun/2025:13:03:22 -0500] "GET /vendor/opis/closure/src/?C=D&O=D HTTP/2.0" 200 2522 "-" "Mozilla/5.0 AppleWebKit/537.36 (KHTML, like Gecko; compatible; ClaudeBot/1.0; +claudebot@anthropic.com)"
185.191.171.6 - - [16/Jun/2025:13:03:22 -0500] "GET /client/assets/js/tinymce/plugins/ HTTP/1.1" 200 8497 "-" "Mozilla/5.0 (compatible; SemrushBot/7~bl; +http://www.semrush.com/bot.html)"
216.73.216.225 - - [16/Jun/2025:13:03:23 -0500] "GET /vendor/aws/aws-sdk-php/src/Glacier/?C=M&O=A HTTP/2.0" 200 1417 "-" "Mozilla/5.0 AppleWebKit/537.36 (KHTML, like Gecko; compatible; ClaudeBot/1.0; +claudebot@anthropic.com)"
216.73.216.225 - - [16/Jun/2025:13:03:24 -0500] "GET /vendor/rize/uri-template/src/Rize/UriTemplate.php HTTP/2.0" 200 - "-" "Mozilla/5.0 AppleWebKit/537.36 (KHTML, like Gecko; compatible; ClaudeBot/1.0; +claudebot@anthropic.com)"
216.73.216.225 - - [16/Jun/2025:13:03:24 -0500] "GET /vendor/spatie/enum/src/?C=M&O=D HTTP/2.0" 200 1190 "-" "Mozilla/5.0 AppleWebKit/537.36 (KHTML, like Gecko; compatible; ClaudeBot/1.0; +claudebot@anthropic.com)"
216.73.216.225 - - [16/Jun/2025:13:03:25 -0500] "GET /vendor/nesbot/carbon/src/?C=S&O=D HTTP/2.0" 200 834 "-" "Mozilla/5.0 AppleWebKit/537.36 (KHTML, like Gecko; compatible; ClaudeBot/1.0; +claudebot@anthropic.com)"
216.73.216.225 - - [16/Jun/2025:13:03:26 -0500] "GET /vendor/ralouphie/getallheaders/src/?C=S&O=D HTTP/2.0" 200 874 "-" "Mozilla/5.0 AppleWebKit/537.36 (KHTML, like Gecko; compatible; ClaudeBot/1.0; +claudebot@anthropic.com)"
216.73.216.225 - - [16/Jun/2025:13:03:27 -0500] "GET /vendor/teamtnt/tntsearch/src/?C=M&O=D HTTP/2.0" 200 3004 "-" "Mozilla/5.0 AppleWebKit/537.36 (KHTML, like Gecko; compatible; ClaudeBot/1.0; +claudebot@anthropic.com)"
20.171.207.246 - - [16/Jun/2025:13:03:28 -0500] "GET /vendor/google/apiclient-services/src/Spanner/RequestOptions.php HTTP/2.0" 500 - "-" "Mozilla/5.0 AppleWebKit/537.36 (KHTML, like Gecko; compatible; GPTBot/1.2; +https://openai.com/gptbot)"
20.171.207.195 - - [16/Jun/2025:13:03:58 -0500] "GET /vendor/google/apiclient-services/src/Sasportal/SasPortalChannelWithScore.php HTTP/2.0" 500 - "-" "Mozilla/5.0 AppleWebKit/537.36 (KHTML, like Gecko; compatible; GPTBot/1.2; +https://openai.com/gptbot)"
185.191.171.6 - - [16/Jun/2025:13:04:03 -0500] "GET /vendor/google/apiclient/src/AuthHandler/Guzzle5AuthHandler.php HTTP/1.1" 200 - "-" "Mozilla/5.0 (compatible; SemrushBot/7~bl; +http://www.semrush.com/bot.html)"
216.73.216.225 - - [16/Jun/2025:13:04:24 -0500] "GET /vendor/doctrine/deprecations/lib/?C=M&O=D HTTP/2.0" 200 860 "-" "Mozilla/5.0 AppleWebKit/537.36 (KHTML, like Gecko; compatible; ClaudeBot/1.0; +claudebot@anthropic.com)"
216.73.216.225 - - [16/Jun/2025:13:04:24 -0500] "GET /vendor/league/oauth1-client/tests/?C=D&O=D HTTP/2.0" 200 3158 "-" "Mozilla/5.0 AppleWebKit/537.36 (KHTML, like Gecko; compatible; ClaudeBot/1.0; +claudebot@anthropic.com)"
216.73.216.225 - - [16/Jun/2025:13:04:25 -0500] "GET /vendor/laravel/horizon/stubs/?C=M&O=D HTTP/2.0" 200 867 "-" "Mozilla/5.0 AppleWebKit/537.36 (KHTML, like Gecko; compatible; ClaudeBot/1.0; +claudebot@anthropic.com)"
216.73.216.225 - - [16/Jun/2025:13:04:26 -0500] "GET /vendor/league/flysystem-rackspace/src/?C=S&O=D HTTP/2.0" 200 886 "-" "Mozilla/5.0 AppleWebKit/537.36 (KHTML, like Gecko; compatible; ClaudeBot/1.0; +claudebot@anthropic.com)"
216.73.216.225 - - [16/Jun/2025:13:04:27 -0500] "GET /vendor/aws/aws-sdk-php/src/Glacier/?C=D&O=A HTTP/2.0" 200 1417 "-" "Mozilla/5.0 AppleWebKit/537.36 (KHTML, like Gecko; compatible; ClaudeBot/1.0; +claudebot@anthropic.com)"
216.73.216.225 - - [16/Jun/2025:13:04:28 -0500] "GET /vendor/league/oauth1-client/resources/?C=M&O=D HTTP/2.0" 200 869 "-" "Mozilla/5.0 AppleWebKit/537.36 (KHTML, like Gecko; compatible; ClaudeBot/1.0; +claudebot@anthropic.com)"
216.73.216.225 - - [16/Jun/2025:13:04:29 -0500] "GET /vendor/teamtnt/tntsearch/src/Classifier/?C=M&O=A HTTP/2.0" 200 882 "-" "Mozilla/5.0 AppleWebKit/537.36 (KHTML, like Gecko; compatible; ClaudeBot/1.0; +claudebot@anthropic.com)"
216.73.216.225 - - [16/Jun/2025:13:04:30 -0500] "GET /vendor/spatie/enum/src/?C=D&O=D HTTP/2.0" 200 1190 "-" "Mozilla/5.0 AppleWebKit/537.36 (KHTML, like Gecko; compatible; ClaudeBot/1.0; +claudebot@anthropic.com)"
216.73.216.225 - - [16/Jun/2025:13:04:30 -0500] "GET /vendor/league/oauth1-client/tests/?C=M&O=D HTTP/2.0" 200 3158 "-" "Mozilla/5.0 AppleWebKit/537.36 (KHTML, like Gecko; compatible; ClaudeBot/1.0; +claudebot@anthropic.com)"
20.171.207.246 - - [16/Jun/2025:13:04:31 -0500] "GET /vendor/google/apiclient-services/src/Spanner/OperationProgress.php HTTP/2.0" 500 - "-" "Mozilla/5.0 AppleWebKit/537.36 (KHTML, like Gecko; compatible; GPTBot/1.2; +https://openai.com/gptbot)"
185.191.171.15 - - [16/Jun/2025:13:04:32 -0500] "GET /vendor/google/apiclient-services/src/CloudRetail/GoogleCloudRetailV2betaSetInventoryMetadata.php HTTP/1.1" 500 - "-" "Mozilla/5.0 (compatible; SemrushBot/7~bl; +http://www.semrush.com/bot.html)"
85.208.96.202 - - [16/Jun/2025:13:04:34 -0500] "GET /vendor/rackspace/php-opencloud/lib/OpenCloud/Common/ HTTP/1.1" 200 1971 "-" "Mozilla/5.0 (compatible; SemrushBot/7~bl; +http://www.semrush.com/bot.html)"
20.171.207.195 - - [16/Jun/2025:13:05:01 -0500] "GET /vendor/google/apiclient-services/src/Sasportal/SasPortalInstallationParams.php HTTP/2.0" 500 - "-" "Mozilla/5.0 AppleWebKit/537.36 (KHTML, like Gecko; compatible; GPTBot/1.2; +https://openai.com/gptbot)"
216.73.216.225 - - [16/Jun/2025:13:05:05 -0500] "GET /vendor/doctrine/lexer/lib/?C=D&O=D HTTP/2.0" 200 839 "-" "Mozilla/5.0 AppleWebKit/537.36 (KHTML, like Gecko; compatible; ClaudeBot/1.0; +claudebot@anthropic.com)"
216.73.216.225 - - [16/Jun/2025:13:05:06 -0500] "GET /vendor/laravel/horizon/public/?C=M&O=D HTTP/2.0" 200 1557 "-" "Mozilla/5.0 AppleWebKit/537.36 (KHTML, like Gecko; compatible; ClaudeBot/1.0; +claudebot@anthropic.com)"
216.73.216.225 - - [16/Jun/2025:13:05:07 -0500] "GET /vendor/doctrine/deprecations/lib/?C=D&O=D HTTP/2.0" 200 860 "-" "Mozilla/5.0 AppleWebKit/537.36 (KHTML, like Gecko; compatible; ClaudeBot/1.0; +claudebot@anthropic.com)"
216.73.216.225 - - [16/Jun/2025:13:05:07 -0500] "GET /vendor/teamtnt/tntsearch/helper/?C=S&O=D HTTP/2.0" 200 856 "-" "Mozilla/5.0 AppleWebKit/537.36 (KHTML, like Gecko; compatible; ClaudeBot/1.0; +claudebot@anthropic.com)"
216.73.216.225 - - [16/Jun/2025:13:05:08 -0500] "GET /vendor/laravel/horizon/stubs/?C=D&O=D HTTP/2.0" 200 867 "-" "Mozilla/5.0 AppleWebKit/537.36 (KHTML, like Gecko; compatible; ClaudeBot/1.0; +claudebot@anthropic.com)"
216.73.216.225 - - [16/Jun/2025:13:05:09 -0500] "GET /vendor/doctrine/dbal/src/Driver/?C=M&O=A HTTP/2.0" 200 4923 "-" "Mozilla/5.0 AppleWebKit/537.36 (KHTML, like Gecko; compatible; ClaudeBot/1.0; +claudebot@anthropic.com)"
216.73.216.225 - - [16/Jun/2025:13:05:10 -0500] "GET /vendor/doctrine/lexer/lib/?C=M&O=D HTTP/2.0" 200 839 "-" "Mozilla/5.0 AppleWebKit/537.36 (KHTML, like Gecko; compatible; ClaudeBot/1.0; +claudebot@anthropic.com)"
216.73.216.225 - - [16/Jun/2025:13:05:11 -0500] "GET /vendor/league/oauth1-client/resources/?C=D&O=D HTTP/2.0" 200 869 "-" "Mozilla/5.0 AppleWebKit/537.36 (KHTML, like Gecko; compatible; ClaudeBot/1.0; +claudebot@anthropic.com)"
85.208.96.212 - - [16/Jun/2025:13:05:12 -0500] "GET /vendor/php-http/client-common/src/HttpClientPool/HttpClientPool.php HTTP/1.1" 500 - "-" "Mozilla/5.0 (compatible; SemrushBot/7~bl; +http://www.semrush.com/bot.html)"
216.73.216.225 - - [16/Jun/2025:13:05:12 -0500] "GET /vendor/teamtnt/tntsearch/src/Classifier/?C=D&O=A HTTP/2.0" 200 882 "-" "Mozilla/5.0 AppleWebKit/537.36 (KHTML, like Gecko; compatible; ClaudeBot/1.0; +claudebot@anthropic.com)"
85.208.96.202 - - [16/Jun/2025:13:05:53 -0500] "GET /vendor/google/apiclient-services/src/AndroidEnterprise/WebAppsListResponse.php HTTP/1.1" 500 - "-" "Mozilla/5.0 (compatible; SemrushBot/7~bl; +http://www.semrush.com/bot.html)"
20.171.207.246 - - [16/Jun/2025:13:05:55 -0500] "GET /vendor/google/apiclient-services/src/Spanner/OptimizeRestoredDatabaseMetadata.php HTTP/2.0" 500 - "-" "Mozilla/5.0 AppleWebKit/537.36 (KHTML, like Gecko; compatible; GPTBot/1.2; +https://openai.com/gptbot)"
