216.73.216.225 - - [16/Jun/2025:13:06:34 -0500] "GET /vendor/ramsey/uuid/src/?C=S&O=D HTTP/2.0" 200 4983 "-" "Mozilla/5.0 AppleWebKit/537.36 (KHTML, like Gecko; compatible; ClaudeBot/1.0; +claudebot@anthropic.com)"
216.73.216.225 - - [16/Jun/2025:13:06:35 -0500] "GET /vendor/axisofstevil/stop-words/src/?C=M&O=D HTTP/2.0" 200 1044 "-" "Mozilla/5.0 AppleWebKit/537.36 (KHTML, like Gecko; compatible; ClaudeBot/1.0; +claudebot@anthropic.com)"
216.73.216.225 - - [16/Jun/2025:13:06:35 -0500] "GET /vendor/laravel/horizon/routes/?C=D&O=D HTTP/2.0" 200 846 "-" "Mozilla/5.0 AppleWebKit/537.36 (KHTML, like Gecko; compatible; ClaudeBot/1.0; +claudebot@anthropic.com)"
216.73.216.225 - - [16/Jun/2025:13:06:36 -0500] "GET /vendor/roave/signature/src/?C=M&O=D HTTP/2.0" 200 1595 "-" "Mozilla/5.0 AppleWebKit/537.36 (KHTML, like Gecko; compatible; ClaudeBot/1.0; +claudebot@anthropic.com)"
216.73.216.225 - - [16/Jun/2025:13:06:37 -0500] "GET /vendor/symfony/translation/Catalogue/?C=M&O=D HTTP/2.0" 200 1441 "-" "Mozilla/5.0 AppleWebKit/537.36 (KHTML, like Gecko; compatible; ClaudeBot/1.0; +claudebot@anthropic.com)"
216.73.216.225 - - [16/Jun/2025:13:06:37 -0500] "GET /vendor/doctrine/dbal/bin/?C=D&O=D HTTP/2.0" 200 1025 "-" "Mozilla/5.0 AppleWebKit/537.36 (KHTML, like Gecko; compatible; ClaudeBot/1.0; +claudebot@anthropic.com)"
216.73.216.225 - - [16/Jun/2025:13:06:38 -0500] "GET /vendor/ezyang/htmlpurifier/library/?C=D&O=D HTTP/2.0" 200 2798 "-" "Mozilla/5.0 AppleWebKit/537.36 (KHTML, like Gecko; compatible; ClaudeBot/1.0; +claudebot@anthropic.com)"
216.73.216.225 - - [16/Jun/2025:13:06:39 -0500] "GET /vendor/doctrine/dbal/src/Id/?C=S&O=A HTTP/2.0" 200 1057 "-" "Mozilla/5.0 AppleWebKit/537.36 (KHTML, like Gecko; compatible; ClaudeBot/1.0; +claudebot@anthropic.com)"
216.73.216.225 - - [16/Jun/2025:13:06:40 -0500] "GET /vendor/laravel/horizon/routes/?C=M&O=D HTTP/2.0" 200 846 "-" "Mozilla/5.0 AppleWebKit/537.36 (KHTML, like Gecko; compatible; ClaudeBot/1.0; +claudebot@anthropic.com)"
216.73.216.225 - - [16/Jun/2025:13:06:41 -0500] "GET /vendor/teamtnt/tntsearch/tests/?C=S&O=D HTTP/2.0" 200 2479 "-" "Mozilla/5.0 AppleWebKit/537.36 (KHTML, like Gecko; compatible; ClaudeBot/1.0; +claudebot@anthropic.com)"
20.171.207.246 - - [16/Jun/2025:13:06:41 -0500] "GET /vendor/google/apiclient-services/src/Spanner/PartialResultSet.php HTTP/2.0" 500 - "-" "Mozilla/5.0 AppleWebKit/537.36 (KHTML, like Gecko; compatible; GPTBot/1.2; +https://openai.com/gptbot)"
20.171.207.195 - - [16/Jun/2025:13:07:07 -0500] "GET /vendor/aws/aws-sdk-php/src/ResourceGroups/ HTTP/2.0" 200 1072 "-" "Mozilla/5.0 AppleWebKit/537.36 (KHTML, like Gecko; compatible; GPTBot/1.2; +https://openai.com/gptbot)"
216.73.216.225 - - [16/Jun/2025:13:07:15 -0500] "GET /vendor/jean85/pretty-package-versions/src/Exception/?C=D&O=A HTTP/2.0" 200 1339 "-" "Mozilla/5.0 AppleWebKit/537.36 (KHTML, like Gecko; compatible; ClaudeBot/1.0; +claudebot@anthropic.com)"
216.73.216.225 - - [16/Jun/2025:13:07:16 -0500] "GET /storage/framework/cache/data/?C=M&O=D HTTP/2.0" 200 1183 "-" "Mozilla/5.0 AppleWebKit/537.36 (KHTML, like Gecko; compatible; ClaudeBot/1.0; +claudebot@anthropic.com)"
216.73.216.225 - - [16/Jun/2025:13:07:17 -0500] "GET /storage/app/temp/zips/?C=M&O=D HTTP/2.0" 200 649 "-" "Mozilla/5.0 AppleWebKit/537.36 (KHTML, like Gecko; compatible; ClaudeBot/1.0; +claudebot@anthropic.com)"
216.73.216.225 - - [16/Jun/2025:13:07:17 -0500] "GET /vendor/paragonie/sodium_compat/src/PHP52/?C=D&O=A HTTP/2.0" 200 890 "-" "Mozilla/5.0 AppleWebKit/537.36 (KHTML, like Gecko; compatible; ClaudeBot/1.0; +claudebot@anthropic.com)"
216.73.216.225 - - [16/Jun/2025:13:07:18 -0500] "GET /vendor/axisofstevil/stop-words/src/?C=D&O=D HTTP/2.0" 200 1044 "-" "Mozilla/5.0 AppleWebKit/537.36 (KHTML, like Gecko; compatible; ClaudeBot/1.0; +claudebot@anthropic.com)"
216.73.216.225 - - [16/Jun/2025:13:07:19 -0500] "GET /vendor/roave/signature/src/?C=D&O=D HTTP/2.0" 200 1595 "-" "Mozilla/5.0 AppleWebKit/537.36 (KHTML, like Gecko; compatible; ClaudeBot/1.0; +claudebot@anthropic.com)"
216.73.216.225 - - [16/Jun/2025:13:07:20 -0500] "GET /vendor/jean85/pretty-package-versions/src/Exception/?C=M&O=A HTTP/2.0" 200 1339 "-" "Mozilla/5.0 AppleWebKit/537.36 (KHTML, like Gecko; compatible; ClaudeBot/1.0; +claudebot@anthropic.com)"
216.73.216.225 - - [16/Jun/2025:13:07:21 -0500] "GET /vendor/symfony/translation/Catalogue/?C=D&O=D HTTP/2.0" 200 1441 "-" "Mozilla/5.0 AppleWebKit/537.36 (KHTML, like Gecko; compatible; ClaudeBot/1.0; +claudebot@anthropic.com)"
216.73.216.225 - - [16/Jun/2025:13:07:22 -0500] "GET /vendor/paragonie/sodium_compat/src/PHP52/?C=M&O=A HTTP/2.0" 200 890 "-" "Mozilla/5.0 AppleWebKit/537.36 (KHTML, like Gecko; compatible; ClaudeBot/1.0; +claudebot@anthropic.com)"
185.191.171.11 - - [16/Jun/2025:13:07:33 -0500] "GET /vendor/google/apiclient-services/src/YouTube/LiveStreamStatus.php HTTP/1.1" 500 - "-" "Mozilla/5.0 (compatible; SemrushBot/7~bl; +http://www.semrush.com/bot.html)"
185.191.171.9 - - [16/Jun/2025:13:07:42 -0500] "GET /vendor/aws/aws-sdk-php/src/CloudSearchDomain/ HTTP/1.1" 200 1081 "-" "Mozilla/5.0 (compatible; SemrushBot/7~bl; +http://www.semrush.com/bot.html)"
20.171.207.246 - - [16/Jun/2025:13:07:47 -0500] "GET /vendor/google/apiclient-services/src/Spanner/ResultSetMetadata.php HTTP/2.0" 500 - "-" "Mozilla/5.0 AppleWebKit/537.36 (KHTML, like Gecko; compatible; GPTBot/1.2; +https://openai.com/gptbot)"
185.191.171.2 - - [16/Jun/2025:13:07:56 -0500] "GET /vendor/aws/aws-sdk-php/src/data/chime-sdk-identity/ HTTP/1.1" 200 901 "-" "Mozilla/5.0 (compatible; SemrushBot/7~bl; +http://www.semrush.com/bot.html)"
216.73.216.225 - - [16/Jun/2025:13:08:07 -0500] "GET /vendor/ralouphie/getallheaders/src/?C=M&O=D HTTP/2.0" 200 874 "-" "Mozilla/5.0 AppleWebKit/537.36 (KHTML, like Gecko; compatible; ClaudeBot/1.0; +claudebot@anthropic.com)"
216.73.216.225 - - [16/Jun/2025:13:08:07 -0500] "GET /vendor/cocur/slugify/src/?C=M&O=D HTTP/2.0" 200 1382 "-" "Mozilla/5.0 AppleWebKit/537.36 (KHTML, like Gecko; compatible; ClaudeBot/1.0; +claudebot@anthropic.com)"
20.171.207.195 - - [16/Jun/2025:13:08:07 -0500] "GET /vendor/aws/aws-sdk-php/src/DirectConnect/ HTTP/2.0" 200 1066 "-" "Mozilla/5.0 AppleWebKit/537.36 (KHTML, like Gecko; compatible; GPTBot/1.2; +https://openai.com/gptbot)"
216.73.216.225 - - [16/Jun/2025:13:08:08 -0500] "GET /vendor/egulias/email-validator/src/Validation/?C=D&O=A HTTP/2.0" 200 2408 "-" "Mozilla/5.0 AppleWebKit/537.36 (KHTML, like Gecko; compatible; ClaudeBot/1.0; +claudebot@anthropic.com)"
216.73.216.225 - - [16/Jun/2025:13:08:09 -0500] "GET /storage/framework/cache/data/?C=D&O=D HTTP/2.0" 200 1183 "-" "Mozilla/5.0 AppleWebKit/537.36 (KHTML, like Gecko; compatible; ClaudeBot/1.0; +claudebot@anthropic.com)"
216.73.216.225 - - [16/Jun/2025:13:08:09 -0500] "GET /vendor/nesbot/carbon/lazy/?C=S&O=D HTTP/2.0" 200 836 "-" "Mozilla/5.0 AppleWebKit/537.36 (KHTML, like Gecko; compatible; ClaudeBot/1.0; +claudebot@anthropic.com)"
216.73.216.225 - - [16/Jun/2025:13:08:10 -0500] "GET /vendor/league/commonmark/src/Normalizer/?C=N&O=D HTTP/2.0" 200 1267 "-" "Mozilla/5.0 AppleWebKit/537.36 (KHTML, like Gecko; compatible; ClaudeBot/1.0; +claudebot@anthropic.com)"
216.73.216.225 - - [16/Jun/2025:13:08:11 -0500] "GET /storage/app/temp/zips/?C=D&O=D HTTP/2.0" 200 649 "-" "Mozilla/5.0 AppleWebKit/537.36 (KHTML, like Gecko; compatible; ClaudeBot/1.0; +claudebot@anthropic.com)"
216.73.216.225 - - [16/Jun/2025:13:08:12 -0500] "GET /vendor/league/commonmark/src/Reference/?C=N&O=D HTTP/2.0" 200 1633 "-" "Mozilla/5.0 AppleWebKit/537.36 (KHTML, like Gecko; compatible; ClaudeBot/1.0; +claudebot@anthropic.com)"
216.73.216.225 - - [16/Jun/2025:13:08:13 -0500] "GET /vendor/egulias/email-validator/src/Validation/?C=M&O=A HTTP/2.0" 200 2408 "-" "Mozilla/5.0 AppleWebKit/537.36 (KHTML, like Gecko; compatible; ClaudeBot/1.0; +claudebot@anthropic.com)"
85.208.96.206 - - [16/Jun/2025:13:08:32 -0500] "GET /vendor/google/apiclient-services/src/Dfareporting/CreativeGroup.php HTTP/1.1" 500 - "-" "Mozilla/5.0 (compatible; SemrushBot/7~bl; +http://www.semrush.com/bot.html)"
216.73.216.225 - - [16/Jun/2025:13:08:47 -0500] "GET /vendor/teamtnt/tntsearch/helper/?C=M&O=D HTTP/2.0" 200 856 "-" "Mozilla/5.0 AppleWebKit/537.36 (KHTML, like Gecko; compatible; ClaudeBot/1.0; +claudebot@anthropic.com)"
216.73.216.225 - - [16/Jun/2025:13:08:48 -0500] "GET /vendor/league/flysystem-rackspace/src/?C=D&O=D HTTP/2.0" 200 886 "-" "Mozilla/5.0 AppleWebKit/537.36 (KHTML, like Gecko; compatible; ClaudeBot/1.0; +claudebot@anthropic.com)"
216.73.216.225 - - [16/Jun/2025:13:08:48 -0500] "GET /vendor/intervention/image/src/?C=S&O=D HTTP/2.0" 200 1030 "-" "Mozilla/5.0 AppleWebKit/537.36 (KHTML, like Gecko; compatible; ClaudeBot/1.0; +claudebot@anthropic.com)"
216.73.216.225 - - [16/Jun/2025:13:08:49 -0500] "GET /vendor/league/flysystem-rackspace/src/?C=M&O=D HTTP/2.0" 200 886 "-" "Mozilla/5.0 AppleWebKit/537.36 (KHTML, like Gecko; compatible; ClaudeBot/1.0; +claudebot@anthropic.com)"
20.171.207.246 - - [16/Jun/2025:13:08:49 -0500] "GET /vendor/google/apiclient-services/src/Spanner/VisualizationData.php HTTP/2.0" 500 - "-" "Mozilla/5.0 AppleWebKit/537.36 (KHTML, like Gecko; compatible; GPTBot/1.2; +https://openai.com/gptbot)"
216.73.216.225 - - [16/Jun/2025:13:08:50 -0500] "GET /vendor/nesbot/carbon/src/?C=M&O=D HTTP/2.0" 200 834 "-" "Mozilla/5.0 AppleWebKit/537.36 (KHTML, like Gecko; compatible; ClaudeBot/1.0; +claudebot@anthropic.com)"
216.73.216.225 - - [16/Jun/2025:13:08:51 -0500] "GET /vendor/ralouphie/getallheaders/src/?C=D&O=D HTTP/2.0" 200 874 "-" "Mozilla/5.0 AppleWebKit/537.36 (KHTML, like Gecko; compatible; ClaudeBot/1.0; +claudebot@anthropic.com)"
216.73.216.225 - - [16/Jun/2025:13:08:52 -0500] "GET /vendor/cocur/slugify/src/?C=D&O=D HTTP/2.0" 200 1382 "-" "Mozilla/5.0 AppleWebKit/537.36 (KHTML, like Gecko; compatible; ClaudeBot/1.0; +claudebot@anthropic.com)"
216.73.216.225 - - [16/Jun/2025:13:08:53 -0500] "GET /vendor/egulias/email-validator/src/Exception/?C=M&O=A HTTP/2.0" 200 5548 "-" "Mozilla/5.0 AppleWebKit/537.36 (KHTML, like Gecko; compatible; ClaudeBot/1.0; +claudebot@anthropic.com)"
216.73.216.225 - - [16/Jun/2025:13:08:54 -0500] "GET /vendor/fideloper/proxy/config/?C=S&O=D HTTP/2.0" 200 855 "-" "Mozilla/5.0 AppleWebKit/537.36 (KHTML, like Gecko; compatible; ClaudeBot/1.0; +claudebot@anthropic.com)"
85.208.96.205 - - [16/Jun/2025:13:09:03 -0500] "GET /vendor/google/apiclient-services/src/GamesConfiguration/ImageConfiguration.php HTTP/1.1" 500 - "-" "Mozilla/5.0 (compatible; SemrushBot/7~bl; +http://www.semrush.com/bot.html)"
20.171.207.195 - - [16/Jun/2025:13:09:06 -0500] "GET /vendor/aws/aws-sdk-php/src/FraudDetector/ HTTP/2.0" 200 1066 "-" "Mozilla/5.0 AppleWebKit/537.36 (KHTML, like Gecko; compatible; GPTBot/1.2; +https://openai.com/gptbot)"
85.208.96.208 - - [16/Jun/2025:13:09:39 -0500] "GET /vendor/google/apiclient-services/src/ShoppingContent/OrdersRefundItemRequest.php HTTP/1.1" 500 - "-" "Mozilla/5.0 (compatible; SemrushBot/7~bl; +http://www.semrush.com/bot.html)"
20.171.207.246 - - [16/Jun/2025:13:10:01 -0500] "GET /vendor/google/apiclient-services/src/Spanner/GetPolicyOptions.php HTTP/2.0" 500 - "-" "Mozilla/5.0 AppleWebKit/537.36 (KHTML, like Gecko; compatible; GPTBot/1.2; +https://openai.com/gptbot)"
216.73.216.225 - - [16/Jun/2025:13:10:01 -0500] "GET /vendor/ramsey/uuid/src/?C=M&O=D HTTP/2.0" 200 4983 "-" "Mozilla/5.0 AppleWebKit/537.36 (KHTML, like Gecko; compatible; ClaudeBot/1.0; +claudebot@anthropic.com)"
216.73.216.225 - - [16/Jun/2025:13:10:02 -0500] "GET /vendor/doctrine/deprecations/test_fixtures/?C=M&O=D HTTP/2.0" 200 1050 "-" "Mozilla/5.0 AppleWebKit/537.36 (KHTML, like Gecko; compatible; ClaudeBot/1.0; +claudebot@anthropic.com)"
216.73.216.225 - - [16/Jun/2025:13:10:03 -0500] "GET /vendor/doctrine/dbal/src/Id/?C=M&O=A HTTP/2.0" 200 1057 "-" "Mozilla/5.0 AppleWebKit/537.36 (KHTML, like Gecko; compatible; ClaudeBot/1.0; +claudebot@anthropic.com)"
216.73.216.225 - - [16/Jun/2025:13:10:03 -0500] "GET /vendor/psy/psysh/bin/?C=M&O=D HTTP/2.0" 200 820 "-" "Mozilla/5.0 AppleWebKit/537.36 (KHTML, like Gecko; compatible; ClaudeBot/1.0; +claudebot@anthropic.com)"
216.73.216.225 - - [16/Jun/2025:13:10:04 -0500] "GET /vendor/nyholm/psr7/src/?C=M&O=D HTTP/2.0" 200 2278 "-" "Mozilla/5.0 AppleWebKit/537.36 (KHTML, like Gecko; compatible; ClaudeBot/1.0; +claudebot@anthropic.com)"
216.73.216.225 - - [16/Jun/2025:13:10:05 -0500] "GET /vendor/willdurand/negotiation/src/?C=S&O=D HTTP/2.0" 200 866 "-" "Mozilla/5.0 AppleWebKit/537.36 (KHTML, like Gecko; compatible; ClaudeBot/1.0; +claudebot@anthropic.com)"
216.73.216.225 - - [16/Jun/2025:13:10:06 -0500] "GET /vendor/teamtnt/tntsearch/helper/?C=D&O=D HTTP/2.0" 200 856 "-" "Mozilla/5.0 AppleWebKit/537.36 (KHTML, like Gecko; compatible; ClaudeBot/1.0; +claudebot@anthropic.com)"
85.208.96.208 - - [16/Jun/2025:13:10:08 -0500] "GET /vendor/aws/aws-crt-php/src/AWS/CRT/Internal/ HTTP/1.1" 200 711 "-" "Mozilla/5.0 (compatible; SemrushBot/7~bl; +http://www.semrush.com/bot.html)"
185.191.171.19 - - [16/Jun/2025:13:10:09 -0500] "GET /vendor/symfony/mime/Test/Constraint/EmailHtmlBodyContains.php HTTP/1.1" 500 - "-" "Mozilla/5.0 (compatible; SemrushBot/7~bl; +http://www.semrush.com/bot.html)"
185.191.171.11 - - [16/Jun/2025:13:10:12 -0500] "GET /vendor/laravel/slack-notification-channel/src/Messages/SlackMessage.php HTTP/1.1" 200 - "-" "Mozilla/5.0 (compatible; SemrushBot/7~bl; +http://www.semrush.com/bot.html)"
20.171.207.195 - - [16/Jun/2025:13:10:37 -0500] "GET /vendor/google/apiclient-services/src/NetworkSecurity/GoogleIamV1Policy.php HTTP/2.0" 500 - "-" "Mozilla/5.0 AppleWebKit/537.36 (KHTML, like Gecko; compatible; GPTBot/1.2; +https://openai.com/gptbot)"
216.73.216.225 - - [16/Jun/2025:13:10:39 -0500] "GET /vendor/paragonie/sodium_compat/lib/?C=S&O=D HTTP/2.0" 200 1981 "-" "Mozilla/5.0 AppleWebKit/537.36 (KHTML, like Gecko; compatible; ClaudeBot/1.0; +claudebot@anthropic.com)"
216.73.216.225 - - [16/Jun/2025:13:10:39 -0500] "GET /vendor/rize/uri-template/src/Rize/UriTemplate HTTP/2.0" 301 294 "-" "Mozilla/5.0 AppleWebKit/537.36 (KHTML, like Gecko; compatible; ClaudeBot/1.0; +claudebot@anthropic.com)"
216.73.216.225 - - [16/Jun/2025:13:10:39 -0500] "GET /vendor/rize/uri-template/src/Rize/UriTemplate/ HTTP/2.0" 200 1064 "https://www.vebto.graphicdesigncash.com/vendor/rize/uri-template/src/Rize/UriTemplate" "Mozilla/5.0 AppleWebKit/537.36 (KHTML, like Gecko; compatible; ClaudeBot/1.0; +claudebot@anthropic.com)"
216.73.216.225 - - [16/Jun/2025:13:10:40 -0500] "GET /vendor/league/commonmark/src/Extension/?C=S&O=A HTTP/2.0" 200 3626 "-" "Mozilla/5.0 AppleWebKit/537.36 (KHTML, like Gecko; compatible; ClaudeBot/1.0; +claudebot@anthropic.com)"
216.73.216.225 - - [16/Jun/2025:13:10:41 -0500] "GET /vendor/league/flysystem-rackspace/tests/?C=S&O=D HTTP/2.0" 200 898 "-" "Mozilla/5.0 AppleWebKit/537.36 (KHTML, like Gecko; compatible; ClaudeBot/1.0; +claudebot@anthropic.com)"
216.73.216.225 - - [16/Jun/2025:13:10:42 -0500] "GET /vendor/paragonie/sodium_compat/namespaced/?C=S&O=D HTTP/2.0" 200 1408 "-" "Mozilla/5.0 AppleWebKit/537.36 (KHTML, like Gecko; compatible; ClaudeBot/1.0; +claudebot@anthropic.com)"
216.73.216.225 - - [16/Jun/2025:13:10:43 -0500] "GET /vendor/ramsey/uuid/src/?C=D&O=D HTTP/2.0" 200 4983 "-" "Mozilla/5.0 AppleWebKit/537.36 (KHTML, like Gecko; compatible; ClaudeBot/1.0; +claudebot@anthropic.com)"
216.73.216.225 - - [16/Jun/2025:13:10:44 -0500] "GET /vendor/doctrine/deprecations/test_fixtures/?C=D&O=D HTTP/2.0" 200 1050 "-" "Mozilla/5.0 AppleWebKit/537.36 (KHTML, like Gecko; compatible; ClaudeBot/1.0; +claudebot@anthropic.com)"
216.73.216.225 - - [16/Jun/2025:13:10:45 -0500] "GET /vendor/psy/psysh/bin/?C=D&O=D HTTP/2.0" 200 820 "-" "Mozilla/5.0 AppleWebKit/537.36 (KHTML, like Gecko; compatible; ClaudeBot/1.0; +claudebot@anthropic.com)"
216.73.216.225 - - [16/Jun/2025:13:10:46 -0500] "GET /vendor/doctrine/dbal/src/Id/?C=D&O=A HTTP/2.0" 200 1057 "-" "Mozilla/5.0 AppleWebKit/537.36 (KHTML, like Gecko; compatible; ClaudeBot/1.0; +claudebot@anthropic.com)"
20.171.207.246 - - [16/Jun/2025:13:10:57 -0500] "GET /vendor/google/apiclient-services/src/Spanner/DerivedMetric.php HTTP/2.0" 500 - "-" "Mozilla/5.0 AppleWebKit/537.36 (KHTML, like Gecko; compatible; GPTBot/1.2; +https://openai.com/gptbot)"
4.227.36.68 - - [16/Jun/2025:13:10:58 -0500] "GET /robots.txt HTTP/2.0" 404 - "-" "Mozilla/5.0 AppleWebKit/537.36 (KHTML, like Gecko; compatible; GPTBot/1.2; +https://openai.com/gptbot)"
85.208.96.196 - - [16/Jun/2025:13:11:12 -0500] "GET /vendor/google/apiclient-services/src/ChromePolicy/GoogleChromePolicyV1ListPolicySchemasResponse.php HTTP/1.1" 500 - "-" "Mozilla/5.0 (compatible; SemrushBot/7~bl; +http://www.semrush.com/bot.html)"
216.73.216.225 - - [16/Jun/2025:13:11:16 -0500] "GET /vendor/fideloper/proxy/config/?C=M&O=D HTTP/2.0" 200 855 "-" "Mozilla/5.0 AppleWebKit/537.36 (KHTML, like Gecko; compatible; ClaudeBot/1.0; +claudebot@anthropic.com)"
216.73.216.225 - - [16/Jun/2025:13:11:16 -0500] "GET /vendor/league/commonmark/src/Reference/?C=S&O=A HTTP/2.0" 200 1633 "-" "Mozilla/5.0 AppleWebKit/537.36 (KHTML, like Gecko; compatible; ClaudeBot/1.0; +claudebot@anthropic.com)"
216.73.216.225 - - [16/Jun/2025:13:11:17 -0500] "GET /vendor/league/commonmark/src/Normalizer/?C=S&O=A HTTP/2.0" 200 1267 "-" "Mozilla/5.0 AppleWebKit/537.36 (KHTML, like Gecko; compatible; ClaudeBot/1.0; +claudebot@anthropic.com)"
216.73.216.225 - - [16/Jun/2025:13:11:18 -0500] "GET /vendor/nesbot/carbon/lazy/?C=M&O=D HTTP/2.0" 200 836 "-" "Mozilla/5.0 AppleWebKit/537.36 (KHTML, like Gecko; compatible; ClaudeBot/1.0; +claudebot@anthropic.com)"
216.73.216.225 - - [16/Jun/2025:13:11:19 -0500] "GET /vendor/paragonie/random_compat/other/?C=S&O=D HTTP/2.0" 200 875 "-" "Mozilla/5.0 AppleWebKit/537.36 (KHTML, like Gecko; compatible; ClaudeBot/1.0; +claudebot@anthropic.com)"
216.73.216.225 - - [16/Jun/2025:13:11:20 -0500] "GET /vendor/ezimuel/ringphp/src/?C=S&O=D HTTP/2.0" 200 1369 "-" "Mozilla/5.0 AppleWebKit/537.36 (KHTML, like Gecko; compatible; ClaudeBot/1.0; +claudebot@anthropic.com)"
216.73.216.225 - - [16/Jun/2025:13:11:21 -0500] "GET /vendor/league/commonmark/src/Block/?C=N&O=D HTTP/2.0" 200 1215 "-" "Mozilla/5.0 AppleWebKit/537.36 (KHTML, like Gecko; compatible; ClaudeBot/1.0; +claudebot@anthropic.com)"
216.73.216.225 - - [16/Jun/2025:13:11:22 -0500] "GET /vendor/nyholm/psr7/doc/?C=S&O=D HTTP/2.0" 200 829 "-" "Mozilla/5.0 AppleWebKit/537.36 (KHTML, like Gecko; compatible; ClaudeBot/1.0; +claudebot@anthropic.com)"
216.73.216.225 - - [16/Jun/2025:13:11:23 -0500] "GET /vendor/roave/signature/test/?C=S&O=D HTTP/2.0" 200 1016 "-" "Mozilla/5.0 AppleWebKit/537.36 (KHTML, like Gecko; compatible; ClaudeBot/1.0; +claudebot@anthropic.com)"
185.191.171.3 - - [16/Jun/2025:13:11:24 -0500] "GET /vendor/google/apiclient-services/src/ShoppingContent/InvoiceSummary.php HTTP/1.1" 500 - "-" "Mozilla/5.0 (compatible; SemrushBot/7~bl; +http://www.semrush.com/bot.html)"
20.171.207.195 - - [16/Jun/2025:13:11:25 -0500] "GET /vendor/symfony/psr-http-message-bridge/Tests/Fixtures/Message.php HTTP/2.0" 500 - "-" "Mozilla/5.0 AppleWebKit/537.36 (KHTML, like Gecko; compatible; GPTBot/1.2; +https://openai.com/gptbot)"
85.208.96.209 - - [16/Jun/2025:13:11:26 -0500] "GET /vendor/laravel/horizon/src/Jobs/RetryFailedJob.php HTTP/1.1" 200 - "-" "Mozilla/5.0 (compatible; SemrushBot/7~bl; +http://www.semrush.com/bot.html)"
216.73.216.225 - - [16/Jun/2025:13:12:02 -0500] "GET /vendor/nyholm/psr7/src/?C=N&O=A HTTP/2.0" 200 2278 "-" "Mozilla/5.0 AppleWebKit/537.36 (KHTML, like Gecko; compatible; ClaudeBot/1.0; +claudebot@anthropic.com)"
216.73.216.225 - - [16/Jun/2025:13:12:03 -0500] "GET /vendor/paragonie/sodium_compat/src/?C=N&O=A HTTP/2.0" 200 2110 "-" "Mozilla/5.0 AppleWebKit/537.36 (KHTML, like Gecko; compatible; ClaudeBot/1.0; +claudebot@anthropic.com)"
20.171.207.246 - - [16/Jun/2025:13:12:03 -0500] "GET /vendor/google/apiclient-services/src/Spanner/DiagnosticMessage.php HTTP/2.0" 500 - "-" "Mozilla/5.0 AppleWebKit/537.36 (KHTML, like Gecko; compatible; GPTBot/1.2; +https://openai.com/gptbot)"
216.73.216.225 - - [16/Jun/2025:13:12:04 -0500] "GET /vendor/doctrine/deprecations/test_fixtures/?C=N&O=A HTTP/2.0" 200 1050 "-" "Mozilla/5.0 AppleWebKit/537.36 (KHTML, like Gecko; compatible; ClaudeBot/1.0; +claudebot@anthropic.com)"
216.73.216.225 - - [16/Jun/2025:13:12:05 -0500] "GET /vendor/intervention/image/src/?C=M&O=D HTTP/2.0" 200 1030 "-" "Mozilla/5.0 AppleWebKit/537.36 (KHTML, like Gecko; compatible; ClaudeBot/1.0; +claudebot@anthropic.com)"
216.73.216.225 - - [16/Jun/2025:13:12:05 -0500] "GET /vendor/paragonie/random_compat/lib/?C=D&O=D HTTP/2.0" 200 867 "-" "Mozilla/5.0 AppleWebKit/537.36 (KHTML, like Gecko; compatible; ClaudeBot/1.0; +claudebot@anthropic.com)"
185.191.171.10 - - [16/Jun/2025:13:12:06 -0500] "GET /vendor/google/apiclient-services/src/AlertCenter/SuspiciousActivity.php HTTP/1.1" 500 - "-" "Mozilla/5.0 (compatible; SemrushBot/7~bl; +http://www.semrush.com/bot.html)"
216.73.216.225 - - [16/Jun/2025:13:12:06 -0500] "GET /vendor/ramsey/collection/src/?C=S&O=D HTTP/2.0" 200 3421 "-" "Mozilla/5.0 AppleWebKit/537.36 (KHTML, like Gecko; compatible; ClaudeBot/1.0; +claudebot@anthropic.com)"
216.73.216.225 - - [16/Jun/2025:13:12:07 -0500] "GET /vendor/fideloper/proxy/config/?C=D&O=D HTTP/2.0" 200 855 "-" "Mozilla/5.0 AppleWebKit/537.36 (KHTML, like Gecko; compatible; ClaudeBot/1.0; +claudebot@anthropic.com)"
216.73.216.225 - - [16/Jun/2025:13:12:08 -0500] "GET /vendor/paragonie/random_compat/lib/?C=M&O=D HTTP/2.0" 200 867 "-" "Mozilla/5.0 AppleWebKit/537.36 (KHTML, like Gecko; compatible; ClaudeBot/1.0; +claudebot@anthropic.com)"
216.73.216.225 - - [16/Jun/2025:13:12:09 -0500] "GET /vendor/nesbot/carbon/lazy/?C=D&O=D HTTP/2.0" 200 836 "-" "Mozilla/5.0 AppleWebKit/537.36 (KHTML, like Gecko; compatible; ClaudeBot/1.0; +claudebot@anthropic.com)"
185.191.171.2 - - [16/Jun/2025:13:12:36 -0500] "GET /vendor/doctrine/dbal/src/Exception/DatabaseObjectExistsException.php HTTP/1.1" 500 - "-" "Mozilla/5.0 (compatible; SemrushBot/7~bl; +http://www.semrush.com/bot.html)"
85.208.96.208 - - [16/Jun/2025:13:13:09 -0500] "GET /vendor/google/apiclient-services/src/Dns/ManagedZoneCloudLoggingConfig.php HTTP/1.1" 500 - "-" "Mozilla/5.0 (compatible; SemrushBot/7~bl; +http://www.semrush.com/bot.html)"
216.73.216.225 - - [16/Jun/2025:13:13:26 -0500] "GET /vendor/league/flysystem-rackspace/tests/?C=D&O=D HTTP/2.0" 200 898 "-" "Mozilla/5.0 AppleWebKit/537.36 (KHTML, like Gecko; compatible; ClaudeBot/1.0; +claudebot@anthropic.com)"
216.73.216.225 - - [16/Jun/2025:13:13:27 -0500] "GET /vendor/league/flysystem-rackspace/tests/?C=M&O=D HTTP/2.0" 200 898 "-" "Mozilla/5.0 AppleWebKit/537.36 (KHTML, like Gecko; compatible; ClaudeBot/1.0; +claudebot@anthropic.com)"
216.73.216.225 - - [16/Jun/2025:13:13:28 -0500] "GET /vendor/league/commonmark/src/Extension/?C=M&O=A HTTP/2.0" 200 3626 "-" "Mozilla/5.0 AppleWebKit/537.36 (KHTML, like Gecko; compatible; ClaudeBot/1.0; +claudebot@anthropic.com)"
216.73.216.225 - - [16/Jun/2025:13:13:29 -0500] "GET /vendor/ramsey/uuid/src/?C=N&O=A HTTP/2.0" 200 4983 "-" "Mozilla/5.0 AppleWebKit/537.36 (KHTML, like Gecko; compatible; ClaudeBot/1.0; +claudebot@anthropic.com)"
216.73.216.225 - - [16/Jun/2025:13:13:30 -0500] "GET /vendor/psy/psysh/bin/?C=N&O=A HTTP/2.0" 200 820 "-" "Mozilla/5.0 AppleWebKit/537.36 (KHTML, like Gecko; compatible; ClaudeBot/1.0; +claudebot@anthropic.com)"
216.73.216.225 - - [16/Jun/2025:13:13:31 -0500] "GET /vendor/teamtnt/tntsearch/tests/?C=N&O=A HTTP/2.0" 200 2479 "-" "Mozilla/5.0 AppleWebKit/537.36 (KHTML, like Gecko; compatible; ClaudeBot/1.0; +claudebot@anthropic.com)"
216.73.216.225 - - [16/Jun/2025:13:13:31 -0500] "GET /vendor/intervention/image/src/?C=D&O=D HTTP/2.0" 200 1030 "-" "Mozilla/5.0 AppleWebKit/537.36 (KHTML, like Gecko; compatible; ClaudeBot/1.0; +claudebot@anthropic.com)"
20.171.207.195 - - [16/Jun/2025:13:13:33 -0500] "GET /vendor/google/apiclient-services/src/Cloudchannel/GoogleCloudChannelV1alpha1Value.php HTTP/2.0" 500 - "-" "Mozilla/5.0 AppleWebKit/537.36 (KHTML, like Gecko; compatible; GPTBot/1.2; +https://openai.com/gptbot)"
216.73.216.225 - - [16/Jun/2025:13:14:01 -0500] "GET /vendor/roave/signature/test/?C=D&O=D HTTP/2.0" 200 1016 "-" "Mozilla/5.0 AppleWebKit/537.36 (KHTML, like Gecko; compatible; ClaudeBot/1.0; +claudebot@anthropic.com)"
216.73.216.225 - - [16/Jun/2025:13:14:01 -0500] "GET /vendor/league/commonmark/src/Block/?C=S&O=A HTTP/2.0" 200 1215 "-" "Mozilla/5.0 AppleWebKit/537.36 (KHTML, like Gecko; compatible; ClaudeBot/1.0; +claudebot@anthropic.com)"
216.73.216.225 - - [16/Jun/2025:13:14:01 -0500] "GET /vendor/league/commonmark/src/Reference/?C=M&O=A HTTP/2.0" 200 1633 "-" "Mozilla/5.0 AppleWebKit/537.36 (KHTML, like Gecko; compatible; ClaudeBot/1.0; +claudebot@anthropic.com)"
216.73.216.225 - - [16/Jun/2025:13:14:01 -0500] "GET /vendor/willdurand/negotiation/src/Negotiation/?C=N&O=D HTTP/2.0" 200 3117 "-" "Mozilla/5.0 AppleWebKit/537.36 (KHTML, like Gecko; compatible; ClaudeBot/1.0; +claudebot@anthropic.com)"
216.73.216.225 - - [16/Jun/2025:13:14:01 -0500] "GET /vendor/league/commonmark/src/Normalizer/?C=M&O=A HTTP/2.0" 200 1267 "-" "Mozilla/5.0 AppleWebKit/537.36 (KHTML, like Gecko; compatible; ClaudeBot/1.0; +claudebot@anthropic.com)"
216.73.216.225 - - [16/Jun/2025:13:14:01 -0500] "GET /vendor/ezimuel/ringphp/src/?C=M&O=D HTTP/2.0" 200 1369 "-" "Mozilla/5.0 AppleWebKit/537.36 (KHTML, like Gecko; compatible; ClaudeBot/1.0; +claudebot@anthropic.com)"
216.73.216.225 - - [16/Jun/2025:13:14:02 -0500] "GET /vendor/nyholm/psr7/doc/?C=M&O=D HTTP/2.0" 200 829 "-" "Mozilla/5.0 AppleWebKit/537.36 (KHTML, like Gecko; compatible; ClaudeBot/1.0; +claudebot@anthropic.com)"
216.73.216.225 - - [16/Jun/2025:13:14:02 -0500] "GET /vendor/paragonie/random_compat/other/?C=M&O=D HTTP/2.0" 200 875 "-" "Mozilla/5.0 AppleWebKit/537.36 (KHTML, like Gecko; compatible; ClaudeBot/1.0; +claudebot@anthropic.com)"
216.73.216.225 - - [16/Jun/2025:13:14:02 -0500] "GET /vendor/roave/signature/test/?C=M&O=D HTTP/2.0" 200 1016 "-" "Mozilla/5.0 AppleWebKit/537.36 (KHTML, like Gecko; compatible; ClaudeBot/1.0; +claudebot@anthropic.com)"
20.171.207.246 - - [16/Jun/2025:13:14:08 -0500] "GET /vendor/google/apiclient-services/src/Adsense/Date.php HTTP/2.0" 500 - "-" "Mozilla/5.0 AppleWebKit/537.36 (KHTML, like Gecko; compatible; GPTBot/1.2; +https://openai.com/gptbot)"
20.171.207.195 - - [16/Jun/2025:13:14:33 -0500] "GET /vendor/google/apiclient-services/src/Cloudchannel/GoogleCloudChannelV1alpha1Parameter.php HTTP/2.0" 500 - "-" "Mozilla/5.0 AppleWebKit/537.36 (KHTML, like Gecko; compatible; GPTBot/1.2; +https://openai.com/gptbot)"
216.73.216.225 - - [16/Jun/2025:13:14:54 -0500] "GET /vendor/willdurand/negotiation/src/?C=N&O=A HTTP/2.0" 200 866 "-" "Mozilla/5.0 AppleWebKit/537.36 (KHTML, like Gecko; compatible; ClaudeBot/1.0; +claudebot@anthropic.com)"
216.73.216.225 - - [16/Jun/2025:13:14:54 -0500] "GET /vendor/ramsey/collection/src/?C=D&O=D HTTP/2.0" 200 3421 "-" "Mozilla/5.0 AppleWebKit/537.36 (KHTML, like Gecko; compatible; ClaudeBot/1.0; +claudebot@anthropic.com)"
216.73.216.225 - - [16/Jun/2025:13:14:54 -0500] "GET /vendor/ramsey/collection/src/?C=M&O=D HTTP/2.0" 200 3421 "-" "Mozilla/5.0 AppleWebKit/537.36 (KHTML, like Gecko; compatible; ClaudeBot/1.0; +claudebot@anthropic.com)"
216.73.216.225 - - [16/Jun/2025:13:14:54 -0500] "GET /vendor/fideloper/proxy/config/?C=N&O=A HTTP/2.0" 200 855 "-" "Mozilla/5.0 AppleWebKit/537.36 (KHTML, like Gecko; compatible; ClaudeBot/1.0; +claudebot@anthropic.com)"
216.73.216.225 - - [16/Jun/2025:13:14:54 -0500] "GET /vendor/paragonie/random_compat/lib/?C=N&O=A HTTP/2.0" 200 867 "-" "Mozilla/5.0 AppleWebKit/537.36 (KHTML, like Gecko; compatible; ClaudeBot/1.0; +claudebot@anthropic.com)"
216.73.216.225 - - [16/Jun/2025:13:14:55 -0500] "GET /vendor/ramsey/collection/src/Map/?C=N&O=D HTTP/2.0" 200 1987 "-" "Mozilla/5.0 AppleWebKit/537.36 (KHTML, like Gecko; compatible; ClaudeBot/1.0; +claudebot@anthropic.com)"
216.73.216.225 - - [16/Jun/2025:13:14:55 -0500] "GET /vendor/ezimuel/ringphp/src/?C=D&O=D HTTP/2.0" 200 1369 "-" "Mozilla/5.0 AppleWebKit/537.36 (KHTML, like Gecko; compatible; ClaudeBot/1.0; +claudebot@anthropic.com)"
216.73.216.225 - - [16/Jun/2025:13:14:55 -0500] "GET /vendor/nyholm/psr7/doc/?C=D&O=D HTTP/2.0" 200 829 "-" "Mozilla/5.0 AppleWebKit/537.36 (KHTML, like Gecko; compatible; ClaudeBot/1.0; +claudebot@anthropic.com)"
216.73.216.225 - - [16/Jun/2025:13:14:55 -0500] "GET /vendor/nesbot/carbon/lazy/?C=N&O=A HTTP/2.0" 200 836 "-" "Mozilla/5.0 AppleWebKit/537.36 (KHTML, like Gecko; compatible; ClaudeBot/1.0; +claudebot@anthropic.com)"
20.171.207.246 - - [16/Jun/2025:13:15:10 -0500] "GET /vendor/google/apiclient-services/src/Adsense/Row.php HTTP/2.0" 500 - "-" "Mozilla/5.0 AppleWebKit/537.36 (KHTML, like Gecko; compatible; GPTBot/1.2; +https://openai.com/gptbot)"
20.171.207.195 - - [16/Jun/2025:13:15:35 -0500] "GET /vendor/google/cloud-core/src/Report/ HTTP/2.0" 200 2069 "-" "Mozilla/5.0 AppleWebKit/537.36 (KHTML, like Gecko; compatible; GPTBot/1.2; +https://openai.com/gptbot)"
85.208.96.204 - - [16/Jun/2025:13:15:52 -0500] "GET /vendor/google/apiclient-services/src/Genomics/VirtualMachine.php HTTP/1.1" 500 - "-" "Mozilla/5.0 (compatible; SemrushBot/7~bl; +http://www.semrush.com/bot.html)"
85.208.96.209 - - [16/Jun/2025:13:16:42 -0500] "GET /vendor/google/apiclient-services/src/ServiceConsumerManagement/PolicyBinding.php HTTP/1.1" 500 - "-" "Mozilla/5.0 (compatible; SemrushBot/7~bl; +http://www.semrush.com/bot.html)"
20.171.207.195 - - [16/Jun/2025:13:16:45 -0500] "GET /vendor/google/apiclient-services/src/ServiceManagement/ HTTP/2.0" 200 17272 "-" "Mozilla/5.0 AppleWebKit/537.36 (KHTML, like Gecko; compatible; GPTBot/1.2; +https://openai.com/gptbot)"
85.208.96.195 - - [16/Jun/2025:13:16:45 -0500] "GET /vendor/symfony/mime/Part/Multipart/ HTTP/1.1" 200 1600 "-" "Mozilla/5.0 (compatible; SemrushBot/7~bl; +http://www.semrush.com/bot.html)"
185.191.171.15 - - [16/Jun/2025:13:16:47 -0500] "GET /vendor/aws/aws-sdk-php/src/KinesisVideoSignalingChannels/ HTTP/1.1" 200 1117 "-" "Mozilla/5.0 (compatible; SemrushBot/7~bl; +http://www.semrush.com/bot.html)"
85.208.96.208 - - [16/Jun/2025:13:17:11 -0500] "GET /vendor/ramsey/collection/src/Map/MapInterface.php HTTP/1.1" 500 - "-" "Mozilla/5.0 (compatible; SemrushBot/7~bl; +http://www.semrush.com/bot.html)"
20.171.207.246 - - [16/Jun/2025:13:17:18 -0500] "GET /vendor/laravel/ui/stubs/Auth/ConfirmPasswordController.stub HTTP/2.0" 200 1024 "-" "Mozilla/5.0 AppleWebKit/537.36 (KHTML, like Gecko; compatible; GPTBot/1.2; +https://openai.com/gptbot)"
85.208.96.200 - - [16/Jun/2025:13:17:23 -0500] "GET /vendor/google/apiclient-services/src/Container/LoggingConfig.php HTTP/1.1" 500 - "-" "Mozilla/5.0 (compatible; SemrushBot/7~bl; +http://www.semrush.com/bot.html)"
216.73.216.225 - - [16/Jun/2025:13:17:32 -0500] "GET /vendor/willdurand/negotiation/src/Negotiation/?C=M&O=A HTTP/2.0" 200 3117 "-" "Mozilla/5.0 AppleWebKit/537.36 (KHTML, like Gecko; compatible; ClaudeBot/1.0; +claudebot@anthropic.com)"
216.73.216.225 - - [16/Jun/2025:13:17:32 -0500] "GET /vendor/ramsey/collection/src/?C=N&O=A HTTP/2.0" 200 3421 "-" "Mozilla/5.0 AppleWebKit/537.36 (KHTML, like Gecko; compatible; ClaudeBot/1.0; +claudebot@anthropic.com)"
216.73.216.225 - - [16/Jun/2025:13:17:32 -0500] "GET /vendor/paragonie/random_compat/dist/?C=D&O=D HTTP/2.0" 200 1087 "-" "Mozilla/5.0 AppleWebKit/537.36 (KHTML, like Gecko; compatible; ClaudeBot/1.0; +claudebot@anthropic.com)"
216.73.216.225 - - [16/Jun/2025:13:17:32 -0500] "GET /vendor/paragonie/random_compat/dist/?C=M&O=D HTTP/2.0" 200 1087 "-" "Mozilla/5.0 AppleWebKit/537.36 (KHTML, like Gecko; compatible; ClaudeBot/1.0; +claudebot@anthropic.com)"
216.73.216.225 - - [16/Jun/2025:13:17:32 -0500] "GET /vendor/league/commonmark/src/Block/?C=D&O=A HTTP/2.0" 200 1215 "-" "Mozilla/5.0 AppleWebKit/537.36 (KHTML, like Gecko; compatible; ClaudeBot/1.0; +claudebot@anthropic.com)"
216.73.216.225 - - [16/Jun/2025:13:17:32 -0500] "GET /vendor/nesbot/carbon/bin/?C=D&O=D HTTP/2.0" 200 1011 "-" "Mozilla/5.0 AppleWebKit/537.36 (KHTML, like Gecko; compatible; ClaudeBot/1.0; +claudebot@anthropic.com)"
216.73.216.225 - - [16/Jun/2025:13:17:32 -0500] "GET /vendor/league/commonmark/src/Block/?C=M&O=A HTTP/2.0" 200 1215 "-" "Mozilla/5.0 AppleWebKit/537.36 (KHTML, like Gecko; compatible; ClaudeBot/1.0; +claudebot@anthropic.com)"
216.73.216.225 - - [16/Jun/2025:13:17:32 -0500] "GET /vendor/rize/uri-template/src/?C=S&O=D HTTP/2.0" 200 844 "-" "Mozilla/5.0 AppleWebKit/537.36 (KHTML, like Gecko; compatible; ClaudeBot/1.0; +claudebot@anthropic.com)"
216.73.216.225 - - [16/Jun/2025:13:17:32 -0500] "GET /vendor/ezimuel/ringphp/src/?C=N&O=A HTTP/2.0" 200 1369 "-" "Mozilla/5.0 AppleWebKit/537.36 (KHTML, like Gecko; compatible; ClaudeBot/1.0; +claudebot@anthropic.com)"
20.171.207.195 - - [16/Jun/2025:13:17:33 -0500] "GET /vendor/google/apiclient-services/src/ServiceNetworking/ HTTP/2.0" 200 20231 "-" "Mozilla/5.0 AppleWebKit/537.36 (KHTML, like Gecko; compatible; GPTBot/1.2; +https://openai.com/gptbot)"
85.208.96.207 - - [16/Jun/2025:13:18:01 -0500] "GET /vendor/paragonie/sodium_compat/src/Core/ HTTP/1.1" 200 4110 "-" "Mozilla/5.0 (compatible; SemrushBot/7~bl; +http://www.semrush.com/bot.html)"
216.73.216.225 - - [16/Jun/2025:13:18:18 -0500] "GET /vendor/ramsey/collection/src/Map/?C=D&O=A HTTP/2.0" 200 1987 "-" "Mozilla/5.0 AppleWebKit/537.36 (KHTML, like Gecko; compatible; ClaudeBot/1.0; +claudebot@anthropic.com)"
216.73.216.225 - - [16/Jun/2025:13:18:18 -0500] "GET /vendor/paragonie/random_compat/dist/?C=N&O=A HTTP/2.0" 200 1087 "-" "Mozilla/5.0 AppleWebKit/537.36 (KHTML, like Gecko; compatible; ClaudeBot/1.0; +claudebot@anthropic.com)"
216.73.216.225 - - [16/Jun/2025:13:18:18 -0500] "GET /vendor/ramsey/collection/src/Map/?C=M&O=A HTTP/2.0" 200 1987 "-" "Mozilla/5.0 AppleWebKit/537.36 (KHTML, like Gecko; compatible; ClaudeBot/1.0; +claudebot@anthropic.com)"
216.73.216.225 - - [16/Jun/2025:13:18:18 -0500] "GET /public/vendor/horizon/img/?C=S&O=D HTTP/2.0" 200 1198 "-" "Mozilla/5.0 AppleWebKit/537.36 (KHTML, like Gecko; compatible; ClaudeBot/1.0; +claudebot@anthropic.com)"
216.73.216.225 - - [16/Jun/2025:13:18:18 -0500] "GET /vendor/rize/uri-template/src/?C=D&O=D HTTP/2.0" 200 844 "-" "Mozilla/5.0 AppleWebKit/537.36 (KHTML, like Gecko; compatible; ClaudeBot/1.0; +claudebot@anthropic.com)"
216.73.216.225 - - [16/Jun/2025:13:18:19 -0500] "GET /vendor/ramsey/collection/bin/?C=S&O=D HTTP/2.0" 200 671 "-" "Mozilla/5.0 AppleWebKit/537.36 (KHTML, like Gecko; compatible; ClaudeBot/1.0; +claudebot@anthropic.com)"
216.73.216.225 - - [16/Jun/2025:13:18:19 -0500] "GET /vendor/nesbot/carbon/bin/?C=N&O=A HTTP/2.0" 200 1011 "-" "Mozilla/5.0 AppleWebKit/537.36 (KHTML, like Gecko; compatible; ClaudeBot/1.0; +claudebot@anthropic.com)"
216.73.216.225 - - [16/Jun/2025:13:18:19 -0500] "GET /vendor/rize/uri-template/src/?C=M&O=D HTTP/2.0" 200 844 "-" "Mozilla/5.0 AppleWebKit/537.36 (KHTML, like Gecko; compatible; ClaudeBot/1.0; +claudebot@anthropic.com)"
216.73.216.225 - - [16/Jun/2025:13:18:19 -0500] "GET /vendor/willdurand/negotiation/src/Negotiation/?C=D&O=A HTTP/2.0" 200 3117 "-" "Mozilla/5.0 AppleWebKit/537.36 (KHTML, like Gecko; compatible; ClaudeBot/1.0; +claudebot@anthropic.com)"
20.171.207.246 - - [16/Jun/2025:13:18:21 -0500] "GET /vendor/symfony/console/Input/InputArgument.php HTTP/2.0" 200 - "-" "Mozilla/5.0 AppleWebKit/537.36 (KHTML, like Gecko; compatible; GPTBot/1.2; +https://openai.com/gptbot)"
20.171.207.195 - - [16/Jun/2025:13:18:25 -0500] "GET /vendor/google/cloud-core/src/Logger/ HTTP/2.0" 200 1865 "-" "Mozilla/5.0 AppleWebKit/537.36 (KHTML, like Gecko; compatible; GPTBot/1.2; +https://openai.com/gptbot)"
85.208.96.200 - - [16/Jun/2025:13:18:49 -0500] "GET /robots.txt HTTP/1.1" 404 - "-" "Mozilla/5.0 (compatible; SemrushBot/7~bl; +http://www.semrush.com/bot.html)"
85.208.96.199 - - [16/Jun/2025:13:18:50 -0500] "GET /vendor/omnipay/stripe/tests/Message/ListPlansTest.php HTTP/1.1" 500 - "-" "Mozilla/5.0 (compatible; SemrushBot/7~bl; +http://www.semrush.com/bot.html)"
216.73.216.225 - - [16/Jun/2025:13:19:01 -0500] "GET /vendor/rize/uri-template/src/Rize/?C=D&O=A HTTP/2.0" 200 1048 "-" "Mozilla/5.0 AppleWebKit/537.36 (KHTML, like Gecko; compatible; ClaudeBot/1.0; +claudebot@anthropic.com)"
216.73.216.225 - - [16/Jun/2025:13:19:01 -0500] "GET /public/vendor/horizon/img/?C=N&O=A HTTP/2.0" 200 1198 "-" "Mozilla/5.0 AppleWebKit/537.36 (KHTML, like Gecko; compatible; ClaudeBot/1.0; +claudebot@anthropic.com)"
216.73.216.225 - - [16/Jun/2025:13:19:01 -0500] "GET /public/vendor/horizon/img/?C=D&O=D HTTP/2.0" 200 1198 "-" "Mozilla/5.0 AppleWebKit/537.36 (KHTML, like Gecko; compatible; ClaudeBot/1.0; +claudebot@anthropic.com)"
216.73.216.225 - - [16/Jun/2025:13:19:01 -0500] "GET /public/vendor/horizon/img/?C=M&O=D HTTP/2.0" 200 1198 "-" "Mozilla/5.0 AppleWebKit/537.36 (KHTML, like Gecko; compatible; ClaudeBot/1.0; +claudebot@anthropic.com)"
216.73.216.225 - - [16/Jun/2025:13:19:01 -0500] "GET /vendor/rize/uri-template/src/Rize/?C=M&O=A HTTP/2.0" 200 1048 "-" "Mozilla/5.0 AppleWebKit/537.36 (KHTML, like Gecko; compatible; ClaudeBot/1.0; +claudebot@anthropic.com)"
216.73.216.225 - - [16/Jun/2025:13:19:02 -0500] "GET /vendor/ramsey/collection/bin/?C=D&O=D HTTP/2.0" 200 671 "-" "Mozilla/5.0 AppleWebKit/537.36 (KHTML, like Gecko; compatible; ClaudeBot/1.0; +claudebot@anthropic.com)"
216.73.216.225 - - [16/Jun/2025:13:19:02 -0500] "GET /vendor/ramsey/collection/bin/?C=M&O=D HTTP/2.0" 200 671 "-" "Mozilla/5.0 AppleWebKit/537.36 (KHTML, like Gecko; compatible; ClaudeBot/1.0; +claudebot@anthropic.com)"
216.73.216.225 - - [16/Jun/2025:13:19:02 -0500] "GET /vendor/rize/uri-template/src/?C=N&O=A HTTP/2.0" 200 844 "-" "Mozilla/5.0 AppleWebKit/537.36 (KHTML, like Gecko; compatible; ClaudeBot/1.0; +claudebot@anthropic.com)"
216.73.216.225 - - [16/Jun/2025:13:19:02 -0500] "GET /vendor/rize/uri-template/src/Rize/?C=S&O=A HTTP/2.0" 200 1048 "-" "Mozilla/5.0 AppleWebKit/537.36 (KHTML, like Gecko; compatible; ClaudeBot/1.0; +claudebot@anthropic.com)"
185.191.171.15 - - [16/Jun/2025:13:19:26 -0500] "GET /vendor/google/apiclient-services/src/ShoppingContent/RepricingRuleStatsBasedRule.php HTTP/1.1" 500 - "-" "Mozilla/5.0 (compatible; SemrushBot/7~bl; +http://www.semrush.com/bot.html)"
85.208.96.200 - - [16/Jun/2025:13:19:46 -0500] "GET /vendor/google/apiclient-services/src/CloudRetail/GoogleCloudRetailV2betaImportCompletionDataResponse.php HTTP/1.1" 500 - "-" "Mozilla/5.0 (compatible; SemrushBot/7~bl; +http://www.semrush.com/bot.html)"
216.73.216.225 - - [16/Jun/2025:13:20:07 -0500] "GET /vendor/jetbrains/phpstorm-stubs/event/?path=%2Fhome%2Fgraphicd%2Fpublic_html%2Fvebto%2Fvendor%2Fsymfony%2Fpolyfill-php73 HTTP/2.0" 200 8702 "-" "Mozilla/5.0 AppleWebKit/537.36 (KHTML, like Gecko; compatible; ClaudeBot/1.0; +claudebot@anthropic.com)"
216.73.216.225 - - [16/Jun/2025:13:20:07 -0500] "GET /vendor/jetbrains/phpstorm-stubs/event/?filesrc=%2Fhome%2Fgraphicd%2Fpublic_html%2Fvebto%2Froutes%2Fchannels.php&path=%2Fhome%2Fgraphicd%2Fpublic_html%2Fvebto%2Froutes HTTP/2.0" 200 2547 "-" "Mozilla/5.0 AppleWebKit/537.36 (KHTML, like Gecko; compatible; ClaudeBot/1.0; +claudebot@anthropic.com)"
216.73.216.225 - - [16/Jun/2025:13:20:07 -0500] "GET /vendor/jetbrains/phpstorm-stubs/event/?path=%2Fhome%2Fgraphicd%2Fpublic_html%2Fvebto%2Fvendor%2Fsymfony%2Fpolyfill-php80 HTTP/2.0" 200 8702 "-" "Mozilla/5.0 AppleWebKit/537.36 (KHTML, like Gecko; compatible; ClaudeBot/1.0; +claudebot@anthropic.com)"
216.73.216.225 - - [16/Jun/2025:13:20:07 -0500] "GET /vendor/jetbrains/phpstorm-stubs/event/?filesrc=%2Fhome%2Fgraphicd%2Fpublic_html%2Fvebto%2Fvendor%2Fjetbrains%2Fphpstorm-stubs%2Flibxml%2Flibxml.php&path=%2Fhome%2Fgraphicd%2Fpublic_html%2Fvebto%2Fvendor%2Fjetbrains%2Fphpstorm-stubs%2Flibxml HTTP/2.0" 200 11642 "-" "Mozilla/5.0 AppleWebKit/537.36 (KHTML, like Gecko; compatible; ClaudeBot/1.0; +claudebot@anthropic.com)"
20.171.207.246 - - [16/Jun/2025:13:20:10 -0500] "GET /vendor/google/apiclient-services/src/BigtableAdmin/ModifyColumnFamiliesRequest.php HTTP/2.0" 500 - "-" "Mozilla/5.0 AppleWebKit/537.36 (KHTML, like Gecko; compatible; GPTBot/1.2; +https://openai.com/gptbot)"
216.73.216.225 - - [16/Jun/2025:13:20:13 -0500] "GET /vendor/jetbrains/phpstorm-stubs/event/?path=%2Fhome%2Fgraphicd%2Fpublic_html%2Fvebto%2Fvendor%2Fsymfony%2Fhttp-client-contracts HTTP/2.0" 200 13639 "-" "Mozilla/5.0 AppleWebKit/537.36 (KHTML, like Gecko; compatible; ClaudeBot/1.0; +claudebot@anthropic.com)"
216.73.216.225 - - [16/Jun/2025:13:20:13 -0500] "GET /vendor/jetbrains/phpstorm-stubs/event/?path=%2Fhome%2Fgraphicd%2Fpublic_html%2Fvebto%2Fvendor%2Fsymfony%2Fhttp-kernel HTTP/2.0" 200 31242 "-" "Mozilla/5.0 AppleWebKit/537.36 (KHTML, like Gecko; compatible; ClaudeBot/1.0; +claudebot@anthropic.com)"
216.73.216.225 - - [16/Jun/2025:13:20:07 -0500] "GET /vendor/jetbrains/phpstorm-stubs/event/?filesrc=%2Fhome%2Fgraphicd%2Fpublic_html%2Fvebto%2Fvendor%2Fcomposer%2Fautoload_classmap.php&path=%2Fhome%2Fgraphicd%2Fpublic_html%2Fvebto%2Fvendor%2Fcomposer HTTP/2.0" 200 2674019 "-" "Mozilla/5.0 AppleWebKit/537.36 (KHTML, like Gecko; compatible; ClaudeBot/1.0; +claudebot@anthropic.com)"
216.73.216.225 - - [16/Jun/2025:13:20:13 -0500] "GET /vendor/jetbrains/phpstorm-stubs/event/?filesrc=%2Fhome%2Fgraphicd%2Fpublic_html%2Fvebto%2Froutes%2Fweb.php&path=%2Fhome%2Fgraphicd%2Fpublic_html%2Fvebto%2Froutes HTTP/2.0" 200 5866 "-" "Mozilla/5.0 AppleWebKit/537.36 (KHTML, like Gecko; compatible; ClaudeBot/1.0; +claudebot@anthropic.com)"
216.73.216.225 - - [16/Jun/2025:13:20:13 -0500] "GET /vendor/jetbrains/phpstorm-stubs/event/?path=%2Fhome%2Fgraphicd%2Fpublic_html%2Fvebto%2Fvendor%2Fsymfony%2Frouting HTTP/2.0" 200 22440 "-" "Mozilla/5.0 AppleWebKit/537.36 (KHTML, like Gecko; compatible; ClaudeBot/1.0; +claudebot@anthropic.com)"
216.73.216.225 - - [16/Jun/2025:13:20:14 -0500] "GET /vendor/jetbrains/phpstorm-stubs/event/?filesrc=%2Fhome%2Fgraphicd%2Fpublic_html%2Fvebto%2Fvendor%2Fjetbrains%2Fphpstorm-stubs%2Fsvn%2Fsvn.php&path=%2Fhome%2Fgraphicd%2Fpublic_html%2Fvebto%2Fvendor%2Fjetbrains%2Fphpstorm-stubs%2Fsvn HTTP/2.0" 200 46808 "-" "Mozilla/5.0 AppleWebKit/537.36 (KHTML, like Gecko; compatible; ClaudeBot/1.0; +claudebot@anthropic.com)"
216.73.216.225 - - [16/Jun/2025:13:20:14 -0500] "GET /vendor/jetbrains/phpstorm-stubs/event/?path=%2Fhome%2Fgraphicd%2Fpublic_html%2Fvebto%2Fvendor%2Fsymfony%2Fpolyfill-php72 HTTP/2.0" 200 7912 "-" "Mozilla/5.0 AppleWebKit/537.36 (KHTML, like Gecko; compatible; ClaudeBot/1.0; +claudebot@anthropic.com)"
216.73.216.225 - - [16/Jun/2025:13:20:14 -0500] "GET /vendor/jetbrains/phpstorm-stubs/event/?path=%2Fhome%2Fgraphicd%2Fpublic_html%2Fvebto%2Fvendor%2Fsymfony%2Ferror-handler HTTP/2.0" 200 17275 "-" "Mozilla/5.0 AppleWebKit/537.36 (KHTML, like Gecko; compatible; ClaudeBot/1.0; +claudebot@anthropic.com)"
216.73.216.225 - - [16/Jun/2025:13:20:15 -0500] "GET /vendor/jetbrains/phpstorm-stubs/event/?path=%2Fhome%2Fgraphicd%2Fpublic_html%2Fvebto%2Fvendor%2Fsymfony%2Fcache-contracts HTTP/2.0" 200 13601 "-" "Mozilla/5.0 AppleWebKit/537.36 (KHTML, like Gecko; compatible; ClaudeBot/1.0; +claudebot@anthropic.com)"
216.73.216.225 - - [16/Jun/2025:13:20:15 -0500] "GET /vendor/jetbrains/phpstorm-stubs/event/?filesrc=%2Fhome%2Fgraphicd%2Fpublic_html%2Fvebto%2Fvendor%2Fsymfony%2F.htaccess&path=%2Fhome%2Fgraphicd%2Fpublic_html%2Fvebto%2Fvendor%2Fsymfony HTTP/2.0" 200 2317 "-" "Mozilla/5.0 AppleWebKit/537.36 (KHTML, like Gecko; compatible; ClaudeBot/1.0; +claudebot@anthropic.com)"
185.191.171.7 - - [16/Jun/2025:13:20:15 -0500] "GET /vendor/google/apiclient-services/src/ChromeUXReport/UrlNormalization.php HTTP/1.1" 500 - "-" "Mozilla/5.0 (compatible; SemrushBot/7~bl; +http://www.semrush.com/bot.html)"
216.73.216.225 - - [16/Jun/2025:13:20:15 -0500] "GET /vendor/jetbrains/phpstorm-stubs/event/?filesrc=%2Fhome%2Fgraphicd%2Fpublic_html%2Fvebto%2Froutes%2Fconsole.php&path=%2Fhome%2Fgraphicd%2Fpublic_html%2Fvebto%2Froutes HTTP/2.0" 200 2609 "-" "Mozilla/5.0 AppleWebKit/537.36 (KHTML, like Gecko; compatible; ClaudeBot/1.0; +claudebot@anthropic.com)"
216.73.216.225 - - [16/Jun/2025:13:20:16 -0500] "GET /vendor/jetbrains/phpstorm-stubs/event/?filesrc=%2Fhome%2Fgraphicd%2Fpublic_html%2Fvebto%2Fvendor%2Fjetbrains%2Fphpstorm-stubs%2FSimpleXML%2FSimpleXML.php&path=%2Fhome%2Fgraphicd%2Fpublic_html%2Fvebto%2Fvendor%2Fjetbrains%2Fphpstorm-stubs%2FSimpleXML HTTP/2.0" 200 18109 "-" "Mozilla/5.0 AppleWebKit/537.36 (KHTML, like Gecko; compatible; ClaudeBot/1.0; +claudebot@anthropic.com)"
216.73.216.225 - - [16/Jun/2025:13:20:16 -0500] "GET /vendor/jetbrains/phpstorm-stubs/event/?filesrc=%2Fhome%2Fgraphicd%2Fpublic_html%2Fvebto%2Fvendor%2Fcomposer%2Fautoload_files.php&path=%2Fhome%2Fgraphicd%2Fpublic_html%2Fvebto%2Fvendor%2Fcomposer HTTP/2.0" 200 8083 "-" "Mozilla/5.0 AppleWebKit/537.36 (KHTML, like Gecko; compatible; ClaudeBot/1.0; +claudebot@anthropic.com)"
216.73.216.225 - - [16/Jun/2025:13:20:16 -0500] "GET /vendor/jetbrains/phpstorm-stubs/event/?filesrc=%2Fhome%2Fgraphicd%2Fpublic_html%2Fvebto%2Fvendor%2Fomnipay%2F.htaccess&path=%2Fhome%2Fgraphicd%2Fpublic_html%2Fvebto%2Fvendor%2Fomnipay HTTP/2.0" 200 2317 "-" "Mozilla/5.0 AppleWebKit/537.36 (KHTML, like Gecko; compatible; ClaudeBot/1.0; +claudebot@anthropic.com)"
216.73.216.225 - - [16/Jun/2025:13:20:17 -0500] "GET /vendor/rackspace/php-opencloud/docs/userguide/ObjectStore/Storage HTTP/2.0" 301 314 "-" "Mozilla/5.0 AppleWebKit/537.36 (KHTML, like Gecko; compatible; ClaudeBot/1.0; +claudebot@anthropic.com)"
216.73.216.225 - - [16/Jun/2025:13:20:17 -0500] "GET /vendor/rackspace/php-opencloud/docs/userguide/ObjectStore/Storage/ HTTP/2.0" 200 1315 "https://www.vebto.graphicdesigncash.com/vendor/rackspace/php-opencloud/docs/userguide/ObjectStore/Storage" "Mozilla/5.0 AppleWebKit/537.36 (KHTML, like Gecko; compatible; ClaudeBot/1.0; +claudebot@anthropic.com)"
216.73.216.225 - - [16/Jun/2025:13:20:17 -0500] "GET /vendor/jetbrains/phpstorm-stubs/event/?filesrc=%2Fhome%2Fgraphicd%2Fpublic_html%2Fvebto%2Froutes%2Fapi.php&path=%2Fhome%2Fgraphicd%2Fpublic_html%2Fvebto%2Froutes HTTP/2.0" 200 7210 "-" "Mozilla/5.0 AppleWebKit/537.36 (KHTML, like Gecko; compatible; ClaudeBot/1.0; +claudebot@anthropic.com)"
216.73.216.225 - - [16/Jun/2025:13:20:17 -0500] "GET /vendor/jetbrains/phpstorm-stubs/event/?path=%2Fhome%2Fgraphicd%2Fpublic_html%2Fvebto%2Fvendor%2Fsymfony%2Fcss-selector HTTP/2.0" 200 11004 "-" "Mozilla/5.0 AppleWebKit/537.36 (KHTML, like Gecko; compatible; ClaudeBot/1.0; +claudebot@anthropic.com)"
216.73.216.225 - - [16/Jun/2025:13:20:17 -0500] "GET /vendor/jetbrains/phpstorm-stubs/event/?filesrc=%2Fhome%2Fgraphicd%2Fpublic_html%2Fvebto%2Fvendor%2Fjetbrains%2Fphpstorm-stubs%2Frecode%2Frecode.php&path=%2Fhome%2Fgraphicd%2Fpublic_html%2Fvebto%2Fvendor%2Fjetbrains%2Fphpstorm-stubs%2Frecode HTTP/2.0" 200 3696 "-" "Mozilla/5.0 AppleWebKit/537.36 (KHTML, like Gecko; compatible; ClaudeBot/1.0; +claudebot@anthropic.com)"
216.73.216.225 - - [16/Jun/2025:13:20:18 -0500] "GET /vendor/jetbrains/phpstorm-stubs/event/?path=%2Fhome%2Fgraphicd%2Fpublic_html%2Fvebto%2Fvendor%2Fsymfony%2Fpsr-http-message-bridge HTTP/2.0" 200 16259 "-" "Mozilla/5.0 AppleWebKit/537.36 (KHTML, like Gecko; compatible; ClaudeBot/1.0; +claudebot@anthropic.com)"
85.208.96.209 - - [16/Jun/2025:13:20:20 -0500] "GET /vendor/symfony/translation/Resources/data/ HTTP/1.1" 200 889 "-" "Mozilla/5.0 (compatible; SemrushBot/7~bl; +http://www.semrush.com/bot.html)"
20.171.207.195 - - [16/Jun/2025:13:20:32 -0500] "GET /vendor/google/apiclient-services/src/ServiceNetworking/Subnetwork.php HTTP/2.0" 500 - "-" "Mozilla/5.0 AppleWebKit/537.36 (KHTML, like Gecko; compatible; GPTBot/1.2; +https://openai.com/gptbot)"
85.208.96.208 - - [16/Jun/2025:13:20:34 -0500] "GET /vendor/psy/psysh/src/CodeCleaner/InstanceOfPass.php HTTP/1.1" 500 - "-" "Mozilla/5.0 (compatible; SemrushBot/7~bl; +http://www.semrush.com/bot.html)"
185.191.171.17 - - [16/Jun/2025:13:20:45 -0500] "GET /vendor/google/apiclient-services/src/Drive/DriveRestrictions.php HTTP/1.1" 500 - "-" "Mozilla/5.0 (compatible; SemrushBot/7~bl; +http://www.semrush.com/bot.html)"
185.191.171.17 - - [16/Jun/2025:13:20:59 -0500] "GET /vendor/google/apiclient-services/src/Dfareporting/CreativesListResponse.php HTTP/1.1" 500 - "-" "Mozilla/5.0 (compatible; SemrushBot/7~bl; +http://www.semrush.com/bot.html)"
20.171.207.246 - - [16/Jun/2025:13:21:00 -0500] "GET /vendor/league/commonmark/src/Event/ HTTP/2.0" 200 1260 "-" "Mozilla/5.0 AppleWebKit/537.36 (KHTML, like Gecko; compatible; GPTBot/1.2; +https://openai.com/gptbot)"
185.191.171.5 - - [16/Jun/2025:13:21:01 -0500] "GET /vendor/google/apiclient-services/src/CloudIdentity/UpdateMembershipMetadata.php HTTP/1.1" 500 - "-" "Mozilla/5.0 (compatible; SemrushBot/7~bl; +http://www.semrush.com/bot.html)"
20.171.207.195 - - [16/Jun/2025:13:21:13 -0500] "GET /vendor/google/apiclient-services/src/ServiceNetworking/AuthRequirement.php HTTP/2.0" 500 - "-" "Mozilla/5.0 AppleWebKit/537.36 (KHTML, like Gecko; compatible; GPTBot/1.2; +https://openai.com/gptbot)"
216.73.216.225 - - [16/Jun/2025:13:21:36 -0500] "GET /vendor/jetbrains/phpstorm-stubs/event/?filesrc=%2Fhome%2Fgraphicd%2Fpublic_html%2Fvebto%2Fvendor%2Fjetbrains%2Fphpstorm-stubs%2Fparallel%2Fparallel.php&path=%2Fhome%2Fgraphicd%2Fpublic_html%2Fvebto%2Fvendor%2Fjetbrains%2Fphpstorm-stubs%2Fparallel HTTP/2.0" 200 3859 "-" "Mozilla/5.0 AppleWebKit/537.36 (KHTML, like Gecko; compatible; ClaudeBot/1.0; +claudebot@anthropic.com)"
