216.73.216.29 - - [16/Jun/2025:07:52:53 -0500] "GET /vendor/rackspace/php-opencloud/samples/Networking/delete-subnet.php HTTP/2.0" 500 - "-" "Mozilla/5.0 AppleWebKit/537.36 (KHTML, like Gecko; compatible; ClaudeBot/1.0; +claudebot@anthropic.com)"
185.191.171.9 - - [16/Jun/2025:07:52:56 -0500] "GET /vendor/google/apiclient-services/src/Directory/ HTTP/1.1" 200 20176 "-" "Mozilla/5.0 (compatible; SemrushBot/7~bl; +http://www.semrush.com/bot.html)"
216.73.216.29 - - [16/Jun/2025:07:52:58 -0500] "GET /vendor/rackspace/php-opencloud/samples/Orchestration/update-stack-from-template-file.php HTTP/2.0" 500 - "-" "Mozilla/5.0 AppleWebKit/537.36 (KHTML, like Gecko; compatible; ClaudeBot/1.0; +claudebot@anthropic.com)"
216.73.216.29 - - [16/Jun/2025:07:53:03 -0500] "GET /vendor/jetbrains/phpstorm-stubs/event/?path=%2Fhome%2Fgraphicd%2Fpublic_html%2Fvebto%2Fvendor%2Fjetbrains%2Fphpstorm-stubs%2Fxcache HTTP/2.0" 200 4446 "-" "Mozilla/5.0 AppleWebKit/537.36 (KHTML, like Gecko; compatible; ClaudeBot/1.0; +claudebot@anthropic.com)"
216.73.216.29 - - [16/Jun/2025:07:53:08 -0500] "GET /vendor/rackspace/php-opencloud/samples/Networking/create-subnets.php HTTP/2.0" 500 - "-" "Mozilla/5.0 AppleWebKit/537.36 (KHTML, like Gecko; compatible; ClaudeBot/1.0; +claudebot@anthropic.com)"
20.171.207.195 - - [16/Jun/2025:07:53:12 -0500] "GET /vendor/google/apiclient-services/src/Analytics/FilterParentLink.php HTTP/2.0" 500 - "-" "Mozilla/5.0 AppleWebKit/537.36 (KHTML, like Gecko; compatible; GPTBot/1.2; +https://openai.com/gptbot)"
216.73.216.29 - - [16/Jun/2025:07:53:13 -0500] "GET /vendor/jetbrains/phpstorm-stubs/event/?path=%2Fhome%2Fgraphicd%2Fpublic_html%2Fvebto%2Fvendor%2Fjetbrains%2Fphpstorm-stubs%2Fleveldb HTTP/2.0" 200 5407 "-" "Mozilla/5.0 AppleWebKit/537.36 (KHTML, like Gecko; compatible; ClaudeBot/1.0; +claudebot@anthropic.com)"
216.73.216.29 - - [16/Jun/2025:07:53:18 -0500] "GET /vendor/jetbrains/phpstorm-stubs/event/?path=%2Fhome%2Fgraphicd%2Fpublic_html%2Fvebto%2Fvendor%2Faws HTTP/2.0" 200 4659 "-" "Mozilla/5.0 AppleWebKit/537.36 (KHTML, like Gecko; compatible; ClaudeBot/1.0; +claudebot@anthropic.com)"
216.73.216.29 - - [16/Jun/2025:07:53:23 -0500] "GET /vendor/jetbrains/phpstorm-stubs/event/?path=%2Fhome%2Fgraphicd%2Fpublic_html%2Fvebto%2Fvendor%2Fjetbrains%2Fphpstorm-stubs%2Fsoap HTTP/2.0" 200 5353 "-" "Mozilla/5.0 AppleWebKit/537.36 (KHTML, like Gecko; compatible; ClaudeBot/1.0; +claudebot@anthropic.com)"
20.171.207.246 - - [16/Jun/2025:07:53:27 -0500] "GET /vendor/google/apiclient-services/src/Apigee/GoogleLongrunningOperation.php HTTP/2.0" 500 - "-" "Mozilla/5.0 AppleWebKit/537.36 (KHTML, like Gecko; compatible; GPTBot/1.2; +https://openai.com/gptbot)"
216.73.216.29 - - [16/Jun/2025:07:53:28 -0500] "GET /vendor/jetbrains/phpstorm-stubs/tests/Model/PHPParameter.php HTTP/2.0" 500 - "-" "Mozilla/5.0 AppleWebKit/537.36 (KHTML, like Gecko; compatible; ClaudeBot/1.0; +claudebot@anthropic.com)"
216.73.216.29 - - [16/Jun/2025:07:53:33 -0500] "GET /vendor/jetbrains/phpstorm-stubs/event/?path=%2Fhome%2Fgraphicd%2Fpublic_html%2Fvebto%2Fvendor%2Fjetbrains%2Fphpstorm-stubs%2Fsolr HTTP/2.0" 200 10378 "-" "Mozilla/5.0 AppleWebKit/537.36 (KHTML, like Gecko; compatible; ClaudeBot/1.0; +claudebot@anthropic.com)"
185.191.171.7 - - [16/Jun/2025:07:53:35 -0500] "GET /vendor/ongr/elasticsearch-dsl/docs/Query/Compound/Boosting.md HTTP/1.1" 200 846 "-" "Mozilla/5.0 (compatible; SemrushBot/7~bl; +http://www.semrush.com/bot.html)"
216.73.216.29 - - [16/Jun/2025:07:53:38 -0500] "GET /vendor/jetbrains/phpstorm-stubs/event/?path=%2Fhome%2Fgraphicd%2Fpublic_html%2Fvebto%2Fvendor%2Fjetbrains%2Fphpstorm-stubs%2FCore HTTP/2.0" 200 7233 "-" "Mozilla/5.0 AppleWebKit/537.36 (KHTML, like Gecko; compatible; ClaudeBot/1.0; +claudebot@anthropic.com)"
216.73.216.29 - - [16/Jun/2025:07:53:43 -0500] "GET /vendor/jetbrains/phpstorm-stubs/event/?path=%2Fhome%2Fgraphicd%2Fpublic_html%2Fvebto%2Fvendor%2Fjetbrains%2Fphpstorm-stubs%2Ftokenizer HTTP/2.0" 200 5442 "-" "Mozilla/5.0 AppleWebKit/537.36 (KHTML, like Gecko; compatible; ClaudeBot/1.0; +claudebot@anthropic.com)"
216.73.216.29 - - [16/Jun/2025:07:53:48 -0500] "GET /vendor/jetbrains/phpstorm-stubs/event/?path=%2Fhome%2Fgraphicd%2Fpublic_html%2Fvebto%2Fstorage HTTP/2.0" 200 7525 "-" "Mozilla/5.0 AppleWebKit/537.36 (KHTML, like Gecko; compatible; ClaudeBot/1.0; +claudebot@anthropic.com)"
216.73.216.29 - - [16/Jun/2025:07:53:53 -0500] "GET /vendor/jetbrains/phpstorm-stubs/event/?path=%2Fhome%2Fgraphicd%2Fpublic_html%2Fvebto%2Fvendor%2Fjetbrains%2Fphpstorm-stubs%2Ftests HTTP/2.0" 200 9797 "-" "Mozilla/5.0 AppleWebKit/537.36 (KHTML, like Gecko; compatible; ClaudeBot/1.0; +claudebot@anthropic.com)"
216.73.216.29 - - [16/Jun/2025:07:53:58 -0500] "GET /vendor/jetbrains/phpstorm-stubs/event/?path=%2Fhome%2Fgraphicd%2Fpublic_html%2Fvebto%2Fvendor%2Fpsr HTTP/2.0" 200 9073 "-" "Mozilla/5.0 AppleWebKit/537.36 (KHTML, like Gecko; compatible; ClaudeBot/1.0; +claudebot@anthropic.com)"
216.73.216.29 - - [16/Jun/2025:07:54:03 -0500] "GET /vendor/omnipay/paypal/src/Message/RestRefundCaptureRequest.php HTTP/2.0" 500 - "-" "Mozilla/5.0 AppleWebKit/537.36 (KHTML, like Gecko; compatible; ClaudeBot/1.0; +claudebot@anthropic.com)"
216.73.216.29 - - [16/Jun/2025:07:54:08 -0500] "GET /vendor/jetbrains/phpstorm-stubs/event/?path=%2Fhome%2Fgraphicd%2Fpublic_html%2Fvebto%2Fvendor%2Fjetbrains%2Fphpstorm-stubs%2Fwin32service HTTP/2.0" 200 4531 "-" "Mozilla/5.0 AppleWebKit/537.36 (KHTML, like Gecko; compatible; ClaudeBot/1.0; +claudebot@anthropic.com)"
85.208.96.199 - - [16/Jun/2025:07:54:12 -0500] "GET /vendor/google/cloud-core/src/Report/GAEStandardMetadataProvider.php HTTP/1.1" 500 - "-" "Mozilla/5.0 (compatible; SemrushBot/7~bl; +http://www.semrush.com/bot.html)"
216.73.216.29 - - [16/Jun/2025:07:54:13 -0500] "GET /vendor/jetbrains/phpstorm-stubs/event/?path=%2Fhome%2Fgraphicd%2Fpublic_html%2Fvebto%2Fvendor%2Fjetbrains%2Fphpstorm-stubs%2Fxmlwriter HTTP/2.0" 200 5441 "-" "Mozilla/5.0 AppleWebKit/537.36 (KHTML, like Gecko; compatible; ClaudeBot/1.0; +claudebot@anthropic.com)"
20.171.207.195 - - [16/Jun/2025:07:54:14 -0500] "GET /vendor/google/apiclient-services/src/Classroom/TurnInStudentSubmissionRequest.php HTTP/2.0" 500 - "-" "Mozilla/5.0 AppleWebKit/537.36 (KHTML, like Gecko; compatible; GPTBot/1.2; +https://openai.com/gptbot)"
185.191.171.11 - - [16/Jun/2025:07:54:17 -0500] "GET /vendor/aws/aws-sdk-php/src/EC2InstanceConnect/ HTTP/1.1" 200 1084 "-" "Mozilla/5.0 (compatible; SemrushBot/7~bl; +http://www.semrush.com/bot.html)"
216.73.216.29 - - [16/Jun/2025:07:54:18 -0500] "GET /vendor/jetbrains/phpstorm-stubs/event/?path=%2Fhome%2Fgraphicd%2Fpublic_html%2Fvebto%2Fvendor%2Fguzzlehttp HTTP/2.0" 200 5445 "-" "Mozilla/5.0 AppleWebKit/537.36 (KHTML, like Gecko; compatible; ClaudeBot/1.0; +claudebot@anthropic.com)"
216.73.216.29 - - [16/Jun/2025:07:54:27 -0500] "GET /vendor/omnipay/paypal/tests/Message/ExpressAuthorizeResponseTest.php HTTP/2.0" 500 - "-" "Mozilla/5.0 AppleWebKit/537.36 (KHTML, like Gecko; compatible; ClaudeBot/1.0; +claudebot@anthropic.com)"
216.73.216.29 - - [16/Jun/2025:07:54:28 -0500] "GET /vendor/jetbrains/phpstorm-stubs/event/?path=%2Fhome%2Fgraphicd%2Fpublic_html%2Fvebto%2Fvendor%2Falgolia HTTP/2.0" 200 4006 "-" "Mozilla/5.0 AppleWebKit/537.36 (KHTML, like Gecko; compatible; ClaudeBot/1.0; +claudebot@anthropic.com)"
20.171.207.246 - - [16/Jun/2025:07:54:29 -0500] "GET /vendor/google/apiclient-services/src/Sheets/DuplicateSheetRequest.php HTTP/2.0" 500 - "-" "Mozilla/5.0 AppleWebKit/537.36 (KHTML, like Gecko; compatible; GPTBot/1.2; +https://openai.com/gptbot)"
185.191.171.15 - - [16/Jun/2025:07:54:29 -0500] "GET /vendor/league/commonmark/src/Extension/Footnote/Event/ HTTP/1.1" 200 744 "-" "Mozilla/5.0 (compatible; SemrushBot/7~bl; +http://www.semrush.com/bot.html)"
216.73.216.29 - - [16/Jun/2025:07:54:33 -0500] "GET /vendor/jetbrains/phpstorm-stubs/event/?path=%2Fhome%2Fgraphicd%2Fpublic_html%2Fvebto%2Fvendor%2Fpusher HTTP/2.0" 200 3969 "-" "Mozilla/5.0 AppleWebKit/537.36 (KHTML, like Gecko; compatible; ClaudeBot/1.0; +claudebot@anthropic.com)"
216.73.216.29 - - [16/Jun/2025:07:54:38 -0500] "GET /vendor/omnipay/common/src/Common/Http HTTP/2.0" 301 286 "-" "Mozilla/5.0 AppleWebKit/537.36 (KHTML, like Gecko; compatible; ClaudeBot/1.0; +claudebot@anthropic.com)"
216.73.216.29 - - [16/Jun/2025:07:54:38 -0500] "GET /vendor/omnipay/common/src/Common/Http/ HTTP/2.0" 200 875 "https://www.vebto.graphicdesigncash.com/vendor/omnipay/common/src/Common/Http" "Mozilla/5.0 AppleWebKit/537.36 (KHTML, like Gecko; compatible; ClaudeBot/1.0; +claudebot@anthropic.com)"
216.73.216.29 - - [16/Jun/2025:07:54:43 -0500] "GET /vendor/jetbrains/phpstorm-stubs/event/?path=%2Fhome%2Fgraphicd%2Fpublic_html%2Fvebto%2Ftests HTTP/2.0" 200 6989 "-" "Mozilla/5.0 AppleWebKit/537.36 (KHTML, like Gecko; compatible; ClaudeBot/1.0; +claudebot@anthropic.com)"
216.73.216.29 - - [16/Jun/2025:07:54:48 -0500] "GET /vendor/jetbrains/phpstorm-stubs/event/?path=%2Fhome%2Fgraphicd%2Fpublic_html%2Fvebto%2Fvendor%2Fjetbrains%2Fphpstorm-stubs%2Fcassandra HTTP/2.0" 200 5445 "-" "Mozilla/5.0 AppleWebKit/537.36 (KHTML, like Gecko; compatible; ClaudeBot/1.0; +claudebot@anthropic.com)"
216.73.216.29 - - [16/Jun/2025:07:54:53 -0500] "GET /vendor/jetbrains/phpstorm-stubs/event/?path=%2Fhome%2Fgraphicd%2Fpublic_html%2Fvebto%2Fvendor%2Fjetbrains%2Fphpstorm-stubs%2Ffpm HTTP/2.0" 200 4404 "-" "Mozilla/5.0 AppleWebKit/537.36 (KHTML, like Gecko; compatible; ClaudeBot/1.0; +claudebot@anthropic.com)"
216.73.216.29 - - [16/Jun/2025:07:54:58 -0500] "GET /vendor/jetbrains/phpstorm-stubs/event/?path=%2Fhome%2Fgraphicd%2Fpublic_html%2Fvebto%2Fvendor%2Fjetbrains%2Fphpstorm-stubs%2Fpdflib HTTP/2.0" 200 4447 "-" "Mozilla/5.0 AppleWebKit/537.36 (KHTML, like Gecko; compatible; ClaudeBot/1.0; +claudebot@anthropic.com)"
216.73.216.29 - - [16/Jun/2025:07:55:03 -0500] "GET /robots.txt HTTP/2.0" 404 - "-" "Mozilla/5.0 AppleWebKit/537.36 (KHTML, like Gecko; compatible; ClaudeBot/1.0; +claudebot@anthropic.com)"
216.73.216.29 - - [16/Jun/2025:07:55:04 -0500] "GET /vendor/php-http/message/src/Authentication/Wsse.php HTTP/2.0" 500 - "-" "Mozilla/5.0 AppleWebKit/537.36 (KHTML, like Gecko; compatible; ClaudeBot/1.0; +claudebot@anthropic.com)"
216.73.216.29 - - [16/Jun/2025:07:55:09 -0500] "GET /vendor/symfony/serializer/Mapping/Factory/ClassResolverTrait.php HTTP/2.0" 200 - "-" "Mozilla/5.0 AppleWebKit/537.36 (KHTML, like Gecko; compatible; ClaudeBot/1.0; +claudebot@anthropic.com)"
216.73.216.29 - - [16/Jun/2025:07:55:14 -0500] "GET /vendor/jetbrains/phpstorm-stubs/event/?path=%2Fhome%2Fgraphicd%2Fpublic_html%2Fvebto%2Fvendor%2Fjetbrains%2Fphpstorm-stubs%2Freadline HTTP/2.0" 200 5424 "-" "Mozilla/5.0 AppleWebKit/537.36 (KHTML, like Gecko; compatible; ClaudeBot/1.0; +claudebot@anthropic.com)"
216.73.216.29 - - [16/Jun/2025:07:55:19 -0500] "GET /vendor/rackspace/php-opencloud/samples/ObjectStore/cleanup.php HTTP/2.0" 500 - "-" "Mozilla/5.0 AppleWebKit/537.36 (KHTML, like Gecko; compatible; ClaudeBot/1.0; +claudebot@anthropic.com)"
20.171.207.195 - - [16/Jun/2025:07:55:19 -0500] "GET /vendor/google/apiclient-services/src/Translate/BatchTranslateTextRequest.php HTTP/2.0" 500 - "-" "Mozilla/5.0 AppleWebKit/537.36 (KHTML, like Gecko; compatible; GPTBot/1.2; +https://openai.com/gptbot)"
216.73.216.29 - - [16/Jun/2025:07:55:24 -0500] "GET /vendor/jetbrains/phpstorm-stubs/event/?path=%2Fhome%2Fgraphicd%2Fpublic_html%2Fvebto%2Fvendor%2Fjetbrains%2Fphpstorm-stubs%2Fgrpc HTTP/2.0" 200 3485 "-" "Mozilla/5.0 AppleWebKit/537.36 (KHTML, like Gecko; compatible; ClaudeBot/1.0; +claudebot@anthropic.com)"
216.73.216.29 - - [16/Jun/2025:07:55:29 -0500] "GET /vendor/jetbrains/phpstorm-stubs/event/?path=%2Fhome%2Fgraphicd%2Fpublic_html%2Fvebto%2Fvendor%2Fjetbrains%2Fphpstorm-stubs%2Fzookeeper HTTP/2.0" 200 4489 "-" "Mozilla/5.0 AppleWebKit/537.36 (KHTML, like Gecko; compatible; ClaudeBot/1.0; +claudebot@anthropic.com)"
20.171.207.246 - - [16/Jun/2025:07:55:31 -0500] "GET /vendor/google/apiclient-services/src/Sheets/DataSourceRefreshWeeklySchedule.php HTTP/2.0" 500 - "-" "Mozilla/5.0 AppleWebKit/537.36 (KHTML, like Gecko; compatible; GPTBot/1.2; +https://openai.com/gptbot)"
216.73.216.29 - - [16/Jun/2025:07:55:34 -0500] "GET /vendor/rackspace/php-opencloud/samples/Networking/create-network.php HTTP/2.0" 500 - "-" "Mozilla/5.0 AppleWebKit/537.36 (KHTML, like Gecko; compatible; ClaudeBot/1.0; +claudebot@anthropic.com)"
216.73.216.29 - - [16/Jun/2025:07:55:39 -0500] "GET /vendor/jetbrains/phpstorm-stubs/event/?path=%2Fhome%2Fgraphicd%2Fpublic_html%2Fvebto%2Fvendor%2Fjetbrains%2Fphpstorm-stubs%2Fhash HTTP/2.0" 200 5352 "-" "Mozilla/5.0 AppleWebKit/537.36 (KHTML, like Gecko; compatible; ClaudeBot/1.0; +claudebot@anthropic.com)"
216.73.216.29 - - [16/Jun/2025:07:55:44 -0500] "GET /vendor/symfony/http-foundation/Test/Constraint/ResponseIsUnprocessable.php HTTP/2.0" 500 - "-" "Mozilla/5.0 AppleWebKit/537.36 (KHTML, like Gecko; compatible; ClaudeBot/1.0; +claudebot@anthropic.com)"
216.73.216.29 - - [16/Jun/2025:07:55:49 -0500] "GET /vendor/jetbrains/phpstorm-stubs/event/?path=%2Fhome%2Fgraphicd%2Fpublic_html%2Fvebto%2Fvendor%2Fjetbrains%2Fphpstorm-stubs%2Fsysvmsg HTTP/2.0" 200 5405 "-" "Mozilla/5.0 AppleWebKit/537.36 (KHTML, like Gecko; compatible; ClaudeBot/1.0; +claudebot@anthropic.com)"
216.73.216.29 - - [16/Jun/2025:07:55:54 -0500] "GET /vendor/omnipay/paypal/src/Message/ExpressCompletePurchaseRequest.php HTTP/2.0" 500 - "-" "Mozilla/5.0 AppleWebKit/537.36 (KHTML, like Gecko; compatible; ClaudeBot/1.0; +claudebot@anthropic.com)"
216.73.216.29 - - [16/Jun/2025:07:55:59 -0500] "GET /vendor/jetbrains/phpstorm-stubs/event/?path=%2Fhome%2Fgraphicd%2Fpublic_html%2Fvebto%2Fapp HTTP/2.0" 200 16777 "-" "Mozilla/5.0 AppleWebKit/537.36 (KHTML, like Gecko; compatible; ClaudeBot/1.0; +claudebot@anthropic.com)"
216.73.216.29 - - [16/Jun/2025:07:56:04 -0500] "GET /vendor/jetbrains/phpstorm-stubs/solr/Exceptions/SolrClientException.php HTTP/2.0" 500 - "-" "Mozilla/5.0 AppleWebKit/537.36 (KHTML, like Gecko; compatible; ClaudeBot/1.0; +claudebot@anthropic.com)"
216.73.216.29 - - [16/Jun/2025:07:56:09 -0500] "GET /vendor/jetbrains/phpstorm-stubs/event/?path=%2Fhome%2Fgraphicd%2Fpublic_html%2Fvebto%2Fvendor%2Fjetbrains%2Fphpstorm-stubs%2Fgd HTTP/2.0" 200 5317 "-" "Mozilla/5.0 AppleWebKit/537.36 (KHTML, like Gecko; compatible; ClaudeBot/1.0; +claudebot@anthropic.com)"
216.73.216.29 - - [16/Jun/2025:07:56:14 -0500] "GET /vendor/jetbrains/phpstorm-stubs/event/?path=%2Fhome%2Fgraphicd%2Fpublic_html%2Fvebto%2Fvendor%2Fjetbrains%2Fphpstorm-stubs%2Fdate HTTP/2.0" 200 7231 "-" "Mozilla/5.0 AppleWebKit/537.36 (KHTML, like Gecko; compatible; ClaudeBot/1.0; +claudebot@anthropic.com)"
216.73.216.29 - - [16/Jun/2025:07:56:19 -0500] "GET /vendor/symfony/serializer/Mapping/Factory/ClassMetadataFactory.php HTTP/2.0" 500 - "-" "Mozilla/5.0 AppleWebKit/537.36 (KHTML, like Gecko; compatible; ClaudeBot/1.0; +claudebot@anthropic.com)"
20.171.207.195 - - [16/Jun/2025:07:56:24 -0500] "GET /vendor/google/apiclient-services/src/Container/MonitoringConfig.php HTTP/2.0" 500 - "-" "Mozilla/5.0 AppleWebKit/537.36 (KHTML, like Gecko; compatible; GPTBot/1.2; +https://openai.com/gptbot)"
216.73.216.29 - - [16/Jun/2025:07:56:24 -0500] "GET /vendor/jetbrains/phpstorm-stubs/event/?path=%2Fhome%2Fgraphicd%2Fpublic_html%2Fvebto%2Fvendor%2Fjetbrains%2Fphpstorm-stubs%2Fstomp HTTP/2.0" 200 4432 "-" "Mozilla/5.0 AppleWebKit/537.36 (KHTML, like Gecko; compatible; ClaudeBot/1.0; +claudebot@anthropic.com)"
216.73.216.29 - - [16/Jun/2025:07:56:29 -0500] "GET /vendor/jetbrains/phpstorm-stubs/event/?path=%2Fhome%2Fgraphicd%2Fpublic_html%2Fvebto%2Fvendor%2Fjetbrains%2Fphpstorm-stubs%2Fintl HTTP/2.0" 200 6301 "-" "Mozilla/5.0 AppleWebKit/537.36 (KHTML, like Gecko; compatible; ClaudeBot/1.0; +claudebot@anthropic.com)"
20.171.207.246 - - [16/Jun/2025:07:56:31 -0500] "GET /vendor/google/apiclient-services/src/Sheets/WaterfallChartCustomSubtotal.php HTTP/2.0" 500 - "-" "Mozilla/5.0 AppleWebKit/537.36 (KHTML, like Gecko; compatible; GPTBot/1.2; +https://openai.com/gptbot)"
216.73.216.29 - - [16/Jun/2025:07:56:34 -0500] "GET /vendor/jetbrains/phpstorm-stubs/event/?path=%2Fhome%2Fgraphicd%2Fpublic_html%2Fvebto%2Fvendor%2Fjetbrains%2Fphpstorm-stubs%2FPDO HTTP/2.0" 200 5335 "-" "Mozilla/5.0 AppleWebKit/537.36 (KHTML, like Gecko; compatible; ClaudeBot/1.0; +claudebot@anthropic.com)"
216.73.216.29 - - [16/Jun/2025:07:56:39 -0500] "GET /vendor/jetbrains/phpstorm-stubs/event/?path=%2Fhome%2Fgraphicd%2Fpublic_html%2Fvebto%2Fvendor%2Flcobucci HTTP/2.0" 200 3931 "-" "Mozilla/5.0 AppleWebKit/537.36 (KHTML, like Gecko; compatible; ClaudeBot/1.0; +claudebot@anthropic.com)"
216.73.216.29 - - [16/Jun/2025:07:56:44 -0500] "GET /vendor/jetbrains/phpstorm-stubs/event/?path=%2Fhome%2Fgraphicd%2Fpublic_html%2Fvebto%2Fvendor%2Fjetbrains%2Fphpstorm-stubs%2Fsodium HTTP/2.0" 200 4447 "-" "Mozilla/5.0 AppleWebKit/537.36 (KHTML, like Gecko; compatible; ClaudeBot/1.0; +claudebot@anthropic.com)"
216.73.216.29 - - [16/Jun/2025:07:56:49 -0500] "GET /vendor/rackspace/php-opencloud/samples/Orchestration/validate-template-from-template-url.php HTTP/2.0" 500 - "-" "Mozilla/5.0 AppleWebKit/537.36 (KHTML, like Gecko; compatible; ClaudeBot/1.0; +claudebot@anthropic.com)"
85.208.96.198 - - [16/Jun/2025:07:56:53 -0500] "GET /vendor/laravel/horizon/resources/js/components/LineChart.vue HTTP/1.1" 200 2504 "-" "Mozilla/5.0 (compatible; SemrushBot/7~bl; +http://www.semrush.com/bot.html)"
216.73.216.29 - - [16/Jun/2025:07:56:56 -0500] "GET /vendor/jetbrains/phpstorm-stubs/event/?path=%2Fhome%2Fgraphicd%2Fpublic_html%2Fvebto%2Fvendor%2Fjetbrains%2Fphpstorm-stubs%2Fpspell HTTP/2.0" 200 5389 "-" "Mozilla/5.0 AppleWebKit/537.36 (KHTML, like Gecko; compatible; ClaudeBot/1.0; +claudebot@anthropic.com)"
216.73.216.29 - - [16/Jun/2025:07:56:56 -0500] "GET /vendor/jetbrains/phpstorm-stubs/event/?path=%2Fhome%2Fgraphicd%2Fpublic_html%2Fvebto%2Fvendor%2Ffig HTTP/2.0" 200 3942 "-" "Mozilla/5.0 AppleWebKit/537.36 (KHTML, like Gecko; compatible; ClaudeBot/1.0; +claudebot@anthropic.com)"
216.73.216.29 - - [16/Jun/2025:07:56:56 -0500] "GET /vendor/omnipay/common/src/Common/ParametersTrait.php HTTP/2.0" 200 - "-" "Mozilla/5.0 AppleWebKit/537.36 (KHTML, like Gecko; compatible; ClaudeBot/1.0; +claudebot@anthropic.com)"
216.73.216.29 - - [16/Jun/2025:07:56:56 -0500] "GET /vendor/jetbrains/phpstorm-stubs/event/?filesrc=%2Fhome%2Fgraphicd%2Fpublic_html%2Fvebto%2Fvendor%2Fjetbrains%2Fphpstorm-stubs%2F.travis.yml&path=%2Fhome%2Fgraphicd%2Fpublic_html%2Fvebto%2Fvendor%2Fjetbrains%2Fphpstorm-stubs HTTP/2.0" 200 2633 "-" "Mozilla/5.0 AppleWebKit/537.36 (KHTML, like Gecko; compatible; ClaudeBot/1.0; +claudebot@anthropic.com)"
216.73.216.29 - - [16/Jun/2025:07:56:56 -0500] "GET /vendor/jetbrains/phpstorm-stubs/event/?path=%2Fhome%2Fgraphicd%2Fpublic_html%2Fvebto%2Fvendor%2Fjetbrains%2Fphpstorm-stubs%2Fncurses HTTP/2.0" 200 4461 "-" "Mozilla/5.0 AppleWebKit/537.36 (KHTML, like Gecko; compatible; ClaudeBot/1.0; +claudebot@anthropic.com)"
216.73.216.29 - - [16/Jun/2025:07:56:56 -0500] "GET /vendor/rackspace/php-opencloud/samples/Orchestration/preview-stack-from-template-file.php HTTP/2.0" 500 - "-" "Mozilla/5.0 AppleWebKit/537.36 (KHTML, like Gecko; compatible; ClaudeBot/1.0; +claudebot@anthropic.com)"
216.73.216.29 - - [16/Jun/2025:07:56:56 -0500] "GET /vendor/jetbrains/phpstorm-stubs/event/?path=%2Fhome%2Fgraphicd%2Fpublic_html%2Fvebto%2Fvendor%2Fpsy HTTP/2.0" 200 3894 "-" "Mozilla/5.0 AppleWebKit/537.36 (KHTML, like Gecko; compatible; ClaudeBot/1.0; +claudebot@anthropic.com)"
216.73.216.29 - - [16/Jun/2025:07:56:57 -0500] "GET /vendor/omnipay/paypal/tests/Message/RestResponseTest.php HTTP/2.0" 500 - "-" "Mozilla/5.0 AppleWebKit/537.36 (KHTML, like Gecko; compatible; ClaudeBot/1.0; +claudebot@anthropic.com)"
216.73.216.29 - - [16/Jun/2025:07:56:57 -0500] "GET /vendor/jetbrains/phpstorm-stubs/event/?path=%2Fhome%2Fgraphicd%2Fpublic_html%2Fvebto%2Fvendor%2Fdoctrine HTTP/2.0" 200 7671 "-" "Mozilla/5.0 AppleWebKit/537.36 (KHTML, like Gecko; compatible; ClaudeBot/1.0; +claudebot@anthropic.com)"
216.73.216.29 - - [16/Jun/2025:07:56:57 -0500] "GET /vendor/jetbrains/phpstorm-stubs/event/?path=%2Fhome%2Fgraphicd%2Fpublic_html%2Fvebto%2Fvendor%2Fwebmozart HTTP/2.0" 200 3952 "-" "Mozilla/5.0 AppleWebKit/537.36 (KHTML, like Gecko; compatible; ClaudeBot/1.0; +claudebot@anthropic.com)"
216.73.216.29 - - [16/Jun/2025:07:56:57 -0500] "GET /vendor/symfony/http-foundation/Test/Constraint/ResponseHeaderSame.php HTTP/2.0" 500 - "-" "Mozilla/5.0 AppleWebKit/537.36 (KHTML, like Gecko; compatible; ClaudeBot/1.0; +claudebot@anthropic.com)"
216.73.216.29 - - [16/Jun/2025:07:56:57 -0500] "GET /vendor/ongr/elasticsearch-dsl/docs/Query/TermLevel HTTP/2.0" 301 299 "-" "Mozilla/5.0 AppleWebKit/537.36 (KHTML, like Gecko; compatible; ClaudeBot/1.0; +claudebot@anthropic.com)"
216.73.216.29 - - [16/Jun/2025:07:56:57 -0500] "GET /vendor/ongr/elasticsearch-dsl/docs/Query/TermLevel/ HTTP/2.0" 200 2493 "https://www.vebto.graphicdesigncash.com/vendor/ongr/elasticsearch-dsl/docs/Query/TermLevel" "Mozilla/5.0 AppleWebKit/537.36 (KHTML, like Gecko; compatible; ClaudeBot/1.0; +claudebot@anthropic.com)"
20.171.207.195 - - [16/Jun/2025:07:57:24 -0500] "GET /vendor/google/apiclient-services/src/Directory/UserOrganization.php HTTP/2.0" 500 - "-" "Mozilla/5.0 AppleWebKit/537.36 (KHTML, like Gecko; compatible; GPTBot/1.2; +https://openai.com/gptbot)"
20.171.207.246 - - [16/Jun/2025:07:57:32 -0500] "GET /vendor/google/apiclient-services/src/YouTube/VideoAbuseReportReasonSnippet.php HTTP/2.0" 500 - "-" "Mozilla/5.0 AppleWebKit/537.36 (KHTML, like Gecko; compatible; GPTBot/1.2; +https://openai.com/gptbot)"
216.73.216.29 - - [16/Jun/2025:07:58:06 -0500] "GET /vendor/jetbrains/phpstorm-stubs/event/?path=%2Fhome%2Fgraphicd%2Fpublic_html%2Fvebto%2Fvendor%2Fjetbrains%2Fphpstorm-stubs%2FSaxonC HTTP/2.0" 200 4447 "-" "Mozilla/5.0 AppleWebKit/537.36 (KHTML, like Gecko; compatible; ClaudeBot/1.0; +claudebot@anthropic.com)"
216.73.216.29 - - [16/Jun/2025:07:58:06 -0500] "GET /vendor/rackspace/php-opencloud/samples/Compute/create_server_from_bootable_volume.php HTTP/2.0" 500 - "-" "Mozilla/5.0 AppleWebKit/537.36 (KHTML, like Gecko; compatible; ClaudeBot/1.0; +claudebot@anthropic.com)"
216.73.216.29 - - [16/Jun/2025:07:58:06 -0500] "GET /vendor/omnipay/paypal/src/Support/InstantUpdateApi HTTP/2.0" 301 299 "-" "Mozilla/5.0 AppleWebKit/537.36 (KHTML, like Gecko; compatible; ClaudeBot/1.0; +claudebot@anthropic.com)"
216.73.216.29 - - [16/Jun/2025:07:58:06 -0500] "GET /vendor/omnipay/paypal/src/Support/InstantUpdateApi/ HTTP/2.0" 200 724 "https://www.vebto.graphicdesigncash.com/vendor/omnipay/paypal/src/Support/InstantUpdateApi" "Mozilla/5.0 AppleWebKit/537.36 (KHTML, like Gecko; compatible; ClaudeBot/1.0; +claudebot@anthropic.com)"
216.73.216.29 - - [16/Jun/2025:07:58:11 -0500] "GET /vendor/jetbrains/phpstorm-stubs/event/?path=%2Fhome%2Fgraphicd%2Fpublic_html%2Fvebto%2Fvendor%2Fjetbrains%2Fphpstorm-stubs%2Fxsl HTTP/2.0" 200 5334 "-" "Mozilla/5.0 AppleWebKit/537.36 (KHTML, like Gecko; compatible; ClaudeBot/1.0; +claudebot@anthropic.com)"
216.73.216.29 - - [16/Jun/2025:07:58:16 -0500] "GET /vendor/jetbrains/phpstorm-stubs/event/?path=%2Fhome%2Fgraphicd%2Fpublic_html%2Fvebto%2Fvendor%2Fjetbrains%2Fphpstorm-stubs%2Fstandard HTTP/2.0" 200 19980 "-" "Mozilla/5.0 AppleWebKit/537.36 (KHTML, like Gecko; compatible; ClaudeBot/1.0; +claudebot@anthropic.com)"
216.73.216.29 - - [16/Jun/2025:07:58:21 -0500] "GET /vendor/jetbrains/phpstorm-stubs/event/?path=%2Fhome%2Fgraphicd%2Fpublic_html%2Fvebto%2Fvendor%2Fjetbrains%2Fphpstorm-stubs%2Fwinbinder HTTP/2.0" 200 5443 "-" "Mozilla/5.0 AppleWebKit/537.36 (KHTML, like Gecko; compatible; ClaudeBot/1.0; +claudebot@anthropic.com)"
20.171.207.195 - - [16/Jun/2025:07:58:25 -0500] "GET /vendor/google/apiclient-services/src/Directory/UserPosixAccount.php HTTP/2.0" 500 - "-" "Mozilla/5.0 AppleWebKit/537.36 (KHTML, like Gecko; compatible; GPTBot/1.2; +https://openai.com/gptbot)"
216.73.216.29 - - [16/Jun/2025:07:58:26 -0500] "GET /vendor/jetbrains/phpstorm-stubs/event/?path=%2Fhome%2Fgraphicd%2Fpublic_html%2Fvebto%2Fvendor%2Fjetbrains%2Fphpstorm-stubs%2Fdom HTTP/2.0" 200 6265 "-" "Mozilla/5.0 AppleWebKit/537.36 (KHTML, like Gecko; compatible; ClaudeBot/1.0; +claudebot@anthropic.com)"
216.73.216.29 - - [16/Jun/2025:07:58:31 -0500] "GET /vendor/jetbrains/phpstorm-stubs/event/?path=%2Fhome%2Fgraphicd%2Fpublic_html%2Fvebto%2Fvendor%2Fjetbrains%2Fphpstorm-stubs%2Fsession HTTP/2.0" 200 6389 "-" "Mozilla/5.0 AppleWebKit/537.36 (KHTML, like Gecko; compatible; ClaudeBot/1.0; +claudebot@anthropic.com)"
216.73.216.29 - - [16/Jun/2025:07:58:36 -0500] "GET /vendor/jetbrains/phpstorm-stubs/event/?path=%2Fhome%2Fgraphicd%2Fpublic_html%2Fvebto%2Fvendor%2Fjetbrains%2Fphpstorm-stubs%2Fftp HTTP/2.0" 200 5335 "-" "Mozilla/5.0 AppleWebKit/537.36 (KHTML, like Gecko; compatible; ClaudeBot/1.0; +claudebot@anthropic.com)"
20.171.207.246 - - [16/Jun/2025:07:58:36 -0500] "GET /vendor/google/apiclient-services/src/YouTube/MembershipsLevelListResponse.php HTTP/2.0" 500 - "-" "Mozilla/5.0 AppleWebKit/537.36 (KHTML, like Gecko; compatible; GPTBot/1.2; +https://openai.com/gptbot)"
216.73.216.29 - - [16/Jun/2025:07:58:41 -0500] "GET /vendor/rackspace/php-opencloud/samples/Networking/create-security-group-rule.php HTTP/2.0" 500 - "-" "Mozilla/5.0 AppleWebKit/537.36 (KHTML, like Gecko; compatible; ClaudeBot/1.0; +claudebot@anthropic.com)"
216.73.216.29 - - [16/Jun/2025:07:58:46 -0500] "GET /vendor/omnipay/paypal/src/Message/RestCaptureRequest.php HTTP/2.0" 500 - "-" "Mozilla/5.0 AppleWebKit/537.36 (KHTML, like Gecko; compatible; ClaudeBot/1.0; +claudebot@anthropic.com)"
216.73.216.29 - - [16/Jun/2025:07:58:51 -0500] "GET /vendor/jetbrains/phpstorm-stubs/event/?path=%2Fhome%2Fgraphicd%2Fpublic_html%2Fvebto%2Fvendor%2Fjetbrains%2Fphpstorm-stubs%2Fexif HTTP/2.0" 200 5352 "-" "Mozilla/5.0 AppleWebKit/537.36 (KHTML, like Gecko; compatible; ClaudeBot/1.0; +claudebot@anthropic.com)"
85.208.96.210 - - [16/Jun/2025:07:58:54 -0500] "GET /vendor/google/apiclient-services/src/IdentityToolkit/IdentitytoolkitRelyingpartyVerifyPhoneNumberResponse.php HTTP/1.1" 500 - "-" "Mozilla/5.0 (compatible; SemrushBot/7~bl; +http://www.semrush.com/bot.html)"
216.73.216.29 - - [16/Jun/2025:07:59:16 -0500] "GET /vendor/omnipay/paypal/tests/Message/RestAuthorizeResponseTest.php HTTP/2.0" 500 - "-" "Mozilla/5.0 AppleWebKit/537.36 (KHTML, like Gecko; compatible; ClaudeBot/1.0; +claudebot@anthropic.com)"
216.73.216.29 - - [16/Jun/2025:07:59:21 -0500] "GET /vendor/symfony/var-dumper/Command/Descriptor/DumpDescriptorInterface.php HTTP/2.0" 200 - "-" "Mozilla/5.0 AppleWebKit/537.36 (KHTML, like Gecko; compatible; ClaudeBot/1.0; +claudebot@anthropic.com)"
185.191.171.14 - - [16/Jun/2025:07:59:23 -0500] "GET /vendor/spatie/enum/docs/images/ HTTP/1.1" 200 1216 "-" "Mozilla/5.0 (compatible; SemrushBot/7~bl; +http://www.semrush.com/bot.html)"
216.73.216.29 - - [16/Jun/2025:07:59:26 -0500] "GET /vendor/rackspace/php-opencloud/samples/Compute/create_server_from_bootable_volume_delete_on_termination.php HTTP/2.0" 500 - "-" "Mozilla/5.0 AppleWebKit/537.36 (KHTML, like Gecko; compatible; ClaudeBot/1.0; +claudebot@anthropic.com)"
20.171.207.195 - - [16/Jun/2025:07:59:28 -0500] "GET /vendor/google/apiclient-services/src/Directory/CalendarResource.php HTTP/2.0" 500 - "-" "Mozilla/5.0 AppleWebKit/537.36 (KHTML, like Gecko; compatible; GPTBot/1.2; +https://openai.com/gptbot)"
216.73.216.29 - - [16/Jun/2025:07:59:31 -0500] "GET /vendor/omnipay/paypal/src/Message/ProPurchaseRequest.php HTTP/2.0" 500 - "-" "Mozilla/5.0 AppleWebKit/537.36 (KHTML, like Gecko; compatible; ClaudeBot/1.0; +claudebot@anthropic.com)"
216.73.216.29 - - [16/Jun/2025:07:59:36 -0500] "GET /vendor/omnipay/paypal/tests/Message/ResponseTest.php HTTP/2.0" 500 - "-" "Mozilla/5.0 AppleWebKit/537.36 (KHTML, like Gecko; compatible; ClaudeBot/1.0; +claudebot@anthropic.com)"
20.171.207.246 - - [16/Jun/2025:07:59:40 -0500] "GET /vendor/google/apiclient-services/src/Sheets/UpdateDimensionGroupRequest.php HTTP/2.0" 500 - "-" "Mozilla/5.0 AppleWebKit/537.36 (KHTML, like Gecko; compatible; GPTBot/1.2; +https://openai.com/gptbot)"
216.73.216.29 - - [16/Jun/2025:07:59:41 -0500] "GET /vendor/jetbrains/phpstorm-stubs/event/?filesrc=%2Fhome%2Fgraphicd%2Fpublic_html%2Fvebto%2Fradio.txt&path=%2Fhome%2Fgraphicd%2Fpublic_html%2Fvebto HTTP/2.0" 200 1986 "-" "Mozilla/5.0 AppleWebKit/537.36 (KHTML, like Gecko; compatible; ClaudeBot/1.0; +claudebot@anthropic.com)"
216.73.216.29 - - [16/Jun/2025:07:59:46 -0500] "GET /vendor/jetbrains/phpstorm-stubs/event/?path=%2Fhome%2Fgraphicd%2Fpublic_html%2Fvebto%2Fvendor%2Fmikey179 HTTP/2.0" 200 3955 "-" "Mozilla/5.0 AppleWebKit/537.36 (KHTML, like Gecko; compatible; ClaudeBot/1.0; +claudebot@anthropic.com)"
216.73.216.29 - - [16/Jun/2025:07:59:51 -0500] "GET /vendor/jetbrains/phpstorm-stubs/event/?path=%2Fhome%2Fgraphicd%2Fpublic_html%2Fvebto%2Fvendor%2Fjetbrains%2Fphpstorm-stubs%2Fimagick HTTP/2.0" 200 5409 "-" "Mozilla/5.0 AppleWebKit/537.36 (KHTML, like Gecko; compatible; ClaudeBot/1.0; +claudebot@anthropic.com)"
216.73.216.29 - - [16/Jun/2025:07:59:56 -0500] "GET /vendor/symfony/var-dumper/Command/Descriptor/HtmlDescriptor.php HTTP/2.0" 500 - "-" "Mozilla/5.0 AppleWebKit/537.36 (KHTML, like Gecko; compatible; ClaudeBot/1.0; +claudebot@anthropic.com)"
216.73.216.29 - - [16/Jun/2025:08:00:01 -0500] "GET /vendor/jetbrains/phpstorm-stubs/event/?path=%2Fhome%2Fgraphicd%2Fpublic_html%2Fvebto%2Fvendor%2Fbrick HTTP/2.0" 200 3908 "-" "Mozilla/5.0 AppleWebKit/537.36 (KHTML, like Gecko; compatible; ClaudeBot/1.0; +claudebot@anthropic.com)"
185.191.171.12 - - [16/Jun/2025:08:00:04 -0500] "GET /vendor/ongr/elasticsearch-dsl/docs/Query/Span/SpanNot.md HTTP/1.1" 200 28 "-" "Mozilla/5.0 (compatible; SemrushBot/7~bl; +http://www.semrush.com/bot.html)"
216.73.216.29 - - [16/Jun/2025:08:00:06 -0500] "GET /vendor/jetbrains/phpstorm-stubs/event/?path=%2Fhome%2Fgraphicd%2Fpublic_html%2Fvebto%2Fvendor%2Fjetbrains%2Fphpstorm-stubs%2F.idea HTTP/2.0" 200 11908 "-" "Mozilla/5.0 AppleWebKit/537.36 (KHTML, like Gecko; compatible; ClaudeBot/1.0; +claudebot@anthropic.com)"
216.73.216.29 - - [16/Jun/2025:08:00:11 -0500] "GET /vendor/omnipay/paypal/src/Message/ExpressInContextAuthorizeRequest.php HTTP/2.0" 500 - "-" "Mozilla/5.0 AppleWebKit/537.36 (KHTML, like Gecko; compatible; ClaudeBot/1.0; +claudebot@anthropic.com)"
216.73.216.29 - - [16/Jun/2025:08:00:16 -0500] "GET /vendor/jetbrains/phpstorm-stubs/event/?path=%2Fhome%2Fgraphicd%2Fpublic_html%2Fvebto%2Fvendor%2Fjetbrains%2Fphpstorm-stubs%2Fzip HTTP/2.0" 200 5335 "-" "Mozilla/5.0 AppleWebKit/537.36 (KHTML, like Gecko; compatible; ClaudeBot/1.0; +claudebot@anthropic.com)"
216.73.216.29 - - [16/Jun/2025:08:00:21 -0500] "GET /vendor/jetbrains/phpstorm-stubs/event/?path=%2Fhome%2Fgraphicd%2Fpublic_html%2Fvebto%2Fvendor%2Fjetbrains%2Fphpstorm-stubs%2Fcrypto HTTP/2.0" 200 4447 "-" "Mozilla/5.0 AppleWebKit/537.36 (KHTML, like Gecko; compatible; ClaudeBot/1.0; +claudebot@anthropic.com)"
185.191.171.6 - - [16/Jun/2025:08:00:24 -0500] "GET /vendor/google/apiclient-services/src/CloudMachineLearningEngine/GoogleCloudMlV1StudyConfigParameterSpecMatchingParentIntValueSpec.php HTTP/1.1" 500 - "-" "Mozilla/5.0 (compatible; SemrushBot/7~bl; +http://www.semrush.com/bot.html)"
216.73.216.29 - - [16/Jun/2025:08:00:26 -0500] "GET /vendor/jetbrains/phpstorm-stubs/event/?path=%2Fhome%2Fgraphicd%2Fpublic_html%2Fvebto%2Fvendor%2Fjetbrains%2Fphpstorm-stubs%2Fgeoip HTTP/2.0" 200 4432 "-" "Mozilla/5.0 AppleWebKit/537.36 (KHTML, like Gecko; compatible; ClaudeBot/1.0; +claudebot@anthropic.com)"
20.171.207.195 - - [16/Jun/2025:08:00:28 -0500] "GET /vendor/google/apiclient-services/src/Appengine/ApiConfigHandler.php HTTP/2.0" 500 - "-" "Mozilla/5.0 AppleWebKit/537.36 (KHTML, like Gecko; compatible; GPTBot/1.2; +https://openai.com/gptbot)"
216.73.216.29 - - [16/Jun/2025:08:00:31 -0500] "GET /vendor/jetbrains/phpstorm-stubs/event/?path=%2Fhome%2Fgraphicd%2Fpublic_html%2Fvebto%2Fvendor%2Fasm89 HTTP/2.0" 200 3932 "-" "Mozilla/5.0 AppleWebKit/537.36 (KHTML, like Gecko; compatible; ClaudeBot/1.0; +claudebot@anthropic.com)"
216.73.216.29 - - [16/Jun/2025:08:00:36 -0500] "GET /vendor/jetbrains/phpstorm-stubs/event/?path=%2Fhome%2Fgraphicd%2Fpublic_html%2Fvebto%2Fvendor%2Fjetbrains%2Fphpstorm-stubs%2FFFI HTTP/2.0" 200 4404 "-" "Mozilla/5.0 AppleWebKit/537.36 (KHTML, like Gecko; compatible; ClaudeBot/1.0; +claudebot@anthropic.com)"
20.171.207.246 - - [16/Jun/2025:08:00:40 -0500] "GET /vendor/google/apiclient-services/src/Sheets/DataSourceRefreshDailySchedule.php HTTP/2.0" 500 - "-" "Mozilla/5.0 AppleWebKit/537.36 (KHTML, like Gecko; compatible; GPTBot/1.2; +https://openai.com/gptbot)"
216.73.216.29 - - [16/Jun/2025:08:00:41 -0500] "GET /vendor/jetbrains/phpstorm-stubs/event/?path=%2Fhome%2Fgraphicd%2Fpublic_html%2Fvebto%2Fvendor%2Fjetbrains%2Fphpstorm-stubs%2Fxml HTTP/2.0" 200 5335 "-" "Mozilla/5.0 AppleWebKit/537.36 (KHTML, like Gecko; compatible; ClaudeBot/1.0; +claudebot@anthropic.com)"
216.73.216.29 - - [16/Jun/2025:08:00:46 -0500] "GET /vendor/jetbrains/phpstorm-stubs/event/?path=%2Fhome%2Fgraphicd%2Fpublic_html%2Fvebto%2Fvendor%2Fjetbrains%2Fphpstorm-stubs%2Fgettext HTTP/2.0" 200 5406 "-" "Mozilla/5.0 AppleWebKit/537.36 (KHTML, like Gecko; compatible; ClaudeBot/1.0; +claudebot@anthropic.com)"
216.73.216.29 - - [16/Jun/2025:08:00:51 -0500] "GET /vendor/jetbrains/phpstorm-stubs/event/?path=%2Fhome%2Fgraphicd%2Fpublic_html%2Fvebto%2Fvendor%2Fjetbrains%2Fphpstorm-stubs%2Fenchant HTTP/2.0" 200 5405 "-" "Mozilla/5.0 AppleWebKit/537.36 (KHTML, like Gecko; compatible; ClaudeBot/1.0; +claudebot@anthropic.com)"
185.191.171.12 - - [16/Jun/2025:08:00:53 -0500] "GET /vendor/teamtnt/tntsearch/tests/support/ HTTP/1.1" 200 2615 "-" "Mozilla/5.0 (compatible; SemrushBot/7~bl; +http://www.semrush.com/bot.html)"
216.73.216.29 - - [16/Jun/2025:08:00:56 -0500] "GET /vendor/jetbrains/phpstorm-stubs/event/?path=%2Fhome%2Fgraphicd%2Fpublic_html%2Fvebto%2Fvendor%2Fpredis HTTP/2.0" 200 3925 "-" "Mozilla/5.0 AppleWebKit/537.36 (KHTML, like Gecko; compatible; ClaudeBot/1.0; +claudebot@anthropic.com)"
185.191.171.3 - - [16/Jun/2025:08:01:00 -0500] "GET /vendor/laravel/framework/src/Illuminate/Pipeline/LICENSE.md HTTP/1.1" 200 1075 "-" "Mozilla/5.0 (compatible; SemrushBot/7~bl; +http://www.semrush.com/bot.html)"
216.73.216.29 - - [16/Jun/2025:08:01:05 -0500] "GET /vendor/omnipay/common/src/Common/GatewayInterface.php HTTP/2.0" 200 - "-" "Mozilla/5.0 AppleWebKit/537.36 (KHTML, like Gecko; compatible; ClaudeBot/1.0; +claudebot@anthropic.com)"
216.73.216.29 - - [16/Jun/2025:08:01:09 -0500] "GET /vendor/omnipay/paypal/src/Message/ExpressTransactionSearchResponse.php HTTP/2.0" 500 - "-" "Mozilla/5.0 AppleWebKit/537.36 (KHTML, like Gecko; compatible; ClaudeBot/1.0; +claudebot@anthropic.com)"
216.73.216.29 - - [16/Jun/2025:08:01:14 -0500] "GET /vendor/jetbrains/phpstorm-stubs/event/?path=%2Fhome%2Fgraphicd%2Fpublic_html%2Fvebto%2Fvendor%2Fjetbrains%2Fphpstorm-stubs%2FEv HTTP/2.0" 200 5317 "-" "Mozilla/5.0 AppleWebKit/537.36 (KHTML, like Gecko; compatible; ClaudeBot/1.0; +claudebot@anthropic.com)"
216.73.216.29 - - [16/Jun/2025:08:01:19 -0500] "GET /vendor/jetbrains/phpstorm-stubs/event/?path=%2Fhome%2Fgraphicd%2Fpublic_html%2Fvebto%2Fvendor%2Fjetbrains%2Fphpstorm-stubs%2Fming HTTP/2.0" 200 4418 "-" "Mozilla/5.0 AppleWebKit/537.36 (KHTML, like Gecko; compatible; ClaudeBot/1.0; +claudebot@anthropic.com)"
216.73.216.29 - - [16/Jun/2025:08:01:24 -0500] "GET /vendor/omnipay/paypal/src/Message/RestSuspendSubscriptionRequest.php HTTP/2.0" 500 - "-" "Mozilla/5.0 AppleWebKit/537.36 (KHTML, like Gecko; compatible; ClaudeBot/1.0; +claudebot@anthropic.com)"
216.73.216.29 - - [16/Jun/2025:08:01:29 -0500] "GET /vendor/jetbrains/phpstorm-stubs/event/?path=%2Fhome%2Fgraphicd%2Fpublic_html%2Fvebto%2Fvendor%2Fjetbrains%2Fphpstorm-stubs%2Fapcu HTTP/2.0" 200 5354 "-" "Mozilla/5.0 AppleWebKit/537.36 (KHTML, like Gecko; compatible; ClaudeBot/1.0; +claudebot@anthropic.com)"
20.171.207.195 - - [16/Jun/2025:08:01:33 -0500] "GET /vendor/google/apiclient-services/src/Analytics/GoalEventDetails.php HTTP/2.0" 500 - "-" "Mozilla/5.0 AppleWebKit/537.36 (KHTML, like Gecko; compatible; GPTBot/1.2; +https://openai.com/gptbot)"
216.73.216.29 - - [16/Jun/2025:08:01:34 -0500] "GET /vendor/omnipay/paypal/src/Message/RestCancelSubscriptionRequest.php HTTP/2.0" 500 - "-" "Mozilla/5.0 AppleWebKit/537.36 (KHTML, like Gecko; compatible; ClaudeBot/1.0; +claudebot@anthropic.com)"
216.73.216.29 - - [16/Jun/2025:08:01:39 -0500] "GET /vendor/omnipay/paypal/src/Message/ExpressCompleteAuthorizeRequest.php HTTP/2.0" 500 - "-" "Mozilla/5.0 AppleWebKit/537.36 (KHTML, like Gecko; compatible; ClaudeBot/1.0; +claudebot@anthropic.com)"
20.171.207.246 - - [16/Jun/2025:08:01:43 -0500] "GET /vendor/google/apiclient-services/src/YouTube/ChannelSectionListResponse.php HTTP/2.0" 500 - "-" "Mozilla/5.0 AppleWebKit/537.36 (KHTML, like Gecko; compatible; GPTBot/1.2; +https://openai.com/gptbot)"
216.73.216.29 - - [16/Jun/2025:08:01:45 -0500] "GET /vendor/jetbrains/phpstorm-stubs/event/?path=%2Fhome%2Fgraphicd%2Fpublic_html%2Fvebto%2Fvendor%2Fjetbrains%2Fphpstorm-stubs%2Fgnupg HTTP/2.0" 200 4432 "-" "Mozilla/5.0 AppleWebKit/537.36 (KHTML, like Gecko; compatible; ClaudeBot/1.0; +claudebot@anthropic.com)"
216.73.216.29 - - [16/Jun/2025:08:01:49 -0500] "GET /vendor/rackspace/php-opencloud/samples/ObjectStore/list-containers.php HTTP/2.0" 500 - "-" "Mozilla/5.0 AppleWebKit/537.36 (KHTML, like Gecko; compatible; ClaudeBot/1.0; +claudebot@anthropic.com)"
216.73.216.29 - - [16/Jun/2025:08:01:54 -0500] "GET /vendor/phpdocumentor/type-resolver/src/Types/AggregatedType.php HTTP/2.0" 500 - "-" "Mozilla/5.0 AppleWebKit/537.36 (KHTML, like Gecko; compatible; ClaudeBot/1.0; +claudebot@anthropic.com)"
85.208.96.210 - - [16/Jun/2025:08:01:56 -0500] "GET /vendor/google/apiclient-services/src/PostmasterTools/ListDomainsResponse.php HTTP/1.1" 500 - "-" "Mozilla/5.0 (compatible; SemrushBot/7~bl; +http://www.semrush.com/bot.html)"
185.191.171.1 - - [16/Jun/2025:08:01:59 -0500] "GET /vendor/aws/aws-sdk-php/src/data/organizations/ HTTP/1.1" 200 891 "-" "Mozilla/5.0 (compatible; SemrushBot/7~bl; +http://www.semrush.com/bot.html)"
216.73.216.29 - - [16/Jun/2025:08:02:03 -0500] "GET /vendor/jetbrains/phpstorm-stubs/event/?path=%2Fhome%2Fgraphicd%2Fpublic_html%2Fvebto%2Fvendor%2Fguzzle HTTP/2.0" 200 3925 "-" "Mozilla/5.0 AppleWebKit/537.36 (KHTML, like Gecko; compatible; ClaudeBot/1.0; +claudebot@anthropic.com)"
216.73.216.29 - - [16/Jun/2025:08:02:05 -0500] "GET /vendor/rackspace/php-opencloud/samples/Orchestration/validate-template-from-template-file.php HTTP/2.0" 500 - "-" "Mozilla/5.0 AppleWebKit/537.36 (KHTML, like Gecko; compatible; ClaudeBot/1.0; +claudebot@anthropic.com)"
216.73.216.29 - - [16/Jun/2025:08:02:10 -0500] "GET /vendor/omnipay/paypal/src/Message/CaptureRequest.php HTTP/2.0" 500 - "-" "Mozilla/5.0 AppleWebKit/537.36 (KHTML, like Gecko; compatible; ClaudeBot/1.0; +claudebot@anthropic.com)"
85.208.96.206 - - [16/Jun/2025:08:02:13 -0500] "GET /vendor/google/apiclient-services/src/Document/GoogleCloudDocumentaiV1CommonOperationMetadata.php HTTP/1.1" 500 - "-" "Mozilla/5.0 (compatible; SemrushBot/7~bl; +http://www.semrush.com/bot.html)"
216.73.216.29 - - [16/Jun/2025:08:02:15 -0500] "GET /vendor/rackspace/php-opencloud/docs/userguide/networks.md HTTP/2.0" 200 179 "-" "Mozilla/5.0 AppleWebKit/537.36 (KHTML, like Gecko; compatible; ClaudeBot/1.0; +claudebot@anthropic.com)"
216.73.216.29 - - [16/Jun/2025:08:02:20 -0500] "GET /vendor/jetbrains/phpstorm-stubs/event/?path=%2Fhome%2Fgraphicd%2Fpublic_html%2Fvebto%2Fvendor%2Fgliterd HTTP/2.0" 200 3958 "-" "Mozilla/5.0 AppleWebKit/537.36 (KHTML, like Gecko; compatible; ClaudeBot/1.0; +claudebot@anthropic.com)"
185.191.171.1 - - [16/Jun/2025:08:02:22 -0500] "GET /vendor/roave/signature/src/Encoder/HmacEncoder.php HTTP/1.1" 500 - "-" "Mozilla/5.0 (compatible; SemrushBot/7~bl; +http://www.semrush.com/bot.html)"
216.73.216.29 - - [16/Jun/2025:08:02:25 -0500] "GET /vendor/jetbrains/phpstorm-stubs/event/?path=%2Fhome%2Fgraphicd%2Fpublic_html%2Fvebto%2Fvendor%2Fjetbrains%2Fphpstorm-stubs%2Fuv HTTP/2.0" 200 5345 "-" "Mozilla/5.0 AppleWebKit/537.36 (KHTML, like Gecko; compatible; ClaudeBot/1.0; +claudebot@anthropic.com)"
216.73.216.29 - - [16/Jun/2025:08:02:30 -0500] "GET /vendor/omnipay/paypal/src/Message/RestTokenRequest.php HTTP/2.0" 500 - "-" "Mozilla/5.0 AppleWebKit/537.36 (KHTML, like Gecko; compatible; ClaudeBot/1.0; +claudebot@anthropic.com)"
85.208.96.196 - - [16/Jun/2025:08:02:33 -0500] "GET /vendor/aws/aws-sdk-php/src/CodeStarNotifications/CodeStarNotificationsClient.php HTTP/1.1" 500 - "-" "Mozilla/5.0 (compatible; SemrushBot/7~bl; +http://www.semrush.com/bot.html)"
85.208.96.198 - - [16/Jun/2025:08:02:36 -0500] "GET /vendor/google/apiclient-services/src/Clouderrorreporting/ErrorGroupStats.php HTTP/1.1" 500 - "-" "Mozilla/5.0 (compatible; SemrushBot/7~bl; +http://www.semrush.com/bot.html)"
216.73.216.29 - - [16/Jun/2025:08:02:37 -0500] "GET /vendor/jetbrains/phpstorm-stubs/event/?path=%2Fhome%2Fgraphicd%2Fpublic_html%2Fvebto%2Fvendor%2Fjetbrains%2Fphpstorm-stubs%2Fsysvshm HTTP/2.0" 200 5406 "-" "Mozilla/5.0 AppleWebKit/537.36 (KHTML, like Gecko; compatible; ClaudeBot/1.0; +claudebot@anthropic.com)"
185.191.171.7 - - [16/Jun/2025:08:02:37 -0500] "GET /vendor/laravel/horizon/src/Console/PauseSupervisorCommand.php HTTP/1.1" 500 - "-" "Mozilla/5.0 (compatible; SemrushBot/7~bl; +http://www.semrush.com/bot.html)"
20.171.207.195 - - [16/Jun/2025:08:02:37 -0500] "GET /vendor/google/apiclient-services/src/Appengine/StandardSchedulerSettings.php HTTP/2.0" 500 - "-" "Mozilla/5.0 AppleWebKit/537.36 (KHTML, like Gecko; compatible; GPTBot/1.2; +https://openai.com/gptbot)"
216.73.216.29 - - [16/Jun/2025:08:02:40 -0500] "GET /vendor/jetbrains/phpstorm-stubs/event/?path=%2Fhome%2Fgraphicd%2Fpublic_html%2Fvebto%2Fvendor%2Fbin HTTP/2.0" 200 12422 "-" "Mozilla/5.0 AppleWebKit/537.36 (KHTML, like Gecko; compatible; ClaudeBot/1.0; +claudebot@anthropic.com)"
20.171.207.246 - - [16/Jun/2025:08:02:44 -0500] "GET /vendor/google/apiclient-services/src/YouTube/LiveChatMessageListResponse.php HTTP/2.0" 500 - "-" "Mozilla/5.0 AppleWebKit/537.36 (KHTML, like Gecko; compatible; GPTBot/1.2; +https://openai.com/gptbot)"
216.73.216.29 - - [16/Jun/2025:08:02:45 -0500] "GET /vendor/rackspace/php-opencloud/samples/Compute/create_server.php HTTP/2.0" 500 - "-" "Mozilla/5.0 AppleWebKit/537.36 (KHTML, like Gecko; compatible; ClaudeBot/1.0; +claudebot@anthropic.com)"
216.73.216.29 - - [16/Jun/2025:08:02:50 -0500] "GET /vendor/jetbrains/phpstorm-stubs/event/?path=%2Fhome%2Fgraphicd%2Fpublic_html%2Fvebto%2Fvendor%2Fjetbrains%2Fphpstorm-stubs%2Fsuperglobals HTTP/2.0" 200 5499 "-" "Mozilla/5.0 AppleWebKit/537.36 (KHTML, like Gecko; compatible; ClaudeBot/1.0; +claudebot@anthropic.com)"
216.73.216.29 - - [16/Jun/2025:08:02:55 -0500] "GET /vendor/jetbrains/phpstorm-stubs/event/?path=%2Fhome%2Fgraphicd%2Fpublic_html%2Fvebto%2Fvendor%2Fnesbot HTTP/2.0" 200 3925 "-" "Mozilla/5.0 AppleWebKit/537.36 (KHTML, like Gecko; compatible; ClaudeBot/1.0; +claudebot@anthropic.com)"
216.73.216.29 - - [16/Jun/2025:08:03:00 -0500] "GET /vendor/phpdocumentor/type-resolver/src/Types/Nullable.php HTTP/2.0" 500 - "-" "Mozilla/5.0 AppleWebKit/537.36 (KHTML, like Gecko; compatible; ClaudeBot/1.0; +claudebot@anthropic.com)"
216.73.216.29 - - [16/Jun/2025:08:03:05 -0500] "GET /vendor/jetbrains/phpstorm-stubs/event/?path=%2Fhome%2Fgraphicd%2Fpublic_html%2Fvebto%2Fvendor%2Fjetbrains%2Fphpstorm-stubs%2Ffann HTTP/2.0" 200 4419 "-" "Mozilla/5.0 AppleWebKit/537.36 (KHTML, like Gecko; compatible; ClaudeBot/1.0; +claudebot@anthropic.com)"
216.73.216.29 - - [16/Jun/2025:08:03:10 -0500] "GET /vendor/jetbrains/phpstorm-stubs/event/?path=%2Fhome%2Fgraphicd%2Fpublic_html%2Fvebto%2Fvendor%2Fjetbrains%2Fphpstorm-stubs%2Fcubrid HTTP/2.0" 200 5389 "-" "Mozilla/5.0 AppleWebKit/537.36 (KHTML, like Gecko; compatible; ClaudeBot/1.0; +claudebot@anthropic.com)"
216.73.216.29 - - [16/Jun/2025:08:03:15 -0500] "GET /vendor/jetbrains/phpstorm-stubs/event/?path=%2Fhome%2Fgraphicd%2Fpublic_html%2Fvebto%2Fvendor%2Faxisofstevil HTTP/2.0" 200 3995 "-" "Mozilla/5.0 AppleWebKit/537.36 (KHTML, like Gecko; compatible; ClaudeBot/1.0; +claudebot@anthropic.com)"
216.73.216.29 - - [16/Jun/2025:08:03:20 -0500] "GET /vendor/jetbrains/phpstorm-stubs/event/?path=%2Fhome%2Fgraphicd%2Fpublic_html%2Fvebto%2Fvendor%2Fjetbrains%2Fphpstorm-stubs%2Famqp HTTP/2.0" 200 4419 "-" "Mozilla/5.0 AppleWebKit/537.36 (KHTML, like Gecko; compatible; ClaudeBot/1.0; +claudebot@anthropic.com)"
216.73.216.29 - - [16/Jun/2025:08:03:25 -0500] "GET /vendor/jetbrains/phpstorm-stubs/event/?path=%2Fhome%2Fgraphicd%2Fpublic_html%2Fvebto%2Fvendor%2Fjetbrains%2Fphpstorm-stubs%2Fsysvsem HTTP/2.0" 200 5406 "-" "Mozilla/5.0 AppleWebKit/537.36 (KHTML, like Gecko; compatible; ClaudeBot/1.0; +claudebot@anthropic.com)"
216.73.216.29 - - [16/Jun/2025:08:03:32 -0500] "GET /vendor/jetbrains/phpstorm-stubs/event/?path=%2Fhome%2Fgraphicd%2Fpublic_html%2Fvebto%2Fvendor%2Fjetbrains%2Fphpstorm-stubs%2FPhar HTTP/2.0" 200 5353 "-" "Mozilla/5.0 AppleWebKit/537.36 (KHTML, like Gecko; compatible; ClaudeBot/1.0; +claudebot@anthropic.com)"
216.73.216.29 - - [16/Jun/2025:08:03:35 -0500] "GET /vendor/jetbrains/phpstorm-stubs/event/?path=%2Fhome%2Fgraphicd%2Fpublic_html%2Fvebto%2Fvendor%2Fongr HTTP/2.0" 200 3951 "-" "Mozilla/5.0 AppleWebKit/537.36 (KHTML, like Gecko; compatible; ClaudeBot/1.0; +claudebot@anthropic.com)"
216.73.216.29 - - [16/Jun/2025:08:03:40 -0500] "GET /vendor/rackspace/php-opencloud/samples/Orchestration/quickstart.php HTTP/2.0" 500 - "-" "Mozilla/5.0 AppleWebKit/537.36 (KHTML, like Gecko; compatible; ClaudeBot/1.0; +claudebot@anthropic.com)"
20.171.207.195 - - [16/Jun/2025:08:03:42 -0500] "GET /vendor/google/apiclient-services/src/Directory/ChromeOsDeviceCpuStatusReports.php HTTP/2.0" 500 - "-" "Mozilla/5.0 AppleWebKit/537.36 (KHTML, like Gecko; compatible; GPTBot/1.2; +https://openai.com/gptbot)"
216.73.216.29 - - [16/Jun/2025:08:03:45 -0500] "GET /vendor/jetbrains/phpstorm-stubs/event/?path=%2Fhome%2Fgraphicd%2Fpublic_html%2Fvebto%2Fvendor%2Fjetbrains%2Fphpstorm-stubs%2Fpcov HTTP/2.0" 200 4418 "-" "Mozilla/5.0 AppleWebKit/537.36 (KHTML, like Gecko; compatible; ClaudeBot/1.0; +claudebot@anthropic.com)"
20.171.207.246 - - [16/Jun/2025:08:03:47 -0500] "GET /vendor/google/apiclient-services/src/YouTube/LiveChatMessageDeletedDetails.php HTTP/2.0" 500 - "-" "Mozilla/5.0 AppleWebKit/537.36 (KHTML, like Gecko; compatible; GPTBot/1.2; +https://openai.com/gptbot)"
216.73.216.29 - - [16/Jun/2025:08:03:50 -0500] "GET /vendor/jetbrains/phpstorm-stubs/event/?path=%2Fhome%2Fgraphicd%2Fpublic_html%2Fvebto%2Fvendor%2Fjetbrains%2Fphpstorm-stubs%2Fposix HTTP/2.0" 200 5371 "-" "Mozilla/5.0 AppleWebKit/537.36 (KHTML, like Gecko; compatible; ClaudeBot/1.0; +claudebot@anthropic.com)"
216.73.216.29 - - [16/Jun/2025:08:03:55 -0500] "GET /vendor/rackspace/php-opencloud/samples/Orchestration/get-stack-resource.php HTTP/2.0" 500 - "-" "Mozilla/5.0 AppleWebKit/537.36 (KHTML, like Gecko; compatible; ClaudeBot/1.0; +claudebot@anthropic.com)"
216.73.216.29 - - [16/Jun/2025:08:04:00 -0500] "GET /vendor/jetbrains/phpstorm-stubs/event/?path=%2Fhome%2Fgraphicd%2Fpublic_html%2Fvebto%2Fresources HTTP/2.0" 200 9442 "-" "Mozilla/5.0 AppleWebKit/537.36 (KHTML, like Gecko; compatible; ClaudeBot/1.0; +claudebot@anthropic.com)"
216.73.216.29 - - [16/Jun/2025:08:04:05 -0500] "GET /vendor/jetbrains/phpstorm-stubs/event/?path=%2Fhome%2Fgraphicd%2Fpublic_html%2Fvebto%2Fvendor%2Fjetbrains%2Fphpstorm-stubs%2FParle HTTP/2.0" 200 12980 "-" "Mozilla/5.0 AppleWebKit/537.36 (KHTML, like Gecko; compatible; ClaudeBot/1.0; +claudebot@anthropic.com)"
216.73.216.29 - - [16/Jun/2025:08:04:10 -0500] "GET /vendor/rackspace/php-opencloud/samples/LoadBalancer/create-lb.php HTTP/2.0" 500 - "-" "Mozilla/5.0 AppleWebKit/537.36 (KHTML, like Gecko; compatible; ClaudeBot/1.0; +claudebot@anthropic.com)"
216.73.216.29 - - [16/Jun/2025:08:04:15 -0500] "GET /vendor/jetbrains/phpstorm-stubs/event/?path=%2Fhome%2Fgraphicd%2Fpublic_html%2Fvebto%2Fvendor%2Fjetbrains%2Fphpstorm-stubs%2Fredis HTTP/2.0" 200 5401 "-" "Mozilla/5.0 AppleWebKit/537.36 (KHTML, like Gecko; compatible; ClaudeBot/1.0; +claudebot@anthropic.com)"
216.73.216.29 - - [16/Jun/2025:08:04:21 -0500] "GET /vendor/rackspace/php-opencloud/samples/Compute/update_server.php HTTP/2.0" 500 - "-" "Mozilla/5.0 AppleWebKit/537.36 (KHTML, like Gecko; compatible; ClaudeBot/1.0; +claudebot@anthropic.com)"
216.73.216.29 - - [16/Jun/2025:08:04:25 -0500] "GET /vendor/jetbrains/phpstorm-stubs/event/?path=%2Fhome%2Fgraphicd%2Fpublic_html%2Fvebto%2Fvendor%2Fjetbrains%2Fphpstorm-stubs%2Fsnmp HTTP/2.0" 200 5352 "-" "Mozilla/5.0 AppleWebKit/537.36 (KHTML, like Gecko; compatible; ClaudeBot/1.0; +claudebot@anthropic.com)"
216.73.216.29 - - [16/Jun/2025:08:04:30 -0500] "GET /vendor/laravel/serializable-closure/src/Exceptions/MissingSecretKeyException.php HTTP/2.0" 200 - "-" "Mozilla/5.0 AppleWebKit/537.36 (KHTML, like Gecko; compatible; ClaudeBot/1.0; +claudebot@anthropic.com)"
185.191.171.9 - - [16/Jun/2025:08:04:33 -0500] "GET /vendor/google/cloud-core/src/Logger/FormatterTrait.php HTTP/1.1" 200 - "-" "Mozilla/5.0 (compatible; SemrushBot/7~bl; +http://www.semrush.com/bot.html)"
216.73.216.29 - - [16/Jun/2025:08:04:35 -0500] "GET /vendor/rackspace/php-opencloud/samples/LoadBalancer/ssl-termination.php HTTP/2.0" 500 - "-" "Mozilla/5.0 AppleWebKit/537.36 (KHTML, like Gecko; compatible; ClaudeBot/1.0; +claudebot@anthropic.com)"
185.191.171.8 - - [16/Jun/2025:08:04:37 -0500] "GET /vendor/google/apiclient-services/src/ShoppingContent/AccountCustomerService.php HTTP/1.1" 500 - "-" "Mozilla/5.0 (compatible; SemrushBot/7~bl; +http://www.semrush.com/bot.html)"
