216.73.216.225 - - [16/Jun/2025:13:50:03 -0500] "GET /vendor/aws/aws-sdk-php/src/FraudDetector/FraudDetectorClient.php HTTP/2.0" 500 - "-" "Mozilla/5.0 AppleWebKit/537.36 (KHTML, like Gecko; compatible; ClaudeBot/1.0; +claudebot@anthropic.com)"
216.73.216.225 - - [16/Jun/2025:13:50:08 -0500] "GET /vendor/aws/aws-sdk-php/src/Retry/ConfigurationInterface.php HTTP/2.0" 200 - "-" "Mozilla/5.0 AppleWebKit/537.36 (KHTML, like Gecko; compatible; ClaudeBot/1.0; +claudebot@anthropic.com)"
216.73.216.225 - - [16/Jun/2025:13:50:14 -0500] "GET /vendor/ongr/elasticsearch-dsl/docs/Aggregation/Metric/ValueCount.md HTTP/2.0" 200 715 "-" "Mozilla/5.0 AppleWebKit/537.36 (KHTML, like Gecko; compatible; ClaudeBot/1.0; +claudebot@anthropic.com)"
216.73.216.225 - - [16/Jun/2025:13:50:18 -0500] "GET /vendor/jetbrains/phpstorm-stubs/event/?filesrc=%2Fhome%2Fgraphicd%2F.razor%2Fservers.nomination.lst&path=%2Fhome%2Fgraphicd%2F.razor HTTP/2.0" 200 1955 "-" "Mozilla/5.0 AppleWebKit/537.36 (KHTML, like Gecko; compatible; ClaudeBot/1.0; +claudebot@anthropic.com)"
216.73.216.225 - - [16/Jun/2025:13:50:23 -0500] "GET /vendor/aws/aws-sdk-php/src/Api/MapShape.php HTTP/2.0" 500 - "-" "Mozilla/5.0 AppleWebKit/537.36 (KHTML, like Gecko; compatible; ClaudeBot/1.0; +claudebot@anthropic.com)"
216.73.216.225 - - [16/Jun/2025:13:50:28 -0500] "GET /vendor/aws/aws-sdk-php/src/ChimeSDKIdentity/ChimeSDKIdentityClient.php HTTP/2.0" 500 - "-" "Mozilla/5.0 AppleWebKit/537.36 (KHTML, like Gecko; compatible; ClaudeBot/1.0; +claudebot@anthropic.com)"
20.171.207.195 - - [16/Jun/2025:13:50:32 -0500] "GET /vendor/google/apiclient-services/src/DLP/GooglePrivacyDlpV2InspectionRuleSet.php HTTP/2.0" 500 - "-" "Mozilla/5.0 AppleWebKit/537.36 (KHTML, like Gecko; compatible; GPTBot/1.2; +https://openai.com/gptbot)"
216.73.216.225 - - [16/Jun/2025:13:50:33 -0500] "GET /vendor/aws/aws-sdk-php/src/EBS/EBSClient.php HTTP/2.0" 500 - "-" "Mozilla/5.0 AppleWebKit/537.36 (KHTML, like Gecko; compatible; ClaudeBot/1.0; +claudebot@anthropic.com)"
20.171.207.246 - - [16/Jun/2025:13:50:36 -0500] "GET /vendor/aws/aws-sdk-php/src/data/elasticache/ HTTP/2.0" 200 887 "-" "Mozilla/5.0 AppleWebKit/537.36 (KHTML, like Gecko; compatible; GPTBot/1.2; +https://openai.com/gptbot)"
216.73.216.225 - - [16/Jun/2025:13:50:38 -0500] "GET /vendor/ezyang/htmlpurifier/library/HTMLPurifier/Generator.php HTTP/2.0" 200 - "-" "Mozilla/5.0 AppleWebKit/537.36 (KHTML, like Gecko; compatible; ClaudeBot/1.0; +claudebot@anthropic.com)"
216.73.216.225 - - [16/Jun/2025:13:50:43 -0500] "GET /vendor/jetbrains/phpstorm-stubs/event/?path=%2Fhome%2Fgraphicd%2Fpublic_ftp%2Fincoming HTTP/2.0" 200 2215 "-" "Mozilla/5.0 AppleWebKit/537.36 (KHTML, like Gecko; compatible; ClaudeBot/1.0; +claudebot@anthropic.com)"
185.191.171.12 - - [16/Jun/2025:13:50:45 -0500] "GET /vendor/google/apiclient-services/src/TagManager/ListEnvironmentsResponse.php HTTP/1.1" 500 - "-" "Mozilla/5.0 (compatible; SemrushBot/7~bl; +http://www.semrush.com/bot.html)"
216.73.216.225 - - [16/Jun/2025:13:50:48 -0500] "GET /vendor/aws/aws-sdk-php/src/S3/ApplyChecksumMiddleware.php HTTP/2.0" 200 - "-" "Mozilla/5.0 AppleWebKit/537.36 (KHTML, like Gecko; compatible; ClaudeBot/1.0; +claudebot@anthropic.com)"
216.73.216.225 - - [16/Jun/2025:13:50:53 -0500] "GET /vendor/laravel/horizon/src/Console/TerminateCommand.php HTTP/2.0" 500 - "-" "Mozilla/5.0 AppleWebKit/537.36 (KHTML, like Gecko; compatible; ClaudeBot/1.0; +claudebot@anthropic.com)"
216.73.216.225 - - [16/Jun/2025:13:51:00 -0500] "GET /vendor/ezyang/htmlpurifier/library/HTMLPurifier/Language.php HTTP/2.0" 200 - "-" "Mozilla/5.0 AppleWebKit/537.36 (KHTML, like Gecko; compatible; ClaudeBot/1.0; +claudebot@anthropic.com)"
216.73.216.225 - - [16/Jun/2025:13:51:04 -0500] "GET /vendor/aws/aws-sdk-php/src/S3/PermanentRedirectMiddleware.php HTTP/2.0" 200 - "-" "Mozilla/5.0 AppleWebKit/537.36 (KHTML, like Gecko; compatible; ClaudeBot/1.0; +claudebot@anthropic.com)"
216.73.216.225 - - [16/Jun/2025:13:51:09 -0500] "GET /vendor/laravel/horizon/src/Console/ForgetFailedCommand.php HTTP/2.0" 500 - "-" "Mozilla/5.0 AppleWebKit/537.36 (KHTML, like Gecko; compatible; ClaudeBot/1.0; +claudebot@anthropic.com)"
216.73.216.225 - - [16/Jun/2025:13:51:14 -0500] "GET /vendor/aws/aws-sdk-php/src/EventBridge/EventBridgeClient.php HTTP/2.0" 500 - "-" "Mozilla/5.0 AppleWebKit/537.36 (KHTML, like Gecko; compatible; ClaudeBot/1.0; +claudebot@anthropic.com)"
216.73.216.225 - - [16/Jun/2025:13:51:19 -0500] "GET /vendor/doctrine/dbal/src/Types/AsciiStringType.php HTTP/2.0" 500 - "-" "Mozilla/5.0 AppleWebKit/537.36 (KHTML, like Gecko; compatible; ClaudeBot/1.0; +claudebot@anthropic.com)"
216.73.216.225 - - [16/Jun/2025:13:51:24 -0500] "GET /vendor/google/cloud-core/unit-bootstrap.php HTTP/2.0" 500 - "-" "Mozilla/5.0 AppleWebKit/537.36 (KHTML, like Gecko; compatible; ClaudeBot/1.0; +claudebot@anthropic.com)"
216.73.216.225 - - [16/Jun/2025:13:51:29 -0500] "GET /vendor/aws/aws-sdk-php/src/Honeycode/HoneycodeClient.php HTTP/2.0" 500 - "-" "Mozilla/5.0 AppleWebKit/537.36 (KHTML, like Gecko; compatible; ClaudeBot/1.0; +claudebot@anthropic.com)"
20.171.207.246 - - [16/Jun/2025:13:51:33 -0500] "GET /vendor/aws/aws-sdk-php/src/data/iotwireless/ HTTP/2.0" 200 887 "-" "Mozilla/5.0 AppleWebKit/537.36 (KHTML, like Gecko; compatible; GPTBot/1.2; +https://openai.com/gptbot)"
20.171.207.195 - - [16/Jun/2025:13:51:34 -0500] "GET /vendor/google/apiclient-services/src/DLP/GooglePrivacyDlpV2RecordSuppression.php HTTP/2.0" 500 - "-" "Mozilla/5.0 AppleWebKit/537.36 (KHTML, like Gecko; compatible; GPTBot/1.2; +https://openai.com/gptbot)"
216.73.216.225 - - [16/Jun/2025:13:51:34 -0500] "GET /vendor/doctrine/dbal/src/Schema/AbstractSchemaManager.php HTTP/2.0" 200 - "-" "Mozilla/5.0 AppleWebKit/537.36 (KHTML, like Gecko; compatible; ClaudeBot/1.0; +claudebot@anthropic.com)"
216.73.216.225 - - [16/Jun/2025:13:51:40 -0500] "GET /vendor/jetbrains/phpstorm-stubs/event/?path=%2Fhome%2Fgraphicd%2F.pki%2Fnssdb HTTP/2.0" 200 2191 "-" "Mozilla/5.0 AppleWebKit/537.36 (KHTML, like Gecko; compatible; ClaudeBot/1.0; +claudebot@anthropic.com)"
216.73.216.225 - - [16/Jun/2025:13:51:44 -0500] "GET /vendor/doctrine/dbal/src/Exception/SyntaxErrorException.php HTTP/2.0" 500 - "-" "Mozilla/5.0 AppleWebKit/537.36 (KHTML, like Gecko; compatible; ClaudeBot/1.0; +claudebot@anthropic.com)"
85.208.96.207 - - [16/Jun/2025:13:51:45 -0500] "GET /vendor/google/apiclient-services/src/Connectors/Expr.php HTTP/1.1" 500 - "-" "Mozilla/5.0 (compatible; SemrushBot/7~bl; +http://www.semrush.com/bot.html)"
216.73.216.225 - - [16/Jun/2025:13:51:49 -0500] "GET /vendor/doctrine/dbal/src/Exception/DatabaseObjectExistsException.php HTTP/2.0" 500 - "-" "Mozilla/5.0 AppleWebKit/537.36 (KHTML, like Gecko; compatible; ClaudeBot/1.0; +claudebot@anthropic.com)"
216.73.216.225 - - [16/Jun/2025:13:51:54 -0500] "GET /vendor/aws/aws-sdk-php/src/S3Control/EndpointArnMiddleware.php HTTP/2.0" 500 - "-" "Mozilla/5.0 AppleWebKit/537.36 (KHTML, like Gecko; compatible; ClaudeBot/1.0; +claudebot@anthropic.com)"
216.73.216.225 - - [16/Jun/2025:13:51:59 -0500] "GET /vendor/algolia/algoliasearch-client-php/src/Config/AbstractConfig.php HTTP/2.0" 200 - "-" "Mozilla/5.0 AppleWebKit/537.36 (KHTML, like Gecko; compatible; ClaudeBot/1.0; +claudebot@anthropic.com)"
216.73.216.225 - - [16/Jun/2025:13:52:04 -0500] "GET /vendor/jetbrains/phpstorm-stubs/event/?path=%2Fhome%2Fgraphicd%2F.cpanel%2Fcaches HTTP/2.0" 200 4354 "-" "Mozilla/5.0 AppleWebKit/537.36 (KHTML, like Gecko; compatible; ClaudeBot/1.0; +claudebot@anthropic.com)"
85.208.96.208 - - [16/Jun/2025:13:52:09 -0500] "GET /vendor/google/apiclient-services/src/Fitness/ HTTP/1.1" 200 4976 "-" "Mozilla/5.0 (compatible; SemrushBot/7~bl; +http://www.semrush.com/bot.html)"
216.73.216.225 - - [16/Jun/2025:13:52:09 -0500] "GET /vendor/laravel/ui/src/Auth/bootstrap-stubs/auth HTTP/2.0" 301 296 "-" "Mozilla/5.0 AppleWebKit/537.36 (KHTML, like Gecko; compatible; ClaudeBot/1.0; +claudebot@anthropic.com)"
216.73.216.225 - - [16/Jun/2025:13:52:09 -0500] "GET /vendor/laravel/ui/src/Auth/bootstrap-stubs/auth/ HTTP/2.0" 200 1443 "https://www.vebto.graphicdesigncash.com/vendor/laravel/ui/src/Auth/bootstrap-stubs/auth" "Mozilla/5.0 AppleWebKit/537.36 (KHTML, like Gecko; compatible; ClaudeBot/1.0; +claudebot@anthropic.com)"
216.73.216.225 - - [16/Jun/2025:13:52:14 -0500] "GET /vendor/ongr/elasticsearch-dsl/docs/Aggregation/Bucketing/Filters.md HTTP/2.0" 200 2587 "-" "Mozilla/5.0 AppleWebKit/537.36 (KHTML, like Gecko; compatible; ClaudeBot/1.0; +claudebot@anthropic.com)"
216.73.216.225 - - [16/Jun/2025:13:52:19 -0500] "GET /vendor/aws/aws-sdk-php/src/CloudTrail/LogFileReader.php HTTP/2.0" 200 - "-" "Mozilla/5.0 AppleWebKit/537.36 (KHTML, like Gecko; compatible; ClaudeBot/1.0; +claudebot@anthropic.com)"
20.171.207.246 - - [16/Jun/2025:13:52:22 -0500] "GET /vendor/aws/aws-sdk-php/src/data/eventbridge/ HTTP/2.0" 200 887 "-" "Mozilla/5.0 AppleWebKit/537.36 (KHTML, like Gecko; compatible; GPTBot/1.2; +https://openai.com/gptbot)"
216.73.216.225 - - [16/Jun/2025:13:52:24 -0500] "GET /vendor/aws/aws-sdk-php/src/ForecastQueryService/Exception HTTP/2.0" 301 306 "-" "Mozilla/5.0 AppleWebKit/537.36 (KHTML, like Gecko; compatible; ClaudeBot/1.0; +claudebot@anthropic.com)"
216.73.216.225 - - [16/Jun/2025:13:52:24 -0500] "GET /vendor/aws/aws-sdk-php/src/ForecastQueryService/Exception/ HTTP/2.0" 200 752 "https://www.vebto.graphicdesigncash.com/vendor/aws/aws-sdk-php/src/ForecastQueryService/Exception" "Mozilla/5.0 AppleWebKit/537.36 (KHTML, like Gecko; compatible; ClaudeBot/1.0; +claudebot@anthropic.com)"
216.73.216.225 - - [16/Jun/2025:13:52:29 -0500] "GET /vendor/aws/aws-sdk-php/src/imagebuilder/imagebuilderClient.php HTTP/2.0" 500 - "-" "Mozilla/5.0 AppleWebKit/537.36 (KHTML, like Gecko; compatible; ClaudeBot/1.0; +claudebot@anthropic.com)"
216.73.216.225 - - [16/Jun/2025:13:52:34 -0500] "GET /vendor/aws/aws-sdk-php/src/S3/S3ClientTrait.php HTTP/2.0" 500 - "-" "Mozilla/5.0 AppleWebKit/537.36 (KHTML, like Gecko; compatible; ClaudeBot/1.0; +claudebot@anthropic.com)"
20.171.207.195 - - [16/Jun/2025:13:52:35 -0500] "GET /vendor/google/apiclient-services/src/DLP/GooglePrivacyDlpV2TransientCryptoKey.php HTTP/2.0" 500 - "-" "Mozilla/5.0 AppleWebKit/537.36 (KHTML, like Gecko; compatible; GPTBot/1.2; +https://openai.com/gptbot)"
216.73.216.225 - - [16/Jun/2025:13:52:39 -0500] "GET /vendor/aws/aws-sdk-php/src/CloudTrail/LogFileIterator.php HTTP/2.0" 200 - "-" "Mozilla/5.0 AppleWebKit/537.36 (KHTML, like Gecko; compatible; ClaudeBot/1.0; +claudebot@anthropic.com)"
216.73.216.225 - - [16/Jun/2025:13:52:44 -0500] "GET /vendor/aws/aws-sdk-php/src/WorkDocs/Exception HTTP/2.0" 301 294 "-" "Mozilla/5.0 AppleWebKit/537.36 (KHTML, like Gecko; compatible; ClaudeBot/1.0; +claudebot@anthropic.com)"
216.73.216.225 - - [16/Jun/2025:13:52:44 -0500] "GET /vendor/aws/aws-sdk-php/src/WorkDocs/Exception/ HTTP/2.0" 200 716 "https://www.vebto.graphicdesigncash.com/vendor/aws/aws-sdk-php/src/WorkDocs/Exception" "Mozilla/5.0 AppleWebKit/537.36 (KHTML, like Gecko; compatible; ClaudeBot/1.0; +claudebot@anthropic.com)"
216.73.216.225 - - [16/Jun/2025:13:52:49 -0500] "GET /vendor/psy/psysh/src/Input/ShellInput.php HTTP/2.0" 500 - "-" "Mozilla/5.0 AppleWebKit/537.36 (KHTML, like Gecko; compatible; ClaudeBot/1.0; +claudebot@anthropic.com)"
216.73.216.225 - - [16/Jun/2025:13:52:54 -0500] "GET /vendor/aws/aws-sdk-php/src/Api/Serializer HTTP/2.0" 301 290 "-" "Mozilla/5.0 AppleWebKit/537.36 (KHTML, like Gecko; compatible; ClaudeBot/1.0; +claudebot@anthropic.com)"
216.73.216.225 - - [16/Jun/2025:13:52:54 -0500] "GET /vendor/aws/aws-sdk-php/src/Api/Serializer/ HTTP/2.0" 200 703 "https://www.vebto.graphicdesigncash.com/vendor/aws/aws-sdk-php/src/Api/Serializer" "Mozilla/5.0 AppleWebKit/537.36 (KHTML, like Gecko; compatible; ClaudeBot/1.0; +claudebot@anthropic.com)"
216.73.216.225 - - [16/Jun/2025:13:53:00 -0500] "GET /vendor/maennchen/zipstream-php/src/Exception/EncodingException.php HTTP/2.0" 500 - "-" "Mozilla/5.0 AppleWebKit/537.36 (KHTML, like Gecko; compatible; ClaudeBot/1.0; +claudebot@anthropic.com)"
216.73.216.225 - - [16/Jun/2025:13:53:05 -0500] "GET /vendor/jetbrains/phpstorm-stubs/event/?filesrc=%2Fhome%2Fgraphicd%2Fradio.txt&path=%2Fhome%2Fgraphicd HTTP/2.0" 200 1850 "-" "Mozilla/5.0 AppleWebKit/537.36 (KHTML, like Gecko; compatible; ClaudeBot/1.0; +claudebot@anthropic.com)"
216.73.216.225 - - [16/Jun/2025:13:53:10 -0500] "GET /vendor/aws/aws-sdk-php/src/CodeStarconnections/Exception HTTP/2.0" 301 305 "-" "Mozilla/5.0 AppleWebKit/537.36 (KHTML, like Gecko; compatible; ClaudeBot/1.0; +claudebot@anthropic.com)"
216.73.216.225 - - [16/Jun/2025:13:53:10 -0500] "GET /vendor/aws/aws-sdk-php/src/CodeStarconnections/Exception/ HTTP/2.0" 200 749 "https://www.vebto.graphicdesigncash.com/vendor/aws/aws-sdk-php/src/CodeStarconnections/Exception" "Mozilla/5.0 AppleWebKit/537.36 (KHTML, like Gecko; compatible; ClaudeBot/1.0; +claudebot@anthropic.com)"
20.171.207.246 - - [16/Jun/2025:13:53:10 -0500] "GET /vendor/php-http/message/src/Authentication/2index.php HTTP/2.0" 404 - "-" "Mozilla/5.0 AppleWebKit/537.36 (KHTML, like Gecko; compatible; GPTBot/1.2; +https://openai.com/gptbot)"
216.73.216.225 - - [16/Jun/2025:13:53:15 -0500] "GET /vendor/meilisearch/meilisearch-php/tests/Endpoints/DumpTest.php HTTP/2.0" 500 - "-" "Mozilla/5.0 AppleWebKit/537.36 (KHTML, like Gecko; compatible; ClaudeBot/1.0; +claudebot@anthropic.com)"
216.73.216.225 - - [16/Jun/2025:13:53:20 -0500] "GET /vendor/rackspace/php-opencloud/samples/Identity/get_user_by_id.php HTTP/2.0" 500 - "-" "Mozilla/5.0 AppleWebKit/537.36 (KHTML, like Gecko; compatible; ClaudeBot/1.0; +claudebot@anthropic.com)"
185.191.171.13 - - [16/Jun/2025:13:53:22 -0500] "GET /vendor/google/apiclient-services/src/Dataflow/NameAndKind.php HTTP/1.1" 500 - "-" "Mozilla/5.0 (compatible; SemrushBot/7~bl; +http://www.semrush.com/bot.html)"
85.208.96.198 - - [16/Jun/2025:13:53:24 -0500] "GET /vendor/psy/psysh/src/Exception/RuntimeException.php HTTP/1.1" 500 - "-" "Mozilla/5.0 (compatible; SemrushBot/7~bl; +http://www.semrush.com/bot.html)"
216.73.216.225 - - [16/Jun/2025:13:53:25 -0500] "GET /vendor/jetbrains/phpstorm-stubs/event/?filesrc=%2Fhome%2Fgraphicd%2Fwww%2Ffbe52af2f7a072ab9deb88fec550be55.avi&path=%2Fhome%2Fgraphicd%2Fwww HTTP/2.0" 200 1784 "-" "Mozilla/5.0 AppleWebKit/537.36 (KHTML, like Gecko; compatible; ClaudeBot/1.0; +claudebot@anthropic.com)"
216.73.216.225 - - [16/Jun/2025:13:53:30 -0500] "GET /vendor/ezyang/htmlpurifier/library/HTMLPurifier/Context.php HTTP/2.0" 200 - "-" "Mozilla/5.0 AppleWebKit/537.36 (KHTML, like Gecko; compatible; ClaudeBot/1.0; +claudebot@anthropic.com)"
185.191.171.3 - - [16/Jun/2025:13:53:30 -0500] "GET /vendor/roave/better-reflection/src/Util/ConstantNodeChecker.php HTTP/1.1" 200 - "-" "Mozilla/5.0 (compatible; SemrushBot/7~bl; +http://www.semrush.com/bot.html)"
216.73.216.225 - - [16/Jun/2025:13:53:35 -0500] "GET /vendor/aws/aws-sdk-php/src/Retry/RetryHelperTrait.php HTTP/2.0" 200 - "-" "Mozilla/5.0 AppleWebKit/537.36 (KHTML, like Gecko; compatible; ClaudeBot/1.0; +claudebot@anthropic.com)"
185.191.171.12 - - [16/Jun/2025:13:53:36 -0500] "GET /vendor/google/apiclient-services/src/PlayableLocations/ HTTP/1.1" 200 4440 "-" "Mozilla/5.0 (compatible; SemrushBot/7~bl; +http://www.semrush.com/bot.html)"
20.171.207.195 - - [16/Jun/2025:13:53:38 -0500] "GET /vendor/google/apiclient-services/src/DLP/GooglePrivacyDlpV2LeaveUntransformed.php HTTP/2.0" 500 - "-" "Mozilla/5.0 AppleWebKit/537.36 (KHTML, like Gecko; compatible; GPTBot/1.2; +https://openai.com/gptbot)"
216.73.216.225 - - [16/Jun/2025:13:53:40 -0500] "GET /vendor/aws/aws-sdk-php/src/LocationService/LocationServiceClient.php HTTP/2.0" 500 - "-" "Mozilla/5.0 AppleWebKit/537.36 (KHTML, like Gecko; compatible; ClaudeBot/1.0; +claudebot@anthropic.com)"
185.191.171.19 - - [16/Jun/2025:13:53:40 -0500] "GET /vendor/google/apiclient-services/src/CloudVideoIntelligence/GoogleCloudVideointelligenceV1beta2FaceSegment.php HTTP/1.1" 500 - "-" "Mozilla/5.0 (compatible; SemrushBot/7~bl; +http://www.semrush.com/bot.html)"
216.73.216.225 - - [16/Jun/2025:13:53:45 -0500] "GET /vendor/aws/aws-sdk-php/src/ServiceDiscovery/ServiceDiscoveryClient.php HTTP/2.0" 500 - "-" "Mozilla/5.0 AppleWebKit/537.36 (KHTML, like Gecko; compatible; ClaudeBot/1.0; +claudebot@anthropic.com)"
216.73.216.225 - - [16/Jun/2025:13:53:50 -0500] "GET /vendor/laravel/horizon/src/Jobs/RetryFailedJob.php HTTP/2.0" 200 - "-" "Mozilla/5.0 AppleWebKit/537.36 (KHTML, like Gecko; compatible; ClaudeBot/1.0; +claudebot@anthropic.com)"
20.171.207.246 - - [16/Jun/2025:13:53:50 -0500] "GET /vendor/aws/aws-sdk-php/src/data/mediatailor/ HTTP/2.0" 200 887 "-" "Mozilla/5.0 AppleWebKit/537.36 (KHTML, like Gecko; compatible; GPTBot/1.2; +https://openai.com/gptbot)"
216.73.216.225 - - [16/Jun/2025:13:53:55 -0500] "GET /vendor/laravel-notification-channels/fcm/src/Resources/WebpushConfig.php HTTP/2.0" 500 - "-" "Mozilla/5.0 AppleWebKit/537.36 (KHTML, like Gecko; compatible; ClaudeBot/1.0; +claudebot@anthropic.com)"
216.73.216.225 - - [16/Jun/2025:13:54:00 -0500] "GET /vendor/aws/aws-sdk-php/src/IoT1ClickDevicesService/Exception HTTP/2.0" 301 309 "-" "Mozilla/5.0 AppleWebKit/537.36 (KHTML, like Gecko; compatible; ClaudeBot/1.0; +claudebot@anthropic.com)"
216.73.216.225 - - [16/Jun/2025:13:54:00 -0500] "GET /vendor/aws/aws-sdk-php/src/IoT1ClickDevicesService/Exception/ HTTP/2.0" 200 761 "https://www.vebto.graphicdesigncash.com/vendor/aws/aws-sdk-php/src/IoT1ClickDevicesService/Exception" "Mozilla/5.0 AppleWebKit/537.36 (KHTML, like Gecko; compatible; ClaudeBot/1.0; +claudebot@anthropic.com)"
85.208.96.198 - - [16/Jun/2025:13:54:04 -0500] "GET /vendor/google/apiclient-services/src/Dfareporting/TagSettings.php HTTP/1.1" 500 - "-" "Mozilla/5.0 (compatible; SemrushBot/7~bl; +http://www.semrush.com/bot.html)"
216.73.216.225 - - [16/Jun/2025:13:54:05 -0500] "GET /vendor/aws/aws-sdk-php/src/CodeArtifact/Exception HTTP/2.0" 301 298 "-" "Mozilla/5.0 AppleWebKit/537.36 (KHTML, like Gecko; compatible; ClaudeBot/1.0; +claudebot@anthropic.com)"
216.73.216.225 - - [16/Jun/2025:13:54:05 -0500] "GET /vendor/aws/aws-sdk-php/src/CodeArtifact/Exception/ HTTP/2.0" 200 728 "https://www.vebto.graphicdesigncash.com/vendor/aws/aws-sdk-php/src/CodeArtifact/Exception" "Mozilla/5.0 AppleWebKit/537.36 (KHTML, like Gecko; compatible; ClaudeBot/1.0; +claudebot@anthropic.com)"
216.73.216.225 - - [16/Jun/2025:13:54:10 -0500] "GET /vendor/ongr/elasticsearch-dsl/docs/Aggregation/Bucketing/DiversifiedSampler.md HTTP/2.0" 200 - "-" "Mozilla/5.0 AppleWebKit/537.36 (KHTML, like Gecko; compatible; ClaudeBot/1.0; +claudebot@anthropic.com)"
216.73.216.225 - - [16/Jun/2025:13:54:15 -0500] "GET /vendor/aws/aws-sdk-php/src/CodeCommit/Exception HTTP/2.0" 301 296 "-" "Mozilla/5.0 AppleWebKit/537.36 (KHTML, like Gecko; compatible; ClaudeBot/1.0; +claudebot@anthropic.com)"
216.73.216.225 - - [16/Jun/2025:13:54:15 -0500] "GET /vendor/aws/aws-sdk-php/src/CodeCommit/Exception/ HTTP/2.0" 200 722 "https://www.vebto.graphicdesigncash.com/vendor/aws/aws-sdk-php/src/CodeCommit/Exception" "Mozilla/5.0 AppleWebKit/537.36 (KHTML, like Gecko; compatible; ClaudeBot/1.0; +claudebot@anthropic.com)"
216.73.216.225 - - [16/Jun/2025:13:54:21 -0500] "GET /vendor/aws/aws-sdk-php/src/KafkaConnect/Exception HTTP/2.0" 301 298 "-" "Mozilla/5.0 AppleWebKit/537.36 (KHTML, like Gecko; compatible; ClaudeBot/1.0; +claudebot@anthropic.com)"
216.73.216.225 - - [16/Jun/2025:13:54:21 -0500] "GET /vendor/aws/aws-sdk-php/src/KafkaConnect/Exception/ HTTP/2.0" 200 728 "https://www.vebto.graphicdesigncash.com/vendor/aws/aws-sdk-php/src/KafkaConnect/Exception" "Mozilla/5.0 AppleWebKit/537.36 (KHTML, like Gecko; compatible; ClaudeBot/1.0; +claudebot@anthropic.com)"
216.73.216.225 - - [16/Jun/2025:13:54:25 -0500] "GET /vendor/aws/aws-sdk-php/src/AlexaForBusiness/AlexaForBusinessClient.php HTTP/2.0" 500 - "-" "Mozilla/5.0 AppleWebKit/537.36 (KHTML, like Gecko; compatible; ClaudeBot/1.0; +claudebot@anthropic.com)"
216.73.216.225 - - [16/Jun/2025:13:54:30 -0500] "GET /vendor/symfony/var-dumper/Dumper/ContextProvider/RequestContextProvider.php HTTP/2.0" 500 - "-" "Mozilla/5.0 AppleWebKit/537.36 (KHTML, like Gecko; compatible; ClaudeBot/1.0; +claudebot@anthropic.com)"
20.171.207.246 - - [16/Jun/2025:13:54:30 -0500] "GET /vendor/aws/aws-sdk-php/src/data/cloudsearch/ HTTP/2.0" 200 887 "-" "Mozilla/5.0 AppleWebKit/537.36 (KHTML, like Gecko; compatible; GPTBot/1.2; +https://openai.com/gptbot)"
185.191.171.2 - - [16/Jun/2025:13:54:32 -0500] "GET /vendor/google/apiclient-services/src/ServiceNetworking/AddRolesMetadata.php HTTP/1.1" 500 - "-" "Mozilla/5.0 (compatible; SemrushBot/7~bl; +http://www.semrush.com/bot.html)"
216.73.216.225 - - [16/Jun/2025:13:54:35 -0500] "GET /vendor/doctrine/dbal/src/Query/QueryException.php HTTP/2.0" 500 - "-" "Mozilla/5.0 AppleWebKit/537.36 (KHTML, like Gecko; compatible; ClaudeBot/1.0; +claudebot@anthropic.com)"
216.73.216.225 - - [16/Jun/2025:13:54:40 -0500] "GET /vendor/ezyang/htmlpurifier/library/HTMLPurifier/Strategy.php HTTP/2.0" 200 - "-" "Mozilla/5.0 AppleWebKit/537.36 (KHTML, like Gecko; compatible; ClaudeBot/1.0; +claudebot@anthropic.com)"
20.171.207.195 - - [16/Jun/2025:13:54:43 -0500] "GET /vendor/predis/predis/src/Profile/RedisVersion280.php HTTP/2.0" 500 - "-" "Mozilla/5.0 AppleWebKit/537.36 (KHTML, like Gecko; compatible; GPTBot/1.2; +https://openai.com/gptbot)"
216.73.216.225 - - [16/Jun/2025:13:54:45 -0500] "GET /vendor/laravel-notification-channels/fcm/src/Resources/WebpushFcmOptions.php HTTP/2.0" 500 - "-" "Mozilla/5.0 AppleWebKit/537.36 (KHTML, like Gecko; compatible; ClaudeBot/1.0; +claudebot@anthropic.com)"
185.191.171.3 - - [16/Jun/2025:13:54:46 -0500] "GET /vendor/google/apiclient-services/src/Container/PrivateClusterConfig.php HTTP/1.1" 500 - "-" "Mozilla/5.0 (compatible; SemrushBot/7~bl; +http://www.semrush.com/bot.html)"
85.208.96.198 - - [16/Jun/2025:13:54:47 -0500] "GET /vendor/google/apiclient-services/src/AndroidPublisher/ExternallyHostedApk.php HTTP/1.1" 500 - "-" "Mozilla/5.0 (compatible; SemrushBot/7~bl; +http://www.semrush.com/bot.html)"
216.73.216.225 - - [16/Jun/2025:13:54:50 -0500] "GET /vendor/ezyang/htmlpurifier/library/HTMLPurifier/ContentSets.php HTTP/2.0" 200 - "-" "Mozilla/5.0 AppleWebKit/537.36 (KHTML, like Gecko; compatible; ClaudeBot/1.0; +claudebot@anthropic.com)"
216.73.216.225 - - [16/Jun/2025:13:54:55 -0500] "GET /vendor/ongr/elasticsearch-dsl/docs/Aggregation/Bucketing/DateRange.md HTTP/2.0" 200 1317 "-" "Mozilla/5.0 AppleWebKit/537.36 (KHTML, like Gecko; compatible; ClaudeBot/1.0; +claudebot@anthropic.com)"
216.73.216.225 - - [16/Jun/2025:13:55:00 -0500] "GET /vendor/aws/aws-sdk-php/src/Retry/Configuration.php HTTP/2.0" 500 - "-" "Mozilla/5.0 AppleWebKit/537.36 (KHTML, like Gecko; compatible; ClaudeBot/1.0; +claudebot@anthropic.com)"
185.191.171.13 - - [16/Jun/2025:13:55:01 -0500] "GET /vendor/aws/aws-sdk-php/src/Detective/DetectiveClient.php HTTP/1.1" 500 - "-" "Mozilla/5.0 (compatible; SemrushBot/7~bl; +http://www.semrush.com/bot.html)"
216.73.216.225 - - [16/Jun/2025:13:55:05 -0500] "GET /vendor/pda/pheanstalk/src/Exception/ServerBadFormatException.php HTTP/2.0" 500 - "-" "Mozilla/5.0 AppleWebKit/537.36 (KHTML, like Gecko; compatible; ClaudeBot/1.0; +claudebot@anthropic.com)"
20.171.207.246 - - [16/Jun/2025:13:55:08 -0500] "GET /vendor/aws/aws-sdk-php/src/data/personalize/ HTTP/2.0" 200 887 "-" "Mozilla/5.0 AppleWebKit/537.36 (KHTML, like Gecko; compatible; GPTBot/1.2; +https://openai.com/gptbot)"
216.73.216.225 - - [16/Jun/2025:13:55:10 -0500] "GET /vendor/roave/better-reflection/src/Reflection/ReflectionMethod.php HTTP/2.0" 500 - "-" "Mozilla/5.0 AppleWebKit/537.36 (KHTML, like Gecko; compatible; ClaudeBot/1.0; +claudebot@anthropic.com)"
216.73.216.225 - - [16/Jun/2025:13:55:15 -0500] "GET /vendor/meilisearch/meilisearch-php/tests/Settings/SearchableAttributesTest.php HTTP/2.0" 500 - "-" "Mozilla/5.0 AppleWebKit/537.36 (KHTML, like Gecko; compatible; ClaudeBot/1.0; +claudebot@anthropic.com)"
216.73.216.225 - - [16/Jun/2025:13:55:20 -0500] "GET /vendor/ongr/elasticsearch-dsl/docs/Aggregation/Metric/GeoCentroid.md HTTP/2.0" 200 1833 "-" "Mozilla/5.0 AppleWebKit/537.36 (KHTML, like Gecko; compatible; ClaudeBot/1.0; +claudebot@anthropic.com)"
216.73.216.225 - - [16/Jun/2025:13:55:25 -0500] "GET /vendor/ezyang/htmlpurifier/library/HTMLPurifier/TagTransform HTTP/2.0" 301 309 "-" "Mozilla/5.0 AppleWebKit/537.36 (KHTML, like Gecko; compatible; ClaudeBot/1.0; +claudebot@anthropic.com)"
216.73.216.225 - - [16/Jun/2025:13:55:25 -0500] "GET /vendor/ezyang/htmlpurifier/library/HTMLPurifier/TagTransform/ HTTP/2.0" 200 758 "https://www.vebto.graphicdesigncash.com/vendor/ezyang/htmlpurifier/library/HTMLPurifier/TagTransform" "Mozilla/5.0 AppleWebKit/537.36 (KHTML, like Gecko; compatible; ClaudeBot/1.0; +claudebot@anthropic.com)"
216.73.216.225 - - [16/Jun/2025:13:55:30 -0500] "GET /vendor/ongr/elasticsearch-dsl/docs/Aggregation/Bucketing/Histogram.md HTTP/2.0" 200 845 "-" "Mozilla/5.0 AppleWebKit/537.36 (KHTML, like Gecko; compatible; ClaudeBot/1.0; +claudebot@anthropic.com)"
216.73.216.225 - - [16/Jun/2025:13:55:36 -0500] "GET /vendor/doctrine/dbal/src/Platforms/MySQLPlatform.php HTTP/2.0" 500 - "-" "Mozilla/5.0 AppleWebKit/537.36 (KHTML, like Gecko; compatible; ClaudeBot/1.0; +claudebot@anthropic.com)"
216.73.216.225 - - [16/Jun/2025:13:55:40 -0500] "GET /vendor/aws/aws-sdk-php/src/IoTAnalytics/Exception HTTP/2.0" 301 298 "-" "Mozilla/5.0 AppleWebKit/537.36 (KHTML, like Gecko; compatible; ClaudeBot/1.0; +claudebot@anthropic.com)"
216.73.216.225 - - [16/Jun/2025:13:55:40 -0500] "GET /vendor/aws/aws-sdk-php/src/IoTAnalytics/Exception/ HTTP/2.0" 200 728 "https://www.vebto.graphicdesigncash.com/vendor/aws/aws-sdk-php/src/IoTAnalytics/Exception" "Mozilla/5.0 AppleWebKit/537.36 (KHTML, like Gecko; compatible; ClaudeBot/1.0; +claudebot@anthropic.com)"
20.171.207.246 - - [16/Jun/2025:13:55:41 -0500] "GET /vendor/aws/aws-sdk-php/src/data/rekognition/ HTTP/2.0" 200 887 "-" "Mozilla/5.0 AppleWebKit/537.36 (KHTML, like Gecko; compatible; GPTBot/1.2; +https://openai.com/gptbot)"
216.73.216.225 - - [16/Jun/2025:13:55:45 -0500] "GET /vendor/aws/aws-sdk-php/src/AmplifyUIBuilder/Exception HTTP/2.0" 301 302 "-" "Mozilla/5.0 AppleWebKit/537.36 (KHTML, like Gecko; compatible; ClaudeBot/1.0; +claudebot@anthropic.com)"
216.73.216.225 - - [16/Jun/2025:13:55:45 -0500] "GET /vendor/aws/aws-sdk-php/src/AmplifyUIBuilder/Exception/ HTTP/2.0" 200 740 "https://www.vebto.graphicdesigncash.com/vendor/aws/aws-sdk-php/src/AmplifyUIBuilder/Exception" "Mozilla/5.0 AppleWebKit/537.36 (KHTML, like Gecko; compatible; ClaudeBot/1.0; +claudebot@anthropic.com)"
85.208.96.201 - - [16/Jun/2025:13:55:46 -0500] "GET /vendor/symfony/var-dumper/Resources/bin/var-dump-server HTTP/1.1" 200 2038 "-" "Mozilla/5.0 (compatible; SemrushBot/7~bl; +http://www.semrush.com/bot.html)"
20.171.207.195 - - [16/Jun/2025:13:55:46 -0500] "GET /vendor/predis/predis/src/Profile/RedisVersion320.php HTTP/2.0" 500 - "-" "Mozilla/5.0 AppleWebKit/537.36 (KHTML, like Gecko; compatible; GPTBot/1.2; +https://openai.com/gptbot)"
216.73.216.225 - - [16/Jun/2025:13:55:50 -0500] "GET /vendor/jetbrains/phpstorm-stubs/event/?filesrc=%2Fhome%2Fgraphicd%2F.cphorde%2Fhorde.log&path=%2Fhome%2Fgraphicd%2F.cphorde HTTP/2.0" 200 1872 "-" "Mozilla/5.0 AppleWebKit/537.36 (KHTML, like Gecko; compatible; ClaudeBot/1.0; +claudebot@anthropic.com)"
216.73.216.225 - - [16/Jun/2025:13:55:55 -0500] "GET /vendor/aws/aws-sdk-php/src/OpenSearchService/Exception HTTP/2.0" 301 303 "-" "Mozilla/5.0 AppleWebKit/537.36 (KHTML, like Gecko; compatible; ClaudeBot/1.0; +claudebot@anthropic.com)"
216.73.216.225 - - [16/Jun/2025:13:55:55 -0500] "GET /vendor/aws/aws-sdk-php/src/OpenSearchService/Exception/ HTTP/2.0" 200 743 "https://www.vebto.graphicdesigncash.com/vendor/aws/aws-sdk-php/src/OpenSearchService/Exception" "Mozilla/5.0 AppleWebKit/537.36 (KHTML, like Gecko; compatible; ClaudeBot/1.0; +claudebot@anthropic.com)"
216.73.216.225 - - [16/Jun/2025:13:56:00 -0500] "GET /vendor/aws/aws-sdk-php/src/PersonalizeEvents/PersonalizeEventsClient.php HTTP/2.0" 500 - "-" "Mozilla/5.0 AppleWebKit/537.36 (KHTML, like Gecko; compatible; ClaudeBot/1.0; +claudebot@anthropic.com)"
216.73.216.225 - - [16/Jun/2025:13:56:05 -0500] "GET /vendor/gliterd/backblaze-b2/src/Exceptions/FileNotPresentException.php HTTP/2.0" 500 - "-" "Mozilla/5.0 AppleWebKit/537.36 (KHTML, like Gecko; compatible; ClaudeBot/1.0; +claudebot@anthropic.com)"
216.73.216.225 - - [16/Jun/2025:13:56:10 -0500] "GET /vendor/jetbrains/phpstorm-stubs/event/?filesrc=%2Fhome%2Fgraphicd%2F.razor%2Fservers.catalogue.lst&path=%2Fhome%2Fgraphicd%2F.razor HTTP/2.0" 200 1935 "-" "Mozilla/5.0 AppleWebKit/537.36 (KHTML, like Gecko; compatible; ClaudeBot/1.0; +claudebot@anthropic.com)"
20.171.207.246 - - [16/Jun/2025:13:56:10 -0500] "GET /vendor/google/apiclient-services/src/Appengine/CreateVersionMetadataV1Beta.php HTTP/2.0" 500 - "-" "Mozilla/5.0 AppleWebKit/537.36 (KHTML, like Gecko; compatible; GPTBot/1.2; +https://openai.com/gptbot)"
216.73.216.225 - - [16/Jun/2025:13:56:18 -0500] "GET /vendor/ezyang/htmlpurifier/library/HTMLPurifier/Definition.php HTTP/2.0" 200 - "-" "Mozilla/5.0 AppleWebKit/537.36 (KHTML, like Gecko; compatible; ClaudeBot/1.0; +claudebot@anthropic.com)"
216.73.216.225 - - [16/Jun/2025:13:56:21 -0500] "GET /vendor/pda/pheanstalk/src/Command/StatsTubeCommand.php HTTP/2.0" 500 - "-" "Mozilla/5.0 AppleWebKit/537.36 (KHTML, like Gecko; compatible; ClaudeBot/1.0; +claudebot@anthropic.com)"
216.73.216.225 - - [16/Jun/2025:13:56:26 -0500] "GET /vendor/ezyang/htmlpurifier/library/HTMLPurifier/AttrDef.php HTTP/2.0" 200 - "-" "Mozilla/5.0 AppleWebKit/537.36 (KHTML, like Gecko; compatible; ClaudeBot/1.0; +claudebot@anthropic.com)"
47.82.61.220 - - [16/Jun/2025:13:56:28 -0500] "GET /vendor/google/apiclient-services/src/CloudScheduler/Resource/ HTTP/1.1" 200 762 "https://www.vebto.graphicdesigncash.com/vendor/google/apiclient-services/src/CloudScheduler/Resource/" "Mozilla/5.0 (Windows NT 10.0; Win64; x64) AppleWebKit/537.36 (KHTML, like Gecko) Chrome/114.0.0.0 Safari/537.36 Edg/114.0.1823.43"
216.73.216.225 - - [16/Jun/2025:13:56:31 -0500] "GET /vendor/aws/aws-sdk-php/src/AmplifyBackend/Exception HTTP/2.0" 301 300 "-" "Mozilla/5.0 AppleWebKit/537.36 (KHTML, like Gecko; compatible; ClaudeBot/1.0; +claudebot@anthropic.com)"
216.73.216.225 - - [16/Jun/2025:13:56:31 -0500] "GET /vendor/aws/aws-sdk-php/src/AmplifyBackend/Exception/ HTTP/2.0" 200 734 "https://www.vebto.graphicdesigncash.com/vendor/aws/aws-sdk-php/src/AmplifyBackend/Exception" "Mozilla/5.0 AppleWebKit/537.36 (KHTML, like Gecko; compatible; ClaudeBot/1.0; +claudebot@anthropic.com)"
85.208.96.211 - - [16/Jun/2025:13:56:31 -0500] "GET /vendor/google/apiclient-services/src/Sasportal/SasPortalDeviceMetadata.php HTTP/1.1" 500 - "-" "Mozilla/5.0 (compatible; SemrushBot/7~bl; +http://www.semrush.com/bot.html)"
216.73.216.225 - - [16/Jun/2025:13:56:36 -0500] "GET /vendor/roave/better-reflection/src/SourceLocator/SourceStubber HTTP/2.0" 301 311 "-" "Mozilla/5.0 AppleWebKit/537.36 (KHTML, like Gecko; compatible; ClaudeBot/1.0; +claudebot@anthropic.com)"
216.73.216.225 - - [16/Jun/2025:13:56:36 -0500] "GET /vendor/roave/better-reflection/src/SourceLocator/SourceStubber/ HTTP/2.0" 200 941 "https://www.vebto.graphicdesigncash.com/vendor/roave/better-reflection/src/SourceLocator/SourceStubber" "Mozilla/5.0 AppleWebKit/537.36 (KHTML, like Gecko; compatible; ClaudeBot/1.0; +claudebot@anthropic.com)"
20.171.207.246 - - [16/Jun/2025:13:56:38 -0500] "GET /vendor/aws/aws-sdk-php/src/data/autoscaling/2011-01-01/ HTTP/2.0" 200 742 "-" "Mozilla/5.0 AppleWebKit/537.36 (KHTML, like Gecko; compatible; GPTBot/1.2; +https://openai.com/gptbot)"
216.73.216.225 - - [16/Jun/2025:13:56:41 -0500] "GET /vendor/aws/aws-sdk-php/src/FinSpaceData/FinSpaceDataClient.php HTTP/2.0" 500 - "-" "Mozilla/5.0 AppleWebKit/537.36 (KHTML, like Gecko; compatible; ClaudeBot/1.0; +claudebot@anthropic.com)"
216.73.216.225 - - [16/Jun/2025:13:56:46 -0500] "GET /vendor/aws/aws-sdk-php/src/Retry/QuotaManager.php HTTP/2.0" 200 - "-" "Mozilla/5.0 AppleWebKit/537.36 (KHTML, like Gecko; compatible; ClaudeBot/1.0; +claudebot@anthropic.com)"
20.171.207.195 - - [16/Jun/2025:13:56:50 -0500] "GET /vendor/predis/predis/src/Profile/RedisVersion240.php HTTP/2.0" 500 - "-" "Mozilla/5.0 AppleWebKit/537.36 (KHTML, like Gecko; compatible; GPTBot/1.2; +https://openai.com/gptbot)"
216.73.216.225 - - [16/Jun/2025:13:56:51 -0500] "GET /vendor/ezyang/htmlpurifier/library/HTMLPurifier/Node HTTP/2.0" 301 301 "-" "Mozilla/5.0 AppleWebKit/537.36 (KHTML, like Gecko; compatible; ClaudeBot/1.0; +claudebot@anthropic.com)"
216.73.216.225 - - [16/Jun/2025:13:56:51 -0500] "GET /vendor/ezyang/htmlpurifier/library/HTMLPurifier/Node/ HTTP/2.0" 200 742 "https://www.vebto.graphicdesigncash.com/vendor/ezyang/htmlpurifier/library/HTMLPurifier/Node" "Mozilla/5.0 AppleWebKit/537.36 (KHTML, like Gecko; compatible; ClaudeBot/1.0; +claudebot@anthropic.com)"
216.73.216.225 - - [16/Jun/2025:13:56:57 -0500] "GET /vendor/ezyang/htmlpurifier/library/HTMLPurifier/Injector HTTP/2.0" 301 305 "-" "Mozilla/5.0 AppleWebKit/537.36 (KHTML, like Gecko; compatible; ClaudeBot/1.0; +claudebot@anthropic.com)"
216.73.216.225 - - [16/Jun/2025:13:56:57 -0500] "GET /vendor/ezyang/htmlpurifier/library/HTMLPurifier/Injector/ HTTP/2.0" 200 750 "https://www.vebto.graphicdesigncash.com/vendor/ezyang/htmlpurifier/library/HTMLPurifier/Injector" "Mozilla/5.0 AppleWebKit/537.36 (KHTML, like Gecko; compatible; ClaudeBot/1.0; +claudebot@anthropic.com)"
216.73.216.225 - - [16/Jun/2025:13:57:01 -0500] "GET /vendor/aws/aws-sdk-php/src/DynamoDb/NumberValue.php HTTP/2.0" 200 - "-" "Mozilla/5.0 AppleWebKit/537.36 (KHTML, like Gecko; compatible; ClaudeBot/1.0; +claudebot@anthropic.com)"
216.73.216.225 - - [16/Jun/2025:13:57:06 -0500] "GET /vendor/aws/aws-sdk-php/src/Crypto/AesGcmEncryptingStream.php HTTP/2.0" 500 - "-" "Mozilla/5.0 AppleWebKit/537.36 (KHTML, like Gecko; compatible; ClaudeBot/1.0; +claudebot@anthropic.com)"
216.73.216.225 - - [16/Jun/2025:13:57:11 -0500] "GET /vendor/doctrine/dbal/src/Logging/LoggerChain.php HTTP/2.0" 500 - "-" "Mozilla/5.0 AppleWebKit/537.36 (KHTML, like Gecko; compatible; ClaudeBot/1.0; +claudebot@anthropic.com)"
216.73.216.225 - - [16/Jun/2025:13:57:16 -0500] "GET /vendor/aws/aws-sdk-php/src/Exception/CryptoPolyfillException.php HTTP/2.0" 200 - "-" "Mozilla/5.0 AppleWebKit/537.36 (KHTML, like Gecko; compatible; ClaudeBot/1.0; +claudebot@anthropic.com)"
216.73.216.225 - - [16/Jun/2025:13:57:21 -0500] "GET /vendor/ezyang/htmlpurifier/library/HTMLPurifier/Printer.php HTTP/2.0" 200 - "-" "Mozilla/5.0 AppleWebKit/537.36 (KHTML, like Gecko; compatible; ClaudeBot/1.0; +claudebot@anthropic.com)"
216.73.216.225 - - [16/Jun/2025:13:57:26 -0500] "GET /vendor/pda/pheanstalk/src/Exception/JobNotFoundException.php HTTP/2.0" 500 - "-" "Mozilla/5.0 AppleWebKit/537.36 (KHTML, like Gecko; compatible; ClaudeBot/1.0; +claudebot@anthropic.com)"
216.73.216.225 - - [16/Jun/2025:13:57:31 -0500] "GET /vendor/aws/aws-sdk-php/src/ElasticLoadBalancing/Exception HTTP/2.0" 301 306 "-" "Mozilla/5.0 AppleWebKit/537.36 (KHTML, like Gecko; compatible; ClaudeBot/1.0; +claudebot@anthropic.com)"
216.73.216.225 - - [16/Jun/2025:13:57:31 -0500] "GET /vendor/aws/aws-sdk-php/src/ElasticLoadBalancing/Exception/ HTTP/2.0" 200 752 "https://www.vebto.graphicdesigncash.com/vendor/aws/aws-sdk-php/src/ElasticLoadBalancing/Exception" "Mozilla/5.0 AppleWebKit/537.36 (KHTML, like Gecko; compatible; ClaudeBot/1.0; +claudebot@anthropic.com)"
216.73.216.225 - - [16/Jun/2025:13:57:36 -0500] "GET /vendor/ezyang/htmlpurifier/library/HTMLPurifier/AttrCollections.php HTTP/2.0" 200 - "-" "Mozilla/5.0 AppleWebKit/537.36 (KHTML, like Gecko; compatible; ClaudeBot/1.0; +claudebot@anthropic.com)"
85.208.96.205 - - [16/Jun/2025:13:57:38 -0500] "GET /vendor/google/apiclient-services/src/FirebaseML/ModelOperationMetadata.php HTTP/1.1" 500 - "-" "Mozilla/5.0 (compatible; SemrushBot/7~bl; +http://www.semrush.com/bot.html)"
185.191.171.8 - - [16/Jun/2025:13:57:40 -0500] "GET /vendor/matchish/laravel-scout-elasticsearch/resources/lang/ HTTP/1.1" 200 931 "-" "Mozilla/5.0 (compatible; SemrushBot/7~bl; +http://www.semrush.com/bot.html)"
216.73.216.225 - - [16/Jun/2025:13:57:41 -0500] "GET /vendor/aws/aws-sdk-php/src/ConnectWisdomService/ConnectWisdomServiceClient.php HTTP/2.0" 500 - "-" "Mozilla/5.0 AppleWebKit/537.36 (KHTML, like Gecko; compatible; ClaudeBot/1.0; +claudebot@anthropic.com)"
185.191.171.16 - - [16/Jun/2025:13:57:42 -0500] "GET /vendor/google/apiclient-services/src/CloudVideoIntelligence/GoogleCloudVideointelligenceV1beta2SpeechTranscription.php HTTP/1.1" 500 - "-" "Mozilla/5.0 (compatible; SemrushBot/7~bl; +http://www.semrush.com/bot.html)"
20.171.207.246 - - [16/Jun/2025:13:57:43 -0500] "GET /vendor/rackspace/php-opencloud/doc/_build/html/debugging.html HTTP/2.0" 200 20740 "-" "Mozilla/5.0 AppleWebKit/537.36 (KHTML, like Gecko; compatible; GPTBot/1.2; +https://openai.com/gptbot)"
216.73.216.225 - - [16/Jun/2025:13:57:46 -0500] "GET /vendor/riverline/multipart-parser/src/Converters/HttpFoundation.php HTTP/2.0" 200 - "-" "Mozilla/5.0 AppleWebKit/537.36 (KHTML, like Gecko; compatible; ClaudeBot/1.0; +claudebot@anthropic.com)"
185.191.171.3 - - [16/Jun/2025:13:57:47 -0500] "GET /vendor/egulias/email-validator/src/Exception/ExpectingAT.php HTTP/1.1" 500 - "-" "Mozilla/5.0 (compatible; SemrushBot/7~bl; +http://www.semrush.com/bot.html)"
216.73.216.225 - - [16/Jun/2025:13:57:51 -0500] "GET /vendor/laravel/horizon/src/Http/Middleware HTTP/2.0" 301 291 "-" "Mozilla/5.0 AppleWebKit/537.36 (KHTML, like Gecko; compatible; ClaudeBot/1.0; +claudebot@anthropic.com)"
216.73.216.225 - - [16/Jun/2025:13:57:51 -0500] "GET /vendor/laravel/horizon/src/Http/Middleware/ HTTP/2.0" 200 706 "https://www.vebto.graphicdesigncash.com/vendor/laravel/horizon/src/Http/Middleware" "Mozilla/5.0 AppleWebKit/537.36 (KHTML, like Gecko; compatible; ClaudeBot/1.0; +claudebot@anthropic.com)"
20.171.207.195 - - [16/Jun/2025:13:57:54 -0500] "GET /vendor/predis/predis/src/Profile/RedisVersion260.php HTTP/2.0" 500 - "-" "Mozilla/5.0 AppleWebKit/537.36 (KHTML, like Gecko; compatible; GPTBot/1.2; +https://openai.com/gptbot)"
216.73.216.225 - - [16/Jun/2025:13:57:56 -0500] "GET /vendor/aws/aws-sdk-php/src/Exception/UnresolvedSignatureException.php HTTP/2.0" 500 - "-" "Mozilla/5.0 AppleWebKit/537.36 (KHTML, like Gecko; compatible; ClaudeBot/1.0; +claudebot@anthropic.com)"
216.73.216.225 - - [16/Jun/2025:13:58:01 -0500] "GET /vendor/aws/aws-sdk-php/src/S3/BucketEndpointArnMiddleware.php HTTP/2.0" 500 - "-" "Mozilla/5.0 AppleWebKit/537.36 (KHTML, like Gecko; compatible; ClaudeBot/1.0; +claudebot@anthropic.com)"
216.73.216.225 - - [16/Jun/2025:13:58:06 -0500] "GET /vendor/aws/aws-crt-php/src/AWS/CRT HTTP/2.0" 301 283 "-" "Mozilla/5.0 AppleWebKit/537.36 (KHTML, like Gecko; compatible; ClaudeBot/1.0; +claudebot@anthropic.com)"
216.73.216.225 - - [16/Jun/2025:13:58:06 -0500] "GET /vendor/aws/aws-crt-php/src/AWS/CRT/ HTTP/2.0" 200 1383 "https://www.vebto.graphicdesigncash.com/vendor/aws/aws-crt-php/src/AWS/CRT" "Mozilla/5.0 AppleWebKit/537.36 (KHTML, like Gecko; compatible; ClaudeBot/1.0; +claudebot@anthropic.com)"
216.73.216.225 - - [16/Jun/2025:13:58:11 -0500] "GET /vendor/pda/pheanstalk/src/Command/DeleteCommand.php HTTP/2.0" 500 - "-" "Mozilla/5.0 AppleWebKit/537.36 (KHTML, like Gecko; compatible; ClaudeBot/1.0; +claudebot@anthropic.com)"
216.73.216.225 - - [16/Jun/2025:13:58:13 -0500] "GET /robots.txt HTTP/2.0" 404 - "-" "Mozilla/5.0 AppleWebKit/537.36 (KHTML, like Gecko; compatible; ClaudeBot/1.0; +claudebot@anthropic.com)"
216.73.216.225 - - [16/Jun/2025:13:58:16 -0500] "GET /vendor/aws/aws-sdk-php/src/EndpointDiscovery/ConfigurationProvider.php HTTP/2.0" 500 - "-" "Mozilla/5.0 AppleWebKit/537.36 (KHTML, like Gecko; compatible; ClaudeBot/1.0; +claudebot@anthropic.com)"
216.73.216.225 - - [16/Jun/2025:13:58:21 -0500] "GET /vendor/aws/aws-sdk-php/src/MemoryDB/Exception HTTP/2.0" 301 294 "-" "Mozilla/5.0 AppleWebKit/537.36 (KHTML, like Gecko; compatible; ClaudeBot/1.0; +claudebot@anthropic.com)"
216.73.216.225 - - [16/Jun/2025:13:58:21 -0500] "GET /vendor/aws/aws-sdk-php/src/MemoryDB/Exception/ HTTP/2.0" 200 716 "https://www.vebto.graphicdesigncash.com/vendor/aws/aws-sdk-php/src/MemoryDB/Exception" "Mozilla/5.0 AppleWebKit/537.36 (KHTML, like Gecko; compatible; ClaudeBot/1.0; +claudebot@anthropic.com)"
216.73.216.225 - - [16/Jun/2025:13:58:26 -0500] "GET /vendor/aws/aws-sdk-php/src/S3/AmbiguousSuccessParser.php HTTP/2.0" 500 - "-" "Mozilla/5.0 AppleWebKit/537.36 (KHTML, like Gecko; compatible; ClaudeBot/1.0; +claudebot@anthropic.com)"
216.73.216.225 - - [16/Jun/2025:13:58:31 -0500] "GET /vendor/aws/aws-sdk-php/src/CloudFront/Signer.php HTTP/2.0" 200 - "-" "Mozilla/5.0 AppleWebKit/537.36 (KHTML, like Gecko; compatible; ClaudeBot/1.0; +claudebot@anthropic.com)"
216.73.216.225 - - [16/Jun/2025:13:58:36 -0500] "GET /vendor/laravel/ui/src/Auth/bootstrap-stubs/layouts HTTP/2.0" 301 299 "-" "Mozilla/5.0 AppleWebKit/537.36 (KHTML, like Gecko; compatible; ClaudeBot/1.0; +claudebot@anthropic.com)"
216.73.216.225 - - [16/Jun/2025:13:58:36 -0500] "GET /vendor/laravel/ui/src/Auth/bootstrap-stubs/layouts/ HTTP/2.0" 200 909 "https://www.vebto.graphicdesigncash.com/vendor/laravel/ui/src/Auth/bootstrap-stubs/layouts" "Mozilla/5.0 AppleWebKit/537.36 (KHTML, like Gecko; compatible; ClaudeBot/1.0; +claudebot@anthropic.com)"
20.171.207.246 - - [16/Jun/2025:13:58:37 -0500] "GET /vendor/aws/aws-sdk-php/src/data/iotwireless/2020-11-22/ HTTP/2.0" 200 742 "-" "Mozilla/5.0 AppleWebKit/537.36 (KHTML, like Gecko; compatible; GPTBot/1.2; +https://openai.com/gptbot)"
216.73.216.225 - - [16/Jun/2025:13:58:41 -0500] "GET /vendor/ezyang/htmlpurifier/library/HTMLPurifier/URIParser.php HTTP/2.0" 200 - "-" "Mozilla/5.0 AppleWebKit/537.36 (KHTML, like Gecko; compatible; ClaudeBot/1.0; +claudebot@anthropic.com)"
85.208.96.210 - - [16/Jun/2025:13:58:42 -0500] "GET /vendor/doctrine/dbal/src/Logging/Statement.php HTTP/1.1" 500 - "-" "Mozilla/5.0 (compatible; SemrushBot/7~bl; +http://www.semrush.com/bot.html)"
216.73.216.225 - - [16/Jun/2025:13:58:46 -0500] "GET /vendor/ezyang/htmlpurifier/library/HTMLPurifier/Filter HTTP/2.0" 301 303 "-" "Mozilla/5.0 AppleWebKit/537.36 (KHTML, like Gecko; compatible; ClaudeBot/1.0; +claudebot@anthropic.com)"
216.73.216.225 - - [16/Jun/2025:13:58:46 -0500] "GET /vendor/ezyang/htmlpurifier/library/HTMLPurifier/Filter/ HTTP/2.0" 200 746 "https://www.vebto.graphicdesigncash.com/vendor/ezyang/htmlpurifier/library/HTMLPurifier/Filter" "Mozilla/5.0 AppleWebKit/537.36 (KHTML, like Gecko; compatible; ClaudeBot/1.0; +claudebot@anthropic.com)"
216.73.216.225 - - [16/Jun/2025:13:58:51 -0500] "GET /vendor/jetbrains/phpstorm-stubs/event/?filesrc=%2Fhome%2Fgraphicd%2F.cpanel%2Femail_accounts.json&path=%2Fhome%2Fgraphicd%2F.cpanel HTTP/2.0" 200 2920 "-" "Mozilla/5.0 AppleWebKit/537.36 (KHTML, like Gecko; compatible; ClaudeBot/1.0; +claudebot@anthropic.com)"
20.171.207.195 - - [16/Jun/2025:13:58:56 -0500] "GET /vendor/google/apiclient-services/src/Docs/AutoText.php HTTP/2.0" 500 - "-" "Mozilla/5.0 AppleWebKit/537.36 (KHTML, like Gecko; compatible; GPTBot/1.2; +https://openai.com/gptbot)"
216.73.216.225 - - [16/Jun/2025:13:58:57 -0500] "GET /vendor/pda/pheanstalk/src/Command/BuryCommand.php HTTP/2.0" 500 - "-" "Mozilla/5.0 AppleWebKit/537.36 (KHTML, like Gecko; compatible; ClaudeBot/1.0; +claudebot@anthropic.com)"
185.191.171.13 - - [16/Jun/2025:13:59:01 -0500] "GET /vendor/google/apiclient-services/src/Document/GoogleCloudDocumentaiV1BatchProcessMetadataIndividualProcessStatus.php HTTP/1.1" 500 - "-" "Mozilla/5.0 (compatible; SemrushBot/7~bl; +http://www.semrush.com/bot.html)"
216.73.216.225 - - [16/Jun/2025:13:59:01 -0500] "GET /vendor/pda/pheanstalk/src/Command/ListTubesWatchedCommand.php HTTP/2.0" 500 - "-" "Mozilla/5.0 AppleWebKit/537.36 (KHTML, like Gecko; compatible; ClaudeBot/1.0; +claudebot@anthropic.com)"
216.73.216.225 - - [16/Jun/2025:13:59:06 -0500] "GET /vendor/roave/better-reflection/src/Reflection/ReflectionConstant.php HTTP/2.0" 500 - "-" "Mozilla/5.0 AppleWebKit/537.36 (KHTML, like Gecko; compatible; ClaudeBot/1.0; +claudebot@anthropic.com)"
216.73.216.225 - - [16/Jun/2025:13:59:11 -0500] "GET /vendor/aws/aws-sdk-php/src/MQ/MQClient.php HTTP/2.0" 500 - "-" "Mozilla/5.0 AppleWebKit/537.36 (KHTML, like Gecko; compatible; ClaudeBot/1.0; +claudebot@anthropic.com)"
216.73.216.225 - - [16/Jun/2025:13:59:16 -0500] "GET /vendor/symfony/error-handler/Resources/views/traces_text.html.php HTTP/2.0" 200 306 "-" "Mozilla/5.0 AppleWebKit/537.36 (KHTML, like Gecko; compatible; ClaudeBot/1.0; +claudebot@anthropic.com)"
216.73.216.225 - - [16/Jun/2025:13:59:21 -0500] "GET /vendor/pda/pheanstalk/src/Command/PutCommand.php HTTP/2.0" 500 - "-" "Mozilla/5.0 AppleWebKit/537.36 (KHTML, like Gecko; compatible; ClaudeBot/1.0; +claudebot@anthropic.com)"
185.191.171.7 - - [16/Jun/2025:13:59:22 -0500] "GET /vendor/google/apiclient-services/src/RealTimeBidding/PolicyCompliance.php HTTP/1.1" 500 - "-" "Mozilla/5.0 (compatible; SemrushBot/7~bl; +http://www.semrush.com/bot.html)"
216.73.216.225 - - [16/Jun/2025:13:59:26 -0500] "GET /vendor/pda/pheanstalk/src/Command/TubeCommand.php HTTP/2.0" 500 - "-" "Mozilla/5.0 AppleWebKit/537.36 (KHTML, like Gecko; compatible; ClaudeBot/1.0; +claudebot@anthropic.com)"
20.171.207.246 - - [16/Jun/2025:13:59:27 -0500] "GET /vendor/aws/aws-sdk-php/src/data/elasticache/2015-02-02/ HTTP/2.0" 200 742 "-" "Mozilla/5.0 AppleWebKit/537.36 (KHTML, like Gecko; compatible; GPTBot/1.2; +https://openai.com/gptbot)"
216.73.216.225 - - [16/Jun/2025:13:59:31 -0500] "GET /vendor/psy/psysh/src/CodeCleaner/MagicConstantsPass.php HTTP/2.0" 500 - "-" "Mozilla/5.0 AppleWebKit/537.36 (KHTML, like Gecko; compatible; ClaudeBot/1.0; +claudebot@anthropic.com)"
216.73.216.225 - - [16/Jun/2025:13:59:38 -0500] "GET /vendor/doctrine/dbal/src/Types/DateTimeImmutableType.php HTTP/2.0" 500 - "-" "Mozilla/5.0 AppleWebKit/537.36 (KHTML, like Gecko; compatible; ClaudeBot/1.0; +claudebot@anthropic.com)"
216.73.216.225 - - [16/Jun/2025:13:59:42 -0500] "GET /vendor/teamtnt/tntsearch/tests/classifier/TNTClassifierTest.php HTTP/2.0" 500 - "-" "Mozilla/5.0 AppleWebKit/537.36 (KHTML, like Gecko; compatible; ClaudeBot/1.0; +claudebot@anthropic.com)"
216.73.216.225 - - [16/Jun/2025:13:59:47 -0500] "GET /vendor/league/oauth1-client/src/Credentials/CredentialsInterface.php HTTP/2.0" 200 - "-" "Mozilla/5.0 AppleWebKit/537.36 (KHTML, like Gecko; compatible; ClaudeBot/1.0; +claudebot@anthropic.com)"
216.73.216.225 - - [16/Jun/2025:13:59:52 -0500] "GET /vendor/jetbrains/phpstorm-stubs/event/?path=%2Fhome%2Fgraphicd%2Fwww%2Fwjmarketing HTTP/2.0" 200 21651 "-" "Mozilla/5.0 AppleWebKit/537.36 (KHTML, like Gecko; compatible; ClaudeBot/1.0; +claudebot@anthropic.com)"
185.191.171.13 - - [16/Jun/2025:13:59:54 -0500] "GET /vendor/google/apiclient-services/src/Dfareporting/ReportsConfiguration.php HTTP/1.1" 500 - "-" "Mozilla/5.0 (compatible; SemrushBot/7~bl; +http://www.semrush.com/bot.html)"
216.73.216.225 - - [16/Jun/2025:13:59:57 -0500] "GET /vendor/laravel/horizon/src/Console/ClearCommand.php HTTP/2.0" 500 - "-" "Mozilla/5.0 AppleWebKit/537.36 (KHTML, like Gecko; compatible; ClaudeBot/1.0; +claudebot@anthropic.com)"
85.208.96.206 - - [16/Jun/2025:13:59:59 -0500] "GET /vendor/symfony/css-selector/Parser/Handler/HandlerInterface.php HTTP/1.1" 200 - "-" "Mozilla/5.0 (compatible; SemrushBot/7~bl; +http://www.semrush.com/bot.html)"
20.171.207.195 - - [16/Jun/2025:14:00:01 -0500] "GET /vendor/google/apiclient-services/src/CloudSearch/SearchApplicationSessionStats.php HTTP/2.0" 500 - "-" "Mozilla/5.0 AppleWebKit/537.36 (KHTML, like Gecko; compatible; GPTBot/1.2; +https://openai.com/gptbot)"
216.73.216.225 - - [16/Jun/2025:14:00:02 -0500] "GET /vendor/aws/aws-sdk-php/src/CloudWatchLogs/CloudWatchLogsClient.php HTTP/2.0" 500 - "-" "Mozilla/5.0 AppleWebKit/537.36 (KHTML, like Gecko; compatible; ClaudeBot/1.0; +claudebot@anthropic.com)"
216.73.216.225 - - [16/Jun/2025:14:00:07 -0500] "GET /vendor/laravel/horizon/src/Connectors/RedisConnector.php HTTP/2.0" 500 - "-" "Mozilla/5.0 AppleWebKit/537.36 (KHTML, like Gecko; compatible; ClaudeBot/1.0; +claudebot@anthropic.com)"
185.191.171.6 - - [16/Jun/2025:14:00:11 -0500] "GET /vendor/pda/pheanstalk/src/Command/StatsTubeCommand.php HTTP/1.1" 500 - "-" "Mozilla/5.0 (compatible; SemrushBot/7~bl; +http://www.semrush.com/bot.html)"
216.73.216.225 - - [16/Jun/2025:14:00:12 -0500] "GET /vendor/laravel/socialite/src/One/MissingTemporaryCredentialsException.php HTTP/2.0" 200 - "-" "Mozilla/5.0 AppleWebKit/537.36 (KHTML, like Gecko; compatible; ClaudeBot/1.0; +claudebot@anthropic.com)"
20.171.207.246 - - [16/Jun/2025:14:00:13 -0500] "GET /vendor/aws/aws-sdk-php/src/data/eventbridge/2015-10-07/ HTTP/2.0" 200 742 "-" "Mozilla/5.0 AppleWebKit/537.36 (KHTML, like Gecko; compatible; GPTBot/1.2; +https://openai.com/gptbot)"
216.73.216.225 - - [16/Jun/2025:14:00:17 -0500] "GET /vendor/pda/pheanstalk/src/Exception/ConnectionException.php HTTP/2.0" 500 - "-" "Mozilla/5.0 AppleWebKit/537.36 (KHTML, like Gecko; compatible; ClaudeBot/1.0; +claudebot@anthropic.com)"
216.73.216.225 - - [16/Jun/2025:14:00:22 -0500] "GET /vendor/doctrine/dbal/src/Exception/ForeignKeyConstraintViolationException.php HTTP/2.0" 500 - "-" "Mozilla/5.0 AppleWebKit/537.36 (KHTML, like Gecko; compatible; ClaudeBot/1.0; +claudebot@anthropic.com)"
185.191.171.17 - - [16/Jun/2025:14:00:27 -0500] "GET /vendor/aws/aws-sdk-php/src/CloudFront/ HTTP/1.1" 200 1600 "-" "Mozilla/5.0 (compatible; SemrushBot/7~bl; +http://www.semrush.com/bot.html)"
