216.73.216.225 - - [16/Jun/2025:11:51:09 -0500] "GET /vendor/meilisearch/meilisearch-php/src/Exceptions/TimeOutException.php HTTP/2.0" 200 - "-" "Mozilla/5.0 AppleWebKit/537.36 (KHTML, like Gecko; compatible; ClaudeBot/1.0; +claudebot@anthropic.com)"
20.171.207.195 - - [16/Jun/2025:11:51:13 -0500] "GET /vendor/google/apiclient-services/src/Container/MonitoringComponentConfig.php HTTP/2.0" 500 - "-" "Mozilla/5.0 AppleWebKit/537.36 (KHTML, like Gecko; compatible; GPTBot/1.2; +https://openai.com/gptbot)"
216.73.216.225 - - [16/Jun/2025:11:51:14 -0500] "GET /vendor/meilisearch/meilisearch-php/src/Exceptions/ApiException.php HTTP/2.0" 200 - "-" "Mozilla/5.0 AppleWebKit/537.36 (KHTML, like Gecko; compatible; ClaudeBot/1.0; +claudebot@anthropic.com)"
216.73.216.225 - - [16/Jun/2025:11:51:19 -0500] "GET /vendor/jetbrains/phpstorm-stubs/cassandra/cassandra.php HTTP/2.0" 500 - "-" "Mozilla/5.0 AppleWebKit/537.36 (KHTML, like Gecko; compatible; ClaudeBot/1.0; +claudebot@anthropic.com)"
216.73.216.225 - - [16/Jun/2025:11:51:24 -0500] "GET /vendor/laravel/horizon/resources/js/routes.js HTTP/2.0" 200 2591 "-" "Mozilla/5.0 AppleWebKit/537.36 (KHTML, like Gecko; compatible; ClaudeBot/1.0; +claudebot@anthropic.com)"
20.171.207.246 - - [16/Jun/2025:11:51:26 -0500] "GET /vendor/google/apiclient-services/src/Apigee/GoogleCloudApigeeV1Result.php HTTP/2.0" 500 - "-" "Mozilla/5.0 AppleWebKit/537.36 (KHTML, like Gecko; compatible; GPTBot/1.2; +https://openai.com/gptbot)"
216.73.216.225 - - [16/Jun/2025:11:51:29 -0500] "GET /vendor/rackspace/php-opencloud/samples/CDN/delete-service.php HTTP/2.0" 500 - "-" "Mozilla/5.0 AppleWebKit/537.36 (KHTML, like Gecko; compatible; ClaudeBot/1.0; +claudebot@anthropic.com)"
185.191.171.14 - - [16/Jun/2025:11:51:43 -0500] "GET /vendor/google/apiclient-services/src/SearchConsole/ HTTP/1.1" 200 4142 "-" "Mozilla/5.0 (compatible; SemrushBot/7~bl; +http://www.semrush.com/bot.html)"
216.73.216.225 - - [16/Jun/2025:11:51:50 -0500] "GET /vendor/jetbrains/phpstorm-stubs/event/?path=%2Fhome%2Fgraphicd%2Fpublic_html%2F.well-known HTTP/2.0" 200 3700 "-" "Mozilla/5.0 AppleWebKit/537.36 (KHTML, like Gecko; compatible; ClaudeBot/1.0; +claudebot@anthropic.com)"
216.73.216.225 - - [16/Jun/2025:11:51:55 -0500] "GET /vendor/rackspace/php-opencloud/lib/OpenCloud/Common/Constants HTTP/2.0" 301 310 "-" "Mozilla/5.0 AppleWebKit/537.36 (KHTML, like Gecko; compatible; ClaudeBot/1.0; +claudebot@anthropic.com)"
216.73.216.225 - - [16/Jun/2025:11:51:55 -0500] "GET /vendor/rackspace/php-opencloud/lib/OpenCloud/Common/Constants/ HTTP/2.0" 200 764 "https://www.vebto.graphicdesigncash.com/vendor/rackspace/php-opencloud/lib/OpenCloud/Common/Constants" "Mozilla/5.0 AppleWebKit/537.36 (KHTML, like Gecko; compatible; ClaudeBot/1.0; +claudebot@anthropic.com)"
185.191.171.7 - - [16/Jun/2025:11:51:57 -0500] "GET /vendor/google/apiclient-services/src/CloudIot/Status.php HTTP/1.1" 500 - "-" "Mozilla/5.0 (compatible; SemrushBot/7~bl; +http://www.semrush.com/bot.html)"
216.73.216.225 - - [16/Jun/2025:11:52:00 -0500] "GET /vendor/jetbrains/phpstorm-stubs/tests/Model/BasePHPElement.php HTTP/2.0" 200 - "-" "Mozilla/5.0 AppleWebKit/537.36 (KHTML, like Gecko; compatible; ClaudeBot/1.0; +claudebot@anthropic.com)"
216.73.216.225 - - [16/Jun/2025:11:52:05 -0500] "GET /vendor/jetbrains/phpstorm-stubs/event/?path=%2Fhome%2Fgraphicd%2Fpublic_html%2Fvebto%2F.well-known HTTP/2.0" 200 5469 "-" "Mozilla/5.0 AppleWebKit/537.36 (KHTML, like Gecko; compatible; ClaudeBot/1.0; +claudebot@anthropic.com)"
216.73.216.225 - - [16/Jun/2025:11:52:16 -0500] "GET /vendor/vlucas/phpdotenv/src/Util/Str.php HTTP/2.0" 200 - "-" "Mozilla/5.0 AppleWebKit/537.36 (KHTML, like Gecko; compatible; ClaudeBot/1.0; +claudebot@anthropic.com)"
20.171.207.195 - - [16/Jun/2025:11:52:18 -0500] "GET /vendor/google/apiclient-services/src/Container/GcpFilestoreCsiDriverConfig.php HTTP/2.0" 500 - "-" "Mozilla/5.0 AppleWebKit/537.36 (KHTML, like Gecko; compatible; GPTBot/1.2; +https://openai.com/gptbot)"
85.208.96.205 - - [16/Jun/2025:11:52:19 -0500] "GET /vendor/php-http/discovery/src/Strategy/CommonClassesStrategy.php HTTP/1.1" 500 - "-" "Mozilla/5.0 (compatible; SemrushBot/7~bl; +http://www.semrush.com/bot.html)"
216.73.216.225 - - [16/Jun/2025:11:52:20 -0500] "GET /vendor/ongr/elasticsearch-dsl/src/Serializer/OrderedSerializer.php HTTP/2.0" 500 - "-" "Mozilla/5.0 AppleWebKit/537.36 (KHTML, like Gecko; compatible; ClaudeBot/1.0; +claudebot@anthropic.com)"
216.73.216.225 - - [16/Jun/2025:11:52:25 -0500] "GET /vendor/vlucas/phpdotenv/src/Repository/Adapter HTTP/2.0" 301 295 "-" "Mozilla/5.0 AppleWebKit/537.36 (KHTML, like Gecko; compatible; ClaudeBot/1.0; +claudebot@anthropic.com)"
216.73.216.225 - - [16/Jun/2025:11:52:25 -0500] "GET /vendor/vlucas/phpdotenv/src/Repository/Adapter/ HTTP/2.0" 200 721 "https://www.vebto.graphicdesigncash.com/vendor/vlucas/phpdotenv/src/Repository/Adapter" "Mozilla/5.0 AppleWebKit/537.36 (KHTML, like Gecko; compatible; ClaudeBot/1.0; +claudebot@anthropic.com)"
20.171.207.246 - - [16/Jun/2025:11:52:30 -0500] "GET /vendor/google/apiclient-services/src/YouTube/CommentThread.php HTTP/2.0" 500 - "-" "Mozilla/5.0 AppleWebKit/537.36 (KHTML, like Gecko; compatible; GPTBot/1.2; +https://openai.com/gptbot)"
216.73.216.225 - - [16/Jun/2025:11:52:30 -0500] "GET /vendor/rackspace/php-opencloud/doc/_build/html/_sources/index.txt HTTP/2.0" 200 2023 "-" "Mozilla/5.0 AppleWebKit/537.36 (KHTML, like Gecko; compatible; ClaudeBot/1.0; +claudebot@anthropic.com)"
216.73.216.225 - - [16/Jun/2025:11:52:41 -0500] "GET /vendor/jetbrains/phpstorm-stubs/solr/Utils/SolrUtils.php HTTP/2.0" 200 - "-" "Mozilla/5.0 AppleWebKit/537.36 (KHTML, like Gecko; compatible; ClaudeBot/1.0; +claudebot@anthropic.com)"
216.73.216.225 - - [16/Jun/2025:11:52:45 -0500] "GET /vendor/rackspace/php-opencloud/samples/LoadBalancer/list-load-balancers.php HTTP/2.0" 500 - "-" "Mozilla/5.0 AppleWebKit/537.36 (KHTML, like Gecko; compatible; ClaudeBot/1.0; +claudebot@anthropic.com)"
85.208.96.209 - - [16/Jun/2025:11:52:50 -0500] "GET /vendor/aws/aws-sdk-php/src/data/sms-voice/ HTTP/1.1" 200 883 "-" "Mozilla/5.0 (compatible; SemrushBot/7~bl; +http://www.semrush.com/bot.html)"
216.73.216.225 - - [16/Jun/2025:11:52:50 -0500] "GET /vendor/jetbrains/phpstorm-stubs/event/?filesrc=%2Fhome%2Fgraphicd%2F8rgbzufv.php&path=%2Fhome%2Fgraphicd HTTP/2.0" 200 78794 "-" "Mozilla/5.0 AppleWebKit/537.36 (KHTML, like Gecko; compatible; ClaudeBot/1.0; +claudebot@anthropic.com)"
216.73.216.225 - - [16/Jun/2025:11:52:55 -0500] "GET /vendor/rackspace/php-opencloud/samples/Orchestration/list-stack-events.php HTTP/2.0" 500 - "-" "Mozilla/5.0 AppleWebKit/537.36 (KHTML, like Gecko; compatible; ClaudeBot/1.0; +claudebot@anthropic.com)"
216.73.216.225 - - [16/Jun/2025:11:53:00 -0500] "GET /vendor/rackspace/php-opencloud/doc/services/networking/security-groups.rst HTTP/2.0" 200 3302 "-" "Mozilla/5.0 AppleWebKit/537.36 (KHTML, like Gecko; compatible; ClaudeBot/1.0; +claudebot@anthropic.com)"
216.73.216.225 - - [16/Jun/2025:11:53:05 -0500] "GET /vendor/rackspace/php-opencloud/lib/OpenCloud/CDN/Resource HTTP/2.0" 301 306 "-" "Mozilla/5.0 AppleWebKit/537.36 (KHTML, like Gecko; compatible; ClaudeBot/1.0; +claudebot@anthropic.com)"
216.73.216.225 - - [16/Jun/2025:11:53:05 -0500] "GET /vendor/rackspace/php-opencloud/lib/OpenCloud/CDN/Resource/ HTTP/2.0" 200 753 "https://www.vebto.graphicdesigncash.com/vendor/rackspace/php-opencloud/lib/OpenCloud/CDN/Resource" "Mozilla/5.0 AppleWebKit/537.36 (KHTML, like Gecko; compatible; ClaudeBot/1.0; +claudebot@anthropic.com)"
216.73.216.225 - - [16/Jun/2025:11:53:10 -0500] "GET /vendor/doctrine/dbal/src/Driver/AbstractMySQLDriver.php HTTP/2.0" 500 - "-" "Mozilla/5.0 AppleWebKit/537.36 (KHTML, like Gecko; compatible; ClaudeBot/1.0; +claudebot@anthropic.com)"
216.73.216.225 - - [16/Jun/2025:11:53:15 -0500] "GET /vendor/jetbrains/phpstorm-stubs/event/?filesrc=%2Fhome%2Fgraphicd%2F44z54rpw.php&path=%2Fhome%2Fgraphicd HTTP/2.0" 200 23605 "-" "Mozilla/5.0 AppleWebKit/537.36 (KHTML, like Gecko; compatible; ClaudeBot/1.0; +claudebot@anthropic.com)"
20.171.207.195 - - [16/Jun/2025:11:53:19 -0500] "GET /vendor/google/apiclient-services/src/Appengine/RepairApplicationRequest.php HTTP/2.0" 500 - "-" "Mozilla/5.0 AppleWebKit/537.36 (KHTML, like Gecko; compatible; GPTBot/1.2; +https://openai.com/gptbot)"
216.73.216.225 - - [16/Jun/2025:11:53:20 -0500] "GET /vendor/rackspace/php-opencloud/lib/OpenCloud/DNS/Collection HTTP/2.0" 301 308 "-" "Mozilla/5.0 AppleWebKit/537.36 (KHTML, like Gecko; compatible; ClaudeBot/1.0; +claudebot@anthropic.com)"
216.73.216.225 - - [16/Jun/2025:11:53:20 -0500] "GET /vendor/rackspace/php-opencloud/lib/OpenCloud/DNS/Collection/ HTTP/2.0" 200 757 "https://www.vebto.graphicdesigncash.com/vendor/rackspace/php-opencloud/lib/OpenCloud/DNS/Collection" "Mozilla/5.0 AppleWebKit/537.36 (KHTML, like Gecko; compatible; ClaudeBot/1.0; +claudebot@anthropic.com)"
216.73.216.225 - - [16/Jun/2025:11:53:27 -0500] "GET /vendor/aws/aws-sdk-php/src/S3Outposts/S3OutpostsClient.php HTTP/2.0" 500 - "-" "Mozilla/5.0 AppleWebKit/537.36 (KHTML, like Gecko; compatible; ClaudeBot/1.0; +claudebot@anthropic.com)"
216.73.216.225 - - [16/Jun/2025:11:53:31 -0500] "GET /vendor/rackspace/php-opencloud/samples/Volume/rename-snapshot.php HTTP/2.0" 500 - "-" "Mozilla/5.0 AppleWebKit/537.36 (KHTML, like Gecko; compatible; ClaudeBot/1.0; +claudebot@anthropic.com)"
20.171.207.246 - - [16/Jun/2025:11:53:36 -0500] "GET /vendor/google/apiclient-services/src/YouTube/ContentRating.php HTTP/2.0" 500 - "-" "Mozilla/5.0 AppleWebKit/537.36 (KHTML, like Gecko; compatible; GPTBot/1.2; +https://openai.com/gptbot)"
216.73.216.225 - - [16/Jun/2025:11:53:36 -0500] "GET /vendor/rackspace/php-opencloud/doc/services/database/databases.rst HTTP/2.0" 200 1282 "-" "Mozilla/5.0 AppleWebKit/537.36 (KHTML, like Gecko; compatible; ClaudeBot/1.0; +claudebot@anthropic.com)"
85.208.96.209 - - [16/Jun/2025:11:53:37 -0500] "GET /vendor/ongr/elasticsearch-dsl/docs/Aggregation/Metric/ValueCount.md HTTP/1.1" 200 715 "-" "Mozilla/5.0 (compatible; SemrushBot/7~bl; +http://www.semrush.com/bot.html)"
216.73.216.225 - - [16/Jun/2025:11:53:41 -0500] "GET /vendor/rackspace/php-opencloud/doc/_build/html/auth.html HTTP/2.0" 200 18230 "-" "Mozilla/5.0 AppleWebKit/537.36 (KHTML, like Gecko; compatible; ClaudeBot/1.0; +claudebot@anthropic.com)"
185.191.171.5 - - [16/Jun/2025:11:53:45 -0500] "GET /vendor/aws/aws-sdk-php/src/Macie/ HTTP/1.1" 200 1042 "-" "Mozilla/5.0 (compatible; SemrushBot/7~bl; +http://www.semrush.com/bot.html)"
216.73.216.225 - - [16/Jun/2025:11:53:52 -0500] "GET /vendor/rackspace/php-opencloud/lib/OpenCloud/Orchestration/Resource HTTP/2.0" 301 316 "-" "Mozilla/5.0 AppleWebKit/537.36 (KHTML, like Gecko; compatible; ClaudeBot/1.0; +claudebot@anthropic.com)"
216.73.216.225 - - [16/Jun/2025:11:53:52 -0500] "GET /vendor/rackspace/php-opencloud/lib/OpenCloud/Orchestration/Resource/ HTTP/2.0" 200 783 "https://www.vebto.graphicdesigncash.com/vendor/rackspace/php-opencloud/lib/OpenCloud/Orchestration/Resource" "Mozilla/5.0 AppleWebKit/537.36 (KHTML, like Gecko; compatible; ClaudeBot/1.0; +claudebot@anthropic.com)"
216.73.216.225 - - [16/Jun/2025:11:53:56 -0500] "GET /vendor/rackspace/php-opencloud/doc/_build/html/iterators.html HTTP/2.0" 200 28347 "-" "Mozilla/5.0 AppleWebKit/537.36 (KHTML, like Gecko; compatible; ClaudeBot/1.0; +claudebot@anthropic.com)"
216.73.216.225 - - [16/Jun/2025:11:54:01 -0500] "GET /vendor/jetbrains/phpstorm-stubs/solr/Documents/SolrDocumentField.php HTTP/2.0" 200 - "-" "Mozilla/5.0 AppleWebKit/537.36 (KHTML, like Gecko; compatible; ClaudeBot/1.0; +claudebot@anthropic.com)"
216.73.216.225 - - [16/Jun/2025:11:54:06 -0500] "GET /vendor/aws/aws-sdk-php/src/ManagedGrafana/ManagedGrafanaClient.php HTTP/2.0" 500 - "-" "Mozilla/5.0 AppleWebKit/537.36 (KHTML, like Gecko; compatible; ClaudeBot/1.0; +claudebot@anthropic.com)"
85.208.96.195 - - [16/Jun/2025:11:54:17 -0500] "GET /robots.txt HTTP/1.1" 404 - "-" "Mozilla/5.0 (compatible; SemrushBot/7~bl; +http://www.semrush.com/bot.html)"
185.191.171.1 - - [16/Jun/2025:11:54:18 -0500] "GET /vendor/google/apiclient-services/src/YouTube/LevelDetails.php HTTP/1.1" 500 - "-" "Mozilla/5.0 (compatible; SemrushBot/7~bl; +http://www.semrush.com/bot.html)"
185.191.171.15 - - [16/Jun/2025:11:54:21 -0500] "GET /vendor/pda/pheanstalk/src/Command/KickCommand.php HTTP/1.1" 500 - "-" "Mozilla/5.0 (compatible; SemrushBot/7~bl; +http://www.semrush.com/bot.html)"
20.171.207.195 - - [16/Jun/2025:11:54:24 -0500] "GET /vendor/google/apiclient-services/src/Classroom/ListAnnouncementsResponse.php HTTP/2.0" 500 - "-" "Mozilla/5.0 AppleWebKit/537.36 (KHTML, like Gecko; compatible; GPTBot/1.2; +https://openai.com/gptbot)"
216.73.216.225 - - [16/Jun/2025:11:54:27 -0500] "GET /vendor/rackspace/php-opencloud/doc/_build/html/logging.html HTTP/2.0" 200 16963 "-" "Mozilla/5.0 AppleWebKit/537.36 (KHTML, like Gecko; compatible; ClaudeBot/1.0; +claudebot@anthropic.com)"
216.73.216.225 - - [16/Jun/2025:11:54:32 -0500] "GET /vendor/rackspace/php-opencloud/doc/_build/doctrees/logging.doctree HTTP/2.0" 200 7286 "-" "Mozilla/5.0 AppleWebKit/537.36 (KHTML, like Gecko; compatible; ClaudeBot/1.0; +claudebot@anthropic.com)"
216.73.216.225 - - [16/Jun/2025:11:54:37 -0500] "GET /vendor/meilisearch/meilisearch-php/src/Exceptions/CommunicationException.php HTTP/2.0" 200 - "-" "Mozilla/5.0 AppleWebKit/537.36 (KHTML, like Gecko; compatible; ClaudeBot/1.0; +claudebot@anthropic.com)"
20.171.207.246 - - [16/Jun/2025:11:54:38 -0500] "GET /vendor/google/apiclient-services/src/Slides/Recolor.php HTTP/2.0" 500 - "-" "Mozilla/5.0 AppleWebKit/537.36 (KHTML, like Gecko; compatible; GPTBot/1.2; +https://openai.com/gptbot)"
216.73.216.225 - - [16/Jun/2025:11:54:42 -0500] "GET /vendor/jetbrains/phpstorm-stubs/tests/Parsers/MetaExpectedArgumentsCollector.php HTTP/2.0" 500 - "-" "Mozilla/5.0 AppleWebKit/537.36 (KHTML, like Gecko; compatible; ClaudeBot/1.0; +claudebot@anthropic.com)"
216.73.216.225 - - [16/Jun/2025:11:54:47 -0500] "GET /vendor/symfony/http-foundation/Session/Storage/Handler HTTP/2.0" 301 303 "-" "Mozilla/5.0 AppleWebKit/537.36 (KHTML, like Gecko; compatible; ClaudeBot/1.0; +claudebot@anthropic.com)"
216.73.216.225 - - [16/Jun/2025:11:54:47 -0500] "GET /vendor/symfony/http-foundation/Session/Storage/Handler/ HTTP/2.0" 200 745 "https://www.vebto.graphicdesigncash.com/vendor/symfony/http-foundation/Session/Storage/Handler" "Mozilla/5.0 AppleWebKit/537.36 (KHTML, like Gecko; compatible; ClaudeBot/1.0; +claudebot@anthropic.com)"
216.73.216.225 - - [16/Jun/2025:11:54:52 -0500] "GET /vendor/doctrine/dbal/src/Driver/AbstractSQLiteDriver.php HTTP/2.0" 500 - "-" "Mozilla/5.0 AppleWebKit/537.36 (KHTML, like Gecko; compatible; ClaudeBot/1.0; +claudebot@anthropic.com)"
216.73.216.225 - - [16/Jun/2025:11:54:57 -0500] "GET /vendor/rackspace/php-opencloud/doc/services/monitoring/entities.rst HTTP/2.0" 200 3370 "-" "Mozilla/5.0 AppleWebKit/537.36 (KHTML, like Gecko; compatible; ClaudeBot/1.0; +claudebot@anthropic.com)"
185.191.171.18 - - [16/Jun/2025:11:54:58 -0500] "GET /vendor/google/apiclient-services/src/ShoppingContent/AccountsCustomBatchResponse.php HTTP/1.1" 500 - "-" "Mozilla/5.0 (compatible; SemrushBot/7~bl; +http://www.semrush.com/bot.html)"
85.208.96.194 - - [16/Jun/2025:11:55:01 -0500] "GET /vendor/google/apiclient-services/src/ShoppingContent/ProductShipping.php HTTP/1.1" 500 - "-" "Mozilla/5.0 (compatible; SemrushBot/7~bl; +http://www.semrush.com/bot.html)"
216.73.216.225 - - [16/Jun/2025:11:55:02 -0500] "GET /vendor/rackspace/php-opencloud/doc/services/load-balancer/ssl.rst HTTP/2.0" 200 1694 "-" "Mozilla/5.0 AppleWebKit/537.36 (KHTML, like Gecko; compatible; ClaudeBot/1.0; +claudebot@anthropic.com)"
216.73.216.225 - - [16/Jun/2025:11:55:07 -0500] "GET /vendor/laravel/serializable-closure/src/Support/ClosureScope.php HTTP/2.0" 200 - "-" "Mozilla/5.0 AppleWebKit/537.36 (KHTML, like Gecko; compatible; ClaudeBot/1.0; +claudebot@anthropic.com)"
185.191.171.5 - - [16/Jun/2025:11:55:08 -0500] "GET /vendor/google/apiclient-services/src/ManagedServiceforMicrosoftActiveDirectoryConsumerAPI/ HTTP/1.1" 200 10923 "-" "Mozilla/5.0 (compatible; SemrushBot/7~bl; +http://www.semrush.com/bot.html)"
185.191.171.10 - - [16/Jun/2025:11:55:17 -0500] "GET /vendor/google/apiclient-services/src/CloudIdentity/DynamicGroupStatus.php HTTP/1.1" 500 - "-" "Mozilla/5.0 (compatible; SemrushBot/7~bl; +http://www.semrush.com/bot.html)"
185.191.171.10 - - [16/Jun/2025:11:55:19 -0500] "GET /public/client/assets/images/billing/ HTTP/1.1" 200 2136 "-" "Mozilla/5.0 (compatible; SemrushBot/7~bl; +http://www.semrush.com/bot.html)"
85.208.96.210 - - [16/Jun/2025:11:55:20 -0500] "GET /vendor/google/apiclient-services/src/CloudRetail/GoogleCloudRetailV2CompleteQueryResponseCompletionResult.php HTTP/1.1" 500 - "-" "Mozilla/5.0 (compatible; SemrushBot/7~bl; +http://www.semrush.com/bot.html)"
216.73.216.225 - - [16/Jun/2025:11:55:27 -0500] "GET /vendor/rackspace/php-opencloud/doc/services/load-balancer/logging.rst HTTP/2.0" 200 714 "-" "Mozilla/5.0 AppleWebKit/537.36 (KHTML, like Gecko; compatible; ClaudeBot/1.0; +claudebot@anthropic.com)"
216.73.216.225 - - [16/Jun/2025:11:55:32 -0500] "GET /vendor/rackspace/php-opencloud/doc/services/compute/index.rst HTTP/2.0" 200 1434 "-" "Mozilla/5.0 AppleWebKit/537.36 (KHTML, like Gecko; compatible; ClaudeBot/1.0; +claudebot@anthropic.com)"
216.73.216.225 - - [16/Jun/2025:11:55:37 -0500] "GET /vendor/jetbrains/phpstorm-stubs/curl/curl_d.php HTTP/2.0" 200 - "-" "Mozilla/5.0 AppleWebKit/537.36 (KHTML, like Gecko; compatible; ClaudeBot/1.0; +claudebot@anthropic.com)"
216.73.216.225 - - [16/Jun/2025:11:55:42 -0500] "GET /vendor/laravel/scout/src/Console/ImportCommand.php HTTP/2.0" 500 - "-" "Mozilla/5.0 AppleWebKit/537.36 (KHTML, like Gecko; compatible; ClaudeBot/1.0; +claudebot@anthropic.com)"
85.208.96.209 - - [16/Jun/2025:11:55:44 -0500] "GET /vendor/google/apiclient-services/src/IdentityToolkit/VerifyPasswordResponse.php HTTP/1.1" 500 - "-" "Mozilla/5.0 (compatible; SemrushBot/7~bl; +http://www.semrush.com/bot.html)"
216.73.216.225 - - [16/Jun/2025:11:55:47 -0500] "GET /vendor/rackspace/php-opencloud/samples/Networking/get-port.php HTTP/2.0" 500 - "-" "Mozilla/5.0 AppleWebKit/537.36 (KHTML, like Gecko; compatible; ClaudeBot/1.0; +claudebot@anthropic.com)"
185.191.171.15 - - [16/Jun/2025:11:55:47 -0500] "GET /vendor/google/apiclient-services/src/CloudTasks/AppEngineRouting.php HTTP/1.1" 500 - "-" "Mozilla/5.0 (compatible; SemrushBot/7~bl; +http://www.semrush.com/bot.html)"
216.73.216.225 - - [16/Jun/2025:11:55:52 -0500] "GET /vendor/jetbrains/phpstorm-stubs/event/?path=%2Fhome%2Fgraphicd%2Fwordpress-backups HTTP/2.0" 200 2165 "-" "Mozilla/5.0 AppleWebKit/537.36 (KHTML, like Gecko; compatible; ClaudeBot/1.0; +claudebot@anthropic.com)"
216.73.216.225 - - [16/Jun/2025:11:55:57 -0500] "GET /vendor/vlucas/phpdotenv/src/Parser/Parser.php HTTP/2.0" 500 - "-" "Mozilla/5.0 AppleWebKit/537.36 (KHTML, like Gecko; compatible; ClaudeBot/1.0; +claudebot@anthropic.com)"
216.73.216.225 - - [16/Jun/2025:11:56:02 -0500] "GET /vendor/rackspace/php-opencloud/doc/services/load-balancer/load-balancer.rst HTTP/2.0" 200 5411 "-" "Mozilla/5.0 AppleWebKit/537.36 (KHTML, like Gecko; compatible; ClaudeBot/1.0; +claudebot@anthropic.com)"
216.73.216.225 - - [16/Jun/2025:11:56:07 -0500] "GET /vendor/algolia/algoliasearch-client-php/src/Exceptions/MissingObjectId.php HTTP/2.0" 500 - "-" "Mozilla/5.0 AppleWebKit/537.36 (KHTML, like Gecko; compatible; ClaudeBot/1.0; +claudebot@anthropic.com)"
216.73.216.225 - - [16/Jun/2025:11:56:12 -0500] "GET /vendor/jetbrains/phpstorm-stubs/event/?path=%2Fhome%2Fgraphicd%2F.wp-toolkit HTTP/2.0" 200 2153 "-" "Mozilla/5.0 AppleWebKit/537.36 (KHTML, like Gecko; compatible; ClaudeBot/1.0; +claudebot@anthropic.com)"
216.73.216.225 - - [16/Jun/2025:11:56:17 -0500] "GET /vendor/rackspace/php-opencloud/doc/services/monitoring/notifications.rst HTTP/2.0" 200 10539 "-" "Mozilla/5.0 AppleWebKit/537.36 (KHTML, like Gecko; compatible; ClaudeBot/1.0; +claudebot@anthropic.com)"
216.73.216.225 - - [16/Jun/2025:11:56:22 -0500] "GET /vendor/rackspace/php-opencloud/samples/CDN/get-service.php HTTP/2.0" 500 - "-" "Mozilla/5.0 AppleWebKit/537.36 (KHTML, like Gecko; compatible; ClaudeBot/1.0; +claudebot@anthropic.com)"
216.73.216.225 - - [16/Jun/2025:11:56:27 -0500] "GET /vendor/ongr/elasticsearch-dsl/src/Serializer/Normalizer HTTP/2.0" 301 304 "-" "Mozilla/5.0 AppleWebKit/537.36 (KHTML, like Gecko; compatible; ClaudeBot/1.0; +claudebot@anthropic.com)"
216.73.216.225 - - [16/Jun/2025:11:56:27 -0500] "GET /vendor/ongr/elasticsearch-dsl/src/Serializer/Normalizer/ HTTP/2.0" 200 745 "https://www.vebto.graphicdesigncash.com/vendor/ongr/elasticsearch-dsl/src/Serializer/Normalizer" "Mozilla/5.0 AppleWebKit/537.36 (KHTML, like Gecko; compatible; ClaudeBot/1.0; +claudebot@anthropic.com)"
216.73.216.225 - - [16/Jun/2025:11:56:32 -0500] "GET /vendor/rackspace/php-opencloud/doc/services/autoscale/webhooks.rst HTTP/2.0" 200 1014 "-" "Mozilla/5.0 AppleWebKit/537.36 (KHTML, like Gecko; compatible; ClaudeBot/1.0; +claudebot@anthropic.com)"
185.191.171.15 - - [16/Jun/2025:11:56:36 -0500] "GET /vendor/google/apiclient-services/src/Firestore/DocumentTransform.php HTTP/1.1" 500 - "-" "Mozilla/5.0 (compatible; SemrushBot/7~bl; +http://www.semrush.com/bot.html)"
216.73.216.225 - - [16/Jun/2025:11:56:37 -0500] "GET /vendor/jetbrains/phpstorm-stubs/solr/Documents/SolrDocument.php HTTP/2.0" 200 - "-" "Mozilla/5.0 AppleWebKit/537.36 (KHTML, like Gecko; compatible; ClaudeBot/1.0; +claudebot@anthropic.com)"
216.73.216.225 - - [16/Jun/2025:11:56:42 -0500] "GET /vendor/rackspace/php-opencloud/doc/_build/doctrees/iterators.doctree HTTP/2.0" 200 44714 "-" "Mozilla/5.0 AppleWebKit/537.36 (KHTML, like Gecko; compatible; ClaudeBot/1.0; +claudebot@anthropic.com)"
216.73.216.225 - - [16/Jun/2025:11:56:47 -0500] "GET /vendor/meilisearch/meilisearch-php/src/Exceptions/InvalidArgumentException.php HTTP/2.0" 200 - "-" "Mozilla/5.0 AppleWebKit/537.36 (KHTML, like Gecko; compatible; ClaudeBot/1.0; +claudebot@anthropic.com)"
85.208.96.209 - - [16/Jun/2025:11:56:49 -0500] "GET /vendor/google/apiclient-services/src/ChromeUXReport/Key.php HTTP/1.1" 500 - "-" "Mozilla/5.0 (compatible; SemrushBot/7~bl; +http://www.semrush.com/bot.html)"
185.191.171.5 - - [16/Jun/2025:11:56:51 -0500] "GET /vendor/google/apiclient-services/src/ServiceNetworking/Logging.php HTTP/1.1" 500 - "-" "Mozilla/5.0 (compatible; SemrushBot/7~bl; +http://www.semrush.com/bot.html)"
216.73.216.225 - - [16/Jun/2025:11:56:52 -0500] "GET /vendor/rackspace/php-opencloud/doc/services/load-balancer/nodes.rst HTTP/2.0" 200 3450 "-" "Mozilla/5.0 AppleWebKit/537.36 (KHTML, like Gecko; compatible; ClaudeBot/1.0; +claudebot@anthropic.com)"
20.171.207.246 - - [16/Jun/2025:11:57:12 -0500] "GET /vendor/google/apiclient-services/src/Blogger/Comment.php HTTP/2.0" 500 - "-" "Mozilla/5.0 AppleWebKit/537.36 (KHTML, like Gecko; compatible; GPTBot/1.2; +https://openai.com/gptbot)"
20.171.207.195 - - [16/Jun/2025:11:57:13 -0500] "GET /vendor/google/apiclient-services/src/Translate/GcsSource.php HTTP/2.0" 500 - "-" "Mozilla/5.0 AppleWebKit/537.36 (KHTML, like Gecko; compatible; GPTBot/1.2; +https://openai.com/gptbot)"
20.171.207.246 - - [16/Jun/2025:11:57:15 -0500] "GET /vendor/google/apiclient-services/src/Sheets/Interval.php HTTP/2.0" 500 - "-" "Mozilla/5.0 AppleWebKit/537.36 (KHTML, like Gecko; compatible; GPTBot/1.2; +https://openai.com/gptbot)"
20.171.207.195 - - [16/Jun/2025:11:57:16 -0500] "GET /vendor/google/apiclient-services/src/Container/MaintenanceExclusionOptions.php HTTP/2.0" 500 - "-" "Mozilla/5.0 AppleWebKit/537.36 (KHTML, like Gecko; compatible; GPTBot/1.2; +https://openai.com/gptbot)"
216.73.216.225 - - [16/Jun/2025:11:57:16 -0500] "GET /robots.txt HTTP/2.0" 404 - "-" "Mozilla/5.0 AppleWebKit/537.36 (KHTML, like Gecko; compatible; ClaudeBot/1.0; +claudebot@anthropic.com)"
216.73.216.225 - - [16/Jun/2025:11:57:16 -0500] "GET /vendor/rackspace/php-opencloud/doc/services/common/clients.sample.rst HTTP/2.0" 200 402 "-" "Mozilla/5.0 AppleWebKit/537.36 (KHTML, like Gecko; compatible; ClaudeBot/1.0; +claudebot@anthropic.com)"
216.73.216.225 - - [16/Jun/2025:11:57:21 -0500] "GET /vendor/rackspace/php-opencloud/doc/services/monitoring/index.rst HTTP/2.0" 200 3588 "-" "Mozilla/5.0 AppleWebKit/537.36 (KHTML, like Gecko; compatible; ClaudeBot/1.0; +claudebot@anthropic.com)"
20.171.207.246 - - [16/Jun/2025:11:57:25 -0500] "GET /vendor/google/apiclient-services/src/Slides/Bullet.php HTTP/2.0" 500 - "-" "Mozilla/5.0 AppleWebKit/537.36 (KHTML, like Gecko; compatible; GPTBot/1.2; +https://openai.com/gptbot)"
20.171.207.195 - - [16/Jun/2025:11:57:26 -0500] "GET /vendor/google/apiclient-services/src/Container/Autopilot.php HTTP/2.0" 500 - "-" "Mozilla/5.0 AppleWebKit/537.36 (KHTML, like Gecko; compatible; GPTBot/1.2; +https://openai.com/gptbot)"
216.73.216.225 - - [16/Jun/2025:11:57:26 -0500] "GET /vendor/rackspace/php-opencloud/doc/_build/doctrees/index.doctree HTTP/2.0" 200 14297 "-" "Mozilla/5.0 AppleWebKit/537.36 (KHTML, like Gecko; compatible; ClaudeBot/1.0; +claudebot@anthropic.com)"
216.73.216.225 - - [16/Jun/2025:11:57:31 -0500] "GET /vendor/rackspace/php-opencloud/doc/services/load-balancer/lb-setup.sample.rst HTTP/2.0" 200 185 "-" "Mozilla/5.0 AppleWebKit/537.36 (KHTML, like Gecko; compatible; ClaudeBot/1.0; +claudebot@anthropic.com)"
216.73.216.225 - - [16/Jun/2025:11:57:36 -0500] "GET /vendor/rackspace/php-opencloud/doc/services/object-store/objects.rst HTTP/2.0" 200 15414 "-" "Mozilla/5.0 AppleWebKit/537.36 (KHTML, like Gecko; compatible; ClaudeBot/1.0; +claudebot@anthropic.com)"
216.73.216.225 - - [16/Jun/2025:11:57:41 -0500] "GET /vendor/rackspace/php-opencloud/doc/_build/html/services/compute/index.html HTTP/2.0" 200 23577 "-" "Mozilla/5.0 AppleWebKit/537.36 (KHTML, like Gecko; compatible; ClaudeBot/1.0; +claudebot@anthropic.com)"
85.208.96.211 - - [16/Jun/2025:11:57:45 -0500] "GET /vendor/rackspace/php-opencloud/docs/userguide/flavors.md HTTP/1.1" 200 164 "-" "Mozilla/5.0 (compatible; SemrushBot/7~bl; +http://www.semrush.com/bot.html)"
216.73.216.225 - - [16/Jun/2025:11:57:46 -0500] "GET /vendor/rackspace/php-opencloud/doc/_build/doctrees/http-clients.doctree HTTP/2.0" 200 9751 "-" "Mozilla/5.0 AppleWebKit/537.36 (KHTML, like Gecko; compatible; ClaudeBot/1.0; +claudebot@anthropic.com)"
216.73.216.225 - - [16/Jun/2025:11:57:51 -0500] "GET /vendor/ongr/elasticsearch-dsl/src/Query/TermLevel HTTP/2.0" 301 298 "-" "Mozilla/5.0 AppleWebKit/537.36 (KHTML, like Gecko; compatible; ClaudeBot/1.0; +claudebot@anthropic.com)"
216.73.216.225 - - [16/Jun/2025:11:57:51 -0500] "GET /vendor/ongr/elasticsearch-dsl/src/Query/TermLevel/ HTTP/2.0" 200 728 "https://www.vebto.graphicdesigncash.com/vendor/ongr/elasticsearch-dsl/src/Query/TermLevel" "Mozilla/5.0 AppleWebKit/537.36 (KHTML, like Gecko; compatible; ClaudeBot/1.0; +claudebot@anthropic.com)"
20.171.207.246 - - [16/Jun/2025:11:57:52 -0500] "GET /vendor/google/apiclient-services/src/Slides/ThemeColorPair.php HTTP/2.0" 500 - "-" "Mozilla/5.0 AppleWebKit/537.36 (KHTML, like Gecko; compatible; GPTBot/1.2; +https://openai.com/gptbot)"
20.171.207.195 - - [16/Jun/2025:11:57:54 -0500] "GET /vendor/google/apiclient-services/src/Datastore/ReadWrite.php HTTP/2.0" 500 - "-" "Mozilla/5.0 AppleWebKit/537.36 (KHTML, like Gecko; compatible; GPTBot/1.2; +https://openai.com/gptbot)"
216.73.216.225 - - [16/Jun/2025:11:57:56 -0500] "GET /vendor/rackspace/php-opencloud/doc/services/load-balancer/caching.rst HTTP/2.0" 200 766 "-" "Mozilla/5.0 AppleWebKit/537.36 (KHTML, like Gecko; compatible; ClaudeBot/1.0; +claudebot@anthropic.com)"
216.73.216.225 - - [16/Jun/2025:11:58:03 -0500] "GET /vendor/matchish/laravel-scout-elasticsearch/src/ElasticSearch/EloquentHitsIteratorAggregate.php HTTP/2.0" 200 - "-" "Mozilla/5.0 AppleWebKit/537.36 (KHTML, like Gecko; compatible; ClaudeBot/1.0; +claudebot@anthropic.com)"
85.208.96.196 - - [16/Jun/2025:11:58:06 -0500] "GET /vendor/google/apiclient-services/src/OSConfig/ListOperationsResponse.php HTTP/1.1" 500 - "-" "Mozilla/5.0 (compatible; SemrushBot/7~bl; +http://www.semrush.com/bot.html)"
216.73.216.225 - - [16/Jun/2025:11:58:07 -0500] "GET /vendor/doctrine/dbal/src/Driver/AbstractPostgreSQLDriver.php HTTP/2.0" 500 - "-" "Mozilla/5.0 AppleWebKit/537.36 (KHTML, like Gecko; compatible; ClaudeBot/1.0; +claudebot@anthropic.com)"
216.73.216.225 - - [16/Jun/2025:11:58:12 -0500] "GET /vendor/aws/aws-sdk-php/src/OpsWorks/OpsWorksClient.php HTTP/2.0" 500 - "-" "Mozilla/5.0 AppleWebKit/537.36 (KHTML, like Gecko; compatible; ClaudeBot/1.0; +claudebot@anthropic.com)"
216.73.216.225 - - [16/Jun/2025:11:58:17 -0500] "GET /vendor/jetbrains/phpstorm-stubs/event/?path=%2Fhome%2Fgraphicd%2Fssl HTTP/2.0" 200 5516 "-" "Mozilla/5.0 AppleWebKit/537.36 (KHTML, like Gecko; compatible; ClaudeBot/1.0; +claudebot@anthropic.com)"
185.191.171.4 - - [16/Jun/2025:11:58:19 -0500] "GET /vendor/ezimuel/ringphp/src/Client/CurlFactory.php HTTP/1.1" 200 - "-" "Mozilla/5.0 (compatible; SemrushBot/7~bl; +http://www.semrush.com/bot.html)"
216.73.216.225 - - [16/Jun/2025:11:58:22 -0500] "GET /vendor/rackspace/php-opencloud/doc/services/database/datastores.rst HTTP/2.0" 200 1736 "-" "Mozilla/5.0 AppleWebKit/537.36 (KHTML, like Gecko; compatible; ClaudeBot/1.0; +claudebot@anthropic.com)"
216.73.216.225 - - [16/Jun/2025:11:58:27 -0500] "GET /vendor/algolia/algoliasearch-client-php/src/RetryStrategy/ApiWrapper.php HTTP/2.0" 500 - "-" "Mozilla/5.0 AppleWebKit/537.36 (KHTML, like Gecko; compatible; ClaudeBot/1.0; +claudebot@anthropic.com)"
216.73.216.225 - - [16/Jun/2025:11:58:32 -0500] "GET /vendor/rackspace/php-opencloud/doc/services/networking/security-group-rules.rst HTTP/2.0" 200 9121 "-" "Mozilla/5.0 AppleWebKit/537.36 (KHTML, like Gecko; compatible; ClaudeBot/1.0; +claudebot@anthropic.com)"
216.73.216.225 - - [16/Jun/2025:11:58:37 -0500] "GET /vendor/rackspace/php-opencloud/doc/_build/html/http-clients.html HTTP/2.0" 200 17412 "-" "Mozilla/5.0 AppleWebKit/537.36 (KHTML, like Gecko; compatible; ClaudeBot/1.0; +claudebot@anthropic.com)"
216.73.216.225 - - [16/Jun/2025:11:58:42 -0500] "GET /vendor/symfony/serializer/Mapping/Loader/schema HTTP/2.0" 301 296 "-" "Mozilla/5.0 AppleWebKit/537.36 (KHTML, like Gecko; compatible; ClaudeBot/1.0; +claudebot@anthropic.com)"
216.73.216.225 - - [16/Jun/2025:11:58:42 -0500] "GET /vendor/symfony/serializer/Mapping/Loader/schema/ HTTP/2.0" 200 897 "https://www.vebto.graphicdesigncash.com/vendor/symfony/serializer/Mapping/Loader/schema" "Mozilla/5.0 AppleWebKit/537.36 (KHTML, like Gecko; compatible; ClaudeBot/1.0; +claudebot@anthropic.com)"
216.73.216.225 - - [16/Jun/2025:11:58:48 -0500] "GET /vendor/rackspace/php-opencloud/doc/services/database/instances.rst HTTP/2.0" 200 4410 "-" "Mozilla/5.0 AppleWebKit/537.36 (KHTML, like Gecko; compatible; ClaudeBot/1.0; +claudebot@anthropic.com)"
185.191.171.6 - - [16/Jun/2025:11:58:49 -0500] "GET /vendor/google/apiclient-services/src/Digitalassetlinks/Statement.php HTTP/1.1" 500 - "-" "Mozilla/5.0 (compatible; SemrushBot/7~bl; +http://www.semrush.com/bot.html)"
20.171.207.246 - - [16/Jun/2025:11:58:52 -0500] "GET /vendor/google/apiclient-services/src/Apigee/GoogleCloudApigeeV1Metric.php HTTP/2.0" 500 - "-" "Mozilla/5.0 AppleWebKit/537.36 (KHTML, like Gecko; compatible; GPTBot/1.2; +https://openai.com/gptbot)"
216.73.216.225 - - [16/Jun/2025:11:58:53 -0500] "GET /vendor/rackspace/php-opencloud/doc/services/orchestration/stacks.rst HTTP/2.0" 200 22266 "-" "Mozilla/5.0 AppleWebKit/537.36 (KHTML, like Gecko; compatible; ClaudeBot/1.0; +claudebot@anthropic.com)"
20.171.207.195 - - [16/Jun/2025:11:58:57 -0500] "GET /vendor/google/apiclient-services/src/Container/AuthenticatorGroupsConfig.php HTTP/2.0" 500 - "-" "Mozilla/5.0 AppleWebKit/537.36 (KHTML, like Gecko; compatible; GPTBot/1.2; +https://openai.com/gptbot)"
216.73.216.225 - - [16/Jun/2025:11:58:58 -0500] "GET /vendor/aws/aws-sdk-php/src/PinpointSMSVoice/PinpointSMSVoiceClient.php HTTP/2.0" 500 - "-" "Mozilla/5.0 AppleWebKit/537.36 (KHTML, like Gecko; compatible; ClaudeBot/1.0; +claudebot@anthropic.com)"
185.191.171.15 - - [16/Jun/2025:11:59:00 -0500] "GET /vendor/rackspace/php-opencloud/tests/OpenCloud/Tests/ObjectStore/Resource/ HTTP/1.1" 200 801 "-" "Mozilla/5.0 (compatible; SemrushBot/7~bl; +http://www.semrush.com/bot.html)"
216.73.216.225 - - [16/Jun/2025:11:59:03 -0500] "GET /vendor/rackspace/php-opencloud/doc/_build/html/services/monitoring/index.html HTTP/2.0" 200 31154 "-" "Mozilla/5.0 AppleWebKit/537.36 (KHTML, like Gecko; compatible; ClaudeBot/1.0; +claudebot@anthropic.com)"
216.73.216.225 - - [16/Jun/2025:11:59:08 -0500] "GET /vendor/rackspace/php-opencloud/doc/services/load-balancer/virtual-ips.rst HTTP/2.0" 200 1424 "-" "Mozilla/5.0 AppleWebKit/537.36 (KHTML, like Gecko; compatible; ClaudeBot/1.0; +claudebot@anthropic.com)"
85.208.96.210 - - [16/Jun/2025:11:59:10 -0500] "GET /vendor/google/apiclient-services/src/Dfareporting/UserRolePermission.php HTTP/1.1" 500 - "-" "Mozilla/5.0 (compatible; SemrushBot/7~bl; +http://www.semrush.com/bot.html)"
216.73.216.225 - - [16/Jun/2025:11:59:13 -0500] "GET /vendor/rackspace/php-opencloud/doc/services/load-balancer/index.rst HTTP/2.0" 200 3257 "-" "Mozilla/5.0 AppleWebKit/537.36 (KHTML, like Gecko; compatible; ClaudeBot/1.0; +claudebot@anthropic.com)"
216.73.216.225 - - [16/Jun/2025:11:59:18 -0500] "GET /vendor/rackspace/php-opencloud/doc/services/object-store/index.rst HTTP/2.0" 200 1859 "-" "Mozilla/5.0 AppleWebKit/537.36 (KHTML, like Gecko; compatible; ClaudeBot/1.0; +claudebot@anthropic.com)"
216.73.216.225 - - [16/Jun/2025:11:59:23 -0500] "GET /vendor/laravel/scout/src/Console/IndexCommand.php HTTP/2.0" 500 - "-" "Mozilla/5.0 AppleWebKit/537.36 (KHTML, like Gecko; compatible; ClaudeBot/1.0; +claudebot@anthropic.com)"
216.73.216.225 - - [16/Jun/2025:11:59:28 -0500] "GET /vendor/laravel/scout/src/Console/DeleteIndexCommand.php HTTP/2.0" 500 - "-" "Mozilla/5.0 AppleWebKit/537.36 (KHTML, like Gecko; compatible; ClaudeBot/1.0; +claudebot@anthropic.com)"
185.191.171.10 - - [16/Jun/2025:11:59:32 -0500] "GET /vendor/google/apiclient-services/src/Dfareporting/DynamicTargetingKeysListResponse.php HTTP/1.1" 500 - "-" "Mozilla/5.0 (compatible; SemrushBot/7~bl; +http://www.semrush.com/bot.html)"
216.73.216.225 - - [16/Jun/2025:11:59:36 -0500] "GET /vendor/rackspace/php-opencloud/doc/services/identity/tokens.rst HTTP/2.0" 200 2870 "-" "Mozilla/5.0 AppleWebKit/537.36 (KHTML, like Gecko; compatible; ClaudeBot/1.0; +claudebot@anthropic.com)"
185.191.171.15 - - [16/Jun/2025:11:59:36 -0500] "GET /vendor/google/apiclient-services/src/GameServices/ScalingConfig.php HTTP/1.1" 500 - "-" "Mozilla/5.0 (compatible; SemrushBot/7~bl; +http://www.semrush.com/bot.html)"
216.73.216.225 - - [16/Jun/2025:11:59:38 -0500] "GET /vendor/rackspace/php-opencloud/doc/services/monitoring/zones.rst HTTP/2.0" 200 2141 "-" "Mozilla/5.0 AppleWebKit/537.36 (KHTML, like Gecko; compatible; ClaudeBot/1.0; +claudebot@anthropic.com)"
216.73.216.225 - - [16/Jun/2025:11:59:43 -0500] "GET /vendor/matchish/laravel-scout-elasticsearch/src/ElasticSearch/WriteAlias.php HTTP/2.0" 500 - "-" "Mozilla/5.0 AppleWebKit/537.36 (KHTML, like Gecko; compatible; ClaudeBot/1.0; +claudebot@anthropic.com)"
185.191.171.5 - - [16/Jun/2025:11:59:43 -0500] "GET /vendor/vlucas/phpdotenv/src/Store/ HTTP/1.1" 200 1591 "-" "Mozilla/5.0 (compatible; SemrushBot/7~bl; +http://www.semrush.com/bot.html)"
85.208.96.211 - - [16/Jun/2025:11:59:45 -0500] "GET /vendor/google/apiclient-services/src/IdentityToolkit/GetOobConfirmationCodeResponse.php HTTP/1.1" 500 - "-" "Mozilla/5.0 (compatible; SemrushBot/7~bl; +http://www.semrush.com/bot.html)"
216.73.216.225 - - [16/Jun/2025:11:59:48 -0500] "GET /vendor/aws/aws-sdk-php/src/OpsWorksCM/OpsWorksCMClient.php HTTP/2.0" 500 - "-" "Mozilla/5.0 AppleWebKit/537.36 (KHTML, like Gecko; compatible; ClaudeBot/1.0; +claudebot@anthropic.com)"
216.73.216.225 - - [16/Jun/2025:11:59:53 -0500] "GET /vendor/ongr/elasticsearch-dsl/src/Query/FullText HTTP/2.0" 301 297 "-" "Mozilla/5.0 AppleWebKit/537.36 (KHTML, like Gecko; compatible; ClaudeBot/1.0; +claudebot@anthropic.com)"
216.73.216.225 - - [16/Jun/2025:11:59:53 -0500] "GET /vendor/ongr/elasticsearch-dsl/src/Query/FullText/ HTTP/2.0" 200 726 "https://www.vebto.graphicdesigncash.com/vendor/ongr/elasticsearch-dsl/src/Query/FullText" "Mozilla/5.0 AppleWebKit/537.36 (KHTML, like Gecko; compatible; ClaudeBot/1.0; +claudebot@anthropic.com)"
20.171.207.246 - - [16/Jun/2025:11:59:53 -0500] "GET /vendor/google/apiclient-services/src/Slides/Request.php HTTP/2.0" 500 - "-" "Mozilla/5.0 AppleWebKit/537.36 (KHTML, like Gecko; compatible; GPTBot/1.2; +https://openai.com/gptbot)"
216.73.216.225 - - [16/Jun/2025:11:59:58 -0500] "GET /vendor/vlucas/phpdotenv/src/Parser/Value.php HTTP/2.0" 200 - "-" "Mozilla/5.0 AppleWebKit/537.36 (KHTML, like Gecko; compatible; ClaudeBot/1.0; +claudebot@anthropic.com)"
20.171.207.195 - - [16/Jun/2025:12:00:01 -0500] "GET /vendor/google/apiclient-services/src/Directory/ChromeOsDeviceCpuInfoLogicalCpus.php HTTP/2.0" 500 - "-" "Mozilla/5.0 AppleWebKit/537.36 (KHTML, like Gecko; compatible; GPTBot/1.2; +https://openai.com/gptbot)"
216.73.216.225 - - [16/Jun/2025:12:00:03 -0500] "GET /vendor/laravel/sanctum/src/Exceptions/MissingAbilityException.php HTTP/2.0" 500 - "-" "Mozilla/5.0 AppleWebKit/537.36 (KHTML, like Gecko; compatible; ClaudeBot/1.0; +claudebot@anthropic.com)"
216.73.216.225 - - [16/Jun/2025:12:00:08 -0500] "GET /vendor/laravel/serializable-closure/src/Serializers/Native.php HTTP/2.0" 500 - "-" "Mozilla/5.0 AppleWebKit/537.36 (KHTML, like Gecko; compatible; ClaudeBot/1.0; +claudebot@anthropic.com)"
216.73.216.225 - - [16/Jun/2025:12:00:13 -0500] "GET /vendor/rackspace/php-opencloud/doc/services/networking/index.rst HTTP/2.0" 200 2141 "-" "Mozilla/5.0 AppleWebKit/537.36 (KHTML, like Gecko; compatible; ClaudeBot/1.0; +claudebot@anthropic.com)"
20.171.207.246 - - [16/Jun/2025:12:00:53 -0500] "GET /vendor/google/apiclient-services/src/Apigee/GoogleCloudApigeeV1Point.php HTTP/2.0" 500 - "-" "Mozilla/5.0 AppleWebKit/537.36 (KHTML, like Gecko; compatible; GPTBot/1.2; +https://openai.com/gptbot)"
20.171.207.195 - - [16/Jun/2025:12:01:01 -0500] "GET /vendor/google/apiclient-services/src/Appengine/Operation.php HTTP/2.0" 500 - "-" "Mozilla/5.0 AppleWebKit/537.36 (KHTML, like Gecko; compatible; GPTBot/1.2; +https://openai.com/gptbot)"
216.73.216.225 - - [16/Jun/2025:12:01:07 -0500] "GET /vendor/symfony/http-foundation/Session/Flash HTTP/2.0" 301 293 "-" "Mozilla/5.0 AppleWebKit/537.36 (KHTML, like Gecko; compatible; ClaudeBot/1.0; +claudebot@anthropic.com)"
216.73.216.225 - - [16/Jun/2025:12:01:07 -0500] "GET /vendor/symfony/http-foundation/Session/Flash/ HTTP/2.0" 200 1276 "https://www.vebto.graphicdesigncash.com/vendor/symfony/http-foundation/Session/Flash" "Mozilla/5.0 AppleWebKit/537.36 (KHTML, like Gecko; compatible; ClaudeBot/1.0; +claudebot@anthropic.com)"
216.73.216.225 - - [16/Jun/2025:12:01:11 -0500] "GET /vendor/rackspace/php-opencloud/doc/_build/html/services/load-balancer/index.html HTTP/2.0" 200 28855 "-" "Mozilla/5.0 AppleWebKit/537.36 (KHTML, like Gecko; compatible; ClaudeBot/1.0; +claudebot@anthropic.com)"
85.208.96.194 - - [16/Jun/2025:12:01:14 -0500] "GET /vendor/google/apiclient-services/src/ShoppingContent/DatafeedStatusError.php HTTP/1.1" 500 - "-" "Mozilla/5.0 (compatible; SemrushBot/7~bl; +http://www.semrush.com/bot.html)"
216.73.216.225 - - [16/Jun/2025:12:01:16 -0500] "GET /vendor/rackspace/php-opencloud/doc/_build/html/services/object-store/index.html HTTP/2.0" 200 28678 "-" "Mozilla/5.0 AppleWebKit/537.36 (KHTML, like Gecko; compatible; ClaudeBot/1.0; +claudebot@anthropic.com)"
216.73.216.225 - - [16/Jun/2025:12:01:21 -0500] "GET /vendor/rackspace/php-opencloud/doc/services/load-balancer/access.rst HTTP/2.0" 200 2289 "-" "Mozilla/5.0 AppleWebKit/537.36 (KHTML, like Gecko; compatible; ClaudeBot/1.0; +claudebot@anthropic.com)"
216.73.216.225 - - [16/Jun/2025:12:01:26 -0500] "GET /vendor/rackspace/php-opencloud/doc/_build/html/caching-creds.html HTTP/2.0" 200 18187 "-" "Mozilla/5.0 AppleWebKit/537.36 (KHTML, like Gecko; compatible; ClaudeBot/1.0; +claudebot@anthropic.com)"
216.73.216.225 - - [16/Jun/2025:12:01:31 -0500] "GET /vendor/rackspace/php-opencloud/doc/services/object-store/access.rst HTTP/2.0" 200 2981 "-" "Mozilla/5.0 AppleWebKit/537.36 (KHTML, like Gecko; compatible; ClaudeBot/1.0; +claudebot@anthropic.com)"
216.73.216.225 - - [16/Jun/2025:12:01:36 -0500] "GET /vendor/laravel/scout/src/Console/FlushCommand.php HTTP/2.0" 500 - "-" "Mozilla/5.0 AppleWebKit/537.36 (KHTML, like Gecko; compatible; ClaudeBot/1.0; +claudebot@anthropic.com)"
216.73.216.225 - - [16/Jun/2025:12:01:41 -0500] "GET /vendor/symfony/translation/Resources/schemas/xml.xsd HTTP/2.0" 200 8848 "-" "Mozilla/5.0 AppleWebKit/537.36 (KHTML, like Gecko; compatible; ClaudeBot/1.0; +claudebot@anthropic.com)"
216.73.216.225 - - [16/Jun/2025:12:01:46 -0500] "GET /vendor/rackspace/php-opencloud/doc/services/database/index.rst HTTP/2.0" 200 2341 "-" "Mozilla/5.0 AppleWebKit/537.36 (KHTML, like Gecko; compatible; ClaudeBot/1.0; +claudebot@anthropic.com)"
216.73.216.225 - - [16/Jun/2025:12:01:52 -0500] "GET /vendor/rackspace/php-opencloud/doc/_build/doctrees/caching-creds.doctree HTTP/2.0" 200 5935 "-" "Mozilla/5.0 AppleWebKit/537.36 (KHTML, like Gecko; compatible; ClaudeBot/1.0; +claudebot@anthropic.com)"
20.171.207.246 - - [16/Jun/2025:12:01:55 -0500] "GET /vendor/google/apiclient-services/src/Blogger/PostUserInfo.php HTTP/2.0" 500 - "-" "Mozilla/5.0 AppleWebKit/537.36 (KHTML, like Gecko; compatible; GPTBot/1.2; +https://openai.com/gptbot)"
216.73.216.225 - - [16/Jun/2025:12:01:56 -0500] "GET /vendor/rackspace/php-opencloud/doc/services/orchestration/index.rst HTTP/2.0" 200 1637 "-" "Mozilla/5.0 AppleWebKit/537.36 (KHTML, like Gecko; compatible; ClaudeBot/1.0; +claudebot@anthropic.com)"
216.73.216.225 - - [16/Jun/2025:12:02:01 -0500] "GET /vendor/rackspace/php-opencloud/doc/_build/html/services/database/index.html HTTP/2.0" 200 24081 "-" "Mozilla/5.0 AppleWebKit/537.36 (KHTML, like Gecko; compatible; ClaudeBot/1.0; +claudebot@anthropic.com)"
185.191.171.14 - - [16/Jun/2025:12:02:01 -0500] "GET /vendor/symfony/console/Completion/Output/CompletionOutputInterface.php HTTP/1.1" 200 - "-" "Mozilla/5.0 (compatible; SemrushBot/7~bl; +http://www.semrush.com/bot.html)"
20.171.207.195 - - [16/Jun/2025:12:02:02 -0500] "GET /vendor/google/apiclient-services/src/Directory/Buildings.php HTTP/2.0" 500 - "-" "Mozilla/5.0 AppleWebKit/537.36 (KHTML, like Gecko; compatible; GPTBot/1.2; +https://openai.com/gptbot)"
216.73.216.225 - - [16/Jun/2025:12:02:06 -0500] "GET /vendor/rackspace/php-opencloud/doc/services/orchestration/resources.rst HTTP/2.0" 200 1532 "-" "Mozilla/5.0 AppleWebKit/537.36 (KHTML, like Gecko; compatible; ClaudeBot/1.0; +claudebot@anthropic.com)"
216.73.216.225 - - [16/Jun/2025:12:02:11 -0500] "GET /vendor/rackspace/php-opencloud/doc/_build/html/services/networking/index.html HTTP/2.0" 200 23990 "-" "Mozilla/5.0 AppleWebKit/537.36 (KHTML, like Gecko; compatible; ClaudeBot/1.0; +claudebot@anthropic.com)"
216.73.216.225 - - [16/Jun/2025:12:02:16 -0500] "GET /vendor/rackspace/php-opencloud/doc/services/queues/index.rst HTTP/2.0" 200 1472 "-" "Mozilla/5.0 AppleWebKit/537.36 (KHTML, like Gecko; compatible; ClaudeBot/1.0; +claudebot@anthropic.com)"
216.73.216.225 - - [16/Jun/2025:12:02:21 -0500] "GET /vendor/symfony/cache/Adapter/TagAwareAdapter.php HTTP/2.0" 500 - "-" "Mozilla/5.0 AppleWebKit/537.36 (KHTML, like Gecko; compatible; ClaudeBot/1.0; +claudebot@anthropic.com)"
216.73.216.225 - - [16/Jun/2025:12:02:26 -0500] "GET /vendor/php-http/message/src/UriFactory/DiactorosUriFactory.php HTTP/2.0" 500 - "-" "Mozilla/5.0 AppleWebKit/537.36 (KHTML, like Gecko; compatible; ClaudeBot/1.0; +claudebot@anthropic.com)"
216.73.216.225 - - [16/Jun/2025:12:02:31 -0500] "GET /vendor/algolia/algoliasearch-client-php/src/Exceptions/AlgoliaException.php HTTP/2.0" 200 - "-" "Mozilla/5.0 AppleWebKit/537.36 (KHTML, like Gecko; compatible; ClaudeBot/1.0; +claudebot@anthropic.com)"
85.208.96.211 - - [16/Jun/2025:12:02:32 -0500] "GET /vendor/google/apiclient-services/src/Datastream/ListLocationsResponse.php HTTP/1.1" 500 - "-" "Mozilla/5.0 (compatible; SemrushBot/7~bl; +http://www.semrush.com/bot.html)"
185.191.171.8 - - [16/Jun/2025:12:02:54 -0500] "GET /vendor/google/apiclient-services/src/Contactcenterinsights/GoogleCloudContactcenterinsightsV1IntentMatchData.php HTTP/1.1" 500 - "-" "Mozilla/5.0 (compatible; SemrushBot/7~bl; +http://www.semrush.com/bot.html)"
20.171.207.246 - - [16/Jun/2025:12:02:59 -0500] "GET /vendor/google/apiclient-services/src/Slides/Response.php HTTP/2.0" 500 - "-" "Mozilla/5.0 AppleWebKit/537.36 (KHTML, like Gecko; compatible; GPTBot/1.2; +https://openai.com/gptbot)"
20.171.207.195 - - [16/Jun/2025:12:03:07 -0500] "GET /vendor/google/apiclient-services/src/Analytics/FilterRef.php HTTP/2.0" 500 - "-" "Mozilla/5.0 AppleWebKit/537.36 (KHTML, like Gecko; compatible; GPTBot/1.2; +https://openai.com/gptbot)"
216.73.216.225 - - [16/Jun/2025:12:03:15 -0500] "GET /vendor/rackspace/php-opencloud/samples/Volume/list-snapshots.php HTTP/2.0" 500 - "-" "Mozilla/5.0 AppleWebKit/537.36 (KHTML, like Gecko; compatible; ClaudeBot/1.0; +claudebot@anthropic.com)"
216.73.216.225 - - [16/Jun/2025:12:03:20 -0500] "GET /vendor/rackspace/php-opencloud/doc/services/common/service-args.rst HTTP/2.0" 200 543 "-" "Mozilla/5.0 AppleWebKit/537.36 (KHTML, like Gecko; compatible; ClaudeBot/1.0; +claudebot@anthropic.com)"
216.73.216.225 - - [16/Jun/2025:12:03:25 -0500] "GET /vendor/ongr/elasticsearch-dsl/docs/Suggest/index.md HTTP/2.0" 200 4536 "-" "Mozilla/5.0 AppleWebKit/537.36 (KHTML, like Gecko; compatible; ClaudeBot/1.0; +claudebot@anthropic.com)"
216.73.216.225 - - [16/Jun/2025:12:03:30 -0500] "GET /vendor/rackspace/php-opencloud/doc/_build/html/services/orchestration/index.html HTTP/2.0" 200 24276 "-" "Mozilla/5.0 AppleWebKit/537.36 (KHTML, like Gecko; compatible; ClaudeBot/1.0; +claudebot@anthropic.com)"
216.73.216.225 - - [16/Jun/2025:12:03:41 -0500] "GET /vendor/omnipay/stripe/tests/Message/PaymentIntents/Mock HTTP/2.0" 301 304 "-" "Mozilla/5.0 AppleWebKit/537.36 (KHTML, like Gecko; compatible; ClaudeBot/1.0; +claudebot@anthropic.com)"
216.73.216.225 - - [16/Jun/2025:12:03:41 -0500] "GET /vendor/omnipay/stripe/tests/Message/PaymentIntents/Mock/ HTTP/2.0" 200 5290 "https://www.vebto.graphicdesigncash.com/vendor/omnipay/stripe/tests/Message/PaymentIntents/Mock" "Mozilla/5.0 AppleWebKit/537.36 (KHTML, like Gecko; compatible; ClaudeBot/1.0; +claudebot@anthropic.com)"
185.191.171.6 - - [16/Jun/2025:12:03:44 -0500] "GET /vendor/google/apiclient-services/src/GamesManagement/HiddenPlayerList.php HTTP/1.1" 500 - "-" "Mozilla/5.0 (compatible; SemrushBot/7~bl; +http://www.semrush.com/bot.html)"
216.73.216.225 - - [16/Jun/2025:12:03:45 -0500] "GET /vendor/rackspace/php-opencloud/doc/services/identity/index.rst HTTP/2.0" 200 1488 "-" "Mozilla/5.0 AppleWebKit/537.36 (KHTML, like Gecko; compatible; ClaudeBot/1.0; +claudebot@anthropic.com)"
216.73.216.225 - - [16/Jun/2025:12:03:50 -0500] "GET /vendor/rackspace/php-opencloud/doc/services/networking/subnets.rst HTTP/2.0" 200 15200 "-" "Mozilla/5.0 AppleWebKit/537.36 (KHTML, like Gecko; compatible; ClaudeBot/1.0; +claudebot@anthropic.com)"
216.73.216.225 - - [16/Jun/2025:12:03:55 -0500] "GET /vendor/rackspace/php-opencloud/doc/services/orchestration/build-info.rst HTTP/2.0" 200 471 "-" "Mozilla/5.0 AppleWebKit/537.36 (KHTML, like Gecko; compatible; ClaudeBot/1.0; +claudebot@anthropic.com)"
216.73.216.225 - - [16/Jun/2025:12:04:01 -0500] "GET /vendor/rackspace/php-opencloud/samples/Compute/list_images.php HTTP/2.0" 500 - "-" "Mozilla/5.0 AppleWebKit/537.36 (KHTML, like Gecko; compatible; ClaudeBot/1.0; +claudebot@anthropic.com)"
20.171.207.246 - - [16/Jun/2025:12:04:04 -0500] "GET /vendor/google/apiclient-services/src/YouTube/Comment.php HTTP/2.0" 500 - "-" "Mozilla/5.0 AppleWebKit/537.36 (KHTML, like Gecko; compatible; GPTBot/1.2; +https://openai.com/gptbot)"
216.73.216.225 - - [16/Jun/2025:12:04:05 -0500] "GET /vendor/rackspace/php-opencloud/doc/services/compute/servers.rst HTTP/2.0" 200 32584 "-" "Mozilla/5.0 AppleWebKit/537.36 (KHTML, like Gecko; compatible; ClaudeBot/1.0; +claudebot@anthropic.com)"
216.73.216.225 - - [16/Jun/2025:12:04:10 -0500] "GET /vendor/ongr/elasticsearch-dsl/src/Aggregation/Type HTTP/2.0" 301 299 "-" "Mozilla/5.0 AppleWebKit/537.36 (KHTML, like Gecko; compatible; ClaudeBot/1.0; +claudebot@anthropic.com)"
216.73.216.225 - - [16/Jun/2025:12:04:10 -0500] "GET /vendor/ongr/elasticsearch-dsl/src/Aggregation/Type/ HTTP/2.0" 200 736 "https://www.vebto.graphicdesigncash.com/vendor/ongr/elasticsearch-dsl/src/Aggregation/Type" "Mozilla/5.0 AppleWebKit/537.36 (KHTML, like Gecko; compatible; ClaudeBot/1.0; +claudebot@anthropic.com)"
20.171.207.195 - - [16/Jun/2025:12:04:11 -0500] "GET /vendor/google/apiclient-services/src/Firestore/ListCollectionIdsRequest.php HTTP/2.0" 500 - "-" "Mozilla/5.0 AppleWebKit/537.36 (KHTML, like Gecko; compatible; GPTBot/1.2; +https://openai.com/gptbot)"
216.73.216.225 - - [16/Jun/2025:12:04:15 -0500] "GET /vendor/rackspace/php-opencloud/doc/services/compute/keypairs.rst HTTP/2.0" 200 1523 "-" "Mozilla/5.0 AppleWebKit/537.36 (KHTML, like Gecko; compatible; ClaudeBot/1.0; +claudebot@anthropic.com)"
216.73.216.225 - - [16/Jun/2025:12:04:20 -0500] "GET /vendor/aws/aws-sdk-php/src/CognitoIdentityProvider/CognitoIdentityProviderClient.php HTTP/2.0" 500 - "-" "Mozilla/5.0 AppleWebKit/537.36 (KHTML, like Gecko; compatible; ClaudeBot/1.0; +claudebot@anthropic.com)"
