216.73.216.29 - - [16/Jun/2025:09:34:42 -0500] "GET /vendor/ezyang/htmlpurifier/library/HTMLPurifier/URI.php HTTP/2.0" 200 - "-" "Mozilla/5.0 AppleWebKit/537.36 (KHTML, like Gecko; compatible; ClaudeBot/1.0; +claudebot@anthropic.com)"
85.208.96.205 - - [16/Jun/2025:09:34:42 -0500] "GET /vendor/google/apiclient-services/src/CloudDomains/ HTTP/1.1" 200 8329 "-" "Mozilla/5.0 (compatible; SemrushBot/7~bl; +http://www.semrush.com/bot.html)"
216.73.216.29 - - [16/Jun/2025:09:34:47 -0500] "GET /vendor/aws/aws-sdk-php/src/AppRegistry/AppRegistryClient.php HTTP/2.0" 500 - "-" "Mozilla/5.0 AppleWebKit/537.36 (KHTML, like Gecko; compatible; ClaudeBot/1.0; +claudebot@anthropic.com)"
20.171.207.246 - - [16/Jun/2025:09:34:48 -0500] "GET /vendor/google/apiclient-services/src/Blogger/PostReplies.php HTTP/2.0" 500 - "-" "Mozilla/5.0 AppleWebKit/537.36 (KHTML, like Gecko; compatible; GPTBot/1.2; +https://openai.com/gptbot)"
216.73.216.29 - - [16/Jun/2025:09:34:52 -0500] "GET /vendor/doctrine/dbal/src/Query/QueryBuilder.php HTTP/2.0" 200 - "-" "Mozilla/5.0 AppleWebKit/537.36 (KHTML, like Gecko; compatible; ClaudeBot/1.0; +claudebot@anthropic.com)"
20.171.207.195 - - [16/Jun/2025:09:34:55 -0500] "GET /vendor/google/apiclient-services/src/Firestore/Precondition.php HTTP/2.0" 500 - "-" "Mozilla/5.0 AppleWebKit/537.36 (KHTML, like Gecko; compatible; GPTBot/1.2; +https://openai.com/gptbot)"
216.73.216.29 - - [16/Jun/2025:09:34:57 -0500] "GET /vendor/ezyang/htmlpurifier/library/HTMLPurifier/Zipper.php HTTP/2.0" 200 - "-" "Mozilla/5.0 AppleWebKit/537.36 (KHTML, like Gecko; compatible; ClaudeBot/1.0; +claudebot@anthropic.com)"
216.73.216.29 - - [16/Jun/2025:09:35:02 -0500] "GET /vendor/aws/aws-sdk-php/src/Exception/CryptoException.php HTTP/2.0" 200 - "-" "Mozilla/5.0 AppleWebKit/537.36 (KHTML, like Gecko; compatible; ClaudeBot/1.0; +claudebot@anthropic.com)"
216.73.216.29 - - [16/Jun/2025:09:35:08 -0500] "GET /vendor/aws/aws-sdk-php/src/Api/Operation.php HTTP/2.0" 500 - "-" "Mozilla/5.0 AppleWebKit/537.36 (KHTML, like Gecko; compatible; ClaudeBot/1.0; +claudebot@anthropic.com)"
216.73.216.29 - - [16/Jun/2025:09:35:12 -0500] "GET /vendor/psy/psysh/src/Reflection/ReflectionConstant.php HTTP/2.0" 500 - "-" "Mozilla/5.0 AppleWebKit/537.36 (KHTML, like Gecko; compatible; ClaudeBot/1.0; +claudebot@anthropic.com)"
216.73.216.29 - - [16/Jun/2025:09:35:17 -0500] "GET /vendor/aws/aws-sdk-php/src/Sns/SnsClient.php HTTP/2.0" 500 - "-" "Mozilla/5.0 AppleWebKit/537.36 (KHTML, like Gecko; compatible; ClaudeBot/1.0; +claudebot@anthropic.com)"
216.73.216.29 - - [16/Jun/2025:09:35:22 -0500] "GET /vendor/aws/aws-sdk-php/src/Signature/SignatureTrait.php HTTP/2.0" 200 - "-" "Mozilla/5.0 AppleWebKit/537.36 (KHTML, like Gecko; compatible; ClaudeBot/1.0; +claudebot@anthropic.com)"
216.73.216.29 - - [16/Jun/2025:09:35:27 -0500] "GET /vendor/aws/aws-sdk-php/src/SagemakerEdgeManager/Exception HTTP/2.0" 301 306 "-" "Mozilla/5.0 AppleWebKit/537.36 (KHTML, like Gecko; compatible; ClaudeBot/1.0; +claudebot@anthropic.com)"
216.73.216.29 - - [16/Jun/2025:09:35:28 -0500] "GET /vendor/aws/aws-sdk-php/src/SagemakerEdgeManager/Exception/ HTTP/2.0" 200 752 "https://www.vebto.graphicdesigncash.com/vendor/aws/aws-sdk-php/src/SagemakerEdgeManager/Exception" "Mozilla/5.0 AppleWebKit/537.36 (KHTML, like Gecko; compatible; ClaudeBot/1.0; +claudebot@anthropic.com)"
216.73.216.29 - - [16/Jun/2025:09:35:32 -0500] "GET /vendor/aws/aws-sdk-php/src/MigrationHubConfig/Exception HTTP/2.0" 301 304 "-" "Mozilla/5.0 AppleWebKit/537.36 (KHTML, like Gecko; compatible; ClaudeBot/1.0; +claudebot@anthropic.com)"
216.73.216.29 - - [16/Jun/2025:09:35:33 -0500] "GET /vendor/aws/aws-sdk-php/src/MigrationHubConfig/Exception/ HTTP/2.0" 200 746 "https://www.vebto.graphicdesigncash.com/vendor/aws/aws-sdk-php/src/MigrationHubConfig/Exception" "Mozilla/5.0 AppleWebKit/537.36 (KHTML, like Gecko; compatible; ClaudeBot/1.0; +claudebot@anthropic.com)"
216.73.216.29 - - [16/Jun/2025:09:35:37 -0500] "GET /vendor/aws/aws-sdk-php/src/Synthetics/SyntheticsClient.php HTTP/2.0" 500 - "-" "Mozilla/5.0 AppleWebKit/537.36 (KHTML, like Gecko; compatible; ClaudeBot/1.0; +claudebot@anthropic.com)"
85.208.96.198 - - [16/Jun/2025:09:35:40 -0500] "GET /vendor/ongr/elasticsearch-dsl/src/Suggest/Suggest.php HTTP/1.1" 500 - "-" "Mozilla/5.0 (compatible; SemrushBot/7~bl; +http://www.semrush.com/bot.html)"
216.73.216.29 - - [16/Jun/2025:09:35:42 -0500] "GET /vendor/ezyang/htmlpurifier/library/HTMLPurifier/PropertyList.php HTTP/2.0" 200 - "-" "Mozilla/5.0 AppleWebKit/537.36 (KHTML, like Gecko; compatible; ClaudeBot/1.0; +claudebot@anthropic.com)"
216.73.216.29 - - [16/Jun/2025:09:35:47 -0500] "GET /vendor/aws/aws-sdk-php/src/IoTAnalytics/2index.php HTTP/2.0" 200 14 "-" "Mozilla/5.0 AppleWebKit/537.36 (KHTML, like Gecko; compatible; ClaudeBot/1.0; +claudebot@anthropic.com)"
20.171.207.246 - - [16/Jun/2025:09:35:50 -0500] "GET /vendor/google/apiclient-services/src/Slides/NestingLevel.php HTTP/2.0" 500 - "-" "Mozilla/5.0 AppleWebKit/537.36 (KHTML, like Gecko; compatible; GPTBot/1.2; +https://openai.com/gptbot)"
216.73.216.29 - - [16/Jun/2025:09:35:57 -0500] "GET /vendor/aws/aws-sdk-php/src/DynamoDbStreams/Exception HTTP/2.0" 301 301 "-" "Mozilla/5.0 AppleWebKit/537.36 (KHTML, like Gecko; compatible; ClaudeBot/1.0; +claudebot@anthropic.com)"
216.73.216.29 - - [16/Jun/2025:09:35:57 -0500] "GET /vendor/aws/aws-sdk-php/src/DynamoDbStreams/Exception/ HTTP/2.0" 200 737 "https://www.vebto.graphicdesigncash.com/vendor/aws/aws-sdk-php/src/DynamoDbStreams/Exception" "Mozilla/5.0 AppleWebKit/537.36 (KHTML, like Gecko; compatible; ClaudeBot/1.0; +claudebot@anthropic.com)"
216.73.216.29 - - [16/Jun/2025:09:35:58 -0500] "GET /vendor/aws/aws-sdk-php/src/ComprehendMedical/Exception HTTP/2.0" 301 303 "-" "Mozilla/5.0 AppleWebKit/537.36 (KHTML, like Gecko; compatible; ClaudeBot/1.0; +claudebot@anthropic.com)"
216.73.216.29 - - [16/Jun/2025:09:35:58 -0500] "GET /vendor/aws/aws-sdk-php/src/ComprehendMedical/Exception/ HTTP/2.0" 200 743 "https://www.vebto.graphicdesigncash.com/vendor/aws/aws-sdk-php/src/ComprehendMedical/Exception" "Mozilla/5.0 AppleWebKit/537.36 (KHTML, like Gecko; compatible; ClaudeBot/1.0; +claudebot@anthropic.com)"
20.171.207.195 - - [16/Jun/2025:09:35:58 -0500] "GET /vendor/google/apiclient-services/src/Analytics/UnsampledReport.php HTTP/2.0" 500 - "-" "Mozilla/5.0 AppleWebKit/537.36 (KHTML, like Gecko; compatible; GPTBot/1.2; +https://openai.com/gptbot)"
216.73.216.29 - - [16/Jun/2025:09:36:03 -0500] "GET /vendor/aws/aws-sdk-php/src/FMS/FMSClient.php HTTP/2.0" 500 - "-" "Mozilla/5.0 AppleWebKit/537.36 (KHTML, like Gecko; compatible; ClaudeBot/1.0; +claudebot@anthropic.com)"
216.73.216.29 - - [16/Jun/2025:09:36:08 -0500] "GET /vendor/laravel/horizon/src/Contracts/SupervisorRepository.php HTTP/2.0" 200 - "-" "Mozilla/5.0 AppleWebKit/537.36 (KHTML, like Gecko; compatible; ClaudeBot/1.0; +claudebot@anthropic.com)"
216.73.216.29 - - [16/Jun/2025:09:36:13 -0500] "GET /vendor/guzzlehttp/guzzle/src/Handler/HeaderProcessor.php HTTP/2.0" 200 - "-" "Mozilla/5.0 AppleWebKit/537.36 (KHTML, like Gecko; compatible; ClaudeBot/1.0; +claudebot@anthropic.com)"
216.73.216.29 - - [16/Jun/2025:09:36:18 -0500] "GET /vendor/aws/aws-sdk-php/src/Budgets/BudgetsClient.php HTTP/2.0" 500 - "-" "Mozilla/5.0 AppleWebKit/537.36 (KHTML, like Gecko; compatible; ClaudeBot/1.0; +claudebot@anthropic.com)"
185.191.171.2 - - [16/Jun/2025:09:36:20 -0500] "GET /vendor/google/apiclient-services/src/Dns/ManagedZone.php HTTP/1.1" 500 - "-" "Mozilla/5.0 (compatible; SemrushBot/7~bl; +http://www.semrush.com/bot.html)"
216.73.216.29 - - [16/Jun/2025:09:36:23 -0500] "GET /vendor/doctrine/dbal/src/Schema/TableDiff.php HTTP/2.0" 200 - "-" "Mozilla/5.0 AppleWebKit/537.36 (KHTML, like Gecko; compatible; ClaudeBot/1.0; +claudebot@anthropic.com)"
216.73.216.29 - - [16/Jun/2025:09:36:28 -0500] "GET /vendor/laravel/horizon/src/Contracts/MasterSupervisorRepository.php HTTP/2.0" 200 - "-" "Mozilla/5.0 AppleWebKit/537.36 (KHTML, like Gecko; compatible; ClaudeBot/1.0; +claudebot@anthropic.com)"
216.73.216.29 - - [16/Jun/2025:09:36:33 -0500] "GET /vendor/aws/aws-sdk-php/src/CostExplorer/CostExplorerClient.php HTTP/2.0" 500 - "-" "Mozilla/5.0 AppleWebKit/537.36 (KHTML, like Gecko; compatible; ClaudeBot/1.0; +claudebot@anthropic.com)"
216.73.216.29 - - [16/Jun/2025:09:36:38 -0500] "GET /vendor/aws/aws-sdk-php/src/DocDB/Exception HTTP/2.0" 301 291 "-" "Mozilla/5.0 AppleWebKit/537.36 (KHTML, like Gecko; compatible; ClaudeBot/1.0; +claudebot@anthropic.com)"
216.73.216.29 - - [16/Jun/2025:09:36:38 -0500] "GET /vendor/aws/aws-sdk-php/src/DocDB/Exception/ HTTP/2.0" 200 707 "https://www.vebto.graphicdesigncash.com/vendor/aws/aws-sdk-php/src/DocDB/Exception" "Mozilla/5.0 AppleWebKit/537.36 (KHTML, like Gecko; compatible; ClaudeBot/1.0; +claudebot@anthropic.com)"
216.73.216.29 - - [16/Jun/2025:09:36:43 -0500] "GET /vendor/aws/aws-sdk-php/src/DevOpsGuru/Exception HTTP/2.0" 301 296 "-" "Mozilla/5.0 AppleWebKit/537.36 (KHTML, like Gecko; compatible; ClaudeBot/1.0; +claudebot@anthropic.com)"
216.73.216.29 - - [16/Jun/2025:09:36:43 -0500] "GET /vendor/aws/aws-sdk-php/src/DevOpsGuru/Exception/ HTTP/2.0" 200 722 "https://www.vebto.graphicdesigncash.com/vendor/aws/aws-sdk-php/src/DevOpsGuru/Exception" "Mozilla/5.0 AppleWebKit/537.36 (KHTML, like Gecko; compatible; ClaudeBot/1.0; +claudebot@anthropic.com)"
216.73.216.29 - - [16/Jun/2025:09:36:48 -0500] "GET /vendor/doctrine/dbal/src/Types/PhpDateTimeMappingType.php HTTP/2.0" 200 - "-" "Mozilla/5.0 AppleWebKit/537.36 (KHTML, like Gecko; compatible; ClaudeBot/1.0; +claudebot@anthropic.com)"
20.171.207.246 - - [16/Jun/2025:09:36:52 -0500] "GET /vendor/jetbrains/phpstorm-stubs/tests/Model/PHPParameter.php HTTP/2.0" 500 - "-" "Mozilla/5.0 AppleWebKit/537.36 (KHTML, like Gecko; compatible; GPTBot/1.2; +https://openai.com/gptbot)"
216.73.216.29 - - [16/Jun/2025:09:36:53 -0500] "GET /vendor/aws/aws-sdk-php/src/Sts/StsClient.php HTTP/2.0" 500 - "-" "Mozilla/5.0 AppleWebKit/537.36 (KHTML, like Gecko; compatible; ClaudeBot/1.0; +claudebot@anthropic.com)"
20.171.207.195 - - [16/Jun/2025:09:36:59 -0500] "GET /vendor/google/apiclient-services/src/Datastore/PartitionId.php HTTP/2.0" 500 - "-" "Mozilla/5.0 AppleWebKit/537.36 (KHTML, like Gecko; compatible; GPTBot/1.2; +https://openai.com/gptbot)"
216.73.216.29 - - [16/Jun/2025:09:37:01 -0500] "GET /vendor/aws/aws-sdk-php/src/Crypto/MaterialsProviderInterface.php HTTP/2.0" 200 - "-" "Mozilla/5.0 AppleWebKit/537.36 (KHTML, like Gecko; compatible; ClaudeBot/1.0; +claudebot@anthropic.com)"
216.73.216.29 - - [16/Jun/2025:09:37:03 -0500] "GET /vendor/aws/aws-sdk-php/src/IoTFleetHub/Exception HTTP/2.0" 301 297 "-" "Mozilla/5.0 AppleWebKit/537.36 (KHTML, like Gecko; compatible; ClaudeBot/1.0; +claudebot@anthropic.com)"
216.73.216.29 - - [16/Jun/2025:09:37:03 -0500] "GET /vendor/aws/aws-sdk-php/src/IoTFleetHub/Exception/ HTTP/2.0" 200 725 "https://www.vebto.graphicdesigncash.com/vendor/aws/aws-sdk-php/src/IoTFleetHub/Exception" "Mozilla/5.0 AppleWebKit/537.36 (KHTML, like Gecko; compatible; ClaudeBot/1.0; +claudebot@anthropic.com)"
216.73.216.29 - - [16/Jun/2025:09:37:08 -0500] "GET /vendor/doctrine/dbal/src/Schema/SqliteSchemaManager.php HTTP/2.0" 500 - "-" "Mozilla/5.0 AppleWebKit/537.36 (KHTML, like Gecko; compatible; ClaudeBot/1.0; +claudebot@anthropic.com)"
216.73.216.29 - - [16/Jun/2025:09:37:13 -0500] "GET /vendor/aws/aws-sdk-php/src/Emr/EmrClient.php HTTP/2.0" 500 - "-" "Mozilla/5.0 AppleWebKit/537.36 (KHTML, like Gecko; compatible; ClaudeBot/1.0; +claudebot@anthropic.com)"
216.73.216.29 - - [16/Jun/2025:09:37:18 -0500] "GET /vendor/aws/aws-sdk-php/src/S3/BatchDelete.php HTTP/2.0" 500 - "-" "Mozilla/5.0 AppleWebKit/537.36 (KHTML, like Gecko; compatible; ClaudeBot/1.0; +claudebot@anthropic.com)"
216.73.216.29 - - [16/Jun/2025:09:37:23 -0500] "GET /vendor/laravel/socialite/src/One/AbstractProvider.php HTTP/2.0" 500 - "-" "Mozilla/5.0 AppleWebKit/537.36 (KHTML, like Gecko; compatible; ClaudeBot/1.0; +claudebot@anthropic.com)"
216.73.216.29 - - [16/Jun/2025:09:37:28 -0500] "GET /vendor/doctrine/dbal/src/ArrayParameters/Exception HTTP/2.0" 301 299 "-" "Mozilla/5.0 AppleWebKit/537.36 (KHTML, like Gecko; compatible; ClaudeBot/1.0; +claudebot@anthropic.com)"
216.73.216.29 - - [16/Jun/2025:09:37:28 -0500] "GET /vendor/doctrine/dbal/src/ArrayParameters/Exception/ HTTP/2.0" 200 731 "https://www.vebto.graphicdesigncash.com/vendor/doctrine/dbal/src/ArrayParameters/Exception" "Mozilla/5.0 AppleWebKit/537.36 (KHTML, like Gecko; compatible; ClaudeBot/1.0; +claudebot@anthropic.com)"
185.191.171.14 - - [16/Jun/2025:09:37:33 -0500] "GET /vendor/google/apiclient-services/src/Transcoder/OperationMetadata.php HTTP/1.1" 500 - "-" "Mozilla/5.0 (compatible; SemrushBot/7~bl; +http://www.semrush.com/bot.html)"
216.73.216.29 - - [16/Jun/2025:09:37:33 -0500] "GET /vendor/laravel-notification-channels/fcm/src/Resources/Notification.php HTTP/2.0" 500 - "-" "Mozilla/5.0 AppleWebKit/537.36 (KHTML, like Gecko; compatible; ClaudeBot/1.0; +claudebot@anthropic.com)"
216.73.216.29 - - [16/Jun/2025:09:37:38 -0500] "GET /vendor/aws/aws-sdk-php/src/Chime/ChimeClient.php HTTP/2.0" 500 - "-" "Mozilla/5.0 AppleWebKit/537.36 (KHTML, like Gecko; compatible; ClaudeBot/1.0; +claudebot@anthropic.com)"
216.73.216.29 - - [16/Jun/2025:09:37:43 -0500] "GET /vendor/laravel-notification-channels/fcm/src/Resources/ApnsConfig.php HTTP/2.0" 500 - "-" "Mozilla/5.0 AppleWebKit/537.36 (KHTML, like Gecko; compatible; ClaudeBot/1.0; +claudebot@anthropic.com)"
216.73.216.29 - - [16/Jun/2025:09:37:48 -0500] "GET /vendor/aws/aws-sdk-php/src/EndpointDiscovery/Configuration.php HTTP/2.0" 500 - "-" "Mozilla/5.0 AppleWebKit/537.36 (KHTML, like Gecko; compatible; ClaudeBot/1.0; +claudebot@anthropic.com)"
20.171.207.246 - - [16/Jun/2025:09:37:52 -0500] "GET /vendor/google/apiclient-services/src/Blogger/CommentPost.php HTTP/2.0" 500 - "-" "Mozilla/5.0 AppleWebKit/537.36 (KHTML, like Gecko; compatible; GPTBot/1.2; +https://openai.com/gptbot)"
216.73.216.29 - - [16/Jun/2025:09:37:53 -0500] "GET /vendor/aws/aws-sdk-php/src/AppConfigData/Exception HTTP/2.0" 301 299 "-" "Mozilla/5.0 AppleWebKit/537.36 (KHTML, like Gecko; compatible; ClaudeBot/1.0; +claudebot@anthropic.com)"
216.73.216.29 - - [16/Jun/2025:09:37:53 -0500] "GET /vendor/aws/aws-sdk-php/src/AppConfigData/Exception/ HTTP/2.0" 200 731 "https://www.vebto.graphicdesigncash.com/vendor/aws/aws-sdk-php/src/AppConfigData/Exception" "Mozilla/5.0 AppleWebKit/537.36 (KHTML, like Gecko; compatible; ClaudeBot/1.0; +claudebot@anthropic.com)"
216.73.216.29 - - [16/Jun/2025:09:37:58 -0500] "GET /vendor/aws/aws-sdk-php/src/Ec2/Ec2Client.php HTTP/2.0" 500 - "-" "Mozilla/5.0 AppleWebKit/537.36 (KHTML, like Gecko; compatible; ClaudeBot/1.0; +claudebot@anthropic.com)"
216.73.216.29 - - [16/Jun/2025:09:38:03 -0500] "GET /vendor/aws/aws-sdk-php/src/S3/S3UriParser.php HTTP/2.0" 200 - "-" "Mozilla/5.0 AppleWebKit/537.36 (KHTML, like Gecko; compatible; ClaudeBot/1.0; +claudebot@anthropic.com)"
20.171.207.195 - - [16/Jun/2025:09:38:03 -0500] "GET /vendor/google/apiclient-services/src/Directory/Privileges.php HTTP/2.0" 500 - "-" "Mozilla/5.0 AppleWebKit/537.36 (KHTML, like Gecko; compatible; GPTBot/1.2; +https://openai.com/gptbot)"
216.73.216.29 - - [16/Jun/2025:09:38:11 -0500] "GET /vendor/laravel/scout/src/Engines/NullEngine.php HTTP/2.0" 500 - "-" "Mozilla/5.0 AppleWebKit/537.36 (KHTML, like Gecko; compatible; ClaudeBot/1.0; +claudebot@anthropic.com)"
216.73.216.29 - - [16/Jun/2025:09:38:13 -0500] "GET /vendor/laravel/horizon/src/Events/WorkerProcessRestarting.php HTTP/2.0" 200 - "-" "Mozilla/5.0 AppleWebKit/537.36 (KHTML, like Gecko; compatible; ClaudeBot/1.0; +claudebot@anthropic.com)"
216.73.216.29 - - [16/Jun/2025:09:38:18 -0500] "GET /vendor/algolia/algoliasearch-client-php/src/Response/AbstractResponse.php HTTP/2.0" 200 - "-" "Mozilla/5.0 AppleWebKit/537.36 (KHTML, like Gecko; compatible; ClaudeBot/1.0; +claudebot@anthropic.com)"
216.73.216.29 - - [16/Jun/2025:09:38:23 -0500] "GET /vendor/aws/aws-sdk-php/src/CloudSearch/CloudSearchClient.php HTTP/2.0" 500 - "-" "Mozilla/5.0 AppleWebKit/537.36 (KHTML, like Gecko; compatible; ClaudeBot/1.0; +claudebot@anthropic.com)"
185.191.171.8 - - [16/Jun/2025:09:38:25 -0500] "GET /vendor/psy/psysh/src/CodeCleaner/ValidFunctionNamePass.php HTTP/1.1" 500 - "-" "Mozilla/5.0 (compatible; SemrushBot/7~bl; +http://www.semrush.com/bot.html)"
216.73.216.29 - - [16/Jun/2025:09:38:28 -0500] "GET /vendor/aws/aws-sdk-php/src/Crypto/Cipher HTTP/2.0" 301 289 "-" "Mozilla/5.0 AppleWebKit/537.36 (KHTML, like Gecko; compatible; ClaudeBot/1.0; +claudebot@anthropic.com)"
216.73.216.29 - - [16/Jun/2025:09:38:28 -0500] "GET /vendor/aws/aws-sdk-php/src/Crypto/Cipher/ HTTP/2.0" 200 704 "https://www.vebto.graphicdesigncash.com/vendor/aws/aws-sdk-php/src/Crypto/Cipher" "Mozilla/5.0 AppleWebKit/537.36 (KHTML, like Gecko; compatible; ClaudeBot/1.0; +claudebot@anthropic.com)"
216.73.216.29 - - [16/Jun/2025:09:38:33 -0500] "GET /vendor/ezyang/htmlpurifier/library/HTMLPurifier/Token HTTP/2.0" 301 302 "-" "Mozilla/5.0 AppleWebKit/537.36 (KHTML, like Gecko; compatible; ClaudeBot/1.0; +claudebot@anthropic.com)"
216.73.216.29 - - [16/Jun/2025:09:38:33 -0500] "GET /vendor/ezyang/htmlpurifier/library/HTMLPurifier/Token/ HTTP/2.0" 200 744 "https://www.vebto.graphicdesigncash.com/vendor/ezyang/htmlpurifier/library/HTMLPurifier/Token" "Mozilla/5.0 AppleWebKit/537.36 (KHTML, like Gecko; compatible; ClaudeBot/1.0; +claudebot@anthropic.com)"
216.73.216.29 - - [16/Jun/2025:09:38:38 -0500] "GET /vendor/doctrine/dbal/src/Schema/ForeignKeyConstraint.php HTTP/2.0" 500 - "-" "Mozilla/5.0 AppleWebKit/537.36 (KHTML, like Gecko; compatible; ClaudeBot/1.0; +claudebot@anthropic.com)"
85.208.96.209 - - [16/Jun/2025:09:38:42 -0500] "GET /vendor/google/apiclient-services/src/Clouderrorreporting/ListEventsResponse.php HTTP/1.1" 500 - "-" "Mozilla/5.0 (compatible; SemrushBot/7~bl; +http://www.semrush.com/bot.html)"
216.73.216.29 - - [16/Jun/2025:09:38:43 -0500] "GET /vendor/aws/aws-sdk-php/src/SecurityHub/SecurityHubClient.php HTTP/2.0" 500 - "-" "Mozilla/5.0 AppleWebKit/537.36 (KHTML, like Gecko; compatible; ClaudeBot/1.0; +claudebot@anthropic.com)"
216.73.216.29 - - [16/Jun/2025:09:38:48 -0500] "GET /vendor/aws/aws-sdk-php/src/Macie2/Macie2Client.php HTTP/2.0" 500 - "-" "Mozilla/5.0 AppleWebKit/537.36 (KHTML, like Gecko; compatible; ClaudeBot/1.0; +claudebot@anthropic.com)"
216.73.216.29 - - [16/Jun/2025:09:38:53 -0500] "GET /vendor/aws/aws-sdk-php/src/ECRPublic/ECRPublicClient.php HTTP/2.0" 500 - "-" "Mozilla/5.0 AppleWebKit/537.36 (KHTML, like Gecko; compatible; ClaudeBot/1.0; +claudebot@anthropic.com)"
20.171.207.246 - - [16/Jun/2025:09:38:56 -0500] "GET /vendor/google/apiclient-services/src/YouTube/ActivityContentDetailsPlaylistItem.php HTTP/2.0" 500 - "-" "Mozilla/5.0 AppleWebKit/537.36 (KHTML, like Gecko; compatible; GPTBot/1.2; +https://openai.com/gptbot)"
216.73.216.29 - - [16/Jun/2025:09:38:58 -0500] "GET /vendor/aws/aws-sdk-php/src/WorkMail/Exception HTTP/2.0" 301 294 "-" "Mozilla/5.0 AppleWebKit/537.36 (KHTML, like Gecko; compatible; ClaudeBot/1.0; +claudebot@anthropic.com)"
216.73.216.29 - - [16/Jun/2025:09:38:58 -0500] "GET /vendor/aws/aws-sdk-php/src/WorkMail/Exception/ HTTP/2.0" 200 716 "https://www.vebto.graphicdesigncash.com/vendor/aws/aws-sdk-php/src/WorkMail/Exception" "Mozilla/5.0 AppleWebKit/537.36 (KHTML, like Gecko; compatible; ClaudeBot/1.0; +claudebot@anthropic.com)"
216.73.216.29 - - [16/Jun/2025:09:39:03 -0500] "GET /vendor/doctrine/dbal/src/Types/ObjectType.php HTTP/2.0" 500 - "-" "Mozilla/5.0 AppleWebKit/537.36 (KHTML, like Gecko; compatible; ClaudeBot/1.0; +claudebot@anthropic.com)"
20.171.207.195 - - [16/Jun/2025:09:39:05 -0500] "GET /vendor/google/apiclient-services/src/Classroom/StateHistory.php HTTP/2.0" 500 - "-" "Mozilla/5.0 AppleWebKit/537.36 (KHTML, like Gecko; compatible; GPTBot/1.2; +https://openai.com/gptbot)"
216.73.216.29 - - [16/Jun/2025:09:39:08 -0500] "GET /vendor/psy/psysh/src/Input/CodeArgument.php HTTP/2.0" 500 - "-" "Mozilla/5.0 AppleWebKit/537.36 (KHTML, like Gecko; compatible; ClaudeBot/1.0; +claudebot@anthropic.com)"
216.73.216.29 - - [16/Jun/2025:09:39:15 -0500] "GET /vendor/kreait/firebase-php/src/Firebase/Factory.php HTTP/2.0" 200 - "-" "Mozilla/5.0 AppleWebKit/537.36 (KHTML, like Gecko; compatible; ClaudeBot/1.0; +claudebot@anthropic.com)"
216.73.216.29 - - [16/Jun/2025:09:39:18 -0500] "GET /vendor/kreait/firebase-php/src/Firebase/Util.php HTTP/2.0" 200 - "-" "Mozilla/5.0 AppleWebKit/537.36 (KHTML, like Gecko; compatible; ClaudeBot/1.0; +claudebot@anthropic.com)"
216.73.216.29 - - [16/Jun/2025:09:39:23 -0500] "GET /vendor/aws/aws-sdk-php/src/Account/AccountClient.php HTTP/2.0" 500 - "-" "Mozilla/5.0 AppleWebKit/537.36 (KHTML, like Gecko; compatible; ClaudeBot/1.0; +claudebot@anthropic.com)"
216.73.216.29 - - [16/Jun/2025:09:39:28 -0500] "GET /vendor/aws/aws-sdk-php/src/GreengrassV2/GreengrassV2Client.php HTTP/2.0" 500 - "-" "Mozilla/5.0 AppleWebKit/537.36 (KHTML, like Gecko; compatible; ClaudeBot/1.0; +claudebot@anthropic.com)"
216.73.216.29 - - [16/Jun/2025:09:39:33 -0500] "GET /vendor/ezyang/htmlpurifier/library/HTMLPurifier/ChildDef HTTP/2.0" 301 305 "-" "Mozilla/5.0 AppleWebKit/537.36 (KHTML, like Gecko; compatible; ClaudeBot/1.0; +claudebot@anthropic.com)"
216.73.216.29 - - [16/Jun/2025:09:39:33 -0500] "GET /vendor/ezyang/htmlpurifier/library/HTMLPurifier/ChildDef/ HTTP/2.0" 200 750 "https://www.vebto.graphicdesigncash.com/vendor/ezyang/htmlpurifier/library/HTMLPurifier/ChildDef" "Mozilla/5.0 AppleWebKit/537.36 (KHTML, like Gecko; compatible; ClaudeBot/1.0; +claudebot@anthropic.com)"
216.73.216.29 - - [16/Jun/2025:09:39:38 -0500] "GET /vendor/aws/aws-sdk-php/src/AccessAnalyzer/Exception HTTP/2.0" 301 300 "-" "Mozilla/5.0 AppleWebKit/537.36 (KHTML, like Gecko; compatible; ClaudeBot/1.0; +claudebot@anthropic.com)"
216.73.216.29 - - [16/Jun/2025:09:39:38 -0500] "GET /vendor/aws/aws-sdk-php/src/AccessAnalyzer/Exception/ HTTP/2.0" 200 734 "https://www.vebto.graphicdesigncash.com/vendor/aws/aws-sdk-php/src/AccessAnalyzer/Exception" "Mozilla/5.0 AppleWebKit/537.36 (KHTML, like Gecko; compatible; ClaudeBot/1.0; +claudebot@anthropic.com)"
216.73.216.29 - - [16/Jun/2025:09:39:43 -0500] "GET /vendor/aws/aws-sdk-php/src/FSx/Exception HTTP/2.0" 301 289 "-" "Mozilla/5.0 AppleWebKit/537.36 (KHTML, like Gecko; compatible; ClaudeBot/1.0; +claudebot@anthropic.com)"
216.73.216.29 - - [16/Jun/2025:09:39:43 -0500] "GET /vendor/aws/aws-sdk-php/src/FSx/Exception/ HTTP/2.0" 200 701 "https://www.vebto.graphicdesigncash.com/vendor/aws/aws-sdk-php/src/FSx/Exception" "Mozilla/5.0 AppleWebKit/537.36 (KHTML, like Gecko; compatible; ClaudeBot/1.0; +claudebot@anthropic.com)"
216.73.216.29 - - [16/Jun/2025:09:39:48 -0500] "GET /vendor/aws/aws-sdk-php/src/Kinesis/KinesisClient.php HTTP/2.0" 500 - "-" "Mozilla/5.0 AppleWebKit/537.36 (KHTML, like Gecko; compatible; ClaudeBot/1.0; +claudebot@anthropic.com)"
216.73.216.29 - - [16/Jun/2025:09:39:53 -0500] "GET /vendor/aws/aws-sdk-php/src/Rds/RdsClient.php HTTP/2.0" 500 - "-" "Mozilla/5.0 AppleWebKit/537.36 (KHTML, like Gecko; compatible; ClaudeBot/1.0; +claudebot@anthropic.com)"
216.73.216.29 - - [16/Jun/2025:09:39:58 -0500] "GET /vendor/laravel-notification-channels/fcm/src/Resources/FcmOptions.php HTTP/2.0" 500 - "-" "Mozilla/5.0 AppleWebKit/537.36 (KHTML, like Gecko; compatible; ClaudeBot/1.0; +claudebot@anthropic.com)"
20.171.207.246 - - [16/Jun/2025:09:39:59 -0500] "GET /vendor/google/apiclient-services/src/Blogger/CommentList.php HTTP/2.0" 500 - "-" "Mozilla/5.0 AppleWebKit/537.36 (KHTML, like Gecko; compatible; GPTBot/1.2; +https://openai.com/gptbot)"
216.73.216.29 - - [16/Jun/2025:09:40:03 -0500] "GET /vendor/doctrine/dbal/src/Schema/ColumnDiff.php HTTP/2.0" 200 - "-" "Mozilla/5.0 AppleWebKit/537.36 (KHTML, like Gecko; compatible; ClaudeBot/1.0; +claudebot@anthropic.com)"
216.73.216.29 - - [16/Jun/2025:09:40:08 -0500] "GET /vendor/aws/aws-sdk-php/src/AuditManager/AuditManagerClient.php HTTP/2.0" 500 - "-" "Mozilla/5.0 AppleWebKit/537.36 (KHTML, like Gecko; compatible; ClaudeBot/1.0; +claudebot@anthropic.com)"
20.171.207.195 - - [16/Jun/2025:09:40:11 -0500] "GET /vendor/google/apiclient-services/src/Classroom/DriveFolder.php HTTP/2.0" 500 - "-" "Mozilla/5.0 AppleWebKit/537.36 (KHTML, like Gecko; compatible; GPTBot/1.2; +https://openai.com/gptbot)"
216.73.216.29 - - [16/Jun/2025:09:40:13 -0500] "GET /vendor/algolia/algoliasearch-client-php/src/Iterators/SynonymIterator.php HTTP/2.0" 500 - "-" "Mozilla/5.0 AppleWebKit/537.36 (KHTML, like Gecko; compatible; ClaudeBot/1.0; +claudebot@anthropic.com)"
216.73.216.29 - - [16/Jun/2025:09:40:18 -0500] "GET /vendor/laravel/horizon/src/Listeners/SendNotification.php HTTP/2.0" 200 - "-" "Mozilla/5.0 AppleWebKit/537.36 (KHTML, like Gecko; compatible; ClaudeBot/1.0; +claudebot@anthropic.com)"
216.73.216.29 - - [16/Jun/2025:09:40:26 -0500] "GET /vendor/roave/signature/src/Encoder/Base64Encoder.php HTTP/2.0" 500 - "-" "Mozilla/5.0 AppleWebKit/537.36 (KHTML, like Gecko; compatible; ClaudeBot/1.0; +claudebot@anthropic.com)"
216.73.216.29 - - [16/Jun/2025:09:40:28 -0500] "GET /vendor/aws/aws-sdk-php/src/MediaConvert/MediaConvertClient.php HTTP/2.0" 500 - "-" "Mozilla/5.0 AppleWebKit/537.36 (KHTML, like Gecko; compatible; ClaudeBot/1.0; +claudebot@anthropic.com)"
216.73.216.29 - - [16/Jun/2025:09:40:33 -0500] "GET /vendor/roave/better-reflection/src/TypesFinder/ResolveTypes.php HTTP/2.0" 200 - "-" "Mozilla/5.0 AppleWebKit/537.36 (KHTML, like Gecko; compatible; ClaudeBot/1.0; +claudebot@anthropic.com)"
216.73.216.29 - - [16/Jun/2025:09:40:38 -0500] "GET /vendor/kreait/firebase-php/src/Firebase/Request.php HTTP/2.0" 200 - "-" "Mozilla/5.0 AppleWebKit/537.36 (KHTML, like Gecko; compatible; ClaudeBot/1.0; +claudebot@anthropic.com)"
216.73.216.29 - - [16/Jun/2025:09:40:43 -0500] "GET /vendor/meilisearch/meilisearch-php/src/Endpoints/Keys.php HTTP/2.0" 500 - "-" "Mozilla/5.0 AppleWebKit/537.36 (KHTML, like Gecko; compatible; ClaudeBot/1.0; +claudebot@anthropic.com)"
216.73.216.29 - - [16/Jun/2025:09:40:48 -0500] "GET /vendor/aws/aws-sdk-php/src/Inspector2/Exception HTTP/2.0" 301 296 "-" "Mozilla/5.0 AppleWebKit/537.36 (KHTML, like Gecko; compatible; ClaudeBot/1.0; +claudebot@anthropic.com)"
216.73.216.29 - - [16/Jun/2025:09:40:49 -0500] "GET /vendor/aws/aws-sdk-php/src/Inspector2/Exception/ HTTP/2.0" 200 722 "https://www.vebto.graphicdesigncash.com/vendor/aws/aws-sdk-php/src/Inspector2/Exception" "Mozilla/5.0 AppleWebKit/537.36 (KHTML, like Gecko; compatible; ClaudeBot/1.0; +claudebot@anthropic.com)"
216.73.216.29 - - [16/Jun/2025:09:40:53 -0500] "GET /vendor/aws/aws-sdk-php/src/ResourceGroups/Exception HTTP/2.0" 301 300 "-" "Mozilla/5.0 AppleWebKit/537.36 (KHTML, like Gecko; compatible; ClaudeBot/1.0; +claudebot@anthropic.com)"
216.73.216.29 - - [16/Jun/2025:09:40:54 -0500] "GET /vendor/aws/aws-sdk-php/src/ResourceGroups/Exception/ HTTP/2.0" 200 734 "https://www.vebto.graphicdesigncash.com/vendor/aws/aws-sdk-php/src/ResourceGroups/Exception" "Mozilla/5.0 AppleWebKit/537.36 (KHTML, like Gecko; compatible; ClaudeBot/1.0; +claudebot@anthropic.com)"
216.73.216.29 - - [16/Jun/2025:09:40:58 -0500] "GET /vendor/aws/aws-sdk-php/src/Arn/ResourceTypeAndIdTrait.php HTTP/2.0" 200 - "-" "Mozilla/5.0 AppleWebKit/537.36 (KHTML, like Gecko; compatible; ClaudeBot/1.0; +claudebot@anthropic.com)"
20.171.207.246 - - [16/Jun/2025:09:41:01 -0500] "GET /vendor/google/apiclient-services/src/Blogger/PageBlog.php HTTP/2.0" 500 - "-" "Mozilla/5.0 AppleWebKit/537.36 (KHTML, like Gecko; compatible; GPTBot/1.2; +https://openai.com/gptbot)"
216.73.216.29 - - [16/Jun/2025:09:41:03 -0500] "GET /vendor/roave/better-reflection/src/Util/FindReflectionOnLine.php HTTP/2.0" 200 - "-" "Mozilla/5.0 AppleWebKit/537.36 (KHTML, like Gecko; compatible; ClaudeBot/1.0; +claudebot@anthropic.com)"
216.73.216.29 - - [16/Jun/2025:09:41:08 -0500] "GET /vendor/ezyang/htmlpurifier/library/HTMLPurifier/AttrTransform HTTP/2.0" 301 310 "-" "Mozilla/5.0 AppleWebKit/537.36 (KHTML, like Gecko; compatible; ClaudeBot/1.0; +claudebot@anthropic.com)"
216.73.216.29 - - [16/Jun/2025:09:41:09 -0500] "GET /vendor/ezyang/htmlpurifier/library/HTMLPurifier/AttrTransform/ HTTP/2.0" 200 760 "https://www.vebto.graphicdesigncash.com/vendor/ezyang/htmlpurifier/library/HTMLPurifier/AttrTransform" "Mozilla/5.0 AppleWebKit/537.36 (KHTML, like Gecko; compatible; ClaudeBot/1.0; +claudebot@anthropic.com)"
216.73.216.29 - - [16/Jun/2025:09:41:13 -0500] "GET /vendor/aws/aws-sdk-php/src/CloudFront/CookieSigner.php HTTP/2.0" 200 - "-" "Mozilla/5.0 AppleWebKit/537.36 (KHTML, like Gecko; compatible; ClaudeBot/1.0; +claudebot@anthropic.com)"
20.171.207.195 - - [16/Jun/2025:09:41:14 -0500] "GET /vendor/google/apiclient-services/src/Appengine/ScriptHandler.php HTTP/2.0" 500 - "-" "Mozilla/5.0 AppleWebKit/537.36 (KHTML, like Gecko; compatible; GPTBot/1.2; +https://openai.com/gptbot)"
216.73.216.29 - - [16/Jun/2025:09:41:19 -0500] "GET /vendor/aws/aws-sdk-php/src/Sms/SmsClient.php HTTP/2.0" 500 - "-" "Mozilla/5.0 AppleWebKit/537.36 (KHTML, like Gecko; compatible; ClaudeBot/1.0; +claudebot@anthropic.com)"
85.208.96.211 - - [16/Jun/2025:09:41:21 -0500] "GET /vendor/laravel/framework/src/Illuminate/Queue/Console/stubs/jobs.stub HTTP/1.1" 200 884 "-" "Mozilla/5.0 (compatible; SemrushBot/7~bl; +http://www.semrush.com/bot.html)"
216.73.216.29 - - [16/Jun/2025:09:41:23 -0500] "GET /vendor/kreait/firebase-php/src/Firebase/RemoteConfig HTTP/2.0" 301 301 "-" "Mozilla/5.0 AppleWebKit/537.36 (KHTML, like Gecko; compatible; ClaudeBot/1.0; +claudebot@anthropic.com)"
216.73.216.29 - - [16/Jun/2025:09:41:24 -0500] "GET /vendor/kreait/firebase-php/src/Firebase/RemoteConfig/ HTTP/2.0" 200 734 "https://www.vebto.graphicdesigncash.com/vendor/kreait/firebase-php/src/Firebase/RemoteConfig" "Mozilla/5.0 AppleWebKit/537.36 (KHTML, like Gecko; compatible; ClaudeBot/1.0; +claudebot@anthropic.com)"
216.73.216.29 - - [16/Jun/2025:09:41:29 -0500] "GET /vendor/aws/aws-sdk-php/src/Crypto/MetadataEnvelope.php HTTP/2.0" 500 - "-" "Mozilla/5.0 AppleWebKit/537.36 (KHTML, like Gecko; compatible; ClaudeBot/1.0; +claudebot@anthropic.com)"
216.73.216.29 - - [16/Jun/2025:09:41:34 -0500] "GET /vendor/aws/aws-sdk-php/src/CloudFormation/Exception HTTP/2.0" 301 300 "-" "Mozilla/5.0 AppleWebKit/537.36 (KHTML, like Gecko; compatible; ClaudeBot/1.0; +claudebot@anthropic.com)"
216.73.216.29 - - [16/Jun/2025:09:41:34 -0500] "GET /vendor/aws/aws-sdk-php/src/CloudFormation/Exception/ HTTP/2.0" 200 734 "https://www.vebto.graphicdesigncash.com/vendor/aws/aws-sdk-php/src/CloudFormation/Exception" "Mozilla/5.0 AppleWebKit/537.36 (KHTML, like Gecko; compatible; ClaudeBot/1.0; +claudebot@anthropic.com)"
216.73.216.29 - - [16/Jun/2025:09:41:39 -0500] "GET /vendor/guzzlehttp/guzzle/src/Handler/CurlFactoryInterface.php HTTP/2.0" 200 - "-" "Mozilla/5.0 AppleWebKit/537.36 (KHTML, like Gecko; compatible; ClaudeBot/1.0; +claudebot@anthropic.com)"
216.73.216.29 - - [16/Jun/2025:09:41:44 -0500] "GET /vendor/aws/aws-sdk-php/src/QLDB/Exception HTTP/2.0" 301 290 "-" "Mozilla/5.0 AppleWebKit/537.36 (KHTML, like Gecko; compatible; ClaudeBot/1.0; +claudebot@anthropic.com)"
216.73.216.29 - - [16/Jun/2025:09:41:44 -0500] "GET /vendor/aws/aws-sdk-php/src/QLDB/Exception/ HTTP/2.0" 200 704 "https://www.vebto.graphicdesigncash.com/vendor/aws/aws-sdk-php/src/QLDB/Exception" "Mozilla/5.0 AppleWebKit/537.36 (KHTML, like Gecko; compatible; ClaudeBot/1.0; +claudebot@anthropic.com)"
216.73.216.29 - - [16/Jun/2025:09:41:49 -0500] "GET /vendor/aws/aws-sdk-php/src/ServiceDiscovery/Exception HTTP/2.0" 301 302 "-" "Mozilla/5.0 AppleWebKit/537.36 (KHTML, like Gecko; compatible; ClaudeBot/1.0; +claudebot@anthropic.com)"
216.73.216.29 - - [16/Jun/2025:09:41:49 -0500] "GET /vendor/aws/aws-sdk-php/src/ServiceDiscovery/Exception/ HTTP/2.0" 200 740 "https://www.vebto.graphicdesigncash.com/vendor/aws/aws-sdk-php/src/ServiceDiscovery/Exception" "Mozilla/5.0 AppleWebKit/537.36 (KHTML, like Gecko; compatible; ClaudeBot/1.0; +claudebot@anthropic.com)"
85.208.96.203 - - [16/Jun/2025:09:41:50 -0500] "GET /vendor/google/apiclient-services/src/ServiceNetworking/ConsumerProject.php HTTP/1.1" 500 - "-" "Mozilla/5.0 (compatible; SemrushBot/7~bl; +http://www.semrush.com/bot.html)"
216.73.216.29 - - [16/Jun/2025:09:41:54 -0500] "GET /vendor/laravel-notification-channels/fcm/src/Resources/LightSettings.php HTTP/2.0" 500 - "-" "Mozilla/5.0 AppleWebKit/537.36 (KHTML, like Gecko; compatible; ClaudeBot/1.0; +claudebot@anthropic.com)"
216.73.216.29 - - [16/Jun/2025:09:41:59 -0500] "GET /vendor/aws/aws-sdk-php/src/S3/Transfer.php HTTP/2.0" 500 - "-" "Mozilla/5.0 AppleWebKit/537.36 (KHTML, like Gecko; compatible; ClaudeBot/1.0; +claudebot@anthropic.com)"
216.73.216.29 - - [16/Jun/2025:09:42:04 -0500] "GET /vendor/doctrine/dbal/src/Types/DateImmutableType.php HTTP/2.0" 500 - "-" "Mozilla/5.0 AppleWebKit/537.36 (KHTML, like Gecko; compatible; ClaudeBot/1.0; +claudebot@anthropic.com)"
20.171.207.246 - - [16/Jun/2025:09:42:05 -0500] "GET /vendor/google/apiclient-services/src/Blogger/UserBlogs.php HTTP/2.0" 500 - "-" "Mozilla/5.0 AppleWebKit/537.36 (KHTML, like Gecko; compatible; GPTBot/1.2; +https://openai.com/gptbot)"
85.208.96.200 - - [16/Jun/2025:09:42:08 -0500] "GET /vendor/google/apiclient-services/src/AlertCenter/CloudPubsubTopic.php HTTP/1.1" 500 - "-" "Mozilla/5.0 (compatible; SemrushBot/7~bl; +http://www.semrush.com/bot.html)"
216.73.216.29 - - [16/Jun/2025:09:42:09 -0500] "GET /vendor/aws/aws-sdk-php/src/LookoutforVision/Exception HTTP/2.0" 301 302 "-" "Mozilla/5.0 AppleWebKit/537.36 (KHTML, like Gecko; compatible; ClaudeBot/1.0; +claudebot@anthropic.com)"
216.73.216.29 - - [16/Jun/2025:09:42:09 -0500] "GET /vendor/aws/aws-sdk-php/src/LookoutforVision/Exception/ HTTP/2.0" 200 740 "https://www.vebto.graphicdesigncash.com/vendor/aws/aws-sdk-php/src/LookoutforVision/Exception" "Mozilla/5.0 AppleWebKit/537.36 (KHTML, like Gecko; compatible; ClaudeBot/1.0; +claudebot@anthropic.com)"
216.73.216.29 - - [16/Jun/2025:09:42:14 -0500] "GET /vendor/aws/aws-sdk-php/src/ForecastQueryService/radio.php HTTP/2.0" 404 - "-" "Mozilla/5.0 AppleWebKit/537.36 (KHTML, like Gecko; compatible; ClaudeBot/1.0; +claudebot@anthropic.com)"
20.171.207.195 - - [16/Jun/2025:09:42:18 -0500] "GET /vendor/google/apiclient-services/src/Classroom/Invitation.php HTTP/2.0" 500 - "-" "Mozilla/5.0 AppleWebKit/537.36 (KHTML, like Gecko; compatible; GPTBot/1.2; +https://openai.com/gptbot)"
216.73.216.29 - - [16/Jun/2025:09:42:19 -0500] "GET /vendor/aws/aws-sdk-php/src/Acm/AcmClient.php HTTP/2.0" 500 - "-" "Mozilla/5.0 AppleWebKit/537.36 (KHTML, like Gecko; compatible; ClaudeBot/1.0; +claudebot@anthropic.com)"
216.73.216.29 - - [16/Jun/2025:09:42:24 -0500] "GET /vendor/kreait/firebase-php/src/Firebase/DynamicLink HTTP/2.0" 301 300 "-" "Mozilla/5.0 AppleWebKit/537.36 (KHTML, like Gecko; compatible; ClaudeBot/1.0; +claudebot@anthropic.com)"
216.73.216.29 - - [16/Jun/2025:09:42:24 -0500] "GET /vendor/kreait/firebase-php/src/Firebase/DynamicLink/ HTTP/2.0" 200 1490 "https://www.vebto.graphicdesigncash.com/vendor/kreait/firebase-php/src/Firebase/DynamicLink" "Mozilla/5.0 AppleWebKit/537.36 (KHTML, like Gecko; compatible; ClaudeBot/1.0; +claudebot@anthropic.com)"
216.73.216.29 - - [16/Jun/2025:09:42:33 -0500] "GET /vendor/aws/aws-sdk-php/src/IoTJobsDataPlane/Exception HTTP/2.0" 301 302 "-" "Mozilla/5.0 AppleWebKit/537.36 (KHTML, like Gecko; compatible; ClaudeBot/1.0; +claudebot@anthropic.com)"
216.73.216.29 - - [16/Jun/2025:09:42:33 -0500] "GET /vendor/aws/aws-sdk-php/src/IoTJobsDataPlane/Exception/ HTTP/2.0" 200 740 "https://www.vebto.graphicdesigncash.com/vendor/aws/aws-sdk-php/src/IoTJobsDataPlane/Exception" "Mozilla/5.0 AppleWebKit/537.36 (KHTML, like Gecko; compatible; ClaudeBot/1.0; +claudebot@anthropic.com)"
216.73.216.29 - - [16/Jun/2025:09:42:34 -0500] "GET /vendor/doctrine/dbal/src/Schema/PostgreSQLSchemaManager.php HTTP/2.0" 500 - "-" "Mozilla/5.0 AppleWebKit/537.36 (KHTML, like Gecko; compatible; ClaudeBot/1.0; +claudebot@anthropic.com)"
216.73.216.29 - - [16/Jun/2025:09:42:39 -0500] "GET /vendor/aws/aws-sdk-php/src/Ecr/EcrClient.php HTTP/2.0" 500 - "-" "Mozilla/5.0 AppleWebKit/537.36 (KHTML, like Gecko; compatible; ClaudeBot/1.0; +claudebot@anthropic.com)"
185.191.171.19 - - [16/Jun/2025:09:42:44 -0500] "GET /vendor/google/apiclient-services/src/CloudAsset/Options.php HTTP/1.1" 500 - "-" "Mozilla/5.0 (compatible; SemrushBot/7~bl; +http://www.semrush.com/bot.html)"
216.73.216.29 - - [16/Jun/2025:09:42:44 -0500] "GET /vendor/psy/psysh/src/VersionUpdater/Checker.php HTTP/2.0" 200 - "-" "Mozilla/5.0 AppleWebKit/537.36 (KHTML, like Gecko; compatible; ClaudeBot/1.0; +claudebot@anthropic.com)"
216.73.216.29 - - [16/Jun/2025:09:42:49 -0500] "GET /vendor/doctrine/dbal/src/Types/StringType.php HTTP/2.0" 500 - "-" "Mozilla/5.0 AppleWebKit/537.36 (KHTML, like Gecko; compatible; ClaudeBot/1.0; +claudebot@anthropic.com)"
216.73.216.29 - - [16/Jun/2025:09:42:54 -0500] "GET /vendor/kreait/firebase-php/src/Firebase/Http HTTP/2.0" 301 293 "-" "Mozilla/5.0 AppleWebKit/537.36 (KHTML, like Gecko; compatible; ClaudeBot/1.0; +claudebot@anthropic.com)"
216.73.216.29 - - [16/Jun/2025:09:42:54 -0500] "GET /vendor/kreait/firebase-php/src/Firebase/Http/ HTTP/2.0" 200 718 "https://www.vebto.graphicdesigncash.com/vendor/kreait/firebase-php/src/Firebase/Http" "Mozilla/5.0 AppleWebKit/537.36 (KHTML, like Gecko; compatible; ClaudeBot/1.0; +claudebot@anthropic.com)"
85.208.96.209 - - [16/Jun/2025:09:42:57 -0500] "GET /vendor/google/apiclient-services/src/CivicInfo/ElectionOfficial.php HTTP/1.1" 500 - "-" "Mozilla/5.0 (compatible; SemrushBot/7~bl; +http://www.semrush.com/bot.html)"
216.73.216.29 - - [16/Jun/2025:09:42:59 -0500] "GET /vendor/aws/aws-sdk-php/src/KinesisVideoArchivedMedia/KinesisVideoArchivedMediaClient.php HTTP/2.0" 500 - "-" "Mozilla/5.0 AppleWebKit/537.36 (KHTML, like Gecko; compatible; ClaudeBot/1.0; +claudebot@anthropic.com)"
216.73.216.29 - - [16/Jun/2025:09:43:04 -0500] "GET /vendor/algolia/algoliasearch-client-php/src/Response/BatchIndexingResponse.php HTTP/2.0" 500 - "-" "Mozilla/5.0 AppleWebKit/537.36 (KHTML, like Gecko; compatible; ClaudeBot/1.0; +claudebot@anthropic.com)"
185.191.171.19 - - [16/Jun/2025:09:43:08 -0500] "GET /vendor/aws/aws-sdk-php/src/Connect/ HTTP/1.1" 200 1048 "-" "Mozilla/5.0 (compatible; SemrushBot/7~bl; +http://www.semrush.com/bot.html)"
216.73.216.29 - - [16/Jun/2025:09:43:09 -0500] "GET /vendor/aws/aws-sdk-php/src/CloudTrail/LogRecordIterator.php HTTP/2.0" 200 - "-" "Mozilla/5.0 AppleWebKit/537.36 (KHTML, like Gecko; compatible; ClaudeBot/1.0; +claudebot@anthropic.com)"
20.171.207.246 - - [16/Jun/2025:09:43:10 -0500] "GET /vendor/google/apiclient-services/src/Sheets/Spreadsheet.php HTTP/2.0" 500 - "-" "Mozilla/5.0 AppleWebKit/537.36 (KHTML, like Gecko; compatible; GPTBot/1.2; +https://openai.com/gptbot)"
216.73.216.29 - - [16/Jun/2025:09:43:14 -0500] "GET /vendor/aws/aws-sdk-php/src/IotDataPlane/Exception HTTP/2.0" 301 298 "-" "Mozilla/5.0 AppleWebKit/537.36 (KHTML, like Gecko; compatible; ClaudeBot/1.0; +claudebot@anthropic.com)"
216.73.216.29 - - [16/Jun/2025:09:43:14 -0500] "GET /vendor/aws/aws-sdk-php/src/IotDataPlane/Exception/ HTTP/2.0" 200 728 "https://www.vebto.graphicdesigncash.com/vendor/aws/aws-sdk-php/src/IotDataPlane/Exception" "Mozilla/5.0 AppleWebKit/537.36 (KHTML, like Gecko; compatible; ClaudeBot/1.0; +claudebot@anthropic.com)"
216.73.216.29 - - [16/Jun/2025:09:43:19 -0500] "GET /vendor/aws/aws-sdk-php/src/ChimeSDKMeetings/Exception HTTP/2.0" 301 302 "-" "Mozilla/5.0 AppleWebKit/537.36 (KHTML, like Gecko; compatible; ClaudeBot/1.0; +claudebot@anthropic.com)"
216.73.216.29 - - [16/Jun/2025:09:43:19 -0500] "GET /vendor/aws/aws-sdk-php/src/ChimeSDKMeetings/Exception/ HTTP/2.0" 200 740 "https://www.vebto.graphicdesigncash.com/vendor/aws/aws-sdk-php/src/ChimeSDKMeetings/Exception" "Mozilla/5.0 AppleWebKit/537.36 (KHTML, like Gecko; compatible; ClaudeBot/1.0; +claudebot@anthropic.com)"
20.171.207.195 - - [16/Jun/2025:09:43:20 -0500] "GET /vendor/google/apiclient-services/src/Container/LegacyAbac.php HTTP/2.0" 500 - "-" "Mozilla/5.0 AppleWebKit/537.36 (KHTML, like Gecko; compatible; GPTBot/1.2; +https://openai.com/gptbot)"
216.73.216.29 - - [16/Jun/2025:09:43:24 -0500] "GET /vendor/doctrine/dbal/src/Query/Expression HTTP/2.0" 301 290 "-" "Mozilla/5.0 AppleWebKit/537.36 (KHTML, like Gecko; compatible; ClaudeBot/1.0; +claudebot@anthropic.com)"
216.73.216.29 - - [16/Jun/2025:09:43:24 -0500] "GET /vendor/doctrine/dbal/src/Query/Expression/ HTTP/2.0" 200 703 "https://www.vebto.graphicdesigncash.com/vendor/doctrine/dbal/src/Query/Expression" "Mozilla/5.0 AppleWebKit/537.36 (KHTML, like Gecko; compatible; ClaudeBot/1.0; +claudebot@anthropic.com)"
216.73.216.29 - - [16/Jun/2025:09:43:29 -0500] "GET /vendor/doctrine/dbal/src/Types/ConversionException.php HTTP/2.0" 500 - "-" "Mozilla/5.0 AppleWebKit/537.36 (KHTML, like Gecko; compatible; ClaudeBot/1.0; +claudebot@anthropic.com)"
216.73.216.29 - - [16/Jun/2025:09:43:34 -0500] "GET /vendor/aws/aws-sdk-php/src/Route53/Route53Client.php HTTP/2.0" 500 - "-" "Mozilla/5.0 AppleWebKit/537.36 (KHTML, like Gecko; compatible; ClaudeBot/1.0; +claudebot@anthropic.com)"
216.73.216.29 - - [16/Jun/2025:09:43:39 -0500] "GET /vendor/aws/aws-sdk-php/src/AutoScaling/Exception HTTP/2.0" 301 297 "-" "Mozilla/5.0 AppleWebKit/537.36 (KHTML, like Gecko; compatible; ClaudeBot/1.0; +claudebot@anthropic.com)"
216.73.216.29 - - [16/Jun/2025:09:43:39 -0500] "GET /vendor/aws/aws-sdk-php/src/AutoScaling/Exception/ HTTP/2.0" 200 725 "https://www.vebto.graphicdesigncash.com/vendor/aws/aws-sdk-php/src/AutoScaling/Exception" "Mozilla/5.0 AppleWebKit/537.36 (KHTML, like Gecko; compatible; ClaudeBot/1.0; +claudebot@anthropic.com)"
216.73.216.29 - - [16/Jun/2025:09:43:44 -0500] "GET /vendor/aws/aws-sdk-php/src/S3/Exception HTTP/2.0" 301 288 "-" "Mozilla/5.0 AppleWebKit/537.36 (KHTML, like Gecko; compatible; ClaudeBot/1.0; +claudebot@anthropic.com)"
216.73.216.29 - - [16/Jun/2025:09:43:44 -0500] "GET /vendor/aws/aws-sdk-php/src/S3/Exception/ HTTP/2.0" 200 698 "https://www.vebto.graphicdesigncash.com/vendor/aws/aws-sdk-php/src/S3/Exception" "Mozilla/5.0 AppleWebKit/537.36 (KHTML, like Gecko; compatible; ClaudeBot/1.0; +claudebot@anthropic.com)"
216.73.216.29 - - [16/Jun/2025:09:43:52 -0500] "GET /vendor/teamtnt/tntsearch/src/FileReaders/TextFileReader.php HTTP/2.0" 500 - "-" "Mozilla/5.0 AppleWebKit/537.36 (KHTML, like Gecko; compatible; ClaudeBot/1.0; +claudebot@anthropic.com)"
216.73.216.29 - - [16/Jun/2025:09:43:54 -0500] "GET /vendor/kreait/firebase-php/src/Firebase/Auth.php HTTP/2.0" 500 - "-" "Mozilla/5.0 AppleWebKit/537.36 (KHTML, like Gecko; compatible; ClaudeBot/1.0; +claudebot@anthropic.com)"
216.73.216.29 - - [16/Jun/2025:09:43:59 -0500] "GET /vendor/algolia/algoliasearch-client-php/src/Config/PlacesConfig.php HTTP/2.0" 500 - "-" "Mozilla/5.0 AppleWebKit/537.36 (KHTML, like Gecko; compatible; ClaudeBot/1.0; +claudebot@anthropic.com)"
216.73.216.29 - - [16/Jun/2025:09:44:04 -0500] "GET /vendor/aws/aws-sdk-php/src/ElasticTranscoder/?C=D&O=A HTTP/2.0" 200 1081 "-" "Mozilla/5.0 AppleWebKit/537.36 (KHTML, like Gecko; compatible; ClaudeBot/1.0; +claudebot@anthropic.com)"
216.73.216.29 - - [16/Jun/2025:09:44:09 -0500] "GET /vendor/symfony/polyfill-iconv/Resources/charset/from.iso-8859-3.php HTTP/2.0" 200 - "-" "Mozilla/5.0 AppleWebKit/537.36 (KHTML, like Gecko; compatible; ClaudeBot/1.0; +claudebot@anthropic.com)"
20.171.207.246 - - [16/Jun/2025:09:44:14 -0500] "GET /vendor/google/apiclient-services/src/Blogger/PostBlog.php HTTP/2.0" 500 - "-" "Mozilla/5.0 AppleWebKit/537.36 (KHTML, like Gecko; compatible; GPTBot/1.2; +https://openai.com/gptbot)"
216.73.216.29 - - [16/Jun/2025:09:44:14 -0500] "GET /vendor/aws/aws-sdk-php/src/DeviceFarm/Exception HTTP/2.0" 301 296 "-" "Mozilla/5.0 AppleWebKit/537.36 (KHTML, like Gecko; compatible; ClaudeBot/1.0; +claudebot@anthropic.com)"
216.73.216.29 - - [16/Jun/2025:09:44:14 -0500] "GET /vendor/aws/aws-sdk-php/src/DeviceFarm/Exception/ HTTP/2.0" 200 722 "https://www.vebto.graphicdesigncash.com/vendor/aws/aws-sdk-php/src/DeviceFarm/Exception" "Mozilla/5.0 AppleWebKit/537.36 (KHTML, like Gecko; compatible; ClaudeBot/1.0; +claudebot@anthropic.com)"
216.73.216.29 - - [16/Jun/2025:09:44:19 -0500] "GET /vendor/aws/aws-sdk-php/src/Signature/AnonymousSignature.php HTTP/2.0" 500 - "-" "Mozilla/5.0 AppleWebKit/537.36 (KHTML, like Gecko; compatible; ClaudeBot/1.0; +claudebot@anthropic.com)"
185.191.171.3 - - [16/Jun/2025:09:44:21 -0500] "GET /vendor/google/apiclient-services/src/Dfareporting/AudienceSegmentGroup.php HTTP/1.1" 500 - "-" "Mozilla/5.0 (compatible; SemrushBot/7~bl; +http://www.semrush.com/bot.html)"
185.191.171.10 - - [16/Jun/2025:09:44:23 -0500] "GET /vendor/google/apiclient-services/src/Container/ServiceExternalIPsConfig.php HTTP/1.1" 500 - "-" "Mozilla/5.0 (compatible; SemrushBot/7~bl; +http://www.semrush.com/bot.html)"
216.73.216.29 - - [16/Jun/2025:09:44:24 -0500] "GET /vendor/aws/aws-sdk-php/src/Ecs/EcsClient.php HTTP/2.0" 500 - "-" "Mozilla/5.0 AppleWebKit/537.36 (KHTML, like Gecko; compatible; ClaudeBot/1.0; +claudebot@anthropic.com)"
20.171.207.195 - - [16/Jun/2025:09:44:25 -0500] "GET /vendor/google/apiclient-services/src/Appengine/Entrypoint.php HTTP/2.0" 500 - "-" "Mozilla/5.0 AppleWebKit/537.36 (KHTML, like Gecko; compatible; GPTBot/1.2; +https://openai.com/gptbot)"
216.73.216.29 - - [16/Jun/2025:09:44:29 -0500] "GET /vendor/roave/signature/src/Encoder/Sha1SumEncoder.php HTTP/2.0" 500 - "-" "Mozilla/5.0 AppleWebKit/537.36 (KHTML, like Gecko; compatible; ClaudeBot/1.0; +claudebot@anthropic.com)"
216.73.216.29 - - [16/Jun/2025:09:44:34 -0500] "GET /vendor/symfony/polyfill-iconv/Resources/charset/from.iso-8859-2.php HTTP/2.0" 200 - "-" "Mozilla/5.0 AppleWebKit/537.36 (KHTML, like Gecko; compatible; ClaudeBot/1.0; +claudebot@anthropic.com)"
216.73.216.29 - - [16/Jun/2025:09:44:39 -0500] "GET /vendor/aws/aws-sdk-php/src/ElasticTranscoder/?C=M&O=A HTTP/2.0" 200 1081 "-" "Mozilla/5.0 AppleWebKit/537.36 (KHTML, like Gecko; compatible; ClaudeBot/1.0; +claudebot@anthropic.com)"
216.73.216.29 - - [16/Jun/2025:09:44:44 -0500] "GET /vendor/aws/aws-sdk-php/src/ForecastService/Exception HTTP/2.0" 301 301 "-" "Mozilla/5.0 AppleWebKit/537.36 (KHTML, like Gecko; compatible; ClaudeBot/1.0; +claudebot@anthropic.com)"
216.73.216.29 - - [16/Jun/2025:09:44:44 -0500] "GET /vendor/aws/aws-sdk-php/src/ForecastService/Exception/ HTTP/2.0" 200 737 "https://www.vebto.graphicdesigncash.com/vendor/aws/aws-sdk-php/src/ForecastService/Exception" "Mozilla/5.0 AppleWebKit/537.36 (KHTML, like Gecko; compatible; ClaudeBot/1.0; +claudebot@anthropic.com)"
216.73.216.29 - - [16/Jun/2025:09:44:49 -0500] "GET /vendor/symfony/polyfill-iconv/Resources/charset/from.cp949.php HTTP/2.0" 200 - "-" "Mozilla/5.0 AppleWebKit/537.36 (KHTML, like Gecko; compatible; ClaudeBot/1.0; +claudebot@anthropic.com)"
216.73.216.29 - - [16/Jun/2025:09:44:54 -0500] "GET /vendor/laravel/scout/src/Engines/AlgoliaEngine.php HTTP/2.0" 500 - "-" "Mozilla/5.0 AppleWebKit/537.36 (KHTML, like Gecko; compatible; ClaudeBot/1.0; +claudebot@anthropic.com)"
216.73.216.29 - - [16/Jun/2025:09:44:59 -0500] "GET /vendor/doctrine/dbal/src/Types/TextType.php HTTP/2.0" 500 - "-" "Mozilla/5.0 AppleWebKit/537.36 (KHTML, like Gecko; compatible; ClaudeBot/1.0; +claudebot@anthropic.com)"
85.208.96.193 - - [16/Jun/2025:09:45:01 -0500] "GET /vendor/symfony/serializer/Mapping/Loader/schema/ HTTP/1.1" 200 897 "-" "Mozilla/5.0 (compatible; SemrushBot/7~bl; +http://www.semrush.com/bot.html)"
216.73.216.29 - - [16/Jun/2025:09:45:04 -0500] "GET /vendor/symfony/polyfill-iconv/Resources/charset/from.iso-8859-1.php HTTP/2.0" 200 - "-" "Mozilla/5.0 AppleWebKit/537.36 (KHTML, like Gecko; compatible; ClaudeBot/1.0; +claudebot@anthropic.com)"
216.73.216.29 - - [16/Jun/2025:09:45:09 -0500] "GET /vendor/doctrine/dbal/src/Platforms/PostgreSQL100Platform.php HTTP/2.0" 500 - "-" "Mozilla/5.0 AppleWebKit/537.36 (KHTML, like Gecko; compatible; ClaudeBot/1.0; +claudebot@anthropic.com)"
216.73.216.29 - - [16/Jun/2025:09:45:14 -0500] "GET /vendor/algolia/algoliasearch-client-php/src/Response/MultiResponse.php HTTP/2.0" 500 - "-" "Mozilla/5.0 AppleWebKit/537.36 (KHTML, like Gecko; compatible; ClaudeBot/1.0; +claudebot@anthropic.com)"
20.171.207.246 - - [16/Jun/2025:09:45:17 -0500] "GET /vendor/google/apiclient-services/src/Blogger/PageList.php HTTP/2.0" 500 - "-" "Mozilla/5.0 AppleWebKit/537.36 (KHTML, like Gecko; compatible; GPTBot/1.2; +https://openai.com/gptbot)"
216.73.216.29 - - [16/Jun/2025:09:45:19 -0500] "GET /vendor/pda/pheanstalk/src/Exception/ServerDrainingException.php HTTP/2.0" 500 - "-" "Mozilla/5.0 AppleWebKit/537.36 (KHTML, like Gecko; compatible; ClaudeBot/1.0; +claudebot@anthropic.com)"
85.208.96.198 - - [16/Jun/2025:09:45:21 -0500] "GET /vendor/google/apiclient-services/src/Networkconnectivity/Spoke.php HTTP/1.1" 500 - "-" "Mozilla/5.0 (compatible; SemrushBot/7~bl; +http://www.semrush.com/bot.html)"
216.73.216.29 - - [16/Jun/2025:09:45:24 -0500] "GET /vendor/aws/aws-sdk-php/src/imagebuilder/Exception HTTP/2.0" 301 298 "-" "Mozilla/5.0 AppleWebKit/537.36 (KHTML, like Gecko; compatible; ClaudeBot/1.0; +claudebot@anthropic.com)"
216.73.216.29 - - [16/Jun/2025:09:45:24 -0500] "GET /vendor/aws/aws-sdk-php/src/imagebuilder/Exception/ HTTP/2.0" 200 728 "https://www.vebto.graphicdesigncash.com/vendor/aws/aws-sdk-php/src/imagebuilder/Exception" "Mozilla/5.0 AppleWebKit/537.36 (KHTML, like Gecko; compatible; ClaudeBot/1.0; +claudebot@anthropic.com)"
20.171.207.195 - - [16/Jun/2025:09:45:28 -0500] "GET /vendor/google/apiclient-services/src/Classroom/Registration.php HTTP/2.0" 500 - "-" "Mozilla/5.0 AppleWebKit/537.36 (KHTML, like Gecko; compatible; GPTBot/1.2; +https://openai.com/gptbot)"
