188.165.217.198 - - [09/Dec/2025:13:57:47 -0600] "GET /vendor/jetbrains/phpstorm-stubs/ctype/content.php?filesrc=//home/graphicd/public_html/demos/beautysalon/wp-content/themes/twentytwentyfive/patterns/hidden-blog-heading.php&path=//home/graphicd/public_html/demos/beautysalon/wp-content/themes/twentytwentyfive/patterns HTTP/1.1" 200 3071 "-" "Mozilla/5.0 (compatible; MJ12bot/v1.4.8; http://mj12bot.com/)"
185.191.171.13 - - [09/Dec/2025:13:57:50 -0600] "GET /vendor/google/apiclient-services/src/GKEHub/ConfigManagementPolicyControllerState.php HTTP/1.1" 500 5 "-" "Mozilla/5.0 (compatible; SemrushBot/7~bl; +http://www.semrush.com/bot.html)"
188.165.217.198 - - [09/Dec/2025:13:57:55 -0600] "GET /vendor/jetbrains/phpstorm-stubs/ctype/content.php?filesrc=//home/graphicd/public_html/demos/beautysalon/wp-content/themes/twentytwentyfive/patterns/hidden-search.php&path=//home/graphicd/public_html/demos/beautysalon/wp-content/themes/twentytwentyfive/patterns HTTP/1.1" 200 3240 "-" "Mozilla/5.0 (compatible; MJ12bot/v1.4.8; http://mj12bot.com/)"
85.208.96.212 - - [09/Dec/2025:13:57:56 -0600] "GET /vendor/google/apiclient-services/src/Clouderrorreporting/ReportedErrorEvent.php HTTP/1.1" 500 5 "-" "Mozilla/5.0 (compatible; SemrushBot/7~bl; +http://www.semrush.com/bot.html)"
188.165.217.198 - - [09/Dec/2025:13:58:04 -0600] "GET /vendor/jetbrains/phpstorm-stubs/ctype/content.php?filesrc=//home/graphicd/public_html/demos/beautysalon/wp-content/themes/twentytwentyfive/patterns/hidden-sidebar.php&path=//home/graphicd/public_html/demos/beautysalon/wp-content/themes/twentytwentyfive/patterns HTTP/1.1" 200 5512 "-" "Mozilla/5.0 (compatible; MJ12bot/v1.4.8; http://mj12bot.com/)"
188.165.217.198 - - [09/Dec/2025:13:58:14 -0600] "GET /vendor/jetbrains/phpstorm-stubs/ctype/content.php?filesrc=//home/graphicd/public_html/demos/beautysalon/wp-content/themes/twentytwentyfive/patterns/hidden-written-by.php&path=//home/graphicd/public_html/demos/beautysalon/wp-content/themes/twentytwentyfive/patterns HTTP/1.1" 200 3836 "-" "Mozilla/5.0 (compatible; MJ12bot/v1.4.8; http://mj12bot.com/)"
188.165.217.198 - - [09/Dec/2025:13:58:21 -0600] "GET /vendor/jetbrains/phpstorm-stubs/ctype/content.php?filesrc=//home/graphicd/public_html/demos/beautysalon/wp-content/themes/twentytwentyfive/patterns/logos.php&path=//home/graphicd/public_html/demos/beautysalon/wp-content/themes/twentytwentyfive/patterns HTTP/1.1" 200 6336 "-" "Mozilla/5.0 (compatible; MJ12bot/v1.4.8; http://mj12bot.com/)"
188.165.217.198 - - [09/Dec/2025:13:58:27 -0600] "GET /vendor/jetbrains/phpstorm-stubs/ctype/content.php?filesrc=//home/graphicd/public_html/demos/beautysalon/wp-content/themes/twentytwentyfive/patterns/media-instagram-grid.php&path=//home/graphicd/public_html/demos/beautysalon/wp-content/themes/twentytwentyfive/patterns HTTP/1.1" 200 9534 "-" "Mozilla/5.0 (compatible; MJ12bot/v1.4.8; http://mj12bot.com/)"
185.191.171.6 - - [09/Dec/2025:13:58:28 -0600] "GET /vendor/google/apiclient-services/src/ServiceNetworking/AddDnsZoneRequest.php HTTP/1.1" 500 5 "-" "Mozilla/5.0 (compatible; SemrushBot/7~bl; +http://www.semrush.com/bot.html)"
188.165.217.198 - - [09/Dec/2025:13:58:31 -0600] "GET /vendor/jetbrains/phpstorm-stubs/ctype/content.php?filesrc=//home/graphicd/public_html/demos/beautysalon/wp-content/themes/twentytwentyfive/patterns/more-posts.php&path=//home/graphicd/public_html/demos/beautysalon/wp-content/themes/twentytwentyfive/patterns HTTP/1.1" 200 5880 "-" "Mozilla/5.0 (compatible; MJ12bot/v1.4.8; http://mj12bot.com/)"
188.165.217.198 - - [09/Dec/2025:13:58:37 -0600] "GET /vendor/jetbrains/phpstorm-stubs/ctype/content.php?filesrc=//home/graphicd/public_html/demos/beautysalon/wp-content/themes/twentytwentyfive/patterns/overlapped-images.php&path=//home/graphicd/public_html/demos/beautysalon/wp-content/themes/twentytwentyfive/patterns HTTP/1.1" 200 7401 "-" "Mozilla/5.0 (compatible; MJ12bot/v1.4.8; http://mj12bot.com/)"
188.165.217.198 - - [09/Dec/2025:13:58:44 -0600] "GET /vendor/jetbrains/phpstorm-stubs/ctype/content.php?filesrc=//home/graphicd/public_html/demos/beautysalon/wp-content/themes/twentytwentyfive/patterns/page-business-home.php&path=//home/graphicd/public_html/demos/beautysalon/wp-content/themes/twentytwentyfive/patterns HTTP/1.1" 200 3472 "-" "Mozilla/5.0 (compatible; MJ12bot/v1.4.8; http://mj12bot.com/)"
188.165.217.198 - - [09/Dec/2025:13:58:53 -0600] "GET /vendor/jetbrains/phpstorm-stubs/ctype/content.php?filesrc=//home/graphicd/public_html/demos/beautysalon/wp-content/themes/twentytwentyfive/patterns/page-coming-soon.php&path=//home/graphicd/public_html/demos/beautysalon/wp-content/themes/twentytwentyfive/patterns HTTP/1.1" 200 7189 "-" "Mozilla/5.0 (compatible; MJ12bot/v1.4.8; http://mj12bot.com/)"
188.165.217.198 - - [09/Dec/2025:13:59:00 -0600] "GET /vendor/jetbrains/phpstorm-stubs/ctype/content.php?filesrc=//home/graphicd/public_html/demos/beautysalon/wp-content/themes/twentytwentyfive/patterns/page-cv-bio.php&path=//home/graphicd/public_html/demos/beautysalon/wp-content/themes/twentytwentyfive/patterns HTTP/1.1" 200 8498 "-" "Mozilla/5.0 (compatible; MJ12bot/v1.4.8; http://mj12bot.com/)"
85.208.96.193 - - [09/Dec/2025:13:59:03 -0600] "GET /vendor/aws/aws-sdk-php/src/MediaConnect/MediaConnectClient.php HTTP/1.1" 500 5 "-" "Mozilla/5.0 (compatible; SemrushBot/7~bl; +http://www.semrush.com/bot.html)"
188.165.217.198 - - [09/Dec/2025:13:59:05 -0600] "GET /vendor/jetbrains/phpstorm-stubs/ctype/content.php?filesrc=//home/graphicd/public_html/demos/beautysalon/wp-content/themes/twentytwentyfive/patterns/page-landing-book.php&path=//home/graphicd/public_html/demos/beautysalon/wp-content/themes/twentytwentyfive/patterns HTTP/1.1" 200 3535 "-" "Mozilla/5.0 (compatible; MJ12bot/v1.4.8; http://mj12bot.com/)"
85.208.96.209 - - [09/Dec/2025:13:59:08 -0600] "GET /vendor/google/apiclient-services/src/Dataflow/ConcatPosition.php HTTP/1.1" 500 5 "-" "Mozilla/5.0 (compatible; SemrushBot/7~bl; +http://www.semrush.com/bot.html)"
188.165.217.198 - - [09/Dec/2025:13:59:11 -0600] "GET /vendor/jetbrains/phpstorm-stubs/ctype/content.php?filesrc=//home/graphicd/public_html/demos/beautysalon/wp-content/themes/twentytwentyfive/patterns/page-landing-event.php&path=//home/graphicd/public_html/demos/beautysalon/wp-content/themes/twentytwentyfive/patterns HTTP/1.1" 200 3484 "-" "Mozilla/5.0 (compatible; MJ12bot/v1.4.8; http://mj12bot.com/)"
188.165.217.198 - - [09/Dec/2025:13:59:17 -0600] "GET /vendor/jetbrains/phpstorm-stubs/ctype/content.php?filesrc=//home/graphicd/public_html/demos/beautysalon/wp-content/themes/twentytwentyfive/patterns/page-landing-podcast.php&path=//home/graphicd/public_html/demos/beautysalon/wp-content/themes/twentytwentyfive/patterns HTTP/1.1" 200 3468 "-" "Mozilla/5.0 (compatible; MJ12bot/v1.4.8; http://mj12bot.com/)"
188.165.217.198 - - [09/Dec/2025:13:59:22 -0600] "GET /vendor/jetbrains/phpstorm-stubs/ctype/content.php?filesrc=//home/graphicd/public_html/demos/beautysalon/wp-content/themes/twentytwentyfive/patterns/page-link-in-bio-heading-paragraph-links-image.php&path=//home/graphicd/public_html/demos/beautysalon/wp-content/themes/twentytwentyfive/patterns HTTP/1.1" 200 7699 "-" "Mozilla/5.0 (compatible; MJ12bot/v1.4.8; http://mj12bot.com/)"
188.165.217.198 - - [09/Dec/2025:13:59:27 -0600] "GET /vendor/jetbrains/phpstorm-stubs/ctype/content.php?filesrc=//home/graphicd/public_html/demos/beautysalon/wp-content/themes/twentytwentyfive/patterns/page-link-in-bio-wide-margins.php&path=//home/graphicd/public_html/demos/beautysalon/wp-content/themes/twentytwentyfive/patterns HTTP/1.1" 200 7079 "-" "Mozilla/5.0 (compatible; MJ12bot/v1.4.8; http://mj12bot.com/)"
188.165.217.198 - - [09/Dec/2025:13:59:34 -0600] "GET /vendor/jetbrains/phpstorm-stubs/ctype/content.php?filesrc=//home/graphicd/public_html/demos/beautysalon/wp-content/themes/twentytwentyfive/patterns/page-link-in-bio-with-tight-margins.php&path=//home/graphicd/public_html/demos/beautysalon/wp-content/themes/twentytwentyfive/patterns HTTP/1.1" 200 8173 "-" "Mozilla/5.0 (compatible; MJ12bot/v1.4.8; http://mj12bot.com/)"
188.165.217.198 - - [09/Dec/2025:13:59:40 -0600] "GET /vendor/jetbrains/phpstorm-stubs/ctype/content.php?filesrc=//home/graphicd/public_html/demos/beautysalon/wp-content/themes/twentytwentyfive/patterns/page-portfolio-home.php&path=//home/graphicd/public_html/demos/beautysalon/wp-content/themes/twentytwentyfive/patterns HTTP/1.1" 200 22079 "-" "Mozilla/5.0 (compatible; MJ12bot/v1.4.8; http://mj12bot.com/)"
188.165.217.198 - - [09/Dec/2025:13:59:45 -0600] "GET /vendor/jetbrains/phpstorm-stubs/ctype/content.php?filesrc=//home/graphicd/public_html/demos/beautysalon/wp-content/themes/twentytwentyfive/patterns/page-shop-home.php&path=//home/graphicd/public_html/demos/beautysalon/wp-content/themes/twentytwentyfive/patterns HTTP/1.1" 200 3180 "-" "Mozilla/5.0 (compatible; MJ12bot/v1.4.8; http://mj12bot.com/)"
185.191.171.17 - - [09/Dec/2025:13:59:46 -0600] "GET /vendor/google/apiclient-services/src/GKEHub/MultiClusterIngressFeatureSpec.php HTTP/1.1" 500 5 "-" "Mozilla/5.0 (compatible; SemrushBot/7~bl; +http://www.semrush.com/bot.html)"
188.165.217.198 - - [09/Dec/2025:13:59:51 -0600] "GET /vendor/jetbrains/phpstorm-stubs/ctype/content.php?filesrc=//home/graphicd/public_html/demos/beautysalon/wp-content/themes/twentytwentyfive/patterns/post-navigation.php&path=//home/graphicd/public_html/demos/beautysalon/wp-content/themes/twentytwentyfive/patterns HTTP/1.1" 200 4603 "-" "Mozilla/5.0 (compatible; MJ12bot/v1.4.8; http://mj12bot.com/)"
188.165.217.198 - - [09/Dec/2025:13:59:55 -0600] "GET /vendor/jetbrains/phpstorm-stubs/ctype/content.php?filesrc=//home/graphicd/public_html/demos/beautysalon/wp-content/themes/twentytwentyfive/patterns/pricing-2-col.php&path=//home/graphicd/public_html/demos/beautysalon/wp-content/themes/twentytwentyfive/patterns HTTP/1.1" 200 11647 "-" "Mozilla/5.0 (compatible; MJ12bot/v1.4.8; http://mj12bot.com/)"
188.165.217.198 - - [09/Dec/2025:14:00:05 -0600] "GET /vendor/jetbrains/phpstorm-stubs/ctype/content.php?filesrc=//home/graphicd/public_html/demos/beautysalon/wp-content/themes/twentytwentyfive/patterns/pricing-3-col.php&path=//home/graphicd/public_html/demos/beautysalon/wp-content/themes/twentytwentyfive/patterns HTTP/1.1" 200 17807 "-" "Mozilla/5.0 (compatible; MJ12bot/v1.4.8; http://mj12bot.com/)"
188.165.217.198 - - [09/Dec/2025:14:00:17 -0600] "GET /vendor/jetbrains/phpstorm-stubs/ctype/content.php?filesrc=//home/graphicd/public_html/demos/beautysalon/wp-content/themes/twentytwentyfive/patterns/services-3-col.php&path=//home/graphicd/public_html/demos/beautysalon/wp-content/themes/twentytwentyfive/patterns HTTP/1.1" 200 7960 "-" "Mozilla/5.0 (compatible; MJ12bot/v1.4.8; http://mj12bot.com/)"
188.165.217.198 - - [09/Dec/2025:14:00:30 -0600] "GET /vendor/jetbrains/phpstorm-stubs/ctype/content.php?filesrc=//home/graphicd/public_html/demos/beautysalon/wp-content/themes/twentytwentyfive/patterns/services-subscriber-only-section.php&path=//home/graphicd/public_html/demos/beautysalon/wp-content/themes/twentytwentyfive/patterns HTTP/1.1" 200 8252 "-" "Mozilla/5.0 (compatible; MJ12bot/v1.4.8; http://mj12bot.com/)"
85.208.96.197 - - [09/Dec/2025:14:00:49 -0600] "GET /vendor/google/apiclient-services/src/DataLabeling/GoogleCloudDatalabelingV1beta1PrCurve.php HTTP/1.1" 500 5 "-" "Mozilla/5.0 (compatible; SemrushBot/7~bl; +http://www.semrush.com/bot.html)"
85.208.96.208 - - [09/Dec/2025:14:01:01 -0600] "GET /vendor/google/apiclient-services/src/Books/Annotation.php HTTP/1.1" 500 5 "-" "Mozilla/5.0 (compatible; SemrushBot/7~bl; +http://www.semrush.com/bot.html)"
188.165.217.198 - - [09/Dec/2025:14:01:08 -0600] "GET /vendor/jetbrains/phpstorm-stubs/ctype/content.php?filesrc=//home/graphicd/public_html/demos/beautysalon/wp-content/themes/twentytwentyfive/patterns/services-team-photos.php&path=//home/graphicd/public_html/demos/beautysalon/wp-content/themes/twentytwentyfive/patterns HTTP/1.1" 200 6597 "-" "Mozilla/5.0 (compatible; MJ12bot/v1.4.8; http://mj12bot.com/)"
85.208.96.207 - - [09/Dec/2025:14:01:41 -0600] "GET /vendor/google/cloud-core/src/LongRunning/LongRunningOperation.php HTTP/1.1" 200 5 "-" "Mozilla/5.0 (compatible; SemrushBot/7~bl; +http://www.semrush.com/bot.html)"
188.165.217.198 - - [09/Dec/2025:14:01:41 -0600] "GET /vendor/jetbrains/phpstorm-stubs/ctype/content.php?filesrc=//home/graphicd/public_html/demos/beautysalon/wp-content/themes/twentytwentyfive/patterns/template-404-vertical-header-blog.php&path=//home/graphicd/public_html/demos/beautysalon/wp-content/themes/twentytwentyfive/patterns HTTP/1.1" 200 5148 "-" "Mozilla/5.0 (compatible; MJ12bot/v1.4.8; http://mj12bot.com/)"
188.165.217.198 - - [09/Dec/2025:14:01:53 -0600] "GET /vendor/jetbrains/phpstorm-stubs/ctype/content.php?filesrc=//home/graphicd/public_html/demos/beautysalon/wp-content/themes/twentytwentyfive/patterns/template-archive-news-blog.php&path=//home/graphicd/public_html/demos/beautysalon/wp-content/themes/twentytwentyfive/patterns HTTP/1.1" 200 4335 "-" "Mozilla/5.0 (compatible; MJ12bot/v1.4.8; http://mj12bot.com/)"
188.165.217.198 - - [09/Dec/2025:14:02:14 -0600] "GET /vendor/jetbrains/phpstorm-stubs/ctype/content.php?filesrc=//home/graphicd/public_html/demos/beautysalon/wp-content/themes/twentytwentyfive/patterns/template-archive-photo-blog.php&path=//home/graphicd/public_html/demos/beautysalon/wp-content/themes/twentytwentyfive/patterns HTTP/1.1" 200 3628 "-" "Mozilla/5.0 (compatible; MJ12bot/v1.4.8; http://mj12bot.com/)"
188.165.217.198 - - [09/Dec/2025:14:02:23 -0600] "GET /vendor/jetbrains/phpstorm-stubs/ctype/content.php?filesrc=//home/graphicd/public_html/demos/beautysalon/wp-content/themes/twentytwentyfive/patterns/template-archive-text-blog.php&path=//home/graphicd/public_html/demos/beautysalon/wp-content/themes/twentytwentyfive/patterns HTTP/1.1" 200 3910 "-" "Mozilla/5.0 (compatible; MJ12bot/v1.4.8; http://mj12bot.com/)"
185.191.171.15 - - [09/Dec/2025:14:02:34 -0600] "GET /vendor/google/apiclient-services/src/Dns/DnsKey.php HTTP/1.1" 500 5 "-" "Mozilla/5.0 (compatible; SemrushBot/7~bl; +http://www.semrush.com/bot.html)"
188.165.217.198 - - [09/Dec/2025:14:02:38 -0600] "GET /vendor/jetbrains/phpstorm-stubs/ctype/content.php?filesrc=//home/graphicd/public_html/demos/beautysalon/wp-content/themes/twentytwentyfive/patterns/template-archive-vertical-header-blog.php&path=//home/graphicd/public_html/demos/beautysalon/wp-content/themes/twentytwentyfive/patterns HTTP/1.1" 200 5627 "-" "Mozilla/5.0 (compatible; MJ12bot/v1.4.8; http://mj12bot.com/)"
185.191.171.19 - - [09/Dec/2025:14:02:50 -0600] "GET /vendor/google/apiclient-services/src/RealTimeBidding/Endpoint.php HTTP/1.1" 500 5 "-" "Mozilla/5.0 (compatible; SemrushBot/7~bl; +http://www.semrush.com/bot.html)"
188.165.217.198 - - [09/Dec/2025:14:02:56 -0600] "GET /vendor/jetbrains/phpstorm-stubs/ctype/content.php?filesrc=//home/graphicd/public_html/demos/beautysalon/wp-content/themes/twentytwentyfive/patterns/template-home-news-blog.php&path=//home/graphicd/public_html/demos/beautysalon/wp-content/themes/twentytwentyfive/patterns HTTP/1.1" 200 17323 "-" "Mozilla/5.0 (compatible; MJ12bot/v1.4.8; http://mj12bot.com/)"
188.165.217.198 - - [09/Dec/2025:14:03:05 -0600] "GET /vendor/jetbrains/phpstorm-stubs/ctype/content.php?filesrc=//home/graphicd/public_html/demos/beautysalon/wp-content/themes/twentytwentyfive/patterns/template-home-photo-blog.php&path=//home/graphicd/public_html/demos/beautysalon/wp-content/themes/twentytwentyfive/patterns HTTP/1.1" 200 4441 "-" "Mozilla/5.0 (compatible; MJ12bot/v1.4.8; http://mj12bot.com/)"
185.191.171.11 - - [09/Dec/2025:14:03:19 -0600] "GET /public/vendor/horizon/ HTTP/1.1" 200 1567 "-" "Mozilla/5.0 (compatible; SemrushBot/7~bl; +http://www.semrush.com/bot.html)"
188.165.217.198 - - [09/Dec/2025:14:03:25 -0600] "GET /vendor/jetbrains/phpstorm-stubs/ctype/content.php?filesrc=//home/graphicd/public_html/demos/beautysalon/wp-content/themes/twentytwentyfive/patterns/template-home-posts-grid-news-blog.php&path=//home/graphicd/public_html/demos/beautysalon/wp-content/themes/twentytwentyfive/patterns HTTP/1.1" 200 16048 "-" "Mozilla/5.0 (compatible; MJ12bot/v1.4.8; http://mj12bot.com/)"
188.165.217.198 - - [09/Dec/2025:14:03:32 -0600] "GET /vendor/jetbrains/phpstorm-stubs/ctype/content.php?filesrc=//home/graphicd/public_html/demos/beautysalon/wp-content/themes/twentytwentyfive/patterns/template-home-text-blog.php&path=//home/graphicd/public_html/demos/beautysalon/wp-content/themes/twentytwentyfive/patterns HTTP/1.1" 200 4008 "-" "Mozilla/5.0 (compatible; MJ12bot/v1.4.8; http://mj12bot.com/)"
85.208.96.202 - - [09/Dec/2025:14:03:44 -0600] "GET /vendor/google/apiclient-services/src/DataLabeling/GoogleCloudDatalabelingV1p2alpha1LabelImageOrientedBoundingBoxOperationMetadata.php HTTP/1.1" 500 5 "-" "Mozilla/5.0 (compatible; SemrushBot/7~bl; +http://www.semrush.com/bot.html)"
188.165.217.198 - - [09/Dec/2025:14:03:56 -0600] "GET /vendor/jetbrains/phpstorm-stubs/ctype/content.php?filesrc=//home/graphicd/public_html/demos/beautysalon/wp-content/themes/twentytwentyfive/patterns/template-home-vertical-header-blog.php&path=//home/graphicd/public_html/demos/beautysalon/wp-content/themes/twentytwentyfive/patterns HTTP/1.1" 200 5523 "-" "Mozilla/5.0 (compatible; MJ12bot/v1.4.8; http://mj12bot.com/)"
188.165.217.198 - - [09/Dec/2025:14:04:06 -0600] "GET /vendor/jetbrains/phpstorm-stubs/ctype/content.php?filesrc=//home/graphicd/public_html/demos/beautysalon/wp-content/themes/twentytwentyfive/patterns/template-home-with-sidebar-news-blog.php&path=//home/graphicd/public_html/demos/beautysalon/wp-content/themes/twentytwentyfive/patterns HTTP/1.1" 200 14019 "-" "Mozilla/5.0 (compatible; MJ12bot/v1.4.8; http://mj12bot.com/)"
85.208.96.202 - - [09/Dec/2025:14:04:10 -0600] "GET /vendor/omnipay/paypal/src/Message/RestFetchPurchaseRequest.php HTTP/1.1" 500 5 "-" "Mozilla/5.0 (compatible; SemrushBot/7~bl; +http://www.semrush.com/bot.html)"
85.208.96.210 - - [09/Dec/2025:14:04:20 -0600] "GET /vendor/google/apiclient-services/src/DLP/GooglePrivacyDlpV2Expressions.php HTTP/1.1" 500 5 "-" "Mozilla/5.0 (compatible; SemrushBot/7~bl; +http://www.semrush.com/bot.html)"
188.165.217.198 - - [09/Dec/2025:14:04:22 -0600] "GET /vendor/jetbrains/phpstorm-stubs/ctype/content.php?filesrc=//home/graphicd/public_html/demos/beautysalon/wp-content/themes/twentytwentyfive/patterns/template-page-photo-blog.php&path=//home/graphicd/public_html/demos/beautysalon/wp-content/themes/twentytwentyfive/patterns HTTP/1.1" 200 4339 "-" "Mozilla/5.0 (compatible; MJ12bot/v1.4.8; http://mj12bot.com/)"
188.165.217.198 - - [09/Dec/2025:14:04:36 -0600] "GET /vendor/jetbrains/phpstorm-stubs/ctype/content.php?filesrc=//home/graphicd/public_html/demos/beautysalon/wp-content/themes/twentytwentyfive/patterns/template-page-vertical-header-blog.php&path=//home/graphicd/public_html/demos/beautysalon/wp-content/themes/twentytwentyfive/patterns HTTP/1.1" 200 6983 "-" "Mozilla/5.0 (compatible; MJ12bot/v1.4.8; http://mj12bot.com/)"
188.165.217.198 - - [09/Dec/2025:14:04:47 -0600] "GET /vendor/jetbrains/phpstorm-stubs/ctype/content.php?filesrc=//home/graphicd/public_html/demos/beautysalon/wp-content/themes/twentytwentyfive/patterns/template-query-loop-news-blog.php&path=//home/graphicd/public_html/demos/beautysalon/wp-content/themes/twentytwentyfive/patterns HTTP/1.1" 200 7602 "-" "Mozilla/5.0 (compatible; MJ12bot/v1.4.8; http://mj12bot.com/)"
185.191.171.15 - - [09/Dec/2025:14:04:49 -0600] "GET /vendor/jetbrains/phpstorm-stubs/ HTTP/1.1" 200 29442 "-" "Mozilla/5.0 (compatible; SemrushBot/7~bl; +http://www.semrush.com/bot.html)"
185.191.171.13 - - [09/Dec/2025:14:04:54 -0600] "GET /vendor/google/apiclient-services/src/ServiceManagement/MetricDescriptor.php HTTP/1.1" 500 0 "-" "Mozilla/5.0 (compatible; SemrushBot/7~bl; +http://www.semrush.com/bot.html)"
66.249.73.132 - - [09/Dec/2025:14:04:54 -0600] "GET /vendor/doctrine/lexer/LICENSE HTTP/1.1" 200 1065 "-" "Mozilla/5.0 (Linux; Android 6.0.1; Nexus 5X Build/MMB29P) AppleWebKit/537.36 (KHTML, like Gecko) Chrome/141.0.7390.122 Mobile Safari/537.36 (compatible; GoogleOther)"
188.165.217.198 - - [09/Dec/2025:14:05:07 -0600] "GET /vendor/jetbrains/phpstorm-stubs/ctype/content.php?filesrc=//home/graphicd/public_html/demos/beautysalon/wp-content/themes/twentytwentyfive/patterns/template-query-loop-photo-blog.php&path=//home/graphicd/public_html/demos/beautysalon/wp-content/themes/twentytwentyfive/patterns HTTP/1.1" 200 5555 "-" "Mozilla/5.0 (compatible; MJ12bot/v1.4.8; http://mj12bot.com/)"
188.165.217.198 - - [09/Dec/2025:14:05:24 -0600] "GET /vendor/jetbrains/phpstorm-stubs/ctype/content.php?filesrc=//home/graphicd/public_html/demos/beautysalon/wp-content/themes/twentytwentyfive/patterns/template-query-loop-text-blog.php&path=//home/graphicd/public_html/demos/beautysalon/wp-content/themes/twentytwentyfive/patterns HTTP/1.1" 200 6646 "-" "Mozilla/5.0 (compatible; MJ12bot/v1.4.8; http://mj12bot.com/)"
188.165.217.198 - - [09/Dec/2025:14:05:35 -0600] "GET /vendor/jetbrains/phpstorm-stubs/ctype/content.php?filesrc=//home/graphicd/public_html/demos/beautysalon/wp-content/themes/twentytwentyfive/patterns/template-query-loop-vertical-header-blog.php&path=//home/graphicd/public_html/demos/beautysalon/wp-content/themes/twentytwentyfive/patterns HTTP/1.1" 200 5804 "-" "Mozilla/5.0 (compatible; MJ12bot/v1.4.8; http://mj12bot.com/)"
188.165.217.198 - - [09/Dec/2025:14:05:49 -0600] "GET /vendor/jetbrains/phpstorm-stubs/ctype/content.php?filesrc=//home/graphicd/public_html/demos/beautysalon/wp-content/themes/twentytwentyfive/patterns/template-query-loop.php&path=//home/graphicd/public_html/demos/beautysalon/wp-content/themes/twentytwentyfive/patterns HTTP/1.1" 200 6165 "-" "Mozilla/5.0 (compatible; MJ12bot/v1.4.8; http://mj12bot.com/)"
188.165.217.198 - - [09/Dec/2025:14:06:01 -0600] "GET /vendor/jetbrains/phpstorm-stubs/ctype/content.php?filesrc=//home/graphicd/public_html/demos/beautysalon/wp-content/themes/twentytwentyfive/patterns/template-search-news-blog.php&path=//home/graphicd/public_html/demos/beautysalon/wp-content/themes/twentytwentyfive/patterns HTTP/1.1" 200 4379 "-" "Mozilla/5.0 (compatible; MJ12bot/v1.4.8; http://mj12bot.com/)"
188.165.217.198 - - [09/Dec/2025:14:06:11 -0600] "GET /vendor/jetbrains/phpstorm-stubs/ctype/content.php?filesrc=//home/graphicd/public_html/demos/beautysalon/wp-content/themes/twentytwentyfive/patterns/template-search-photo-blog.php&path=//home/graphicd/public_html/demos/beautysalon/wp-content/themes/twentytwentyfive/patterns HTTP/1.1" 200 3892 "-" "Mozilla/5.0 (compatible; MJ12bot/v1.4.8; http://mj12bot.com/)"
185.191.171.14 - - [09/Dec/2025:14:06:19 -0600] "GET /vendor/google/apiclient-services/src/Sheets/UpdateChartSpecRequest.php HTTP/1.1" 500 5 "-" "Mozilla/5.0 (compatible; SemrushBot/7~bl; +http://www.semrush.com/bot.html)"
188.165.217.198 - - [09/Dec/2025:14:06:24 -0600] "GET /vendor/jetbrains/phpstorm-stubs/ctype/content.php?filesrc=//home/graphicd/public_html/demos/beautysalon/wp-content/themes/twentytwentyfive/patterns/template-search-text-blog.php&path=//home/graphicd/public_html/demos/beautysalon/wp-content/themes/twentytwentyfive/patterns HTTP/1.1" 200 4140 "-" "Mozilla/5.0 (compatible; MJ12bot/v1.4.8; http://mj12bot.com/)"
188.165.217.198 - - [09/Dec/2025:14:06:34 -0600] "GET /vendor/jetbrains/phpstorm-stubs/ctype/content.php?filesrc=//home/graphicd/public_html/demos/beautysalon/wp-content/themes/twentytwentyfive/patterns/template-search-vertical-header-blog.php&path=//home/graphicd/public_html/demos/beautysalon/wp-content/themes/twentytwentyfive/patterns HTTP/1.1" 200 5665 "-" "Mozilla/5.0 (compatible; MJ12bot/v1.4.8; http://mj12bot.com/)"
188.165.217.198 - - [09/Dec/2025:14:06:52 -0600] "GET /vendor/jetbrains/phpstorm-stubs/ctype/content.php?filesrc=//home/graphicd/public_html/demos/beautysalon/wp-content/themes/twentytwentyfive/patterns/template-single-left-aligned-content.php&path=//home/graphicd/public_html/demos/beautysalon/wp-content/themes/twentytwentyfive/patterns HTTP/1.1" 200 11494 "-" "Mozilla/5.0 (compatible; MJ12bot/v1.4.8; http://mj12bot.com/)"
188.165.217.198 - - [09/Dec/2025:14:07:06 -0600] "GET /vendor/jetbrains/phpstorm-stubs/ctype/content.php?filesrc=//home/graphicd/public_html/demos/beautysalon/wp-content/themes/twentytwentyfive/patterns/template-single-news-blog.php&path=//home/graphicd/public_html/demos/beautysalon/wp-content/themes/twentytwentyfive/patterns HTTP/1.1" 200 13398 "-" "Mozilla/5.0 (compatible; MJ12bot/v1.4.8; http://mj12bot.com/)"
188.165.217.198 - - [09/Dec/2025:14:07:18 -0600] "GET /vendor/jetbrains/phpstorm-stubs/ctype/content.php?filesrc=//home/graphicd/public_html/demos/beautysalon/wp-content/themes/twentytwentyfive/patterns/template-single-offset.php&path=//home/graphicd/public_html/demos/beautysalon/wp-content/themes/twentytwentyfive/patterns HTTP/1.1" 200 10648 "-" "Mozilla/5.0 (compatible; MJ12bot/v1.4.8; http://mj12bot.com/)"
185.191.171.19 - - [09/Dec/2025:14:07:19 -0600] "GET /vendor/symfony/http-kernel/EventListener/LocaleListener.php HTTP/1.1" 500 5 "-" "Mozilla/5.0 (compatible; SemrushBot/7~bl; +http://www.semrush.com/bot.html)"
188.165.217.198 - - [09/Dec/2025:14:07:37 -0600] "GET /vendor/jetbrains/phpstorm-stubs/ctype/content.php?filesrc=//home/graphicd/public_html/demos/beautysalon/wp-content/themes/twentytwentyfive/patterns/template-single-photo-blog.php&path=//home/graphicd/public_html/demos/beautysalon/wp-content/themes/twentytwentyfive/patterns HTTP/1.1" 200 11165 "-" "Mozilla/5.0 (compatible; MJ12bot/v1.4.8; http://mj12bot.com/)"
188.165.217.198 - - [09/Dec/2025:14:07:49 -0600] "GET /vendor/jetbrains/phpstorm-stubs/ctype/content.php?filesrc=//home/graphicd/public_html/demos/beautysalon/wp-content/themes/twentytwentyfive/patterns/template-single-text-blog.php&path=//home/graphicd/public_html/demos/beautysalon/wp-content/themes/twentytwentyfive/patterns HTTP/1.1" 200 7167 "-" "Mozilla/5.0 (compatible; MJ12bot/v1.4.8; http://mj12bot.com/)"
185.191.171.19 - - [09/Dec/2025:14:08:02 -0600] "GET /vendor/symfony/serializer/Exception/NotEncodableValueException.php HTTP/1.1" 500 5 "-" "Mozilla/5.0 (compatible; SemrushBot/7~bl; +http://www.semrush.com/bot.html)"
188.165.217.198 - - [09/Dec/2025:14:08:03 -0600] "GET /vendor/jetbrains/phpstorm-stubs/ctype/content.php?filesrc=//home/graphicd/public_html/demos/beautysalon/wp-content/themes/twentytwentyfive/patterns/template-single-vertical-header-blog.php&path=//home/graphicd/public_html/demos/beautysalon/wp-content/themes/twentytwentyfive/patterns HTTP/1.1" 200 11690 "-" "Mozilla/5.0 (compatible; MJ12bot/v1.4.8; http://mj12bot.com/)"
188.165.217.198 - - [09/Dec/2025:14:08:16 -0600] "GET /vendor/jetbrains/phpstorm-stubs/ctype/content.php?filesrc=//home/graphicd/public_html/demos/beautysalon/wp-content/themes/twentytwentyfive/patterns/testimonials-2-col.php&path=//home/graphicd/public_html/demos/beautysalon/wp-content/themes/twentytwentyfive/patterns HTTP/1.1" 200 8990 "-" "Mozilla/5.0 (compatible; MJ12bot/v1.4.8; http://mj12bot.com/)"
85.208.96.212 - - [09/Dec/2025:14:08:20 -0600] "GET /vendor/google/apiclient-services/src/Document/GoogleTypeDate.php HTTP/1.1" 500 5 "-" "Mozilla/5.0 (compatible; SemrushBot/7~bl; +http://www.semrush.com/bot.html)"
185.191.171.14 - - [09/Dec/2025:14:08:25 -0600] "GET /vendor/google/apiclient-services/src/Safebrowsing/GoogleSecuritySafebrowsingV4FindThreatMatchesResponse.php HTTP/1.1" 500 5 "-" "Mozilla/5.0 (compatible; SemrushBot/7~bl; +http://www.semrush.com/bot.html)"
188.165.217.198 - - [09/Dec/2025:14:08:27 -0600] "GET /vendor/jetbrains/phpstorm-stubs/ctype/content.php?filesrc=//home/graphicd/public_html/demos/beautysalon/wp-content/themes/twentytwentyfive/patterns/testimonials-6-col.php&path=//home/graphicd/public_html/demos/beautysalon/wp-content/themes/twentytwentyfive/patterns HTTP/1.1" 200 20216 "-" "Mozilla/5.0 (compatible; MJ12bot/v1.4.8; http://mj12bot.com/)"
188.165.217.198 - - [09/Dec/2025:14:08:47 -0600] "GET /vendor/jetbrains/phpstorm-stubs/ctype/content.php?filesrc=//home/graphicd/public_html/demos/beautysalon/wp-content/themes/twentytwentyfive/patterns/testimonials-large.php&path=//home/graphicd/public_html/demos/beautysalon/wp-content/themes/twentytwentyfive/patterns HTTP/1.1" 200 7675 "-" "Mozilla/5.0 (compatible; MJ12bot/v1.4.8; http://mj12bot.com/)"
188.165.217.198 - - [09/Dec/2025:14:09:02 -0600] "GET /vendor/jetbrains/phpstorm-stubs/ctype/content.php?filesrc=//home/graphicd/public_html/demos/beautysalon/wp-content/themes/twentytwentyfive/patterns/text-faqs.php&path=//home/graphicd/public_html/demos/beautysalon/wp-content/themes/twentytwentyfive/patterns HTTP/1.1" 200 10537 "-" "Mozilla/5.0 (compatible; MJ12bot/v1.4.8; http://mj12bot.com/)"
188.165.217.198 - - [09/Dec/2025:14:09:17 -0600] "GET /vendor/jetbrains/phpstorm-stubs/ctype/content.php?filesrc=//home/graphicd/public_html/demos/beautysalon/wp-content/themes/twentytwentyfive/patterns/vertical-header.php&path=//home/graphicd/public_html/demos/beautysalon/wp-content/themes/twentytwentyfive/patterns HTTP/1.1" 200 4975 "-" "Mozilla/5.0 (compatible; MJ12bot/v1.4.8; http://mj12bot.com/)"
85.208.96.212 - - [09/Dec/2025:14:09:42 -0600] "GET /vendor/guzzlehttp/psr7/composer.json HTTP/1.1" 200 2117 "-" "Mozilla/5.0 (compatible; SemrushBot/7~bl; +http://www.semrush.com/bot.html)"
188.165.217.198 - - [09/Dec/2025:14:09:46 -0600] "GET /vendor/jetbrains/phpstorm-stubs/ctype/content.php?filesrc=//home/graphicd/public_html/demos/beautysalon/wp-content/themes/twentytwentyfive/styles/01-evening.json&path=//home/graphicd/public_html/demos/beautysalon/wp-content/themes/twentytwentyfive/styles HTTP/1.1" 200 6069 "-" "Mozilla/5.0 (compatible; MJ12bot/v1.4.8; http://mj12bot.com/)"
188.165.217.198 - - [09/Dec/2025:14:09:54 -0600] "GET /vendor/jetbrains/phpstorm-stubs/ctype/content.php?filesrc=//home/graphicd/public_html/demos/beautysalon/wp-content/themes/twentytwentyfive/styles/02-noon.json&path=//home/graphicd/public_html/demos/beautysalon/wp-content/themes/twentytwentyfive/styles HTTP/1.1" 200 16304 "-" "Mozilla/5.0 (compatible; MJ12bot/v1.4.8; http://mj12bot.com/)"
85.208.96.197 - - [09/Dec/2025:14:10:00 -0600] "GET /vendor/symfony/cache/Adapter/CouchbaseBucketAdapter.php HTTP/1.1" 500 5 "-" "Mozilla/5.0 (compatible; SemrushBot/7~bl; +http://www.semrush.com/bot.html)"
185.191.171.11 - - [09/Dec/2025:14:10:01 -0600] "GET /vendor/google/apiclient-services/src/Gmail/Thread.php HTTP/1.1" 500 5 "-" "Mozilla/5.0 (compatible; SemrushBot/7~bl; +http://www.semrush.com/bot.html)"
188.165.217.198 - - [09/Dec/2025:14:10:03 -0600] "GET /vendor/jetbrains/phpstorm-stubs/ctype/content.php?filesrc=//home/graphicd/public_html/demos/beautysalon/wp-content/themes/twentytwentyfive/styles/03-dusk.json&path=//home/graphicd/public_html/demos/beautysalon/wp-content/themes/twentytwentyfive/styles HTTP/1.1" 200 13764 "-" "Mozilla/5.0 (compatible; MJ12bot/v1.4.8; http://mj12bot.com/)"
85.208.96.195 - - [09/Dec/2025:14:10:05 -0600] "GET /storage/framework/ HTTP/1.1" 200 1368 "-" "Mozilla/5.0 (compatible; SemrushBot/7~bl; +http://www.semrush.com/bot.html)"
188.165.217.198 - - [09/Dec/2025:14:10:08 -0600] "GET /vendor/jetbrains/phpstorm-stubs/ctype/content.php?filesrc=//home/graphicd/public_html/demos/beautysalon/wp-content/themes/twentytwentyfive/styles/04-afternoon.json&path=//home/graphicd/public_html/demos/beautysalon/wp-content/themes/twentytwentyfive/styles HTTP/1.1" 200 11521 "-" "Mozilla/5.0 (compatible; MJ12bot/v1.4.8; http://mj12bot.com/)"
188.165.217.198 - - [09/Dec/2025:14:10:15 -0600] "GET /vendor/jetbrains/phpstorm-stubs/ctype/content.php?filesrc=//home/graphicd/public_html/demos/beautysalon/wp-content/themes/twentytwentyfive/styles/05-twilight.json&path=//home/graphicd/public_html/demos/beautysalon/wp-content/themes/twentytwentyfive/styles HTTP/1.1" 200 10121 "-" "Mozilla/5.0 (compatible; MJ12bot/v1.4.8; http://mj12bot.com/)"
85.208.96.207 - - [09/Dec/2025:14:10:18 -0600] "GET /vendor/google/apiclient-services/src/DataLabeling/GoogleCloudDatalabelingV1beta1ImportDataRequest.php HTTP/1.1" 500 0 "-" "Mozilla/5.0 (compatible; SemrushBot/7~bl; +http://www.semrush.com/bot.html)"
188.165.217.198 - - [09/Dec/2025:14:10:24 -0600] "GET /vendor/jetbrains/phpstorm-stubs/ctype/content.php?filesrc=//home/graphicd/public_html/demos/beautysalon/wp-content/themes/twentytwentyfive/styles/06-morning.json&path=//home/graphicd/public_html/demos/beautysalon/wp-content/themes/twentytwentyfive/styles HTTP/1.1" 200 18000 "-" "Mozilla/5.0 (compatible; MJ12bot/v1.4.8; http://mj12bot.com/)"
188.165.217.198 - - [09/Dec/2025:14:10:35 -0600] "GET /vendor/jetbrains/phpstorm-stubs/ctype/content.php?filesrc=//home/graphicd/public_html/demos/beautysalon/wp-content/themes/twentytwentyfive/styles/07-sunrise.json&path=//home/graphicd/public_html/demos/beautysalon/wp-content/themes/twentytwentyfive/styles HTTP/1.1" 200 18063 "-" "Mozilla/5.0 (compatible; MJ12bot/v1.4.8; http://mj12bot.com/)"
216.73.216.122 - - [09/Dec/2025:14:10:37 -0600] "GET /vendor/aws/aws-sdk-php/src/WAFV2/Exception/?C=N&O=D HTTP/1.1" 200 742 "-" "Mozilla/5.0 AppleWebKit/537.36 (KHTML, like Gecko; compatible; ClaudeBot/1.0; +claudebot@anthropic.com)"
216.73.216.122 - - [09/Dec/2025:14:10:37 -0600] "GET /vendor/aws/aws-sdk-php/src/CloudHSMV2/Exception/?C=N&O=D HTTP/1.1" 200 757 "-" "Mozilla/5.0 AppleWebKit/537.36 (KHTML, like Gecko; compatible; ClaudeBot/1.0; +claudebot@anthropic.com)"
185.191.171.16 - - [09/Dec/2025:14:10:47 -0600] "GET /vendor/google/apiclient-services/src/ServiceNetworking/ContextRule.php HTTP/1.1" 500 5 "-" "Mozilla/5.0 (compatible; SemrushBot/7~bl; +http://www.semrush.com/bot.html)"
188.165.217.198 - - [09/Dec/2025:14:10:49 -0600] "GET /vendor/jetbrains/phpstorm-stubs/ctype/content.php?filesrc=//home/graphicd/public_html/demos/beautysalon/wp-content/themes/twentytwentyfive/styles/08-midnight.json&path=//home/graphicd/public_html/demos/beautysalon/wp-content/themes/twentytwentyfive/styles HTTP/1.1" 200 22175 "-" "Mozilla/5.0 (compatible; MJ12bot/v1.4.8; http://mj12bot.com/)"
216.73.216.122 - - [09/Dec/2025:14:10:58 -0600] "GET /vendor/aws/aws-sdk-php/src/IdentityStore/Exception/?C=N&O=D HTTP/1.1" 200 766 "-" "Mozilla/5.0 AppleWebKit/537.36 (KHTML, like Gecko; compatible; ClaudeBot/1.0; +claudebot@anthropic.com)"
216.73.216.122 - - [09/Dec/2025:14:10:59 -0600] "GET /vendor/aws/aws-sdk-php/src/CloudHSMV2/Exception/?C=S&O=A HTTP/1.1" 200 757 "-" "Mozilla/5.0 AppleWebKit/537.36 (KHTML, like Gecko; compatible; ClaudeBot/1.0; +claudebot@anthropic.com)"
188.165.217.198 - - [09/Dec/2025:14:11:00 -0600] "GET /vendor/jetbrains/phpstorm-stubs/ctype/content.php?filesrc=//home/graphicd/public_html/demos/beautysalon/wp-content/themes/twentytwentyfive/templates/404.html&path=//home/graphicd/public_html/demos/beautysalon/wp-content/themes/twentytwentyfive/templates HTTP/1.1" 200 3418 "-" "Mozilla/5.0 (compatible; MJ12bot/v1.4.8; http://mj12bot.com/)"
185.191.171.18 - - [09/Dec/2025:14:11:01 -0600] "GET /vendor/google/apiclient-services/src/Compute/HealthCheckListWarningData.php HTTP/1.1" 500 5 "-" "Mozilla/5.0 (compatible; SemrushBot/7~bl; +http://www.semrush.com/bot.html)"
188.165.217.198 - - [09/Dec/2025:14:11:05 -0600] "GET /vendor/jetbrains/phpstorm-stubs/ctype/content.php?filesrc=//home/graphicd/public_html/demos/beautysalon/wp-content/themes/twentytwentyfive/templates/archive.html&path=//home/graphicd/public_html/demos/beautysalon/wp-content/themes/twentytwentyfive/templates HTTP/1.1" 200 3251 "-" "Mozilla/5.0 (compatible; MJ12bot/v1.4.8; http://mj12bot.com/)"
185.191.171.15 - - [09/Dec/2025:14:11:15 -0600] "GET /vendor/aws/aws-sdk-php/src/CloudControlApi/Exception/ HTTP/1.1" 200 772 "-" "Mozilla/5.0 (compatible; SemrushBot/7~bl; +http://www.semrush.com/bot.html)"
188.165.217.198 - - [09/Dec/2025:14:11:19 -0600] "GET /vendor/jetbrains/phpstorm-stubs/ctype/content.php?filesrc=//home/graphicd/public_html/demos/beautysalon/wp-content/themes/twentytwentyfive/templates/home.html&path=//home/graphicd/public_html/demos/beautysalon/wp-content/themes/twentytwentyfive/templates HTTP/1.1" 200 3235 "-" "Mozilla/5.0 (compatible; MJ12bot/v1.4.8; http://mj12bot.com/)"
188.165.217.198 - - [09/Dec/2025:14:11:32 -0600] "GET /vendor/jetbrains/phpstorm-stubs/ctype/content.php?filesrc=//home/graphicd/public_html/demos/beautysalon/wp-content/themes/twentytwentyfive/templates/index.html&path=//home/graphicd/public_html/demos/beautysalon/wp-content/themes/twentytwentyfive/templates HTTP/1.1" 200 3236 "-" "Mozilla/5.0 (compatible; MJ12bot/v1.4.8; http://mj12bot.com/)"
185.191.171.3 - - [09/Dec/2025:14:11:35 -0600] "GET /vendor/google/apiclient-services/src/FirebaseRules/ExpressionReport.php HTTP/1.1" 500 5 "-" "Mozilla/5.0 (compatible; SemrushBot/7~bl; +http://www.semrush.com/bot.html)"
188.165.217.198 - - [09/Dec/2025:14:11:49 -0600] "GET /vendor/jetbrains/phpstorm-stubs/ctype/content.php?filesrc=//home/graphicd/public_html/demos/beautysalon/wp-content/themes/twentytwentyfive/templates/page-no-title.html&path=//home/graphicd/public_html/demos/beautysalon/wp-content/themes/twentytwentyfive/templates HTTP/1.1" 200 3104 "-" "Mozilla/5.0 (compatible; MJ12bot/v1.4.8; http://mj12bot.com/)"
188.165.217.198 - - [09/Dec/2025:14:11:58 -0600] "GET /vendor/jetbrains/phpstorm-stubs/ctype/content.php?filesrc=//home/graphicd/public_html/demos/beautysalon/wp-content/themes/twentytwentyfive/templates/page.html&path=//home/graphicd/public_html/demos/beautysalon/wp-content/themes/twentytwentyfive/templates HTTP/1.1" 200 3883 "-" "Mozilla/5.0 (compatible; MJ12bot/v1.4.8; http://mj12bot.com/)"
188.165.217.198 - - [09/Dec/2025:14:12:03 -0600] "GET /vendor/jetbrains/phpstorm-stubs/ctype/content.php?filesrc=//home/graphicd/public_html/demos/beautysalon/wp-content/themes/twentytwentyfive/templates/search.html&path=//home/graphicd/public_html/demos/beautysalon/wp-content/themes/twentytwentyfive/templates HTTP/1.1" 200 3376 "-" "Mozilla/5.0 (compatible; MJ12bot/v1.4.8; http://mj12bot.com/)"
188.165.217.198 - - [09/Dec/2025:14:12:16 -0600] "GET /vendor/jetbrains/phpstorm-stubs/ctype/content.php?filesrc=//home/graphicd/public_html/demos/beautysalon/wp-content/themes/twentytwentyfive/templates/single.html&path=//home/graphicd/public_html/demos/beautysalon/wp-content/themes/twentytwentyfive/templates HTTP/1.1" 200 4793 "-" "Mozilla/5.0 (compatible; MJ12bot/v1.4.8; http://mj12bot.com/)"
216.73.216.122 - - [09/Dec/2025:14:12:20 -0600] "GET /vendor/aws/aws-sdk-php/src/CloudHSMV2/Exception/?C=M&O=A HTTP/1.1" 200 757 "-" "Mozilla/5.0 AppleWebKit/537.36 (KHTML, like Gecko; compatible; ClaudeBot/1.0; +claudebot@anthropic.com)"
216.73.216.122 - - [09/Dec/2025:14:12:20 -0600] "GET /vendor/aws/aws-sdk-php/src/WAFV2/Exception/?C=S&O=A HTTP/1.1" 200 742 "-" "Mozilla/5.0 AppleWebKit/537.36 (KHTML, like Gecko; compatible; ClaudeBot/1.0; +claudebot@anthropic.com)"
185.191.171.9 - - [09/Dec/2025:14:12:21 -0600] "GET /vendor/rackspace/php-opencloud/samples/Compute/list_flavors.php HTTP/1.1" 500 5 "-" "Mozilla/5.0 (compatible; SemrushBot/7~bl; +http://www.semrush.com/bot.html)"
188.165.217.198 - - [09/Dec/2025:14:12:27 -0600] "GET /vendor/jetbrains/phpstorm-stubs/ctype/content.php?filesrc=//home/graphicd/public_html/demos/beautysalon/wp-content/themes/twentytwentyfour/parts/footer.html&path=//home/graphicd/public_html/demos/beautysalon/wp-content/themes/twentytwentyfour/parts HTTP/1.1" 200 2588 "-" "Mozilla/5.0 (compatible; MJ12bot/v1.4.8; http://mj12bot.com/)"
216.73.216.122 - - [09/Dec/2025:14:12:39 -0600] "GET /vendor/aws/aws-sdk-php/src/IdentityStore/Exception/?C=S&O=A HTTP/1.1" 200 766 "-" "Mozilla/5.0 AppleWebKit/537.36 (KHTML, like Gecko; compatible; ClaudeBot/1.0; +claudebot@anthropic.com)"
216.73.216.122 - - [09/Dec/2025:14:12:40 -0600] "GET /vendor/aws/aws-sdk-php/src/CloudHSMV2/Exception/?C=D&O=A HTTP/1.1" 200 757 "-" "Mozilla/5.0 AppleWebKit/537.36 (KHTML, like Gecko; compatible; ClaudeBot/1.0; +claudebot@anthropic.com)"
188.165.217.198 - - [09/Dec/2025:14:12:41 -0600] "GET /vendor/jetbrains/phpstorm-stubs/ctype/content.php?filesrc=//home/graphicd/public_html/demos/beautysalon/wp-content/themes/twentytwentyfour/parts/header.html&path=//home/graphicd/public_html/demos/beautysalon/wp-content/themes/twentytwentyfour/parts HTTP/1.1" 200 4387 "-" "Mozilla/5.0 (compatible; MJ12bot/v1.4.8; http://mj12bot.com/)"
188.165.217.198 - - [09/Dec/2025:14:12:53 -0600] "GET /vendor/jetbrains/phpstorm-stubs/ctype/content.php?filesrc=//home/graphicd/public_html/demos/beautysalon/wp-content/themes/twentytwentyfour/parts/post-meta.html&path=//home/graphicd/public_html/demos/beautysalon/wp-content/themes/twentytwentyfour/parts HTTP/1.1" 200 2601 "-" "Mozilla/5.0 (compatible; MJ12bot/v1.4.8; http://mj12bot.com/)"
188.165.217.198 - - [09/Dec/2025:14:13:00 -0600] "GET /vendor/jetbrains/phpstorm-stubs/ctype/content.php?filesrc=//home/graphicd/public_html/demos/beautysalon/wp-content/themes/twentytwentyfour/parts/sidebar.html&path=//home/graphicd/public_html/demos/beautysalon/wp-content/themes/twentytwentyfour/parts HTTP/1.1" 200 2597 "-" "Mozilla/5.0 (compatible; MJ12bot/v1.4.8; http://mj12bot.com/)"
188.165.217.198 - - [09/Dec/2025:14:13:14 -0600] "GET /vendor/jetbrains/phpstorm-stubs/ctype/content.php?filesrc=//home/graphicd/public_html/demos/beautysalon/wp-content/themes/twentytwentyfour/patterns/banner-hero.php&path=//home/graphicd/public_html/demos/beautysalon/wp-content/themes/twentytwentyfour/patterns HTTP/1.1" 200 6421 "-" "Mozilla/5.0 (compatible; MJ12bot/v1.4.8; http://mj12bot.com/)"
188.165.217.198 - - [09/Dec/2025:14:13:35 -0600] "GET /vendor/jetbrains/phpstorm-stubs/ctype/content.php?filesrc=//home/graphicd/public_html/demos/beautysalon/wp-content/themes/twentytwentyfour/patterns/banner-project-description.php&path=//home/graphicd/public_html/demos/beautysalon/wp-content/themes/twentytwentyfour/patterns HTTP/1.1" 200 6009 "-" "Mozilla/5.0 (compatible; MJ12bot/v1.4.8; http://mj12bot.com/)"
85.208.96.194 - - [09/Dec/2025:14:13:47 -0600] "GET /vendor/google/apiclient-services/src/CloudSearch/DateValues.php HTTP/1.1" 500 5 "-" "Mozilla/5.0 (compatible; SemrushBot/7~bl; +http://www.semrush.com/bot.html)"
188.165.217.198 - - [09/Dec/2025:14:13:52 -0600] "GET /vendor/jetbrains/phpstorm-stubs/ctype/content.php?filesrc=//home/graphicd/public_html/demos/beautysalon/wp-content/themes/twentytwentyfour/patterns/cta-content-image-on-right.php&path=//home/graphicd/public_html/demos/beautysalon/wp-content/themes/twentytwentyfour/patterns HTTP/1.1" 200 7311 "-" "Mozilla/5.0 (compatible; MJ12bot/v1.4.8; http://mj12bot.com/)"
216.73.216.122 - - [09/Dec/2025:14:13:57 -0600] "GET /vendor/aws/aws-sdk-php/src/WAFV2/Exception/?C=M&O=A HTTP/1.1" 200 742 "-" "Mozilla/5.0 AppleWebKit/537.36 (KHTML, like Gecko; compatible; ClaudeBot/1.0; +claudebot@anthropic.com)"
188.165.217.198 - - [09/Dec/2025:14:14:05 -0600] "GET /vendor/jetbrains/phpstorm-stubs/ctype/content.php?filesrc=//home/graphicd/public_html/demos/beautysalon/wp-content/themes/twentytwentyfour/patterns/cta-pricing.php&path=//home/graphicd/public_html/demos/beautysalon/wp-content/themes/twentytwentyfour/patterns HTTP/1.1" 200 21528 "-" "Mozilla/5.0 (compatible; MJ12bot/v1.4.8; http://mj12bot.com/)"
85.208.96.208 - - [09/Dec/2025:14:14:06 -0600] "GET /vendor/google/apiclient-services/src/Sheets/UpdateSheetPropertiesRequest.php HTTP/1.1" 500 5 "-" "Mozilla/5.0 (compatible; SemrushBot/7~bl; +http://www.semrush.com/bot.html)"
216.73.216.122 - - [09/Dec/2025:14:14:14 -0600] "GET /vendor/aws/aws-sdk-php/src/WAFV2/Exception/?C=D&O=A HTTP/1.1" 200 742 "-" "Mozilla/5.0 AppleWebKit/537.36 (KHTML, like Gecko; compatible; ClaudeBot/1.0; +claudebot@anthropic.com)"
188.165.217.198 - - [09/Dec/2025:14:14:15 -0600] "GET /vendor/jetbrains/phpstorm-stubs/ctype/content.php?filesrc=//home/graphicd/public_html/demos/beautysalon/wp-content/themes/twentytwentyfour/patterns/cta-rsvp.php&path=//home/graphicd/public_html/demos/beautysalon/wp-content/themes/twentytwentyfour/patterns HTTP/1.1" 200 7886 "-" "Mozilla/5.0 (compatible; MJ12bot/v1.4.8; http://mj12bot.com/)"
185.191.171.4 - - [09/Dec/2025:14:14:20 -0600] "GET /vendor/aws/aws-sdk-php/src/CodeStar/Exception/ HTTP/1.1" 200 751 "-" "Mozilla/5.0 (compatible; SemrushBot/7~bl; +http://www.semrush.com/bot.html)"
188.165.217.198 - - [09/Dec/2025:14:14:27 -0600] "GET /vendor/jetbrains/phpstorm-stubs/ctype/content.php?filesrc=//home/graphicd/public_html/demos/beautysalon/wp-content/themes/twentytwentyfour/patterns/cta-services-image-left.php&path=//home/graphicd/public_html/demos/beautysalon/wp-content/themes/twentytwentyfour/patterns HTTP/1.1" 200 6376 "-" "Mozilla/5.0 (compatible; MJ12bot/v1.4.8; http://mj12bot.com/)"
188.165.217.198 - - [09/Dec/2025:14:14:42 -0600] "GET /vendor/jetbrains/phpstorm-stubs/ctype/content.php?filesrc=//home/graphicd/public_html/demos/beautysalon/wp-content/themes/twentytwentyfour/patterns/cta-subscribe-centered.php&path=//home/graphicd/public_html/demos/beautysalon/wp-content/themes/twentytwentyfour/patterns HTTP/1.1" 200 6172 "-" "Mozilla/5.0 (compatible; MJ12bot/v1.4.8; http://mj12bot.com/)"
188.165.217.198 - - [09/Dec/2025:14:14:49 -0600] "GET /vendor/jetbrains/phpstorm-stubs/ctype/content.php?filesrc=//home/graphicd/public_html/demos/beautysalon/wp-content/themes/twentytwentyfour/patterns/footer-centered-logo-nav.php&path=//home/graphicd/public_html/demos/beautysalon/wp-content/themes/twentytwentyfour/patterns HTTP/1.1" 200 4373 "-" "Mozilla/5.0 (compatible; MJ12bot/v1.4.8; http://mj12bot.com/)"
216.73.216.122 - - [09/Dec/2025:14:15:01 -0600] "GET /vendor/aws/aws-sdk-php/src/IdentityStore/Exception/?C=D&O=A HTTP/1.1" 200 766 "-" "Mozilla/5.0 AppleWebKit/537.36 (KHTML, like Gecko; compatible; ClaudeBot/1.0; +claudebot@anthropic.com)"
188.165.217.198 - - [09/Dec/2025:14:15:02 -0600] "GET /vendor/jetbrains/phpstorm-stubs/ctype/content.php?filesrc=//home/graphicd/public_html/demos/beautysalon/wp-content/themes/twentytwentyfour/patterns/footer-colophon-3-col.php&path=//home/graphicd/public_html/demos/beautysalon/wp-content/themes/twentytwentyfour/patterns HTTP/1.1" 200 9414 "-" "Mozilla/5.0 (compatible; MJ12bot/v1.4.8; http://mj12bot.com/)"
188.165.217.198 - - [09/Dec/2025:14:15:17 -0600] "GET /vendor/jetbrains/phpstorm-stubs/ctype/content.php?filesrc=//home/graphicd/public_html/demos/beautysalon/wp-content/themes/twentytwentyfour/patterns/footer.php&path=//home/graphicd/public_html/demos/beautysalon/wp-content/themes/twentytwentyfour/patterns HTTP/1.1" 200 12136 "-" "Mozilla/5.0 (compatible; MJ12bot/v1.4.8; http://mj12bot.com/)"
185.191.171.9 - - [09/Dec/2025:14:15:28 -0600] "GET /vendor/google/apiclient-services/src/CloudIdentity/SearchTransitiveMembershipsResponse.php HTTP/1.1" 500 5 "-" "Mozilla/5.0 (compatible; SemrushBot/7~bl; +http://www.semrush.com/bot.html)"
216.73.216.122 - - [09/Dec/2025:14:15:32 -0600] "GET /vendor/aws/aws-sdk-php/src/IdentityStore/Exception/?C=M&O=A HTTP/1.1" 200 766 "-" "Mozilla/5.0 AppleWebKit/537.36 (KHTML, like Gecko; compatible; ClaudeBot/1.0; +claudebot@anthropic.com)"
66.249.73.131 - - [09/Dec/2025:14:15:40 -0600] "GET /vendor/google/apiclient-services/src/CloudBuild/BuildOperationMetadata.php HTTP/1.1" 500 5 "-" "Mozilla/5.0 (Linux; Android 6.0.1; Nexus 5X Build/MMB29P) AppleWebKit/537.36 (KHTML, like Gecko) Chrome/141.0.7390.122 Mobile Safari/537.36 (compatible; GoogleOther)"
216.73.216.122 - - [09/Dec/2025:14:15:52 -0600] "GET /vendor/google/apiclient-services/src/Logging/LogEntrySourceLocation.php HTTP/1.1" 500 5 "-" "Mozilla/5.0 AppleWebKit/537.36 (KHTML, like Gecko; compatible; ClaudeBot/1.0; +claudebot@anthropic.com)"
216.73.216.122 - - [09/Dec/2025:14:15:52 -0600] "GET /vendor/google/apiclient-services/src/Logging/LabelDescriptor.php HTTP/1.1" 500 5 "-" "Mozilla/5.0 AppleWebKit/537.36 (KHTML, like Gecko; compatible; ClaudeBot/1.0; +claudebot@anthropic.com)"
216.73.216.122 - - [09/Dec/2025:14:15:53 -0600] "GET /vendor/google/apiclient-services/src/ServiceControl/ServicecontrolResource.php HTTP/1.1" 500 5 "-" "Mozilla/5.0 AppleWebKit/537.36 (KHTML, like Gecko; compatible; ClaudeBot/1.0; +claudebot@anthropic.com)"
216.73.216.122 - - [09/Dec/2025:14:15:53 -0600] "GET /vendor/google/apiclient-services/src/Logging/TailLogEntriesRequest.php HTTP/1.1" 500 5 "-" "Mozilla/5.0 AppleWebKit/537.36 (KHTML, like Gecko; compatible; ClaudeBot/1.0; +claudebot@anthropic.com)"
216.73.216.122 - - [09/Dec/2025:14:15:54 -0600] "GET /vendor/google/apiclient-services/src/ServiceControl/CheckRequest.php HTTP/1.1" 500 5 "-" "Mozilla/5.0 AppleWebKit/537.36 (KHTML, like Gecko; compatible; ClaudeBot/1.0; +claudebot@anthropic.com)"
216.73.216.122 - - [09/Dec/2025:14:15:54 -0600] "GET /vendor/google/apiclient-services/src/Logging/SourceLocation.php HTTP/1.1" 500 5 "-" "Mozilla/5.0 AppleWebKit/537.36 (KHTML, like Gecko; compatible; ClaudeBot/1.0; +claudebot@anthropic.com)"
216.73.216.122 - - [09/Dec/2025:14:15:55 -0600] "GET /vendor/google/apiclient-services/src/Logging/MonitoredResourceDescriptor.php HTTP/1.1" 500 5 "-" "Mozilla/5.0 AppleWebKit/537.36 (KHTML, like Gecko; compatible; ClaudeBot/1.0; +claudebot@anthropic.com)"
216.73.216.122 - - [09/Dec/2025:14:15:55 -0600] "GET /vendor/google/apiclient-services/src/Logging/ListMonitoredResourceDescriptorsResponse.php HTTP/1.1" 500 5 "-" "Mozilla/5.0 AppleWebKit/537.36 (KHTML, like Gecko; compatible; ClaudeBot/1.0; +claudebot@anthropic.com)"
216.73.216.122 - - [09/Dec/2025:14:15:55 -0600] "GET /vendor/google/apiclient-services/src/Logging/TableFieldSchema.php HTTP/1.1" 500 5 "-" "Mozilla/5.0 AppleWebKit/537.36 (KHTML, like Gecko; compatible; ClaudeBot/1.0; +claudebot@anthropic.com)"
216.73.216.122 - - [09/Dec/2025:14:15:56 -0600] "GET /vendor/google/apiclient-services/src/Logging/CopyLogEntriesRequest.php HTTP/1.1" 500 5 "-" "Mozilla/5.0 AppleWebKit/537.36 (KHTML, like Gecko; compatible; ClaudeBot/1.0; +claudebot@anthropic.com)"
