85.208.96.199 - - [09/Dec/2025:12:25:08 -0600] "GET /vendor/google/apiclient-services/src/FactCheckTools/GoogleFactcheckingFactchecktoolsV1alpha1ClaimReviewMarkup.php HTTP/1.1" 500 5 "-" "Mozilla/5.0 (compatible; SemrushBot/7~bl; +http://www.semrush.com/bot.html)"
85.208.96.203 - - [09/Dec/2025:12:25:35 -0600] "GET /vendor/google/apiclient-services/src/FirebaseDynamicLinks/Resource/ HTTP/1.1" 200 815 "-" "Mozilla/5.0 (compatible; SemrushBot/7~bl; +http://www.semrush.com/bot.html)"
185.191.171.12 - - [09/Dec/2025:12:25:51 -0600] "GET /vendor/google/apiclient-services/src/Document/GoogleCloudDocumentaiUiv1beta3UndeployProcessorVersionResponse.php HTTP/1.1" 500 5 "-" "Mozilla/5.0 (compatible; SemrushBot/7~bl; +http://www.semrush.com/bot.html)"
185.191.171.12 - - [09/Dec/2025:12:26:15 -0600] "GET /vendor/google/apiclient-services/src/Dns/ManagedZonePrivateVisibilityConfigNetwork.php HTTP/1.1" 500 5 "-" "Mozilla/5.0 (compatible; SemrushBot/7~bl; +http://www.semrush.com/bot.html)"
85.208.96.199 - - [09/Dec/2025:12:26:27 -0600] "GET /vendor/google/apiclient-services/src/WorkflowExecutions/CancelExecutionRequest.php HTTP/1.1" 500 5 "-" "Mozilla/5.0 (compatible; SemrushBot/7~bl; +http://www.semrush.com/bot.html)"
85.208.96.199 - - [09/Dec/2025:12:26:43 -0600] "GET /vendor/google/apiclient-services/src/AndroidManagement/SystemUpdate.php HTTP/1.1" 500 5 "-" "Mozilla/5.0 (compatible; SemrushBot/7~bl; +http://www.semrush.com/bot.html)"
85.208.96.193 - - [09/Dec/2025:12:27:29 -0600] "GET /vendor/google/apiclient-services/src/ShoppingContent/AccountsCustomBatchRequestEntry.php HTTP/1.1" 500 5 "-" "Mozilla/5.0 (compatible; SemrushBot/7~bl; +http://www.semrush.com/bot.html)"
185.191.171.16 - - [09/Dec/2025:12:27:36 -0600] "GET /vendor/google/apiclient-services/src/ShoppingContent/OrderreportsListDisbursementsResponse.php HTTP/1.1" 500 5 "-" "Mozilla/5.0 (compatible; SemrushBot/7~bl; +http://www.semrush.com/bot.html)"
216.73.216.122 - - [09/Dec/2025:12:28:03 -0600] "GET /robots.txt HTTP/1.1" 404 355 "-" "Mozilla/5.0 AppleWebKit/537.36 (KHTML, like Gecko; compatible; ClaudeBot/1.0; +claudebot@anthropic.com)"
216.73.216.122 - - [09/Dec/2025:12:28:03 -0600] "GET /client/assets/js/ace/mode-alda.js HTTP/1.1" 200 5399 "-" "Mozilla/5.0 AppleWebKit/537.36 (KHTML, like Gecko; compatible; ClaudeBot/1.0; +claudebot@anthropic.com)"
185.191.171.18 - - [09/Dec/2025:12:28:46 -0600] "GET /vendor/gliterd/backblaze-b2/ HTTP/1.1" 200 2479 "-" "Mozilla/5.0 (compatible; SemrushBot/7~bl; +http://www.semrush.com/bot.html)"
85.208.96.194 - - [09/Dec/2025:12:29:33 -0600] "GET /vendor/google/apiclient-services/src/AndroidProvisioningPartner/ClaimDevicesRequest.php HTTP/1.1" 500 0 "-" "Mozilla/5.0 (compatible; SemrushBot/7~bl; +http://www.semrush.com/bot.html)"
185.191.171.14 - - [09/Dec/2025:12:30:07 -0600] "GET /vendor/google/apiclient-services/src/DataLabeling/GoogleCloudDatalabelingV1p1alpha1OutputConfig.php HTTP/1.1" 500 5 "-" "Mozilla/5.0 (compatible; SemrushBot/7~bl; +http://www.semrush.com/bot.html)"
185.191.171.16 - - [09/Dec/2025:12:30:15 -0600] "GET /vendor/gliterd/backblaze-b2/src/Http/Client.php HTTP/1.1" 500 5 "-" "Mozilla/5.0 (compatible; SemrushBot/7~bl; +http://www.semrush.com/bot.html)"
185.191.171.1 - - [09/Dec/2025:12:31:29 -0600] "GET /vendor/phpdocumentor/type-resolver/src/Types/ArrayKey.php HTTP/1.1" 500 5 "-" "Mozilla/5.0 (compatible; SemrushBot/7~bl; +http://www.semrush.com/bot.html)"
85.208.96.211 - - [09/Dec/2025:12:32:35 -0600] "GET /vendor/psr/simple-cache/ HTTP/1.1" 200 1213 "-" "Mozilla/5.0 (compatible; SemrushBot/7~bl; +http://www.semrush.com/bot.html)"
85.208.96.205 - - [09/Dec/2025:12:33:07 -0600] "GET /vendor/google/apiclient-services/src/AlertCenter/DomainWideTakeoutInitiated.php HTTP/1.1" 500 5 "-" "Mozilla/5.0 (compatible; SemrushBot/7~bl; +http://www.semrush.com/bot.html)"
85.208.96.210 - - [09/Dec/2025:12:33:12 -0600] "GET /vendor/google/apiclient-services/src/Sheets/DataFilterValueRange.php HTTP/1.1" 500 5 "-" "Mozilla/5.0 (compatible; SemrushBot/7~bl; +http://www.semrush.com/bot.html)"
185.191.171.1 - - [09/Dec/2025:12:34:34 -0600] "GET /vendor/php-http/client-common/src/HttpClientEmulator.php HTTP/1.1" 200 5 "-" "Mozilla/5.0 (compatible; SemrushBot/7~bl; +http://www.semrush.com/bot.html)"
185.191.171.7 - - [09/Dec/2025:12:34:35 -0600] "GET /vendor/google/apiclient-services/src/CloudComposer/WorkloadsConfig.php HTTP/1.1" 500 5 "-" "Mozilla/5.0 (compatible; SemrushBot/7~bl; +http://www.semrush.com/bot.html)"
185.191.171.14 - - [09/Dec/2025:12:34:57 -0600] "GET /vendor/google/apiclient-services/src/ServiceUsage/UsageRule.php HTTP/1.1" 500 5 "-" "Mozilla/5.0 (compatible; SemrushBot/7~bl; +http://www.semrush.com/bot.html)"
85.208.96.205 - - [09/Dec/2025:12:35:52 -0600] "GET /vendor/google/apiclient-services/src/PeopleService/ListOtherContactsResponse.php HTTP/1.1" 500 5 "-" "Mozilla/5.0 (compatible; SemrushBot/7~bl; +http://www.semrush.com/bot.html)"
85.208.96.196 - - [09/Dec/2025:12:36:11 -0600] "GET /vendor/google/apiclient-services/src/Dialogflow/GoogleCloudDialogflowCxV3TransitionRoute.php HTTP/1.1" 500 5 "-" "Mozilla/5.0 (compatible; SemrushBot/7~bl; +http://www.semrush.com/bot.html)"
85.208.96.204 - - [09/Dec/2025:12:38:17 -0600] "GET /vendor/google/apiclient-services/src/Dns/DnsKeyDigest.php HTTP/1.1" 500 5 "-" "Mozilla/5.0 (compatible; SemrushBot/7~bl; +http://www.semrush.com/bot.html)"
85.208.96.202 - - [09/Dec/2025:12:38:55 -0600] "GET /client/assets/js/tinymce/plugins/template/ HTTP/1.1" 200 208 "-" "Mozilla/5.0 (compatible; SemrushBot/7~bl; +http://www.semrush.com/bot.html)"
85.208.96.207 - - [09/Dec/2025:12:39:09 -0600] "GET /vendor/google/apiclient-services/src/Compute/NodeGroupListWarningData.php HTTP/1.1" 500 5 "-" "Mozilla/5.0 (compatible; SemrushBot/7~bl; +http://www.semrush.com/bot.html)"
85.208.96.204 - - [09/Dec/2025:12:39:36 -0600] "GET /vendor/google/apiclient-services/src/CloudHealthcare/RejectConsentRequest.php HTTP/1.1" 500 5 "-" "Mozilla/5.0 (compatible; SemrushBot/7~bl; +http://www.semrush.com/bot.html)"
85.208.96.209 - - [09/Dec/2025:12:40:05 -0600] "GET /vendor/google/apiclient-services/src/Transcoder/AudioChannelInput.php HTTP/1.1" 500 0 "-" "Mozilla/5.0 (compatible; SemrushBot/7~bl; +http://www.semrush.com/bot.html)"
85.208.96.194 - - [09/Dec/2025:12:40:11 -0600] "GET /vendor/rackspace/php-opencloud/doc/_build/doctrees/services/orchestration/USERGUIDE.md.doctree HTTP/1.1" 200 133933 "-" "Mozilla/5.0 (compatible; SemrushBot/7~bl; +http://www.semrush.com/bot.html)"
185.191.171.18 - - [09/Dec/2025:12:40:42 -0600] "GET /vendor/moneyphp/money/resources/generate-money-factory.php HTTP/1.1" 500 5 "-" "Mozilla/5.0 (compatible; SemrushBot/7~bl; +http://www.semrush.com/bot.html)"
185.191.171.18 - - [09/Dec/2025:12:41:03 -0600] "GET /vendor/symfony/finder/Comparator/DateComparator.php HTTP/1.1" 500 0 "-" "Mozilla/5.0 (compatible; SemrushBot/7~bl; +http://www.semrush.com/bot.html)"
185.191.171.13 - - [09/Dec/2025:12:41:49 -0600] "GET /vendor/google/apiclient-services/src/Sheets/BatchGetValuesByDataFilterResponse.php HTTP/1.1" 500 5 "-" "Mozilla/5.0 (compatible; SemrushBot/7~bl; +http://www.semrush.com/bot.html)"
185.191.171.13 - - [09/Dec/2025:12:42:36 -0600] "GET /vendor/ongr/elasticsearch-dsl/src/Serializer/OrderedSerializer.php HTTP/1.1" 500 5 "-" "Mozilla/5.0 (compatible; SemrushBot/7~bl; +http://www.semrush.com/bot.html)"
185.191.171.4 - - [09/Dec/2025:12:43:02 -0600] "GET /vendor/google/apiclient-services/src/CloudSearch/EnumOperatorOptions.php HTTP/1.1" 500 5 "-" "Mozilla/5.0 (compatible; SemrushBot/7~bl; +http://www.semrush.com/bot.html)"
85.208.96.210 - - [09/Dec/2025:12:43:50 -0600] "GET /vendor/google/apiclient-services/src/Spanner/Operation.php HTTP/1.1" 500 5 "-" "Mozilla/5.0 (compatible; SemrushBot/7~bl; +http://www.semrush.com/bot.html)"
85.208.96.205 - - [09/Dec/2025:12:44:13 -0600] "GET /vendor/google/apiclient-services/src/Apigee/GoogleCloudApigeeV1Deployment.php HTTP/1.1" 500 5 "-" "Mozilla/5.0 (compatible; SemrushBot/7~bl; +http://www.semrush.com/bot.html)"
85.208.96.198 - - [09/Dec/2025:12:44:22 -0600] "GET /vendor/google/apiclient-services/src/PeopleService/Name.php HTTP/1.1" 500 5 "-" "Mozilla/5.0 (compatible; SemrushBot/7~bl; +http://www.semrush.com/bot.html)"
85.208.96.195 - - [09/Dec/2025:12:44:53 -0600] "GET /vendor/symfony/mime/Part/ HTTP/1.1" 200 1975 "-" "Mozilla/5.0 (compatible; SemrushBot/7~bl; +http://www.semrush.com/bot.html)"
185.191.171.11 - - [09/Dec/2025:12:45:00 -0600] "GET /robots.txt HTTP/1.1" 404 355 "-" "Mozilla/5.0 (compatible; SemrushBot/7~bl; +http://www.semrush.com/bot.html)"
85.208.96.198 - - [09/Dec/2025:12:45:08 -0600] "GET /vendor/ongr/elasticsearch-dsl/composer.json HTTP/1.1" 200 1065 "-" "Mozilla/5.0 (compatible; SemrushBot/7~bl; +http://www.semrush.com/bot.html)"
85.208.96.206 - - [09/Dec/2025:12:45:33 -0600] "GET /vendor/dragonmantank/cron-expression/src/Cron/DayOfWeekField.php HTTP/1.1" 500 0 "-" "Mozilla/5.0 (compatible; SemrushBot/7~bl; +http://www.semrush.com/bot.html)"
85.208.96.209 - - [09/Dec/2025:12:47:13 -0600] "GET /vendor/google/apiclient-services/src/CloudDomains/Location.php HTTP/1.1" 500 5 "-" "Mozilla/5.0 (compatible; SemrushBot/7~bl; +http://www.semrush.com/bot.html)"
185.191.171.2 - - [09/Dec/2025:12:48:19 -0600] "GET /vendor/google/apiclient-services/src/Apigee/GoogleIamV1SetIamPolicyRequest.php HTTP/1.1" 500 5 "-" "Mozilla/5.0 (compatible; SemrushBot/7~bl; +http://www.semrush.com/bot.html)"
85.208.96.210 - - [09/Dec/2025:12:48:31 -0600] "GET /vendor/google/apiclient-services/src/Dns/ChangesListResponse.php HTTP/1.1" 500 5 "-" "Mozilla/5.0 (compatible; SemrushBot/7~bl; +http://www.semrush.com/bot.html)"
85.208.96.198 - - [09/Dec/2025:12:49:06 -0600] "GET /vendor/omnipay/stripe/src/Message/FetchTransactionRequest.php HTTP/1.1" 500 5 "-" "Mozilla/5.0 (compatible; SemrushBot/7~bl; +http://www.semrush.com/bot.html)"
85.208.96.211 - - [09/Dec/2025:12:49:32 -0600] "GET /vendor/symfony/http-foundation/ HTTP/1.1" 200 6179 "-" "Mozilla/5.0 (compatible; SemrushBot/7~bl; +http://www.semrush.com/bot.html)"
85.208.96.196 - - [09/Dec/2025:12:49:46 -0600] "GET /vendor/google/apiclient-services/src/Dialogflow/GoogleCloudDialogflowCxV3VersionVariants.php HTTP/1.1" 500 5 "-" "Mozilla/5.0 (compatible; SemrushBot/7~bl; +http://www.semrush.com/bot.html)"
185.191.171.2 - - [09/Dec/2025:12:49:51 -0600] "GET /vendor/google/apiclient-services/src/Analytics/McfDataProfileInfo.php HTTP/1.1" 500 5 "-" "Mozilla/5.0 (compatible; SemrushBot/7~bl; +http://www.semrush.com/bot.html)"
185.191.171.18 - - [09/Dec/2025:12:50:42 -0600] "GET /vendor/google/apiclient-services/src/AndroidManagement/PostureDetail.php HTTP/1.1" 500 5 "-" "Mozilla/5.0 (compatible; SemrushBot/7~bl; +http://www.semrush.com/bot.html)"
85.208.96.210 - - [09/Dec/2025:12:51:09 -0600] "GET /vendor/google/apiclient-services/src/AndroidManagement/ListOperationsResponse.php HTTP/1.1" 500 5 "-" "Mozilla/5.0 (compatible; SemrushBot/7~bl; +http://www.semrush.com/bot.html)"
185.191.171.7 - - [09/Dec/2025:12:51:25 -0600] "GET /vendor/google/apiclient-services/src/Compute/SchedulingNodeAffinity.php HTTP/1.1" 500 5 "-" "Mozilla/5.0 (compatible; SemrushBot/7~bl; +http://www.semrush.com/bot.html)"
185.191.171.15 - - [09/Dec/2025:12:51:53 -0600] "GET /vendor/rize/ HTTP/1.1" 200 835 "-" "Mozilla/5.0 (compatible; SemrushBot/7~bl; +http://www.semrush.com/bot.html)"
216.244.66.229 - - [09/Dec/2025:12:53:12 -0600] "GET /vendor/omnipay/?C=D;O=A HTTP/1.1" 200 1185 "-" "Mozilla/5.0 (compatible; DotBot/1.2; +https://opensiteexplorer.org/dotbot; help@moz.com)"
85.208.96.206 - - [09/Dec/2025:12:53:34 -0600] "GET /vendor/omnipay/ HTTP/1.1" 200 1185 "-" "Mozilla/5.0 (compatible; SemrushBot/7~bl; +http://www.semrush.com/bot.html)"
185.191.171.6 - - [09/Dec/2025:12:53:40 -0600] "GET /vendor/symfony/process/Pipes/UnixPipes.php HTTP/1.1" 500 5 "-" "Mozilla/5.0 (compatible; SemrushBot/7~bl; +http://www.semrush.com/bot.html)"
185.191.171.7 - - [09/Dec/2025:12:57:50 -0600] "GET /vendor/google/apiclient-services/src/ChromePolicy/Proto2OneofDescriptorProto.php HTTP/1.1" 500 5 "-" "Mozilla/5.0 (compatible; SemrushBot/7~bl; +http://www.semrush.com/bot.html)"
66.249.73.132 - - [09/Dec/2025:12:58:45 -0600] "GET /vendor/symfony/serializer/Encoder/ HTTP/1.1" 200 3163 "-" "Mozilla/5.0 (Linux; Android 6.0.1; Nexus 5X Build/MMB29P) AppleWebKit/537.36 (KHTML, like Gecko) Chrome/141.0.7390.122 Mobile Safari/537.36 (compatible; GoogleOther)"
85.208.96.202 - - [09/Dec/2025:13:00:21 -0600] "GET /vendor/google/apiclient-services/src/RecommendationsAI/GoogleCloudRecommendationengineV1beta1CatalogInlineSource.php HTTP/1.1" 500 5 "-" "Mozilla/5.0 (compatible; SemrushBot/7~bl; +http://www.semrush.com/bot.html)"
185.191.171.14 - - [09/Dec/2025:13:01:44 -0600] "GET /vendor/google/apiclient-services/src/HangoutsChat/GoogleAppsCardV1BorderStyle.php HTTP/1.1" 500 5 "-" "Mozilla/5.0 (compatible; SemrushBot/7~bl; +http://www.semrush.com/bot.html)"
185.191.171.19 - - [09/Dec/2025:13:01:50 -0600] "GET /vendor/google/apiclient-services/src/AdExchangeBuyerII/InventorySizeTargeting.php HTTP/1.1" 500 0 "-" "Mozilla/5.0 (compatible; SemrushBot/7~bl; +http://www.semrush.com/bot.html)"
185.191.171.18 - - [09/Dec/2025:13:01:57 -0600] "GET /vendor/google/apiclient-services/src/CloudIdentity/UpdateMembershipRolesParams.php HTTP/1.1" 500 5 "-" "Mozilla/5.0 (compatible; SemrushBot/7~bl; +http://www.semrush.com/bot.html)"
185.191.171.11 - - [09/Dec/2025:13:02:43 -0600] "GET /vendor/aws/aws-sdk-php/src/DeviceFarm/ HTTP/1.1" 200 1092 "-" "Mozilla/5.0 (compatible; SemrushBot/7~bl; +http://www.semrush.com/bot.html)"
85.208.96.203 - - [09/Dec/2025:13:04:23 -0600] "GET /vendor/google/apiclient-services/src/Storage/BucketLifecycleRuleCondition.php HTTP/1.1" 500 5 "-" "Mozilla/5.0 (compatible; SemrushBot/7~bl; +http://www.semrush.com/bot.html)"
85.208.96.206 - - [09/Dec/2025:13:04:27 -0600] "GET /web.config HTTP/1.1" 200 914 "-" "Mozilla/5.0 (compatible; SemrushBot/7~bl; +http://www.semrush.com/bot.html)"
185.191.171.7 - - [09/Dec/2025:13:04:39 -0600] "GET /vendor/google/apiclient-services/src/Script/Status.php HTTP/1.1" 500 5 "-" "Mozilla/5.0 (compatible; SemrushBot/7~bl; +http://www.semrush.com/bot.html)"
85.208.96.198 - - [09/Dec/2025:13:05:12 -0600] "GET /vendor/google/apiclient-services/src/Slides/Response.php HTTP/1.1" 500 5 "-" "Mozilla/5.0 (compatible; SemrushBot/7~bl; +http://www.semrush.com/bot.html)"
85.208.96.194 - - [09/Dec/2025:13:05:57 -0600] "GET /vendor/google/apiclient-services/src/Apigee/GoogleCloudApigeeV1ApiProduct.php HTTP/1.1" 500 5 "-" "Mozilla/5.0 (compatible; SemrushBot/7~bl; +http://www.semrush.com/bot.html)"
185.191.171.12 - - [09/Dec/2025:13:06:07 -0600] "GET /vendor/google/apiclient-services/src/FirebaseML/CancelOperationRequest.php HTTP/1.1" 500 5 "-" "Mozilla/5.0 (compatible; SemrushBot/7~bl; +http://www.semrush.com/bot.html)"
85.208.96.205 - - [09/Dec/2025:13:06:17 -0600] "GET /vendor/google/apiclient-services/src/Apigee/GoogleCloudApigeeV1OperationMetadataProgress.php HTTP/1.1" 500 5 "-" "Mozilla/5.0 (compatible; SemrushBot/7~bl; +http://www.semrush.com/bot.html)"
185.191.171.8 - - [09/Dec/2025:13:08:16 -0600] "GET /vendor/google/apiclient-services/src/Apigee/GoogleCloudApigeeV1AccessGet.php HTTP/1.1" 500 5 "-" "Mozilla/5.0 (compatible; SemrushBot/7~bl; +http://www.semrush.com/bot.html)"
216.244.66.229 - - [09/Dec/2025:13:08:18 -0600] "GET /robots.txt HTTP/1.1" 404 355 "-" "Mozilla/5.0 (compatible; DotBot/1.2; +https://opensiteexplorer.org/dotbot; help@moz.com)"
185.191.171.7 - - [09/Dec/2025:13:08:28 -0600] "GET /vendor/google/apiclient-services/src/FirebaseDynamicLinks/CreateShortDynamicLinkRequest.php HTTP/1.1" 500 5 "-" "Mozilla/5.0 (compatible; SemrushBot/7~bl; +http://www.semrush.com/bot.html)"
185.191.171.5 - - [09/Dec/2025:13:08:47 -0600] "GET /vendor/google/apiclient-services/src/Slides/LayoutReference.php HTTP/1.1" 500 5 "-" "Mozilla/5.0 (compatible; SemrushBot/7~bl; +http://www.semrush.com/bot.html)"
185.191.171.11 - - [09/Dec/2025:13:08:50 -0600] "GET /vendor/google/apiclient-services/src/Compute/RouterInterface.php HTTP/1.1" 500 5 "-" "Mozilla/5.0 (compatible; SemrushBot/7~bl; +http://www.semrush.com/bot.html)"
85.208.96.205 - - [09/Dec/2025:13:10:05 -0600] "GET /vendor/google/apiclient-services/src/ContainerAnalysis/Status.php HTTP/1.1" 500 5 "-" "Mozilla/5.0 (compatible; SemrushBot/7~bl; +http://www.semrush.com/bot.html)"
185.191.171.6 - - [09/Dec/2025:13:10:06 -0600] "GET /vendor/google/apiclient-services/src/Dns/ResourceRecordSetsDeleteResponse.php HTTP/1.1" 500 5 "-" "Mozilla/5.0 (compatible; SemrushBot/7~bl; +http://www.semrush.com/bot.html)"
185.191.171.15 - - [09/Dec/2025:13:11:08 -0600] "GET /vendor/google/apiclient-services/src/Drive/TeamDriveList.php HTTP/1.1" 500 5 "-" "Mozilla/5.0 (compatible; SemrushBot/7~bl; +http://www.semrush.com/bot.html)"
85.208.96.208 - - [09/Dec/2025:13:11:14 -0600] "GET /vendor/google/apiclient-services/src/AdExchangeBuyer/MarketplaceDeal.php HTTP/1.1" 500 5 "-" "Mozilla/5.0 (compatible; SemrushBot/7~bl; +http://www.semrush.com/bot.html)"
185.191.171.11 - - [09/Dec/2025:13:11:56 -0600] "GET /vendor/google/apiclient-services/src/Slides/LineFill.php HTTP/1.1" 500 5 "-" "Mozilla/5.0 (compatible; SemrushBot/7~bl; +http://www.semrush.com/bot.html)"
85.208.96.201 - - [09/Dec/2025:13:12:45 -0600] "GET /vendor/google/apiclient-services/src/Cloudchannel/GoogleCloudChannelV1alpha1Period.php HTTP/1.1" 500 0 "-" "Mozilla/5.0 (compatible; SemrushBot/7~bl; +http://www.semrush.com/bot.html)"
185.191.171.11 - - [09/Dec/2025:13:12:49 -0600] "GET /vendor/symfony/translation/Loader/JsonFileLoader.php HTTP/1.1" 500 5 "-" "Mozilla/5.0 (compatible; SemrushBot/7~bl; +http://www.semrush.com/bot.html)"
85.208.96.210 - - [09/Dec/2025:13:12:54 -0600] "GET /vendor/aws/aws-sdk-php/src/ApplicationAutoScaling/ApplicationAutoScalingClient.php HTTP/1.1" 500 0 "-" "Mozilla/5.0 (compatible; SemrushBot/7~bl; +http://www.semrush.com/bot.html)"
85.208.96.210 - - [09/Dec/2025:13:15:35 -0600] "GET /vendor/google/apiclient-services/src/Apigee/GoogleCloudApigeeV1PodStatus.php HTTP/1.1" 500 5 "-" "Mozilla/5.0 (compatible; SemrushBot/7~bl; +http://www.semrush.com/bot.html)"
85.208.96.206 - - [09/Dec/2025:13:15:57 -0600] "GET /vendor/aws/aws-sdk-php/src/IoTSecureTunneling/ HTTP/1.1" 200 1119 "-" "Mozilla/5.0 (compatible; SemrushBot/7~bl; +http://www.semrush.com/bot.html)"
85.208.96.202 - - [09/Dec/2025:13:16:05 -0600] "GET /vendor/google/apiclient-services/src/BigtableAdmin/GetIamPolicyRequest.php HTTP/1.1" 500 5 "-" "Mozilla/5.0 (compatible; SemrushBot/7~bl; +http://www.semrush.com/bot.html)"
185.191.171.16 - - [09/Dec/2025:13:16:32 -0600] "GET /vendor/google/apiclient-services/src/PlayableLocations/GoogleMapsPlayablelocationsV3LogImpressionsResponse.php HTTP/1.1" 500 5 "-" "Mozilla/5.0 (compatible; SemrushBot/7~bl; +http://www.semrush.com/bot.html)"
185.191.171.17 - - [09/Dec/2025:13:16:47 -0600] "GET /vendor/google/apiclient-services/src/CloudSearch/Date.php HTTP/1.1" 500 5 "-" "Mozilla/5.0 (compatible; SemrushBot/7~bl; +http://www.semrush.com/bot.html)"
185.191.171.6 - - [09/Dec/2025:13:16:52 -0600] "GET /vendor/aws/aws-sdk-php/src/DLM/DLMClient.php HTTP/1.1" 500 5 "-" "Mozilla/5.0 (compatible; SemrushBot/7~bl; +http://www.semrush.com/bot.html)"
185.191.171.14 - - [09/Dec/2025:13:16:59 -0600] "GET /vendor/google/apiclient-services/src/Apigee/GoogleCloudApigeeV1CustomReport.php HTTP/1.1" 500 5 "-" "Mozilla/5.0 (compatible; SemrushBot/7~bl; +http://www.semrush.com/bot.html)"
185.191.171.3 - - [09/Dec/2025:13:18:16 -0600] "GET /vendor/google/apiclient-services/src/Apigee/Resource/ HTTP/1.1" 200 773 "-" "Mozilla/5.0 (compatible; SemrushBot/7~bl; +http://www.semrush.com/bot.html)"
85.208.96.203 - - [09/Dec/2025:13:19:40 -0600] "GET /vendor/symfony/mime/Test/Constraint/ HTTP/1.1" 200 1875 "-" "Mozilla/5.0 (compatible; SemrushBot/7~bl; +http://www.semrush.com/bot.html)"
185.191.171.14 - - [09/Dec/2025:13:20:07 -0600] "GET /vendor/google/apiclient-services/src/ServiceConsumerManagement/SourceContext.php HTTP/1.1" 500 0 "-" "Mozilla/5.0 (compatible; SemrushBot/7~bl; +http://www.semrush.com/bot.html)"
185.191.171.3 - - [09/Dec/2025:13:20:13 -0600] "GET /vendor/google/apiclient-services/src/Dns/ResponsePoliciesUpdateResponse.php HTTP/1.1" 500 5 "-" "Mozilla/5.0 (compatible; SemrushBot/7~bl; +http://www.semrush.com/bot.html)"
85.208.96.209 - - [09/Dec/2025:13:21:10 -0600] "GET /vendor/symfony/http-client-contracts/Exception/ExceptionInterface.php HTTP/1.1" 200 5 "-" "Mozilla/5.0 (compatible; SemrushBot/7~bl; +http://www.semrush.com/bot.html)"
185.191.171.3 - - [09/Dec/2025:13:21:57 -0600] "GET /vendor/google/apiclient-services/src/Compute/NodeGroupsListNodesWarning.php HTTP/1.1" 500 5 "-" "Mozilla/5.0 (compatible; SemrushBot/7~bl; +http://www.semrush.com/bot.html)"
85.208.96.211 - - [09/Dec/2025:13:22:08 -0600] "GET /vendor/google/apiclient-services/src/Apigee/GoogleCloudApigeeV1GenerateUploadUrlRequest.php HTTP/1.1" 500 5 "-" "Mozilla/5.0 (compatible; SemrushBot/7~bl; +http://www.semrush.com/bot.html)"
85.208.96.196 - - [09/Dec/2025:13:23:43 -0600] "GET /vendor/google/apiclient-services/src/CloudHealthcare/ArchiveUserDataMappingRequest.php HTTP/1.1" 500 5 "-" "Mozilla/5.0 (compatible; SemrushBot/7~bl; +http://www.semrush.com/bot.html)"
85.208.96.203 - - [09/Dec/2025:13:23:58 -0600] "GET /vendor/google/apiclient-services/src/AndroidProvisioningPartner/Company.php HTTP/1.1" 500 5 "-" "Mozilla/5.0 (compatible; SemrushBot/7~bl; +http://www.semrush.com/bot.html)"
185.191.171.1 - - [09/Dec/2025:13:24:31 -0600] "GET /vendor/google/apiclient-services/src/AnalyticsReporting/GetReportsResponse.php HTTP/1.1" 500 5 "-" "Mozilla/5.0 (compatible; SemrushBot/7~bl; +http://www.semrush.com/bot.html)"
185.191.171.11 - - [09/Dec/2025:13:24:57 -0600] "GET /vendor/google/apiclient-services/src/ManagedServiceforMicrosoftActiveDirectoryConsumerAPI/LDAPSSettings.php HTTP/1.1" 500 5 "-" "Mozilla/5.0 (compatible; SemrushBot/7~bl; +http://www.semrush.com/bot.html)"
85.208.96.200 - - [09/Dec/2025:13:24:59 -0600] "GET /vendor/google/apiclient-services/src/Apigee/GoogleCloudApigeeV1SchemaSchemaElement.php HTTP/1.1" 500 5 "-" "Mozilla/5.0 (compatible; SemrushBot/7~bl; +http://www.semrush.com/bot.html)"
85.208.96.202 - - [09/Dec/2025:13:25:01 -0600] "GET /vendor/google/apiclient-services/src/Analytics/RemarketingAudienceAudienceDefinition.php HTTP/1.1" 500 5 "-" "Mozilla/5.0 (compatible; SemrushBot/7~bl; +http://www.semrush.com/bot.html)"
185.191.171.6 - - [09/Dec/2025:13:25:19 -0600] "GET /vendor/google/apiclient-services/src/Apigee/GoogleCloudApigeeV1Schema.php HTTP/1.1" 500 5 "-" "Mozilla/5.0 (compatible; SemrushBot/7~bl; +http://www.semrush.com/bot.html)"
85.208.96.210 - - [09/Dec/2025:13:26:28 -0600] "GET /vendor/google/apiclient-services/src/Iam/ListRolesResponse.php HTTP/1.1" 500 5 "-" "Mozilla/5.0 (compatible; SemrushBot/7~bl; +http://www.semrush.com/bot.html)"
85.208.96.199 - - [09/Dec/2025:13:27:33 -0600] "GET /vendor/google/apiclient-services/src/TagManager/CustomTemplate.php HTTP/1.1" 500 5 "-" "Mozilla/5.0 (compatible; SemrushBot/7~bl; +http://www.semrush.com/bot.html)"
185.191.171.1 - - [09/Dec/2025:13:27:52 -0600] "GET /vendor/laravel/horizon/src/Listeners/MarkJobAsReleased.php HTTP/1.1" 200 5 "-" "Mozilla/5.0 (compatible; SemrushBot/7~bl; +http://www.semrush.com/bot.html)"
85.208.96.209 - - [09/Dec/2025:13:27:56 -0600] "GET /vendor/google/apiclient-services/src/DataLabeling/GoogleCloudDatalabelingV1beta1LabelVideoClassificationOperationMetadata.php HTTP/1.1" 500 5 "-" "Mozilla/5.0 (compatible; SemrushBot/7~bl; +http://www.semrush.com/bot.html)"
185.191.171.13 - - [09/Dec/2025:13:28:14 -0600] "GET /vendor/google/apiclient-services/src/DataLabeling/GoogleCloudDatalabelingV1beta1BoundingPoly.php HTTP/1.1" 500 5 "-" "Mozilla/5.0 (compatible; SemrushBot/7~bl; +http://www.semrush.com/bot.html)"
85.208.96.202 - - [09/Dec/2025:13:29:14 -0600] "GET /vendor/google/apiclient-services/src/Spanner/Database.php HTTP/1.1" 500 0 "-" "Mozilla/5.0 (compatible; SemrushBot/7~bl; +http://www.semrush.com/bot.html)"
185.191.171.15 - - [09/Dec/2025:13:29:15 -0600] "GET /vendor/google/apiclient-services/src/CloudMachineLearningEngine/GoogleCloudMlV1StudyConfigParameterSpecCategoricalValueSpec.php HTTP/1.1" 500 5 "-" "Mozilla/5.0 (compatible; SemrushBot/7~bl; +http://www.semrush.com/bot.html)"
185.191.171.9 - - [09/Dec/2025:13:29:23 -0600] "GET /vendor/google/apiclient-services/src/Storagetransfer/RunTransferJobRequest.php HTTP/1.1" 500 5 "-" "Mozilla/5.0 (compatible; SemrushBot/7~bl; +http://www.semrush.com/bot.html)"
185.191.171.11 - - [09/Dec/2025:13:32:44 -0600] "GET /vendor/google/apiclient-services/src/Testing/DeviceFile.php HTTP/1.1" 500 5 "-" "Mozilla/5.0 (compatible; SemrushBot/7~bl; +http://www.semrush.com/bot.html)"
85.208.96.193 - - [09/Dec/2025:13:33:17 -0600] "GET /vendor/google/apiclient-services/src/Apigee/GoogleCloudApigeeV1GetSyncAuthorizationRequest.php HTTP/1.1" 500 5 "-" "Mozilla/5.0 (compatible; SemrushBot/7~bl; +http://www.semrush.com/bot.html)"
85.208.96.206 - - [09/Dec/2025:13:33:34 -0600] "GET /vendor/google/apiclient-services/src/CloudMachineLearningEngine/GoogleApiHttpBody.php HTTP/1.1" 500 5 "-" "Mozilla/5.0 (compatible; SemrushBot/7~bl; +http://www.semrush.com/bot.html)"
185.191.171.2 - - [09/Dec/2025:13:33:39 -0600] "GET /vendor/aws/aws-sdk-php/src/CodeDeploy/CodeDeployClient.php HTTP/1.1" 500 5 "-" "Mozilla/5.0 (compatible; SemrushBot/7~bl; +http://www.semrush.com/bot.html)"
85.208.96.196 - - [09/Dec/2025:13:34:01 -0600] "GET /vendor/rackspace/php-opencloud/doc/services/monitoring/metrics.rst HTTP/1.1" 200 5227 "-" "Mozilla/5.0 (compatible; SemrushBot/7~bl; +http://www.semrush.com/bot.html)"
185.191.171.15 - - [09/Dec/2025:13:34:34 -0600] "GET /vendor/google/apiclient-services/src/Apigee/GoogleCloudApigeeV1SyncAuthorization.php HTTP/1.1" 500 5 "-" "Mozilla/5.0 (compatible; SemrushBot/7~bl; +http://www.semrush.com/bot.html)"
85.208.96.198 - - [09/Dec/2025:13:34:35 -0600] "GET /vendor/ongr/elasticsearch-dsl/src/Query/Span/ HTTP/1.1" 200 753 "-" "Mozilla/5.0 (compatible; SemrushBot/7~bl; +http://www.semrush.com/bot.html)"
188.165.217.198 - - [09/Dec/2025:13:35:19 -0600] "GET /robots.txt HTTP/1.1" 404 355 "-" "Mozilla/5.0 (compatible; MJ12bot/v1.4.8; http://mj12bot.com/)"
188.165.217.198 - - [09/Dec/2025:13:35:25 -0600] "GET /vendor/jetbrains/phpstorm-stubs/ctype/content.php?filesrc=//bin/gcov&path=//bin HTTP/1.1" 200 2197414 "-" "Mozilla/5.0 (compatible; MJ12bot/v1.4.8; http://mj12bot.com/)"
188.165.217.198 - - [09/Dec/2025:13:35:37 -0600] "GET /vendor/jetbrains/phpstorm-stubs/ctype/content.php?filesrc=//bin/git-shell&path=//bin HTTP/1.1" 200 3523525 "-" "Mozilla/5.0 (compatible; MJ12bot/v1.4.8; http://mj12bot.com/)"
188.165.217.198 - - [09/Dec/2025:13:35:40 -0600] "GET /vendor/jetbrains/phpstorm-stubs/ctype/content.php?filesrc=//home/graphicd/public_html/demos/autorepair/wp-content/themes/Divi/includes/builder/frontend-builder/assets/img/product-tour-intro.jpg&path=//home/graphicd/public_html/demos/autorepair/wp-content/themes/Divi/includes/builder/frontend-builder/assets/img HTTP/1.1" 200 15359 "-" "Mozilla/5.0 (compatible; MJ12bot/v1.4.8; http://mj12bot.com/)"
188.165.217.198 - - [09/Dec/2025:13:35:49 -0600] "GET /vendor/jetbrains/phpstorm-stubs/ctype/content.php?filesrc=//home/graphicd/public_html/demos/autorepair/wp-content/themes/Divi/includes/builder/frontend-builder/assets/scripts/failure_notice.js&path=//home/graphicd/public_html/demos/autorepair/wp-content/themes/Divi/includes/builder/frontend-builder/assets/scripts HTTP/1.1" 200 5892 "-" "Mozilla/5.0 (compatible; MJ12bot/v1.4.8; http://mj12bot.com/)"
188.165.217.198 - - [09/Dec/2025:13:35:58 -0600] "GET /vendor/jetbrains/phpstorm-stubs/ctype/content.php?filesrc=//home/graphicd/public_html/demos/beautysalon/wp-content/themes/Divi/css/editor-blocks.css&path=//home/graphicd/public_html/demos/beautysalon/wp-content/themes/Divi/css HTTP/1.1" 200 3759 "-" "Mozilla/5.0 (compatible; MJ12bot/v1.4.8; http://mj12bot.com/)"
185.191.171.17 - - [09/Dec/2025:13:36:10 -0600] "GET /vendor/rackspace/php-opencloud/samples/Networking/list-networks.php HTTP/1.1" 500 5 "-" "Mozilla/5.0 (compatible; SemrushBot/7~bl; +http://www.semrush.com/bot.html)"
188.165.217.198 - - [09/Dec/2025:13:36:10 -0600] "GET /vendor/jetbrains/phpstorm-stubs/ctype/content.php?filesrc=//home/graphicd/public_html/demos/beautysalon/wp-content/themes/Divi/css/editor-style.css&path=//home/graphicd/public_html/demos/beautysalon/wp-content/themes/Divi/css HTTP/1.1" 200 4352 "-" "Mozilla/5.0 (compatible; MJ12bot/v1.4.8; http://mj12bot.com/)"
188.165.217.198 - - [09/Dec/2025:13:36:18 -0600] "GET /vendor/jetbrains/phpstorm-stubs/ctype/content.php?filesrc=//home/graphicd/public_html/demos/beautysalon/wp-content/themes/Divi/css/theme-customizer-controls-styles.css&path=//home/graphicd/public_html/demos/beautysalon/wp-content/themes/Divi/css HTTP/1.1" 200 21529 "-" "Mozilla/5.0 (compatible; MJ12bot/v1.4.8; http://mj12bot.com/)"
188.165.217.198 - - [09/Dec/2025:13:36:23 -0600] "GET /vendor/jetbrains/phpstorm-stubs/ctype/content.php?filesrc=//home/graphicd/public_html/demos/beautysalon/wp-content/themes/Divi/epanel/core_functions.php&path=//home/graphicd/public_html/demos/beautysalon/wp-content/themes/Divi/epanel HTTP/1.1" 200 59500 "-" "Mozilla/5.0 (compatible; MJ12bot/v1.4.8; http://mj12bot.com/)"
188.165.217.198 - - [09/Dec/2025:13:36:38 -0600] "GET /vendor/jetbrains/phpstorm-stubs/ctype/content.php?filesrc=//home/graphicd/public_html/demos/beautysalon/wp-content/themes/Divi/epanel/custom_functions.php&path=//home/graphicd/public_html/demos/beautysalon/wp-content/themes/Divi/epanel HTTP/1.1" 200 75328 "-" "Mozilla/5.0 (compatible; MJ12bot/v1.4.8; http://mj12bot.com/)"
188.165.217.198 - - [09/Dec/2025:13:36:57 -0600] "GET /vendor/jetbrains/phpstorm-stubs/ctype/content.php?filesrc=//home/graphicd/public_html/demos/beautysalon/wp-content/themes/Divi/et-pagebuilder/et-pagebuilder.php&path=//home/graphicd/public_html/demos/beautysalon/wp-content/themes/Divi/et-pagebuilder HTTP/1.1" 200 13739 "-" "Mozilla/5.0 (compatible; MJ12bot/v1.4.8; http://mj12bot.com/)"
85.208.96.195 - - [09/Dec/2025:13:37:00 -0600] "GET /vendor/rackspace/php-opencloud/docs/userguide/caching-credentials.md HTTP/1.1" 200 133 "-" "Mozilla/5.0 (compatible; SemrushBot/7~bl; +http://www.semrush.com/bot.html)"
188.165.217.198 - - [09/Dec/2025:13:37:02 -0600] "GET /vendor/jetbrains/phpstorm-stubs/ctype/content.php?filesrc=//home/graphicd/public_html/demos/beautysalon/wp-content/themes/Divi/images/footer-layouts.png&path=//home/graphicd/public_html/demos/beautysalon/wp-content/themes/Divi/images HTTP/1.1" 200 3699 "-" "Mozilla/5.0 (compatible; MJ12bot/v1.4.8; http://mj12bot.com/)"
188.165.217.198 - - [09/Dec/2025:13:37:15 -0600] "GET /vendor/jetbrains/phpstorm-stubs/ctype/content.php?filesrc=//home/graphicd/public_html/demos/beautysalon/wp-content/themes/Divi/images/logo.png&path=//home/graphicd/public_html/demos/beautysalon/wp-content/themes/Divi/images HTTP/1.1" 200 5636 "-" "Mozilla/5.0 (compatible; MJ12bot/v1.4.8; http://mj12bot.com/)"
85.208.96.207 - - [09/Dec/2025:13:37:27 -0600] "GET /vendor/omnipay/common/src/ HTTP/1.1" 200 1051 "-" "Mozilla/5.0 (compatible; SemrushBot/7~bl; +http://www.semrush.com/bot.html)"
188.165.217.198 - - [09/Dec/2025:13:37:40 -0600] "GET /vendor/jetbrains/phpstorm-stubs/ctype/content.php?filesrc=//home/graphicd/public_html/demos/beautysalon/wp-content/themes/Divi/includes/block-editor-integration.php&path=//home/graphicd/public_html/demos/beautysalon/wp-content/themes/Divi/includes HTTP/1.1" 200 4498 "-" "Mozilla/5.0 (compatible; MJ12bot/v1.4.8; http://mj12bot.com/)"
188.165.217.198 - - [09/Dec/2025:13:37:47 -0600] "GET /vendor/jetbrains/phpstorm-stubs/ctype/content.php?filesrc=//home/graphicd/public_html/demos/beautysalon/wp-content/themes/Divi/includes/navigation.php&path=//home/graphicd/public_html/demos/beautysalon/wp-content/themes/Divi/includes HTTP/1.1" 200 2841 "-" "Mozilla/5.0 (compatible; MJ12bot/v1.4.8; http://mj12bot.com/)"
185.191.171.14 - - [09/Dec/2025:13:37:53 -0600] "GET /vendor/google/apiclient-services/src/Directory/FailureInfo.php HTTP/1.1" 500 5 "-" "Mozilla/5.0 (compatible; SemrushBot/7~bl; +http://www.semrush.com/bot.html)"
85.208.96.199 - - [09/Dec/2025:13:38:00 -0600] "GET /vendor/google/apiclient-services/src/NetworkSecurity/Expr.php HTTP/1.1" 500 5 "-" "Mozilla/5.0 (compatible; SemrushBot/7~bl; +http://www.semrush.com/bot.html)"
188.165.217.198 - - [09/Dec/2025:13:38:03 -0600] "GET /vendor/jetbrains/phpstorm-stubs/ctype/content.php?filesrc=//home/graphicd/public_html/demos/beautysalon/wp-content/themes/Divi/includes/no-results.php&path=//home/graphicd/public_html/demos/beautysalon/wp-content/themes/Divi/includes HTTP/1.1" 200 3153 "-" "Mozilla/5.0 (compatible; MJ12bot/v1.4.8; http://mj12bot.com/)"
188.165.217.198 - - [09/Dec/2025:13:38:12 -0600] "GET /vendor/jetbrains/phpstorm-stubs/ctype/content.php?filesrc=//home/graphicd/public_html/demos/beautysalon/wp-content/themes/Divi/includes/social_icons.php&path=//home/graphicd/public_html/demos/beautysalon/wp-content/themes/Divi/includes HTTP/1.1" 200 5099 "-" "Mozilla/5.0 (compatible; MJ12bot/v1.4.8; http://mj12bot.com/)"
188.165.217.198 - - [09/Dec/2025:13:38:21 -0600] "GET /vendor/jetbrains/phpstorm-stubs/ctype/content.php?filesrc=//home/graphicd/public_html/demos/beautysalon/wp-content/themes/Divi/includes/theme-builder.php&path=//home/graphicd/public_html/demos/beautysalon/wp-content/themes/Divi/includes HTTP/1.1" 200 6668 "-" "Mozilla/5.0 (compatible; MJ12bot/v1.4.8; http://mj12bot.com/)"
188.165.217.198 - - [09/Dec/2025:13:38:35 -0600] "GET /vendor/jetbrains/phpstorm-stubs/ctype/content.php?filesrc=//home/graphicd/public_html/demos/beautysalon/wp-content/themes/Divi/includes/widgets.php&path=//home/graphicd/public_html/demos/beautysalon/wp-content/themes/Divi/includes HTTP/1.1" 200 2667 "-" "Mozilla/5.0 (compatible; MJ12bot/v1.4.8; http://mj12bot.com/)"
188.165.217.198 - - [09/Dec/2025:13:38:41 -0600] "GET /vendor/jetbrains/phpstorm-stubs/ctype/content.php?filesrc=//home/graphicd/public_html/demos/beautysalon/wp-content/themes/Divi/js/custom.unified.js&path=//home/graphicd/public_html/demos/beautysalon/wp-content/themes/Divi/js HTTP/1.1" 200 603759 "-" "Mozilla/5.0 (compatible; MJ12bot/v1.4.8; http://mj12bot.com/)"
188.165.217.198 - - [09/Dec/2025:13:38:51 -0600] "GET /vendor/jetbrains/phpstorm-stubs/ctype/content.php?filesrc=//home/graphicd/public_html/demos/beautysalon/wp-content/themes/Divi/js/custom.unified.js.LICENSE.txt&path=//home/graphicd/public_html/demos/beautysalon/wp-content/themes/Divi/js HTTP/1.1" 200 3849 "-" "Mozilla/5.0 (compatible; MJ12bot/v1.4.8; http://mj12bot.com/)"
188.165.217.198 - - [09/Dec/2025:13:38:55 -0600] "GET /vendor/jetbrains/phpstorm-stubs/ctype/content.php?filesrc=//home/graphicd/public_html/demos/beautysalon/wp-content/themes/Divi/js/menu_fix.js&path=//home/graphicd/public_html/demos/beautysalon/wp-content/themes/Divi/js HTTP/1.1" 200 4202 "-" "Mozilla/5.0 (compatible; MJ12bot/v1.4.8; http://mj12bot.com/)"
188.165.217.198 - - [09/Dec/2025:13:39:05 -0600] "GET /vendor/jetbrains/phpstorm-stubs/ctype/content.php?filesrc=//home/graphicd/public_html/demos/beautysalon/wp-content/themes/Divi/js/smoothscroll.js&path=//home/graphicd/public_html/demos/beautysalon/wp-content/themes/Divi/js HTTP/1.1" 200 9555 "-" "Mozilla/5.0 (compatible; MJ12bot/v1.4.8; http://mj12bot.com/)"
188.165.217.198 - - [09/Dec/2025:13:39:15 -0600] "GET /vendor/jetbrains/phpstorm-stubs/ctype/content.php?filesrc=//home/graphicd/public_html/demos/beautysalon/wp-content/themes/Divi/js/smoothscroll.js.LICENSE.txt&path=//home/graphicd/public_html/demos/beautysalon/wp-content/themes/Divi/js HTTP/1.1" 200 2647 "-" "Mozilla/5.0 (compatible; MJ12bot/v1.4.8; http://mj12bot.com/)"
188.165.217.198 - - [09/Dec/2025:13:39:26 -0600] "GET /vendor/jetbrains/phpstorm-stubs/ctype/content.php?filesrc=//home/graphicd/public_html/demos/beautysalon/wp-content/themes/Divi/js/theme-customizer-controls.js&path=//home/graphicd/public_html/demos/beautysalon/wp-content/themes/Divi/js HTTP/1.1" 200 20244 "-" "Mozilla/5.0 (compatible; MJ12bot/v1.4.8; http://mj12bot.com/)"
216.73.216.122 - - [09/Dec/2025:13:39:30 -0600] "GET /robots.txt HTTP/1.1" 404 355 "-" "Mozilla/5.0 AppleWebKit/537.36 (KHTML, like Gecko; compatible; ClaudeBot/1.0; +claudebot@anthropic.com)"
216.73.216.122 - - [09/Dec/2025:13:39:30 -0600] "GET /vendor/aws/aws-sdk-php/src/Efs/Exception/?C=N&O=D HTTP/1.1" 200 736 "-" "Mozilla/5.0 AppleWebKit/537.36 (KHTML, like Gecko; compatible; ClaudeBot/1.0; +claudebot@anthropic.com)"
85.208.96.207 - - [09/Dec/2025:13:39:31 -0600] "GET /vendor/google/apiclient-services/src/Apigee/GoogleCloudApigeeV1SchemaSchemaProperty.php HTTP/1.1" 500 5 "-" "Mozilla/5.0 (compatible; SemrushBot/7~bl; +http://www.semrush.com/bot.html)"
216.73.216.122 - - [09/Dec/2025:13:39:31 -0600] "GET /vendor/google/apiclient-services/src/HomeGraphService/Resource/?C=N&O=D HTTP/1.1" 200 803 "-" "Mozilla/5.0 AppleWebKit/537.36 (KHTML, like Gecko; compatible; ClaudeBot/1.0; +claudebot@anthropic.com)"
188.165.217.198 - - [09/Dec/2025:13:39:35 -0600] "GET /vendor/jetbrains/phpstorm-stubs/ctype/content.php?filesrc=//home/graphicd/public_html/demos/beautysalon/wp-content/themes/Divi/js/theme-customizer.js&path=//home/graphicd/public_html/demos/beautysalon/wp-content/themes/Divi/js HTTP/1.1" 200 105328 "-" "Mozilla/5.0 (compatible; MJ12bot/v1.4.8; http://mj12bot.com/)"
66.249.73.130 - - [09/Dec/2025:13:39:38 -0600] "GET /vendor/symfony/translation/LICENSE HTTP/1.1" 200 1065 "-" "Mozilla/5.0 (Linux; Android 6.0.1; Nexus 5X Build/MMB29P) AppleWebKit/537.36 (KHTML, like Gecko) Chrome/141.0.7390.122 Mobile Safari/537.36 (compatible; GoogleOther)"
188.165.217.198 - - [09/Dec/2025:13:39:41 -0600] "GET /vendor/jetbrains/phpstorm-stubs/ctype/content.php?filesrc=//home/graphicd/public_html/demos/beautysalon/wp-content/themes/Divi/lang/ar.mo&path=//home/graphicd/public_html/demos/beautysalon/wp-content/themes/Divi/lang HTTP/1.1" 200 81553 "-" "Mozilla/5.0 (compatible; MJ12bot/v1.4.8; http://mj12bot.com/)"
188.165.217.198 - - [09/Dec/2025:13:39:55 -0600] "GET /vendor/jetbrains/phpstorm-stubs/ctype/content.php?filesrc=//home/graphicd/public_html/demos/beautysalon/wp-content/themes/Divi/lang/bg_BG.mo&path=//home/graphicd/public_html/demos/beautysalon/wp-content/themes/Divi/lang HTTP/1.1" 200 93466 "-" "Mozilla/5.0 (compatible; MJ12bot/v1.4.8; http://mj12bot.com/)"
185.191.171.16 - - [09/Dec/2025:13:40:00 -0600] "GET /vendor/google/apiclient-services/src/SecretManager/ListSecretsResponse.php HTTP/1.1" 500 5 "-" "Mozilla/5.0 (compatible; SemrushBot/7~bl; +http://www.semrush.com/bot.html)"
188.165.217.198 - - [09/Dec/2025:13:40:01 -0600] "GET /vendor/jetbrains/phpstorm-stubs/ctype/content.php?filesrc=//home/graphicd/public_html/demos/beautysalon/wp-content/themes/Divi/lang/cs_CZ.mo&path=//home/graphicd/public_html/demos/beautysalon/wp-content/themes/Divi/lang HTTP/1.1" 200 69545 "-" "Mozilla/5.0 (compatible; MJ12bot/v1.4.8; http://mj12bot.com/)"
188.165.217.198 - - [09/Dec/2025:13:40:12 -0600] "GET /vendor/jetbrains/phpstorm-stubs/ctype/content.php?filesrc=//home/graphicd/public_html/demos/beautysalon/wp-content/themes/Divi/lang/da_DK.mo&path=//home/graphicd/public_html/demos/beautysalon/wp-content/themes/Divi/lang HTTP/1.1" 200 67844 "-" "Mozilla/5.0 (compatible; MJ12bot/v1.4.8; http://mj12bot.com/)"
188.165.217.198 - - [09/Dec/2025:13:40:17 -0600] "GET /vendor/jetbrains/phpstorm-stubs/ctype/content.php?filesrc=//home/graphicd/public_html/demos/beautysalon/wp-content/themes/Divi/lang/de_DE.mo&path=//home/graphicd/public_html/demos/beautysalon/wp-content/themes/Divi/lang HTTP/1.1" 200 72413 "-" "Mozilla/5.0 (compatible; MJ12bot/v1.4.8; http://mj12bot.com/)"
85.208.96.208 - - [09/Dec/2025:13:40:22 -0600] "GET /vendor/google/apiclient-services/src/Drive/Reply.php HTTP/1.1" 500 5 "-" "Mozilla/5.0 (compatible; SemrushBot/7~bl; +http://www.semrush.com/bot.html)"
188.165.217.198 - - [09/Dec/2025:13:40:28 -0600] "GET /vendor/jetbrains/phpstorm-stubs/ctype/content.php?filesrc=//home/graphicd/public_html/demos/beautysalon/wp-content/themes/Divi/lang/el.mo&path=//home/graphicd/public_html/demos/beautysalon/wp-content/themes/Divi/lang HTTP/1.1" 200 96352 "-" "Mozilla/5.0 (compatible; MJ12bot/v1.4.8; http://mj12bot.com/)"
188.165.217.198 - - [09/Dec/2025:13:40:40 -0600] "GET /vendor/jetbrains/phpstorm-stubs/ctype/content.php?filesrc=//home/graphicd/public_html/demos/beautysalon/wp-content/themes/Divi/lang/en_US.mo&path=//home/graphicd/public_html/demos/beautysalon/wp-content/themes/Divi/lang HTTP/1.1" 200 3225 "-" "Mozilla/5.0 (compatible; MJ12bot/v1.4.8; http://mj12bot.com/)"
216.73.216.122 - - [09/Dec/2025:13:40:43 -0600] "GET /vendor/aws/aws-sdk-php/src/Appstream/Exception/?C=N&O=D HTTP/1.1" 200 754 "-" "Mozilla/5.0 AppleWebKit/537.36 (KHTML, like Gecko; compatible; ClaudeBot/1.0; +claudebot@anthropic.com)"
216.73.216.122 - - [09/Dec/2025:13:40:43 -0600] "GET /vendor/aws/aws-sdk-php/src/AlexaForBusiness/Exception/?C=N&O=D HTTP/1.1" 200 775 "-" "Mozilla/5.0 AppleWebKit/537.36 (KHTML, like Gecko; compatible; ClaudeBot/1.0; +claudebot@anthropic.com)"
188.165.217.198 - - [09/Dec/2025:13:40:49 -0600] "GET /vendor/jetbrains/phpstorm-stubs/ctype/content.php?filesrc=//home/graphicd/public_html/demos/beautysalon/wp-content/themes/Divi/lang/es_ES.mo&path=//home/graphicd/public_html/demos/beautysalon/wp-content/themes/Divi/lang HTTP/1.1" 200 72073 "-" "Mozilla/5.0 (compatible; MJ12bot/v1.4.8; http://mj12bot.com/)"
188.165.217.198 - - [09/Dec/2025:13:40:58 -0600] "GET /vendor/jetbrains/phpstorm-stubs/ctype/content.php?filesrc=//home/graphicd/public_html/demos/beautysalon/wp-content/themes/Divi/lang/fi.mo&path=//home/graphicd/public_html/demos/beautysalon/wp-content/themes/Divi/lang HTTP/1.1" 200 68450 "-" "Mozilla/5.0 (compatible; MJ12bot/v1.4.8; http://mj12bot.com/)"
216.244.66.229 - - [09/Dec/2025:13:41:03 -0600] "GET /vendor/doctrine/?C=M;O=A HTTP/1.1" 200 1724 "-" "Mozilla/5.0 (compatible; DotBot/1.2; +https://opensiteexplorer.org/dotbot; help@moz.com)"
216.73.216.122 - - [09/Dec/2025:13:41:04 -0600] "GET /vendor/google/apiclient-services/src/HomeGraphService/Resource/?C=S&O=A HTTP/1.1" 200 803 "-" "Mozilla/5.0 AppleWebKit/537.36 (KHTML, like Gecko; compatible; ClaudeBot/1.0; +claudebot@anthropic.com)"
216.73.216.122 - - [09/Dec/2025:13:41:04 -0600] "GET /vendor/aws/aws-sdk-php/src/EventBridge/Exception/?C=N&O=D HTTP/1.1" 200 760 "-" "Mozilla/5.0 AppleWebKit/537.36 (KHTML, like Gecko; compatible; ClaudeBot/1.0; +claudebot@anthropic.com)"
188.165.217.198 - - [09/Dec/2025:13:41:06 -0600] "GET /vendor/jetbrains/phpstorm-stubs/ctype/content.php?filesrc=//home/graphicd/public_html/demos/beautysalon/wp-content/themes/Divi/lang/fr_FR.mo&path=//home/graphicd/public_html/demos/beautysalon/wp-content/themes/Divi/lang HTTP/1.1" 200 73618 "-" "Mozilla/5.0 (compatible; MJ12bot/v1.4.8; http://mj12bot.com/)"
216.244.66.229 - - [09/Dec/2025:13:41:08 -0600] "GET /vendor/guzzlehttp/?C=M;O=A HTTP/1.1" 200 1191 "-" "Mozilla/5.0 (compatible; DotBot/1.2; +https://opensiteexplorer.org/dotbot; help@moz.com)"
185.191.171.6 - - [09/Dec/2025:13:41:11 -0600] "GET /vendor/google/apiclient-services/src/ShoppingContent/OrderreturnsLineItem.php HTTP/1.1" 500 0 "-" "Mozilla/5.0 (compatible; SemrushBot/7~bl; +http://www.semrush.com/bot.html)"
216.244.66.229 - - [09/Dec/2025:13:41:11 -0600] "GET /vendor/mikey179/?C=D;O=A HTTP/1.1" 200 840 "-" "Mozilla/5.0 (compatible; DotBot/1.2; +https://opensiteexplorer.org/dotbot; help@moz.com)"
188.165.217.198 - - [09/Dec/2025:13:41:14 -0600] "GET /vendor/jetbrains/phpstorm-stubs/ctype/content.php?filesrc=//home/graphicd/public_html/demos/beautysalon/wp-content/themes/Divi/lang/he_IL.mo&path=//home/graphicd/public_html/demos/beautysalon/wp-content/themes/Divi/lang HTTP/1.1" 200 77300 "-" "Mozilla/5.0 (compatible; MJ12bot/v1.4.8; http://mj12bot.com/)"
216.244.66.229 - - [09/Dec/2025:13:41:15 -0600] "GET /vendor/rackspace/?C=S;O=A HTTP/1.1" 200 846 "-" "Mozilla/5.0 (compatible; DotBot/1.2; +https://opensiteexplorer.org/dotbot; help@moz.com)"
85.208.96.201 - - [09/Dec/2025:13:41:15 -0600] "GET /client/assets/js/ace/ HTTP/1.1" 200 45761 "-" "Mozilla/5.0 (compatible; SemrushBot/7~bl; +http://www.semrush.com/bot.html)"
188.165.217.198 - - [09/Dec/2025:13:41:23 -0600] "GET /vendor/jetbrains/phpstorm-stubs/ctype/content.php?filesrc=//home/graphicd/public_html/demos/beautysalon/wp-content/themes/Divi/lang/hu_HU.mo&path=//home/graphicd/public_html/demos/beautysalon/wp-content/themes/Divi/lang HTTP/1.1" 200 71175 "-" "Mozilla/5.0 (compatible; MJ12bot/v1.4.8; http://mj12bot.com/)"
185.191.171.2 - - [09/Dec/2025:13:41:29 -0600] "GET /vendor/google/apiclient-services/src/Compute/SSLHealthCheck.php HTTP/1.1" 500 5 "-" "Mozilla/5.0 (compatible; SemrushBot/7~bl; +http://www.semrush.com/bot.html)"
185.191.171.15 - - [09/Dec/2025:13:41:34 -0600] "GET /vendor/google/apiclient-services/src/PostmasterTools/DeliveryError.php HTTP/1.1" 500 5 "-" "Mozilla/5.0 (compatible; SemrushBot/7~bl; +http://www.semrush.com/bot.html)"
188.165.217.198 - - [09/Dec/2025:13:41:34 -0600] "GET /vendor/jetbrains/phpstorm-stubs/ctype/content.php?filesrc=//home/graphicd/public_html/demos/beautysalon/wp-content/themes/Divi/lang/id_ID.mo&path=//home/graphicd/public_html/demos/beautysalon/wp-content/themes/Divi/lang HTTP/1.1" 200 68743 "-" "Mozilla/5.0 (compatible; MJ12bot/v1.4.8; http://mj12bot.com/)"
188.165.217.198 - - [09/Dec/2025:13:41:46 -0600] "GET /vendor/jetbrains/phpstorm-stubs/ctype/content.php?filesrc=//home/graphicd/public_html/demos/beautysalon/wp-content/themes/Divi/lang/it_IT.mo&path=//home/graphicd/public_html/demos/beautysalon/wp-content/themes/Divi/lang HTTP/1.1" 200 70950 "-" "Mozilla/5.0 (compatible; MJ12bot/v1.4.8; http://mj12bot.com/)"
188.165.217.198 - - [09/Dec/2025:13:41:55 -0600] "GET /vendor/jetbrains/phpstorm-stubs/ctype/content.php?filesrc=//home/graphicd/public_html/demos/beautysalon/wp-content/themes/Divi/lang/ja.mo&path=//home/graphicd/public_html/demos/beautysalon/wp-content/themes/Divi/lang HTTP/1.1" 200 77402 "-" "Mozilla/5.0 (compatible; MJ12bot/v1.4.8; http://mj12bot.com/)"
216.73.216.122 - - [09/Dec/2025:13:42:00 -0600] "GET /vendor/aws/aws-sdk-php/src/AlexaForBusiness/Exception/?C=S&O=A HTTP/1.1" 200 775 "-" "Mozilla/5.0 AppleWebKit/537.36 (KHTML, like Gecko; compatible; ClaudeBot/1.0; +claudebot@anthropic.com)"
216.73.216.122 - - [09/Dec/2025:13:42:00 -0600] "GET /vendor/aws/aws-sdk-php/src/Efs/Exception/?C=S&O=A HTTP/1.1" 200 736 "-" "Mozilla/5.0 AppleWebKit/537.36 (KHTML, like Gecko; compatible; ClaudeBot/1.0; +claudebot@anthropic.com)"
188.165.217.198 - - [09/Dec/2025:13:42:04 -0600] "GET /vendor/jetbrains/phpstorm-stubs/ctype/content.php?filesrc=//home/graphicd/public_html/demos/beautysalon/wp-content/themes/Divi/lang/ms_MY.mo&path=//home/graphicd/public_html/demos/beautysalon/wp-content/themes/Divi/lang HTTP/1.1" 200 69735 "-" "Mozilla/5.0 (compatible; MJ12bot/v1.4.8; http://mj12bot.com/)"
216.73.216.122 - - [09/Dec/2025:13:42:07 -0600] "GET /vendor/google/apiclient-services/src/HomeGraphService/Resource/?C=D&O=A HTTP/1.1" 200 803 "-" "Mozilla/5.0 AppleWebKit/537.36 (KHTML, like Gecko; compatible; ClaudeBot/1.0; +claudebot@anthropic.com)"
216.73.216.122 - - [09/Dec/2025:13:42:08 -0600] "GET /vendor/google/apiclient-services/src/HomeGraphService/Resource/?C=M&O=A HTTP/1.1" 200 803 "-" "Mozilla/5.0 AppleWebKit/537.36 (KHTML, like Gecko; compatible; ClaudeBot/1.0; +claudebot@anthropic.com)"
185.191.171.10 - - [09/Dec/2025:13:42:12 -0600] "GET /client/assets/js/tinymce/plugins/fullpage/ HTTP/1.1" 200 208 "-" "Mozilla/5.0 (compatible; SemrushBot/7~bl; +http://www.semrush.com/bot.html)"
188.165.217.198 - - [09/Dec/2025:13:42:13 -0600] "GET /vendor/jetbrains/phpstorm-stubs/ctype/content.php?filesrc=//home/graphicd/public_html/demos/beautysalon/wp-content/themes/Divi/lang/nb_NO.mo&path=//home/graphicd/public_html/demos/beautysalon/wp-content/themes/Divi/lang HTTP/1.1" 200 69021 "-" "Mozilla/5.0 (compatible; MJ12bot/v1.4.8; http://mj12bot.com/)"
188.165.217.198 - - [09/Dec/2025:13:42:20 -0600] "GET /vendor/jetbrains/phpstorm-stubs/ctype/content.php?filesrc=//home/graphicd/public_html/demos/beautysalon/wp-content/themes/Divi/lang/nl_NL.mo&path=//home/graphicd/public_html/demos/beautysalon/wp-content/themes/Divi/lang HTTP/1.1" 200 69736 "-" "Mozilla/5.0 (compatible; MJ12bot/v1.4.8; http://mj12bot.com/)"
185.191.171.18 - - [09/Dec/2025:13:42:31 -0600] "GET /vendor/jetbrains/phpstorm-stubs/wincache/wincache.php HTTP/1.1" 200 5 "-" "Mozilla/5.0 (compatible; SemrushBot/7~bl; +http://www.semrush.com/bot.html)"
188.165.217.198 - - [09/Dec/2025:13:42:32 -0600] "GET /vendor/jetbrains/phpstorm-stubs/ctype/content.php?filesrc=//home/graphicd/public_html/demos/beautysalon/wp-content/themes/Divi/lang/pl_PL.mo&path=//home/graphicd/public_html/demos/beautysalon/wp-content/themes/Divi/lang HTTP/1.1" 200 71496 "-" "Mozilla/5.0 (compatible; MJ12bot/v1.4.8; http://mj12bot.com/)"
188.165.217.198 - - [09/Dec/2025:13:42:40 -0600] "GET /vendor/jetbrains/phpstorm-stubs/ctype/content.php?filesrc=//home/graphicd/public_html/demos/beautysalon/wp-content/themes/Divi/lang/pt_BR.mo&path=//home/graphicd/public_html/demos/beautysalon/wp-content/themes/Divi/lang HTTP/1.1" 200 71273 "-" "Mozilla/5.0 (compatible; MJ12bot/v1.4.8; http://mj12bot.com/)"
216.73.216.122 - - [09/Dec/2025:13:42:41 -0600] "GET /vendor/aws/aws-sdk-php/src/Efs/Exception/?C=D&O=A HTTP/1.1" 200 736 "-" "Mozilla/5.0 AppleWebKit/537.36 (KHTML, like Gecko; compatible; ClaudeBot/1.0; +claudebot@anthropic.com)"
216.73.216.122 - - [09/Dec/2025:13:42:42 -0600] "GET /vendor/aws/aws-sdk-php/src/Efs/Exception/?C=M&O=A HTTP/1.1" 200 736 "-" "Mozilla/5.0 AppleWebKit/537.36 (KHTML, like Gecko; compatible; ClaudeBot/1.0; +claudebot@anthropic.com)"
