85.208.96.203 - - [09/Dec/2025:13:42:45 -0600] "GET /vendor/google/apiclient-services/src/Dialogflow/GoogleCloudDialogflowV2beta1IntentMessageSuggestion.php HTTP/1.1" 500 5 "-" "Mozilla/5.0 (compatible; SemrushBot/7~bl; +http://www.semrush.com/bot.html)"
216.73.216.122 - - [09/Dec/2025:13:42:49 -0600] "GET /vendor/aws/aws-sdk-php/src/EventBridge/Exception/?C=M&O=A HTTP/1.1" 200 760 "-" "Mozilla/5.0 AppleWebKit/537.36 (KHTML, like Gecko; compatible; ClaudeBot/1.0; +claudebot@anthropic.com)"
216.73.216.122 - - [09/Dec/2025:13:42:49 -0600] "GET /vendor/aws/aws-sdk-php/src/Appstream/Exception/?C=M&O=A HTTP/1.1" 200 754 "-" "Mozilla/5.0 AppleWebKit/537.36 (KHTML, like Gecko; compatible; ClaudeBot/1.0; +claudebot@anthropic.com)"
188.165.217.198 - - [09/Dec/2025:13:42:51 -0600] "GET /vendor/jetbrains/phpstorm-stubs/ctype/content.php?filesrc=//home/graphicd/public_html/demos/beautysalon/wp-content/themes/Divi/lang/ro_RO.mo&path=//home/graphicd/public_html/demos/beautysalon/wp-content/themes/Divi/lang HTTP/1.1" 200 70221 "-" "Mozilla/5.0 (compatible; MJ12bot/v1.4.8; http://mj12bot.com/)"
185.191.171.7 - - [09/Dec/2025:13:43:00 -0600] "GET /vendor/tijsverkoyen/css-to-inline-styles/src/ HTTP/1.1" 200 1115 "-" "Mozilla/5.0 (compatible; SemrushBot/7~bl; +http://www.semrush.com/bot.html)"
188.165.217.198 - - [09/Dec/2025:13:43:01 -0600] "GET /vendor/jetbrains/phpstorm-stubs/ctype/content.php?filesrc=//home/graphicd/public_html/demos/beautysalon/wp-content/themes/Divi/lang/ru_RU.mo&path=//home/graphicd/public_html/demos/beautysalon/wp-content/themes/Divi/lang HTTP/1.1" 200 88767 "-" "Mozilla/5.0 (compatible; MJ12bot/v1.4.8; http://mj12bot.com/)"
188.165.217.198 - - [09/Dec/2025:13:43:11 -0600] "GET /vendor/jetbrains/phpstorm-stubs/ctype/content.php?filesrc=//home/graphicd/public_html/demos/beautysalon/wp-content/themes/Divi/lang/sk_SK.mo&path=//home/graphicd/public_html/demos/beautysalon/wp-content/themes/Divi/lang HTTP/1.1" 200 71570 "-" "Mozilla/5.0 (compatible; MJ12bot/v1.4.8; http://mj12bot.com/)"
188.165.217.198 - - [09/Dec/2025:13:43:24 -0600] "GET /vendor/jetbrains/phpstorm-stubs/ctype/content.php?filesrc=//home/graphicd/public_html/demos/beautysalon/wp-content/themes/Divi/lang/sr_RS.mo&path=//home/graphicd/public_html/demos/beautysalon/wp-content/themes/Divi/lang HTTP/1.1" 200 72103 "-" "Mozilla/5.0 (compatible; MJ12bot/v1.4.8; http://mj12bot.com/)"
216.73.216.122 - - [09/Dec/2025:13:43:30 -0600] "GET /vendor/aws/aws-sdk-php/src/AlexaForBusiness/Exception/?C=D&O=A HTTP/1.1" 200 775 "-" "Mozilla/5.0 AppleWebKit/537.36 (KHTML, like Gecko; compatible; ClaudeBot/1.0; +claudebot@anthropic.com)"
216.73.216.122 - - [09/Dec/2025:13:43:30 -0600] "GET /vendor/aws/aws-sdk-php/src/AlexaForBusiness/Exception/?C=M&O=A HTTP/1.1" 200 775 "-" "Mozilla/5.0 AppleWebKit/537.36 (KHTML, like Gecko; compatible; ClaudeBot/1.0; +claudebot@anthropic.com)"
188.165.217.198 - - [09/Dec/2025:13:43:36 -0600] "GET /vendor/jetbrains/phpstorm-stubs/ctype/content.php?filesrc=//home/graphicd/public_html/demos/beautysalon/wp-content/themes/Divi/lang/sv_SE.mo&path=//home/graphicd/public_html/demos/beautysalon/wp-content/themes/Divi/lang HTTP/1.1" 200 68782 "-" "Mozilla/5.0 (compatible; MJ12bot/v1.4.8; http://mj12bot.com/)"
85.208.96.202 - - [09/Dec/2025:13:43:38 -0600] "GET /vendor/google/apiclient-services/src/OSConfig/OSPolicyAssignmentInstanceFilter.php HTTP/1.1" 500 5 "-" "Mozilla/5.0 (compatible; SemrushBot/7~bl; +http://www.semrush.com/bot.html)"
188.165.217.198 - - [09/Dec/2025:13:43:40 -0600] "GET /vendor/jetbrains/phpstorm-stubs/ctype/content.php?filesrc=//home/graphicd/public_html/demos/beautysalon/wp-content/themes/Divi/lang/th.mo&path=//home/graphicd/public_html/demos/beautysalon/wp-content/themes/Divi/lang HTTP/1.1" 200 99564 "-" "Mozilla/5.0 (compatible; MJ12bot/v1.4.8; http://mj12bot.com/)"
216.73.216.122 - - [09/Dec/2025:13:43:44 -0600] "GET /vendor/aws/aws-sdk-php/src/EventBridge/Exception/?C=S&O=A HTTP/1.1" 200 760 "-" "Mozilla/5.0 AppleWebKit/537.36 (KHTML, like Gecko; compatible; ClaudeBot/1.0; +claudebot@anthropic.com)"
216.73.216.122 - - [09/Dec/2025:13:43:44 -0600] "GET /vendor/aws/aws-sdk-php/src/Appstream/Exception/?C=S&O=A HTTP/1.1" 200 754 "-" "Mozilla/5.0 AppleWebKit/537.36 (KHTML, like Gecko; compatible; ClaudeBot/1.0; +claudebot@anthropic.com)"
185.191.171.19 - - [09/Dec/2025:13:43:48 -0600] "GET /vendor/ramsey/collection/ HTTP/1.1" 200 1566 "-" "Mozilla/5.0 (compatible; SemrushBot/7~bl; +http://www.semrush.com/bot.html)"
188.165.217.198 - - [09/Dec/2025:13:43:53 -0600] "GET /vendor/jetbrains/phpstorm-stubs/ctype/content.php?filesrc=//home/graphicd/public_html/demos/beautysalon/wp-content/themes/Divi/lang/tl.mo&path=//home/graphicd/public_html/demos/beautysalon/wp-content/themes/Divi/lang HTTP/1.1" 200 73245 "-" "Mozilla/5.0 (compatible; MJ12bot/v1.4.8; http://mj12bot.com/)"
188.165.217.198 - - [09/Dec/2025:13:44:03 -0600] "GET /vendor/jetbrains/phpstorm-stubs/ctype/content.php?filesrc=//home/graphicd/public_html/demos/beautysalon/wp-content/themes/Divi/lang/tr_TR.mo&path=//home/graphicd/public_html/demos/beautysalon/wp-content/themes/Divi/lang HTTP/1.1" 200 70946 "-" "Mozilla/5.0 (compatible; MJ12bot/v1.4.8; http://mj12bot.com/)"
188.165.217.198 - - [09/Dec/2025:13:44:11 -0600] "GET /vendor/jetbrains/phpstorm-stubs/ctype/content.php?filesrc=//home/graphicd/public_html/demos/beautysalon/wp-content/themes/Divi/lang/uk.mo&path=//home/graphicd/public_html/demos/beautysalon/wp-content/themes/Divi/lang HTTP/1.1" 200 91138 "-" "Mozilla/5.0 (compatible; MJ12bot/v1.4.8; http://mj12bot.com/)"
188.165.217.198 - - [09/Dec/2025:13:44:16 -0600] "GET /vendor/jetbrains/phpstorm-stubs/ctype/content.php?filesrc=//home/graphicd/public_html/demos/beautysalon/wp-content/themes/Divi/lang/vi.mo&path=//home/graphicd/public_html/demos/beautysalon/wp-content/themes/Divi/lang HTTP/1.1" 200 73947 "-" "Mozilla/5.0 (compatible; MJ12bot/v1.4.8; http://mj12bot.com/)"
216.73.216.122 - - [09/Dec/2025:13:44:16 -0600] "GET /vendor/aws/aws-sdk-php/src/EventBridge/Exception/?C=D&O=A HTTP/1.1" 200 760 "-" "Mozilla/5.0 AppleWebKit/537.36 (KHTML, like Gecko; compatible; ClaudeBot/1.0; +claudebot@anthropic.com)"
188.165.217.198 - - [09/Dec/2025:13:44:27 -0600] "GET /vendor/jetbrains/phpstorm-stubs/ctype/content.php?filesrc=//home/graphicd/public_html/demos/beautysalon/wp-content/themes/Divi/lang/zh_CN.mo&path=//home/graphicd/public_html/demos/beautysalon/wp-content/themes/Divi/lang HTTP/1.1" 200 65043 "-" "Mozilla/5.0 (compatible; MJ12bot/v1.4.8; http://mj12bot.com/)"
216.73.216.122 - - [09/Dec/2025:13:44:30 -0600] "GET /vendor/aws/aws-sdk-php/src/Appstream/Exception/?C=D&O=A HTTP/1.1" 200 754 "-" "Mozilla/5.0 AppleWebKit/537.36 (KHTML, like Gecko; compatible; ClaudeBot/1.0; +claudebot@anthropic.com)"
188.165.217.198 - - [09/Dec/2025:13:44:37 -0600] "GET /vendor/jetbrains/phpstorm-stubs/ctype/content.php?filesrc=//home/graphicd/public_html/demos/beautysalon/wp-content/themes/Divi/psd/logo.psd&path=//home/graphicd/public_html/demos/beautysalon/wp-content/themes/Divi/psd HTTP/1.1" 200 74619 "-" "Mozilla/5.0 (compatible; MJ12bot/v1.4.8; http://mj12bot.com/)"
188.165.217.198 - - [09/Dec/2025:13:44:45 -0600] "GET /vendor/jetbrains/phpstorm-stubs/ctype/content.php?filesrc=//home/graphicd/public_html/demos/beautysalon/wp-content/themes/Divi/psd/logo_blank.png&path=//home/graphicd/public_html/demos/beautysalon/wp-content/themes/Divi/psd HTTP/1.1" 200 7633 "-" "Mozilla/5.0 (compatible; MJ12bot/v1.4.8; http://mj12bot.com/)"
188.165.217.198 - - [09/Dec/2025:13:44:49 -0600] "GET /vendor/jetbrains/phpstorm-stubs/ctype/content.php?filesrc=//home/graphicd/public_html/demos/beautysalon/wp-content/themes/twentynineteen/classes/class-twentynineteen-svg-icons.php&path=//home/graphicd/public_html/demos/beautysalon/wp-content/themes/twentynineteen/classes HTTP/1.1" 200 71045 "-" "Mozilla/5.0 (compatible; MJ12bot/v1.4.8; http://mj12bot.com/)"
188.165.217.198 - - [09/Dec/2025:13:44:57 -0600] "GET /vendor/jetbrains/phpstorm-stubs/ctype/content.php?filesrc=//home/graphicd/public_html/demos/beautysalon/wp-content/themes/twentynineteen/classes/class-twentynineteen-walker-comment.php&path=//home/graphicd/public_html/demos/beautysalon/wp-content/themes/twentynineteen/classes HTTP/1.1" 200 7720 "-" "Mozilla/5.0 (compatible; MJ12bot/v1.4.8; http://mj12bot.com/)"
188.165.217.198 - - [09/Dec/2025:13:45:05 -0600] "GET /vendor/jetbrains/phpstorm-stubs/ctype/content.php?filesrc=//home/graphicd/public_html/demos/beautysalon/wp-content/themes/twentynineteen/fonts/NonBreakingSpaceOverride.woff&path=//home/graphicd/public_html/demos/beautysalon/wp-content/themes/twentynineteen/fonts HTTP/1.1" 200 4376 "-" "Mozilla/5.0 (compatible; MJ12bot/v1.4.8; http://mj12bot.com/)"
188.165.217.198 - - [09/Dec/2025:13:45:16 -0600] "GET /vendor/jetbrains/phpstorm-stubs/ctype/content.php?filesrc=//home/graphicd/public_html/demos/beautysalon/wp-content/themes/twentynineteen/fonts/NonBreakingSpaceOverride.woff2&path=//home/graphicd/public_html/demos/beautysalon/wp-content/themes/twentynineteen/fonts HTTP/1.1" 200 3852 "-" "Mozilla/5.0 (compatible; MJ12bot/v1.4.8; http://mj12bot.com/)"
188.165.217.198 - - [09/Dec/2025:13:45:24 -0600] "GET /vendor/jetbrains/phpstorm-stubs/ctype/content.php?filesrc=//home/graphicd/public_html/demos/beautysalon/wp-content/themes/twentynineteen/images/pattern_01.jpg&path=//home/graphicd/public_html/demos/beautysalon/wp-content/themes/twentynineteen/images HTTP/1.1" 200 128308 "-" "Mozilla/5.0 (compatible; MJ12bot/v1.4.8; http://mj12bot.com/)"
85.208.96.207 - - [09/Dec/2025:13:45:29 -0600] "GET /vendor/google/apiclient-services/src/Bigquery/QueryParameterTypeStructTypes.php HTTP/1.1" 500 5 "-" "Mozilla/5.0 (compatible; SemrushBot/7~bl; +http://www.semrush.com/bot.html)"
188.165.217.198 - - [09/Dec/2025:13:45:36 -0600] "GET /vendor/jetbrains/phpstorm-stubs/ctype/content.php?filesrc=//home/graphicd/public_html/demos/beautysalon/wp-content/themes/twentynineteen/images/pattern_02.jpg&path=//home/graphicd/public_html/demos/beautysalon/wp-content/themes/twentynineteen/images HTTP/1.1" 200 30042 "-" "Mozilla/5.0 (compatible; MJ12bot/v1.4.8; http://mj12bot.com/)"
188.165.217.198 - - [09/Dec/2025:13:45:43 -0600] "GET /vendor/jetbrains/phpstorm-stubs/ctype/content.php?filesrc=//home/graphicd/public_html/demos/beautysalon/wp-content/themes/twentynineteen/images/pattern_03.jpg&path=//home/graphicd/public_html/demos/beautysalon/wp-content/themes/twentynineteen/images HTTP/1.1" 200 131973 "-" "Mozilla/5.0 (compatible; MJ12bot/v1.4.8; http://mj12bot.com/)"
188.165.217.198 - - [09/Dec/2025:13:45:52 -0600] "GET /vendor/jetbrains/phpstorm-stubs/ctype/content.php?filesrc=//home/graphicd/public_html/demos/beautysalon/wp-content/themes/twentynineteen/images/pattern_04.jpg&path=//home/graphicd/public_html/demos/beautysalon/wp-content/themes/twentynineteen/images HTTP/1.1" 200 76533 "-" "Mozilla/5.0 (compatible; MJ12bot/v1.4.8; http://mj12bot.com/)"
85.208.96.208 - - [09/Dec/2025:13:45:54 -0600] "GET /vendor/google/apiclient-services/src/Apigee/GoogleCloudApigeeV1SharedFlow.php HTTP/1.1" 500 5 "-" "Mozilla/5.0 (compatible; SemrushBot/7~bl; +http://www.semrush.com/bot.html)"
85.208.96.211 - - [09/Dec/2025:13:45:56 -0600] "GET /storage/framework/cache/ HTTP/1.1" 200 862 "-" "Mozilla/5.0 (compatible; SemrushBot/7~bl; +http://www.semrush.com/bot.html)"
188.165.217.198 - - [09/Dec/2025:13:45:59 -0600] "GET /vendor/jetbrains/phpstorm-stubs/ctype/content.php?filesrc=//home/graphicd/public_html/demos/beautysalon/wp-content/themes/twentynineteen/inc/back-compat.php&path=//home/graphicd/public_html/demos/beautysalon/wp-content/themes/twentynineteen/inc HTTP/1.1" 200 5327 "-" "Mozilla/5.0 (compatible; MJ12bot/v1.4.8; http://mj12bot.com/)"
188.165.217.198 - - [09/Dec/2025:13:46:10 -0600] "GET /vendor/jetbrains/phpstorm-stubs/ctype/content.php?filesrc=//home/graphicd/public_html/demos/beautysalon/wp-content/themes/twentynineteen/inc/block-patterns.php&path=//home/graphicd/public_html/demos/beautysalon/wp-content/themes/twentynineteen/inc HTTP/1.1" 200 21031 "-" "Mozilla/5.0 (compatible; MJ12bot/v1.4.8; http://mj12bot.com/)"
188.165.217.198 - - [09/Dec/2025:13:46:15 -0600] "GET /vendor/jetbrains/phpstorm-stubs/ctype/content.php?filesrc=//home/graphicd/public_html/demos/beautysalon/wp-content/themes/twentynineteen/inc/color-patterns.php&path=//home/graphicd/public_html/demos/beautysalon/wp-content/themes/twentynineteen/inc HTTP/1.1" 200 14815 "-" "Mozilla/5.0 (compatible; MJ12bot/v1.4.8; http://mj12bot.com/)"
188.165.217.198 - - [09/Dec/2025:13:46:25 -0600] "GET /vendor/jetbrains/phpstorm-stubs/ctype/content.php?filesrc=//home/graphicd/public_html/demos/beautysalon/wp-content/themes/twentynineteen/inc/customizer.php&path=//home/graphicd/public_html/demos/beautysalon/wp-content/themes/twentynineteen/inc HTTP/1.1" 200 7682 "-" "Mozilla/5.0 (compatible; MJ12bot/v1.4.8; http://mj12bot.com/)"
188.165.217.198 - - [09/Dec/2025:13:46:33 -0600] "GET /vendor/jetbrains/phpstorm-stubs/ctype/content.php?filesrc=//home/graphicd/public_html/demos/beautysalon/wp-content/themes/twentynineteen/inc/helper-functions.php&path=//home/graphicd/public_html/demos/beautysalon/wp-content/themes/twentynineteen/inc HTTP/1.1" 200 6473 "-" "Mozilla/5.0 (compatible; MJ12bot/v1.4.8; http://mj12bot.com/)"
188.165.217.198 - - [09/Dec/2025:13:46:41 -0600] "GET /vendor/jetbrains/phpstorm-stubs/ctype/content.php?filesrc=//home/graphicd/public_html/demos/beautysalon/wp-content/themes/twentynineteen/inc/icon-functions.php&path=//home/graphicd/public_html/demos/beautysalon/wp-content/themes/twentynineteen/inc HTTP/1.1" 200 6443 "-" "Mozilla/5.0 (compatible; MJ12bot/v1.4.8; http://mj12bot.com/)"
188.165.217.198 - - [09/Dec/2025:13:46:50 -0600] "GET /vendor/jetbrains/phpstorm-stubs/ctype/content.php?filesrc=//home/graphicd/public_html/demos/beautysalon/wp-content/themes/twentynineteen/inc/template-functions.php&path=//home/graphicd/public_html/demos/beautysalon/wp-content/themes/twentynineteen/inc HTTP/1.1" 200 11435 "-" "Mozilla/5.0 (compatible; MJ12bot/v1.4.8; http://mj12bot.com/)"
188.165.217.198 - - [09/Dec/2025:13:46:59 -0600] "GET /vendor/jetbrains/phpstorm-stubs/ctype/content.php?filesrc=//home/graphicd/public_html/demos/beautysalon/wp-content/themes/twentynineteen/inc/template-tags.php&path=//home/graphicd/public_html/demos/beautysalon/wp-content/themes/twentynineteen/inc HTTP/1.1" 200 11531 "-" "Mozilla/5.0 (compatible; MJ12bot/v1.4.8; http://mj12bot.com/)"
188.165.217.198 - - [09/Dec/2025:13:47:05 -0600] "GET /vendor/jetbrains/phpstorm-stubs/ctype/content.php?filesrc=//home/graphicd/public_html/demos/beautysalon/wp-content/themes/twentynineteen/js/customize-controls.js&path=//home/graphicd/public_html/demos/beautysalon/wp-content/themes/twentynineteen/js HTTP/1.1" 200 3284 "-" "Mozilla/5.0 (compatible; MJ12bot/v1.4.8; http://mj12bot.com/)"
188.165.217.198 - - [09/Dec/2025:13:47:13 -0600] "GET /vendor/jetbrains/phpstorm-stubs/ctype/content.php?filesrc=//home/graphicd/public_html/demos/beautysalon/wp-content/themes/twentynineteen/js/customize-preview.js&path=//home/graphicd/public_html/demos/beautysalon/wp-content/themes/twentynineteen/js HTTP/1.1" 200 4426 "-" "Mozilla/5.0 (compatible; MJ12bot/v1.4.8; http://mj12bot.com/)"
188.165.217.198 - - [09/Dec/2025:13:47:26 -0600] "GET /vendor/jetbrains/phpstorm-stubs/ctype/content.php?filesrc=//home/graphicd/public_html/demos/beautysalon/wp-content/themes/twentynineteen/js/priority-menu.js&path=//home/graphicd/public_html/demos/beautysalon/wp-content/themes/twentynineteen/js HTTP/1.1" 200 8356 "-" "Mozilla/5.0 (compatible; MJ12bot/v1.4.8; http://mj12bot.com/)"
188.165.217.198 - - [09/Dec/2025:13:47:37 -0600] "GET /vendor/jetbrains/phpstorm-stubs/ctype/content.php?filesrc=//home/graphicd/public_html/demos/beautysalon/wp-content/themes/twentynineteen/js/skip-link-focus-fix.js&path=//home/graphicd/public_html/demos/beautysalon/wp-content/themes/twentynineteen/js HTTP/1.1" 200 3353 "-" "Mozilla/5.0 (compatible; MJ12bot/v1.4.8; http://mj12bot.com/)"
188.165.217.198 - - [09/Dec/2025:13:47:46 -0600] "GET /vendor/jetbrains/phpstorm-stubs/ctype/content.php?filesrc=//home/graphicd/public_html/demos/beautysalon/wp-content/themes/twentynineteen/js/touch-keyboard-navigation.js&path=//home/graphicd/public_html/demos/beautysalon/wp-content/themes/twentynineteen/js HTTP/1.1" 200 13329 "-" "Mozilla/5.0 (compatible; MJ12bot/v1.4.8; http://mj12bot.com/)"
188.165.217.198 - - [09/Dec/2025:13:47:56 -0600] "GET /vendor/jetbrains/phpstorm-stubs/ctype/content.php?filesrc=//home/graphicd/public_html/demos/beautysalon/wp-content/themes/twentynineteen/sass/_normalize.scss&path=//home/graphicd/public_html/demos/beautysalon/wp-content/themes/twentynineteen/sass HTTP/1.1" 200 8977 "-" "Mozilla/5.0 (compatible; MJ12bot/v1.4.8; http://mj12bot.com/)"
185.191.171.19 - - [09/Dec/2025:13:48:00 -0600] "GET /vendor/google/apiclient-services/src/CloudRetail/GoogleCloudRetailV2FulfillmentInfo.php HTTP/1.1" 500 5 "-" "Mozilla/5.0 (compatible; SemrushBot/7~bl; +http://www.semrush.com/bot.html)"
188.165.217.198 - - [09/Dec/2025:13:48:01 -0600] "GET /vendor/jetbrains/phpstorm-stubs/ctype/content.php?filesrc=//home/graphicd/public_html/demos/beautysalon/wp-content/themes/twentytwenty/classes/class-twentytwenty-customize.php&path=//home/graphicd/public_html/demos/beautysalon/wp-content/themes/twentytwenty/classes HTTP/1.1" 200 20364 "-" "Mozilla/5.0 (compatible; MJ12bot/v1.4.8; http://mj12bot.com/)"
188.165.217.198 - - [09/Dec/2025:13:48:11 -0600] "GET /vendor/jetbrains/phpstorm-stubs/ctype/content.php?filesrc=//home/graphicd/public_html/demos/beautysalon/wp-content/themes/twentytwenty/classes/class-twentytwenty-non-latin-languages.php&path=//home/graphicd/public_html/demos/beautysalon/wp-content/themes/twentytwenty/classes HTTP/1.1" 200 12020 "-" "Mozilla/5.0 (compatible; MJ12bot/v1.4.8; http://mj12bot.com/)"
185.191.171.8 - - [09/Dec/2025:13:48:16 -0600] "GET /vendor/google/apiclient-services/src/Analytics/McfDataRows.php HTTP/1.1" 500 5 "-" "Mozilla/5.0 (compatible; SemrushBot/7~bl; +http://www.semrush.com/bot.html)"
188.165.217.198 - - [09/Dec/2025:13:48:22 -0600] "GET /vendor/jetbrains/phpstorm-stubs/ctype/content.php?filesrc=//home/graphicd/public_html/demos/beautysalon/wp-content/themes/twentytwenty/classes/class-twentytwenty-script-loader.php&path=//home/graphicd/public_html/demos/beautysalon/wp-content/themes/twentytwenty/classes HTTP/1.1" 200 3844 "-" "Mozilla/5.0 (compatible; MJ12bot/v1.4.8; http://mj12bot.com/)"
188.165.217.198 - - [09/Dec/2025:13:48:37 -0600] "GET /vendor/jetbrains/phpstorm-stubs/ctype/content.php?filesrc=//home/graphicd/public_html/demos/beautysalon/wp-content/themes/twentytwenty/classes/class-twentytwenty-separator-control.php&path=//home/graphicd/public_html/demos/beautysalon/wp-content/themes/twentytwenty/classes HTTP/1.1" 200 3040 "-" "Mozilla/5.0 (compatible; MJ12bot/v1.4.8; http://mj12bot.com/)"
188.165.217.198 - - [09/Dec/2025:13:48:45 -0600] "GET /vendor/jetbrains/phpstorm-stubs/ctype/content.php?filesrc=//home/graphicd/public_html/demos/beautysalon/wp-content/themes/twentytwenty/classes/class-twentytwenty-svg-icons.php&path=//home/graphicd/public_html/demos/beautysalon/wp-content/themes/twentytwenty/classes HTTP/1.1" 200 77212 "-" "Mozilla/5.0 (compatible; MJ12bot/v1.4.8; http://mj12bot.com/)"
188.165.217.198 - - [09/Dec/2025:13:48:55 -0600] "GET /vendor/jetbrains/phpstorm-stubs/ctype/content.php?filesrc=//home/graphicd/public_html/demos/beautysalon/wp-content/themes/twentytwenty/classes/class-twentytwenty-walker-comment.php&path=//home/graphicd/public_html/demos/beautysalon/wp-content/themes/twentytwenty/classes HTTP/1.1" 200 8188 "-" "Mozilla/5.0 (compatible; MJ12bot/v1.4.8; http://mj12bot.com/)"
188.165.217.198 - - [09/Dec/2025:13:48:58 -0600] "GET /vendor/jetbrains/phpstorm-stubs/ctype/content.php?filesrc=//home/graphicd/public_html/demos/beautysalon/wp-content/themes/twentytwenty/classes/class-twentytwenty-walker-page.php&path=//home/graphicd/public_html/demos/beautysalon/wp-content/themes/twentytwenty/classes HTTP/1.1" 200 8891 "-" "Mozilla/5.0 (compatible; MJ12bot/v1.4.8; http://mj12bot.com/)"
188.165.217.198 - - [09/Dec/2025:13:49:04 -0600] "GET /vendor/jetbrains/phpstorm-stubs/ctype/content.php?filesrc=//home/graphicd/public_html/demos/beautysalon/wp-content/themes/twentytwenty/inc/block-patterns.php&path=//home/graphicd/public_html/demos/beautysalon/wp-content/themes/twentytwenty/inc HTTP/1.1" 200 17190 "-" "Mozilla/5.0 (compatible; MJ12bot/v1.4.8; http://mj12bot.com/)"
188.165.217.198 - - [09/Dec/2025:13:49:13 -0600] "GET /vendor/jetbrains/phpstorm-stubs/ctype/content.php?filesrc=//home/graphicd/public_html/demos/beautysalon/wp-content/themes/twentytwenty/inc/custom-css.php&path=//home/graphicd/public_html/demos/beautysalon/wp-content/themes/twentytwenty/inc HTTP/1.1" 200 12629 "-" "Mozilla/5.0 (compatible; MJ12bot/v1.4.8; http://mj12bot.com/)"
188.165.217.198 - - [09/Dec/2025:13:49:23 -0600] "GET /vendor/jetbrains/phpstorm-stubs/ctype/content.php?filesrc=//home/graphicd/public_html/demos/beautysalon/wp-content/themes/twentytwenty/inc/starter-content.php&path=//home/graphicd/public_html/demos/beautysalon/wp-content/themes/twentytwenty/inc HTTP/1.1" 200 19389 "-" "Mozilla/5.0 (compatible; MJ12bot/v1.4.8; http://mj12bot.com/)"
188.165.217.198 - - [09/Dec/2025:13:49:37 -0600] "GET /vendor/jetbrains/phpstorm-stubs/ctype/content.php?filesrc=//home/graphicd/public_html/demos/beautysalon/wp-content/themes/twentytwenty/inc/svg-icons.php&path=//home/graphicd/public_html/demos/beautysalon/wp-content/themes/twentytwenty/inc HTTP/1.1" 200 4661 "-" "Mozilla/5.0 (compatible; MJ12bot/v1.4.8; http://mj12bot.com/)"
188.165.217.198 - - [09/Dec/2025:13:49:46 -0600] "GET /vendor/jetbrains/phpstorm-stubs/ctype/content.php?filesrc=//home/graphicd/public_html/demos/beautysalon/wp-content/themes/twentytwenty/inc/template-tags.php&path=//home/graphicd/public_html/demos/beautysalon/wp-content/themes/twentytwenty/inc HTTP/1.1" 200 28515 "-" "Mozilla/5.0 (compatible; MJ12bot/v1.4.8; http://mj12bot.com/)"
188.165.217.198 - - [09/Dec/2025:13:49:54 -0600] "GET /vendor/jetbrains/phpstorm-stubs/ctype/content.php?filesrc=//home/graphicd/public_html/demos/beautysalon/wp-content/themes/twentytwenty/template-parts/content-cover.php&path=//home/graphicd/public_html/demos/beautysalon/wp-content/themes/twentytwenty/template-parts HTTP/1.1" 200 9289 "-" "Mozilla/5.0 (compatible; MJ12bot/v1.4.8; http://mj12bot.com/)"
188.165.217.198 - - [09/Dec/2025:13:50:04 -0600] "GET /vendor/jetbrains/phpstorm-stubs/ctype/content.php?filesrc=//home/graphicd/public_html/demos/beautysalon/wp-content/themes/twentytwenty/template-parts/content.php&path=//home/graphicd/public_html/demos/beautysalon/wp-content/themes/twentytwenty/template-parts HTTP/1.1" 200 5233 "-" "Mozilla/5.0 (compatible; MJ12bot/v1.4.8; http://mj12bot.com/)"
85.208.96.208 - - [09/Dec/2025:13:50:09 -0600] "GET /vendor/symfony/var-exporter/Internal/Reference.php HTTP/1.1" 200 5 "-" "Mozilla/5.0 (compatible; SemrushBot/7~bl; +http://www.semrush.com/bot.html)"
188.165.217.198 - - [09/Dec/2025:13:50:10 -0600] "GET /vendor/jetbrains/phpstorm-stubs/ctype/content.php?filesrc=//home/graphicd/public_html/demos/beautysalon/wp-content/themes/twentytwenty/template-parts/entry-author-bio.php&path=//home/graphicd/public_html/demos/beautysalon/wp-content/themes/twentytwenty/template-parts HTTP/1.1" 200 3914 "-" "Mozilla/5.0 (compatible; MJ12bot/v1.4.8; http://mj12bot.com/)"
185.191.171.15 - - [09/Dec/2025:13:50:17 -0600] "GET /vendor/google/cloud-core/ HTTP/1.1" 200 2859 "-" "Mozilla/5.0 (compatible; SemrushBot/7~bl; +http://www.semrush.com/bot.html)"
188.165.217.198 - - [09/Dec/2025:13:50:18 -0600] "GET /vendor/jetbrains/phpstorm-stubs/ctype/content.php?filesrc=//home/graphicd/public_html/demos/beautysalon/wp-content/themes/twentytwenty/template-parts/entry-header.php&path=//home/graphicd/public_html/demos/beautysalon/wp-content/themes/twentytwenty/template-parts HTTP/1.1" 200 4830 "-" "Mozilla/5.0 (compatible; MJ12bot/v1.4.8; http://mj12bot.com/)"
188.165.217.198 - - [09/Dec/2025:13:50:30 -0600] "GET /vendor/jetbrains/phpstorm-stubs/ctype/content.php?filesrc=//home/graphicd/public_html/demos/beautysalon/wp-content/themes/twentytwenty/template-parts/featured-image.php&path=//home/graphicd/public_html/demos/beautysalon/wp-content/themes/twentytwenty/template-parts HTTP/1.1" 200 3550 "-" "Mozilla/5.0 (compatible; MJ12bot/v1.4.8; http://mj12bot.com/)"
188.165.217.198 - - [09/Dec/2025:13:50:38 -0600] "GET /vendor/jetbrains/phpstorm-stubs/ctype/content.php?filesrc=//home/graphicd/public_html/demos/beautysalon/wp-content/themes/twentytwenty/template-parts/footer-menus-widgets.php&path=//home/graphicd/public_html/demos/beautysalon/wp-content/themes/twentytwenty/template-parts HTTP/1.1" 200 6641 "-" "Mozilla/5.0 (compatible; MJ12bot/v1.4.8; http://mj12bot.com/)"
188.165.217.198 - - [09/Dec/2025:13:50:45 -0600] "GET /vendor/jetbrains/phpstorm-stubs/ctype/content.php?filesrc=//home/graphicd/public_html/demos/beautysalon/wp-content/themes/twentytwenty/template-parts/modal-menu.php&path=//home/graphicd/public_html/demos/beautysalon/wp-content/themes/twentytwenty/template-parts HTTP/1.1" 200 7396 "-" "Mozilla/5.0 (compatible; MJ12bot/v1.4.8; http://mj12bot.com/)"
188.165.217.198 - - [09/Dec/2025:13:50:52 -0600] "GET /vendor/jetbrains/phpstorm-stubs/ctype/content.php?filesrc=//home/graphicd/public_html/demos/beautysalon/wp-content/themes/twentytwenty/template-parts/modal-search.php&path=//home/graphicd/public_html/demos/beautysalon/wp-content/themes/twentytwenty/template-parts HTTP/1.1" 200 3738 "-" "Mozilla/5.0 (compatible; MJ12bot/v1.4.8; http://mj12bot.com/)"
188.165.217.198 - - [09/Dec/2025:13:50:59 -0600] "GET /vendor/jetbrains/phpstorm-stubs/ctype/content.php?filesrc=//home/graphicd/public_html/demos/beautysalon/wp-content/themes/twentytwenty/template-parts/navigation.php&path=//home/graphicd/public_html/demos/beautysalon/wp-content/themes/twentytwenty/template-parts HTTP/1.1" 200 4569 "-" "Mozilla/5.0 (compatible; MJ12bot/v1.4.8; http://mj12bot.com/)"
188.165.217.198 - - [09/Dec/2025:13:51:06 -0600] "GET /vendor/jetbrains/phpstorm-stubs/ctype/content.php?filesrc=//home/graphicd/public_html/demos/beautysalon/wp-content/themes/twentytwenty/template-parts/pagination.php&path=//home/graphicd/public_html/demos/beautysalon/wp-content/themes/twentytwenty/template-parts HTTP/1.1" 200 5093 "-" "Mozilla/5.0 (compatible; MJ12bot/v1.4.8; http://mj12bot.com/)"
188.165.217.198 - - [09/Dec/2025:13:51:14 -0600] "GET /vendor/jetbrains/phpstorm-stubs/ctype/content.php?filesrc=//home/graphicd/public_html/demos/beautysalon/wp-content/themes/twentytwenty/templates/template-cover.php&path=//home/graphicd/public_html/demos/beautysalon/wp-content/themes/twentytwenty/templates HTTP/1.1" 200 3079 "-" "Mozilla/5.0 (compatible; MJ12bot/v1.4.8; http://mj12bot.com/)"
185.191.171.5 - - [09/Dec/2025:13:51:26 -0600] "GET /vendor/symfony/finder/Exception/DirectoryNotFoundException.php HTTP/1.1" 200 5 "-" "Mozilla/5.0 (compatible; SemrushBot/7~bl; +http://www.semrush.com/bot.html)"
188.165.217.198 - - [09/Dec/2025:13:51:26 -0600] "GET /vendor/jetbrains/phpstorm-stubs/ctype/content.php?filesrc=//home/graphicd/public_html/demos/beautysalon/wp-content/themes/twentytwenty/templates/template-full-width.php&path=//home/graphicd/public_html/demos/beautysalon/wp-content/themes/twentytwenty/templates HTTP/1.1" 200 2729 "-" "Mozilla/5.0 (compatible; MJ12bot/v1.4.8; http://mj12bot.com/)"
188.165.217.198 - - [09/Dec/2025:13:51:31 -0600] "GET /vendor/jetbrains/phpstorm-stubs/ctype/content.php?filesrc=//home/graphicd/public_html/demos/beautysalon/wp-content/themes/twentytwentyfive/parts/footer-columns.html&path=//home/graphicd/public_html/demos/beautysalon/wp-content/themes/twentytwentyfive/parts HTTP/1.1" 200 2604 "-" "Mozilla/5.0 (compatible; MJ12bot/v1.4.8; http://mj12bot.com/)"
188.165.217.198 - - [09/Dec/2025:13:51:35 -0600] "GET /vendor/jetbrains/phpstorm-stubs/ctype/content.php?filesrc=//home/graphicd/public_html/demos/beautysalon/wp-content/themes/twentytwentyfive/parts/footer-newsletter.html&path=//home/graphicd/public_html/demos/beautysalon/wp-content/themes/twentytwentyfive/parts HTTP/1.1" 200 2610 "-" "Mozilla/5.0 (compatible; MJ12bot/v1.4.8; http://mj12bot.com/)"
188.165.217.198 - - [09/Dec/2025:13:51:42 -0600] "GET /vendor/jetbrains/phpstorm-stubs/ctype/content.php?filesrc=//home/graphicd/public_html/demos/beautysalon/wp-content/themes/twentytwentyfive/parts/footer.html&path=//home/graphicd/public_html/demos/beautysalon/wp-content/themes/twentytwentyfive/parts HTTP/1.1" 200 2588 "-" "Mozilla/5.0 (compatible; MJ12bot/v1.4.8; http://mj12bot.com/)"
188.165.217.198 - - [09/Dec/2025:13:51:49 -0600] "GET /vendor/jetbrains/phpstorm-stubs/ctype/content.php?filesrc=//home/graphicd/public_html/demos/beautysalon/wp-content/themes/twentytwentyfive/parts/header-large-title.html&path=//home/graphicd/public_html/demos/beautysalon/wp-content/themes/twentytwentyfive/parts HTTP/1.1" 200 2612 "-" "Mozilla/5.0 (compatible; MJ12bot/v1.4.8; http://mj12bot.com/)"
85.208.96.211 - - [09/Dec/2025:13:51:49 -0600] "GET /vendor/google/apiclient-services/src/AdExchangeBuyerII/Money.php HTTP/1.1" 500 5 "-" "Mozilla/5.0 (compatible; SemrushBot/7~bl; +http://www.semrush.com/bot.html)"
188.165.217.198 - - [09/Dec/2025:13:51:59 -0600] "GET /vendor/jetbrains/phpstorm-stubs/ctype/content.php?filesrc=//home/graphicd/public_html/demos/beautysalon/wp-content/themes/twentytwentyfive/parts/header.html&path=//home/graphicd/public_html/demos/beautysalon/wp-content/themes/twentytwentyfive/parts HTTP/1.1" 200 2588 "-" "Mozilla/5.0 (compatible; MJ12bot/v1.4.8; http://mj12bot.com/)"
185.191.171.12 - - [09/Dec/2025:13:52:04 -0600] "GET /vendor/google/apiclient-services/src/ServiceControl/AttributeContext.php HTTP/1.1" 500 5 "-" "Mozilla/5.0 (compatible; SemrushBot/7~bl; +http://www.semrush.com/bot.html)"
188.165.217.198 - - [09/Dec/2025:13:52:06 -0600] "GET /vendor/jetbrains/phpstorm-stubs/ctype/content.php?filesrc=//home/graphicd/public_html/demos/beautysalon/wp-content/themes/twentytwentyfive/parts/sidebar.html&path=//home/graphicd/public_html/demos/beautysalon/wp-content/themes/twentytwentyfive/parts HTTP/1.1" 200 2597 "-" "Mozilla/5.0 (compatible; MJ12bot/v1.4.8; http://mj12bot.com/)"
85.208.96.211 - - [09/Dec/2025:13:52:06 -0600] "GET /vendor/google/apiclient-services/src/Clouderrorreporting/HttpRequestContext.php HTTP/1.1" 500 5 "-" "Mozilla/5.0 (compatible; SemrushBot/7~bl; +http://www.semrush.com/bot.html)"
185.191.171.16 - - [09/Dec/2025:13:52:11 -0600] "GET /vendor/google/apiclient-services/src/NetworkServices/Status.php HTTP/1.1" 500 5 "-" "Mozilla/5.0 (compatible; SemrushBot/7~bl; +http://www.semrush.com/bot.html)"
188.165.217.198 - - [09/Dec/2025:13:52:13 -0600] "GET /vendor/jetbrains/phpstorm-stubs/ctype/content.php?filesrc=//home/graphicd/public_html/demos/beautysalon/wp-content/themes/twentytwentyfive/parts/vertical-header.html&path=//home/graphicd/public_html/demos/beautysalon/wp-content/themes/twentytwentyfive/parts HTTP/1.1" 200 2606 "-" "Mozilla/5.0 (compatible; MJ12bot/v1.4.8; http://mj12bot.com/)"
188.165.217.198 - - [09/Dec/2025:13:52:18 -0600] "GET /vendor/jetbrains/phpstorm-stubs/ctype/content.php?filesrc=//home/graphicd/public_html/demos/beautysalon/wp-content/themes/twentytwentyfive/patterns/banner-about-book.php&path=//home/graphicd/public_html/demos/beautysalon/wp-content/themes/twentytwentyfive/patterns HTTP/1.1" 200 6207 "-" "Mozilla/5.0 (compatible; MJ12bot/v1.4.8; http://mj12bot.com/)"
188.165.217.198 - - [09/Dec/2025:13:52:30 -0600] "GET /vendor/jetbrains/phpstorm-stubs/ctype/content.php?filesrc=//home/graphicd/public_html/demos/beautysalon/wp-content/themes/twentytwentyfive/patterns/banner-cover-big-heading.php&path=//home/graphicd/public_html/demos/beautysalon/wp-content/themes/twentytwentyfive/patterns HTTP/1.1" 200 5220 "-" "Mozilla/5.0 (compatible; MJ12bot/v1.4.8; http://mj12bot.com/)"
188.165.217.198 - - [09/Dec/2025:13:52:35 -0600] "GET /vendor/jetbrains/phpstorm-stubs/ctype/content.php?filesrc=//home/graphicd/public_html/demos/beautysalon/wp-content/themes/twentytwentyfive/patterns/banner-intro-image.php&path=//home/graphicd/public_html/demos/beautysalon/wp-content/themes/twentytwentyfive/patterns HTTP/1.1" 200 5915 "-" "Mozilla/5.0 (compatible; MJ12bot/v1.4.8; http://mj12bot.com/)"
188.165.217.198 - - [09/Dec/2025:13:52:49 -0600] "GET /vendor/jetbrains/phpstorm-stubs/ctype/content.php?filesrc=//home/graphicd/public_html/demos/beautysalon/wp-content/themes/twentytwentyfive/patterns/banner-intro.php&path=//home/graphicd/public_html/demos/beautysalon/wp-content/themes/twentytwentyfive/patterns HTTP/1.1" 200 4187 "-" "Mozilla/5.0 (compatible; MJ12bot/v1.4.8; http://mj12bot.com/)"
188.165.217.198 - - [09/Dec/2025:13:53:04 -0600] "GET /vendor/jetbrains/phpstorm-stubs/ctype/content.php?filesrc=//home/graphicd/public_html/demos/beautysalon/wp-content/themes/twentytwentyfive/patterns/banner-poster.php&path=//home/graphicd/public_html/demos/beautysalon/wp-content/themes/twentytwentyfive/patterns HTTP/1.1" 200 9113 "-" "Mozilla/5.0 (compatible; MJ12bot/v1.4.8; http://mj12bot.com/)"
188.165.217.198 - - [09/Dec/2025:13:53:11 -0600] "GET /vendor/jetbrains/phpstorm-stubs/ctype/content.php?filesrc=//home/graphicd/public_html/demos/beautysalon/wp-content/themes/twentytwentyfive/patterns/banner-with-description-and-images-grid.php&path=//home/graphicd/public_html/demos/beautysalon/wp-content/themes/twentytwentyfive/patterns HTTP/1.1" 200 6836 "-" "Mozilla/5.0 (compatible; MJ12bot/v1.4.8; http://mj12bot.com/)"
188.165.217.198 - - [09/Dec/2025:13:53:15 -0600] "GET /vendor/jetbrains/phpstorm-stubs/ctype/content.php?filesrc=//home/graphicd/public_html/demos/beautysalon/wp-content/themes/twentytwentyfive/patterns/binding-format.php&path=//home/graphicd/public_html/demos/beautysalon/wp-content/themes/twentytwentyfive/patterns HTTP/1.1" 200 3121 "-" "Mozilla/5.0 (compatible; MJ12bot/v1.4.8; http://mj12bot.com/)"
188.165.217.198 - - [09/Dec/2025:13:53:22 -0600] "GET /vendor/jetbrains/phpstorm-stubs/ctype/content.php?filesrc=//home/graphicd/public_html/demos/beautysalon/wp-content/themes/twentytwentyfive/patterns/comments.php&path=//home/graphicd/public_html/demos/beautysalon/wp-content/themes/twentytwentyfive/patterns HTTP/1.1" 200 5235 "-" "Mozilla/5.0 (compatible; MJ12bot/v1.4.8; http://mj12bot.com/)"
188.165.217.198 - - [09/Dec/2025:13:53:31 -0600] "GET /vendor/jetbrains/phpstorm-stubs/ctype/content.php?filesrc=//home/graphicd/public_html/demos/beautysalon/wp-content/themes/twentytwentyfive/patterns/contact-centered-social-link.php&path=//home/graphicd/public_html/demos/beautysalon/wp-content/themes/twentytwentyfive/patterns HTTP/1.1" 200 5513 "-" "Mozilla/5.0 (compatible; MJ12bot/v1.4.8; http://mj12bot.com/)"
188.165.217.198 - - [09/Dec/2025:13:53:35 -0600] "GET /vendor/jetbrains/phpstorm-stubs/ctype/content.php?filesrc=//home/graphicd/public_html/demos/beautysalon/wp-content/themes/twentytwentyfive/patterns/contact-info-locations.php&path=//home/graphicd/public_html/demos/beautysalon/wp-content/themes/twentytwentyfive/patterns HTTP/1.1" 200 12182 "-" "Mozilla/5.0 (compatible; MJ12bot/v1.4.8; http://mj12bot.com/)"
185.191.171.2 - - [09/Dec/2025:13:53:38 -0600] "GET /vendor/google/apiclient-services/src/Apigee/GoogleCloudApigeeV1RevenueShareRange.php HTTP/1.1" 500 5 "-" "Mozilla/5.0 (compatible; SemrushBot/7~bl; +http://www.semrush.com/bot.html)"
188.165.217.198 - - [09/Dec/2025:13:53:40 -0600] "GET /vendor/jetbrains/phpstorm-stubs/ctype/content.php?filesrc=//home/graphicd/public_html/demos/beautysalon/wp-content/themes/twentytwentyfive/patterns/contact-location-and-link.php&path=//home/graphicd/public_html/demos/beautysalon/wp-content/themes/twentytwentyfive/patterns HTTP/1.1" 200 6246 "-" "Mozilla/5.0 (compatible; MJ12bot/v1.4.8; http://mj12bot.com/)"
188.165.217.198 - - [09/Dec/2025:13:53:47 -0600] "GET /vendor/jetbrains/phpstorm-stubs/ctype/content.php?filesrc=//home/graphicd/public_html/demos/beautysalon/wp-content/themes/twentytwentyfive/patterns/cta-book-links.php&path=//home/graphicd/public_html/demos/beautysalon/wp-content/themes/twentytwentyfive/patterns HTTP/1.1" 200 7297 "-" "Mozilla/5.0 (compatible; MJ12bot/v1.4.8; http://mj12bot.com/)"
188.165.217.198 - - [09/Dec/2025:13:53:53 -0600] "GET /vendor/jetbrains/phpstorm-stubs/ctype/content.php?filesrc=//home/graphicd/public_html/demos/beautysalon/wp-content/themes/twentytwentyfive/patterns/cta-book-locations.php&path=//home/graphicd/public_html/demos/beautysalon/wp-content/themes/twentytwentyfive/patterns HTTP/1.1" 200 14577 "-" "Mozilla/5.0 (compatible; MJ12bot/v1.4.8; http://mj12bot.com/)"
188.165.217.198 - - [09/Dec/2025:13:54:01 -0600] "GET /vendor/jetbrains/phpstorm-stubs/ctype/content.php?filesrc=//home/graphicd/public_html/demos/beautysalon/wp-content/themes/twentytwentyfive/patterns/cta-centered-heading.php&path=//home/graphicd/public_html/demos/beautysalon/wp-content/themes/twentytwentyfive/patterns HTTP/1.1" 200 5440 "-" "Mozilla/5.0 (compatible; MJ12bot/v1.4.8; http://mj12bot.com/)"
188.165.217.198 - - [09/Dec/2025:13:54:11 -0600] "GET /vendor/jetbrains/phpstorm-stubs/ctype/content.php?filesrc=//home/graphicd/public_html/demos/beautysalon/wp-content/themes/twentytwentyfive/patterns/cta-events-list.php&path=//home/graphicd/public_html/demos/beautysalon/wp-content/themes/twentytwentyfive/patterns HTTP/1.1" 200 15362 "-" "Mozilla/5.0 (compatible; MJ12bot/v1.4.8; http://mj12bot.com/)"
188.165.217.198 - - [09/Dec/2025:13:54:27 -0600] "GET /vendor/jetbrains/phpstorm-stubs/ctype/content.php?filesrc=//home/graphicd/public_html/demos/beautysalon/wp-content/themes/twentytwentyfive/patterns/cta-grid-products-link.php&path=//home/graphicd/public_html/demos/beautysalon/wp-content/themes/twentytwentyfive/patterns HTTP/1.1" 200 17920 "-" "Mozilla/5.0 (compatible; MJ12bot/v1.4.8; http://mj12bot.com/)"
188.165.217.198 - - [09/Dec/2025:13:54:32 -0600] "GET /vendor/jetbrains/phpstorm-stubs/ctype/content.php?filesrc=//home/graphicd/public_html/demos/beautysalon/wp-content/themes/twentytwentyfive/patterns/cta-heading-search.php&path=//home/graphicd/public_html/demos/beautysalon/wp-content/themes/twentytwentyfive/patterns HTTP/1.1" 200 4394 "-" "Mozilla/5.0 (compatible; MJ12bot/v1.4.8; http://mj12bot.com/)"
188.165.217.198 - - [09/Dec/2025:13:54:49 -0600] "GET /vendor/jetbrains/phpstorm-stubs/ctype/content.php?filesrc=//home/graphicd/public_html/demos/beautysalon/wp-content/themes/twentytwentyfive/patterns/cta-newsletter.php&path=//home/graphicd/public_html/demos/beautysalon/wp-content/themes/twentytwentyfive/patterns HTTP/1.1" 200 5930 "-" "Mozilla/5.0 (compatible; MJ12bot/v1.4.8; http://mj12bot.com/)"
188.165.217.198 - - [09/Dec/2025:13:55:03 -0600] "GET /vendor/jetbrains/phpstorm-stubs/ctype/content.php?filesrc=//home/graphicd/public_html/demos/beautysalon/wp-content/themes/twentytwentyfive/patterns/event-3-col.php&path=//home/graphicd/public_html/demos/beautysalon/wp-content/themes/twentytwentyfive/patterns HTTP/1.1" 200 12375 "-" "Mozilla/5.0 (compatible; MJ12bot/v1.4.8; http://mj12bot.com/)"
188.165.217.198 - - [09/Dec/2025:13:55:11 -0600] "GET /vendor/jetbrains/phpstorm-stubs/ctype/content.php?filesrc=//home/graphicd/public_html/demos/beautysalon/wp-content/themes/twentytwentyfive/patterns/event-rsvp.php&path=//home/graphicd/public_html/demos/beautysalon/wp-content/themes/twentytwentyfive/patterns HTTP/1.1" 200 11145 "-" "Mozilla/5.0 (compatible; MJ12bot/v1.4.8; http://mj12bot.com/)"
188.165.217.198 - - [09/Dec/2025:13:55:17 -0600] "GET /vendor/jetbrains/phpstorm-stubs/ctype/content.php?filesrc=//home/graphicd/public_html/demos/beautysalon/wp-content/themes/twentytwentyfive/patterns/event-schedule.php&path=//home/graphicd/public_html/demos/beautysalon/wp-content/themes/twentytwentyfive/patterns HTTP/1.1" 200 21258 "-" "Mozilla/5.0 (compatible; MJ12bot/v1.4.8; http://mj12bot.com/)"
188.165.217.198 - - [09/Dec/2025:13:55:25 -0600] "GET /vendor/jetbrains/phpstorm-stubs/ctype/content.php?filesrc=//home/graphicd/public_html/demos/beautysalon/wp-content/themes/twentytwentyfive/patterns/footer-centered.php&path=//home/graphicd/public_html/demos/beautysalon/wp-content/themes/twentytwentyfive/patterns HTTP/1.1" 200 4688 "-" "Mozilla/5.0 (compatible; MJ12bot/v1.4.8; http://mj12bot.com/)"
85.208.96.210 - - [09/Dec/2025:13:55:31 -0600] "GET /vendor/guzzlehttp/guzzle/src/Exception/TooManyRedirectsException.php HTTP/1.1" 500 5 "-" "Mozilla/5.0 (compatible; SemrushBot/7~bl; +http://www.semrush.com/bot.html)"
188.165.217.198 - - [09/Dec/2025:13:55:34 -0600] "GET /vendor/jetbrains/phpstorm-stubs/ctype/content.php?filesrc=//home/graphicd/public_html/demos/beautysalon/wp-content/themes/twentytwentyfive/patterns/footer-columns.php&path=//home/graphicd/public_html/demos/beautysalon/wp-content/themes/twentytwentyfive/patterns HTTP/1.1" 200 10234 "-" "Mozilla/5.0 (compatible; MJ12bot/v1.4.8; http://mj12bot.com/)"
188.165.217.198 - - [09/Dec/2025:13:55:45 -0600] "GET /vendor/jetbrains/phpstorm-stubs/ctype/content.php?filesrc=//home/graphicd/public_html/demos/beautysalon/wp-content/themes/twentytwentyfive/patterns/footer-newsletter.php&path=//home/graphicd/public_html/demos/beautysalon/wp-content/themes/twentytwentyfive/patterns HTTP/1.1" 200 6262 "-" "Mozilla/5.0 (compatible; MJ12bot/v1.4.8; http://mj12bot.com/)"
188.165.217.198 - - [09/Dec/2025:13:55:51 -0600] "GET /vendor/jetbrains/phpstorm-stubs/ctype/content.php?filesrc=//home/graphicd/public_html/demos/beautysalon/wp-content/themes/twentytwentyfive/patterns/footer-social.php&path=//home/graphicd/public_html/demos/beautysalon/wp-content/themes/twentytwentyfive/patterns HTTP/1.1" 200 6149 "-" "Mozilla/5.0 (compatible; MJ12bot/v1.4.8; http://mj12bot.com/)"
185.191.171.9 - - [09/Dec/2025:13:56:01 -0600] "GET /vendor/google/apiclient-services/src/Sheets/AddChartRequest.php HTTP/1.1" 500 5 "-" "Mozilla/5.0 (compatible; SemrushBot/7~bl; +http://www.semrush.com/bot.html)"
188.165.217.198 - - [09/Dec/2025:13:56:03 -0600] "GET /vendor/jetbrains/phpstorm-stubs/ctype/content.php?filesrc=//home/graphicd/public_html/demos/beautysalon/wp-content/themes/twentytwentyfive/patterns/footer.php&path=//home/graphicd/public_html/demos/beautysalon/wp-content/themes/twentytwentyfive/patterns HTTP/1.1" 200 8486 "-" "Mozilla/5.0 (compatible; MJ12bot/v1.4.8; http://mj12bot.com/)"
185.191.171.7 - - [09/Dec/2025:13:56:03 -0600] "GET /vendor/google/apiclient-services/src/Books/DictlayerdataDictWordsDerivatives.php HTTP/1.1" 500 5 "-" "Mozilla/5.0 (compatible; SemrushBot/7~bl; +http://www.semrush.com/bot.html)"
216.244.66.229 - - [09/Dec/2025:13:56:10 -0600] "GET /robots.txt HTTP/1.1" 404 355 "-" "Mozilla/5.0 (compatible; DotBot/1.2; +https://opensiteexplorer.org/dotbot; help@moz.com)"
188.165.217.198 - - [09/Dec/2025:13:56:10 -0600] "GET /vendor/jetbrains/phpstorm-stubs/ctype/content.php?filesrc=//home/graphicd/public_html/demos/beautysalon/wp-content/themes/twentytwentyfive/patterns/format-audio.php&path=//home/graphicd/public_html/demos/beautysalon/wp-content/themes/twentytwentyfive/patterns HTTP/1.1" 200 5579 "-" "Mozilla/5.0 (compatible; MJ12bot/v1.4.8; http://mj12bot.com/)"
85.208.96.202 - - [09/Dec/2025:13:56:12 -0600] "GET /vendor/guzzlehttp/promises/src/TaskQueueInterface.php HTTP/1.1" 200 5 "-" "Mozilla/5.0 (compatible; SemrushBot/7~bl; +http://www.semrush.com/bot.html)"
188.165.217.198 - - [09/Dec/2025:13:56:16 -0600] "GET /vendor/jetbrains/phpstorm-stubs/ctype/content.php?filesrc=//home/graphicd/public_html/demos/beautysalon/wp-content/themes/twentytwentyfive/patterns/format-link.php&path=//home/graphicd/public_html/demos/beautysalon/wp-content/themes/twentytwentyfive/patterns HTTP/1.1" 200 4570 "-" "Mozilla/5.0 (compatible; MJ12bot/v1.4.8; http://mj12bot.com/)"
85.208.96.202 - - [09/Dec/2025:13:56:20 -0600] "GET /vendor/google/apiclient-services/src/PubsubLite/Reservation.php HTTP/1.1" 500 5 "-" "Mozilla/5.0 (compatible; SemrushBot/7~bl; +http://www.semrush.com/bot.html)"
188.165.217.198 - - [09/Dec/2025:13:56:23 -0600] "GET /vendor/jetbrains/phpstorm-stubs/ctype/content.php?filesrc=//home/graphicd/public_html/demos/beautysalon/wp-content/themes/twentytwentyfive/patterns/grid-videos.php&path=//home/graphicd/public_html/demos/beautysalon/wp-content/themes/twentytwentyfive/patterns HTTP/1.1" 200 5624 "-" "Mozilla/5.0 (compatible; MJ12bot/v1.4.8; http://mj12bot.com/)"
188.165.217.198 - - [09/Dec/2025:13:56:30 -0600] "GET /vendor/jetbrains/phpstorm-stubs/ctype/content.php?filesrc=//home/graphicd/public_html/demos/beautysalon/wp-content/themes/twentytwentyfive/patterns/grid-with-categories.php&path=//home/graphicd/public_html/demos/beautysalon/wp-content/themes/twentytwentyfive/patterns HTTP/1.1" 200 9572 "-" "Mozilla/5.0 (compatible; MJ12bot/v1.4.8; http://mj12bot.com/)"
188.165.217.198 - - [09/Dec/2025:13:56:37 -0600] "GET /vendor/jetbrains/phpstorm-stubs/ctype/content.php?filesrc=//home/graphicd/public_html/demos/beautysalon/wp-content/themes/twentytwentyfive/patterns/header-centered.php&path=//home/graphicd/public_html/demos/beautysalon/wp-content/themes/twentytwentyfive/patterns HTTP/1.1" 200 4134 "-" "Mozilla/5.0 (compatible; MJ12bot/v1.4.8; http://mj12bot.com/)"
85.208.96.205 - - [09/Dec/2025:13:56:41 -0600] "GET /vendor/google/apiclient-services/src/OSConfig/OsconfigEmpty.php HTTP/1.1" 500 5 "-" "Mozilla/5.0 (compatible; SemrushBot/7~bl; +http://www.semrush.com/bot.html)"
188.165.217.198 - - [09/Dec/2025:13:56:44 -0600] "GET /vendor/jetbrains/phpstorm-stubs/ctype/content.php?filesrc=//home/graphicd/public_html/demos/beautysalon/wp-content/themes/twentytwentyfive/patterns/header-columns.php&path=//home/graphicd/public_html/demos/beautysalon/wp-content/themes/twentytwentyfive/patterns HTTP/1.1" 200 4722 "-" "Mozilla/5.0 (compatible; MJ12bot/v1.4.8; http://mj12bot.com/)"
188.165.217.198 - - [09/Dec/2025:13:56:52 -0600] "GET /vendor/jetbrains/phpstorm-stubs/ctype/content.php?filesrc=//home/graphicd/public_html/demos/beautysalon/wp-content/themes/twentytwentyfive/patterns/header-large-title.php&path=//home/graphicd/public_html/demos/beautysalon/wp-content/themes/twentytwentyfive/patterns HTTP/1.1" 200 4939 "-" "Mozilla/5.0 (compatible; MJ12bot/v1.4.8; http://mj12bot.com/)"
188.165.217.198 - - [09/Dec/2025:13:56:57 -0600] "GET /vendor/jetbrains/phpstorm-stubs/ctype/content.php?filesrc=//home/graphicd/public_html/demos/beautysalon/wp-content/themes/twentytwentyfive/patterns/header.php&path=//home/graphicd/public_html/demos/beautysalon/wp-content/themes/twentytwentyfive/patterns HTTP/1.1" 200 4460 "-" "Mozilla/5.0 (compatible; MJ12bot/v1.4.8; http://mj12bot.com/)"
188.165.217.198 - - [09/Dec/2025:13:57:04 -0600] "GET /vendor/jetbrains/phpstorm-stubs/ctype/content.php?filesrc=//home/graphicd/public_html/demos/beautysalon/wp-content/themes/twentytwentyfive/patterns/heading-and-paragraph-with-image.php&path=//home/graphicd/public_html/demos/beautysalon/wp-content/themes/twentytwentyfive/patterns HTTP/1.1" 200 6184 "-" "Mozilla/5.0 (compatible; MJ12bot/v1.4.8; http://mj12bot.com/)"
188.165.217.198 - - [09/Dec/2025:13:57:11 -0600] "GET /vendor/jetbrains/phpstorm-stubs/ctype/content.php?filesrc=//home/graphicd/public_html/demos/beautysalon/wp-content/themes/twentytwentyfive/patterns/hero-book.php&path=//home/graphicd/public_html/demos/beautysalon/wp-content/themes/twentytwentyfive/patterns HTTP/1.1" 200 6596 "-" "Mozilla/5.0 (compatible; MJ12bot/v1.4.8; http://mj12bot.com/)"
85.208.96.205 - - [09/Dec/2025:13:57:15 -0600] "GET /vendor/aws/aws-sdk-php/src/IoT1ClickDevicesService/IoT1ClickDevicesServiceClient.php HTTP/1.1" 500 5 "-" "Mozilla/5.0 (compatible; SemrushBot/7~bl; +http://www.semrush.com/bot.html)"
188.165.217.198 - - [09/Dec/2025:13:57:18 -0600] "GET /vendor/jetbrains/phpstorm-stubs/ctype/content.php?filesrc=//home/graphicd/public_html/demos/beautysalon/wp-content/themes/twentytwentyfive/patterns/hero-full-width-image.php&path=//home/graphicd/public_html/demos/beautysalon/wp-content/themes/twentytwentyfive/patterns HTTP/1.1" 200 6204 "-" "Mozilla/5.0 (compatible; MJ12bot/v1.4.8; http://mj12bot.com/)"
188.165.217.198 - - [09/Dec/2025:13:57:25 -0600] "GET /vendor/jetbrains/phpstorm-stubs/ctype/content.php?filesrc=//home/graphicd/public_html/demos/beautysalon/wp-content/themes/twentytwentyfive/patterns/hero-overlapped-book-cover-with-links.php&path=//home/graphicd/public_html/demos/beautysalon/wp-content/themes/twentytwentyfive/patterns HTTP/1.1" 200 12479 "-" "Mozilla/5.0 (compatible; MJ12bot/v1.4.8; http://mj12bot.com/)"
185.191.171.19 - - [09/Dec/2025:13:57:27 -0600] "GET /vendor/aws/aws-sdk-php/src/GlobalAccelerator/Exception/ HTTP/1.1" 200 778 "-" "Mozilla/5.0 (compatible; SemrushBot/7~bl; +http://www.semrush.com/bot.html)"
188.165.217.198 - - [09/Dec/2025:13:57:33 -0600] "GET /vendor/jetbrains/phpstorm-stubs/ctype/content.php?filesrc=//home/graphicd/public_html/demos/beautysalon/wp-content/themes/twentytwentyfive/patterns/hero-podcast.php&path=//home/graphicd/public_html/demos/beautysalon/wp-content/themes/twentytwentyfive/patterns HTTP/1.1" 200 8368 "-" "Mozilla/5.0 (compatible; MJ12bot/v1.4.8; http://mj12bot.com/)"
85.208.96.203 - - [09/Dec/2025:13:57:35 -0600] "GET /storage/framework/sessions/bCLZEv9vYaQHCpMkOTNA65ji1w4LHSOSLkPMpABG HTTP/1.1" 200 202 "-" "Mozilla/5.0 (compatible; SemrushBot/7~bl; +http://www.semrush.com/bot.html)"
188.165.217.198 - - [09/Dec/2025:13:57:40 -0600] "GET /vendor/jetbrains/phpstorm-stubs/ctype/content.php?filesrc=//home/graphicd/public_html/demos/beautysalon/wp-content/themes/twentytwentyfive/patterns/hidden-404.php&path=//home/graphicd/public_html/demos/beautysalon/wp-content/themes/twentytwentyfive/patterns HTTP/1.1" 200 5137 "-" "Mozilla/5.0 (compatible; MJ12bot/v1.4.8; http://mj12bot.com/)"
